-- Table structure for table `w_jpg`
--

CREATE TABLE `w_jpg` (
  `id` int(1) NOT NULL,
  `date_time` datetime NOT NULL DEFAULT current_timestamp(),
  `name` varchar(100) DEFAULT NULL,
  `balance` decimal(20,6) NOT NULL DEFAULT 0.000000,
  `start_balance` int(55) NOT NULL DEFAULT 1,
  `pay_sum` int(55) NOT NULL,
  `percent` decimal(5,2) NOT NULL,
  `user_id` int(55) DEFAULT NULL,
  `shop_id` int(55) NOT NULL DEFAULT 0
) ENGINE=InnoDB DEFAULT CHARSET=utf8mb4 COLLATE=utf8mb4_unicode_ci ROW_FORMAT=DYNAMIC;

--
-- Dumping data for table `w_jpg`
--

INSERT INTO `w_jpg` (`id`, `date_time`, `name`, `balance`, `start_balance`, `pay_sum`, `percent`, `user_id`, `shop_id`) VALUES
(1, '2020-01-30 00:00:00', 'JPG 1', 54.000000, 0, 0, 0.10, NULL, 0),
(2, '2020-01-30 00:00:00', 'JPG 2', 117.000000, 0, 0, 0.10, NULL, 0),
(3, '2020-01-30 00:00:00', 'JPG 3', 345.000000, 0, 0, 0.10, NULL, 0),
(4, '2020-01-30 00:00:00', 'JPG 4', 670.000000, 0, 0, 0.10, NULL, 0),
(5, '2020-01-30 00:00:00', 'JPG 5', 1350.000000, 0, 0, 0.10, NULL, 0),
(6, '2020-01-30 00:00:00', 'JPG 6', 2700.000000, 0, 0, 0.10, NULL, 0),
(7, '2020-01-30 00:00:00', 'JPG 7', 3500.000000, 0, 0, 0.10, NULL, 0),
(8, '2020-01-30 00:00:00', 'JPG 8', 10000.000000, 0, 0, 0.10, NULL, 0),
(9, '2020-01-30 00:00:00', 'JPG 9', 25000.000000, 0, 0, 0.10, NULL, 0),
(10, '2020-01-30 00:00:00', 'JPG 10', 50000.000000, 0, 0, 0.10, NULL, 0),
(11, '2020-01-30 00:00:00', 'JPG 1', 99.154600, 0, 0, 0.10, NULL, 1),
(12, '2020-01-30 00:00:00', 'JPG 2', 6.138100, 0, 0, 0.10, NULL, 1),
(13, '2020-01-30 00:00:00', 'JPG 3', 4.138100, 0, 0, 0.10, NULL, 1),
(14, '2020-01-30 00:00:00', 'JPG 4', 8.138100, 0, 0, 0.10, NULL, 1),
(15, '2020-01-30 00:00:00', 'JPG 5', 42.264610, 0, 0, 0.10, NULL, 1),
(16, '2020-01-30 00:00:00', 'JPG 6', 43.264610, 0, 0, 0.10, NULL, 1),
(17, '2020-01-30 00:00:00', 'JPG 7', 46.264610, 0, 0, 0.10, NULL, 1),
(18, '2020-01-30 00:00:00', 'JPG 8', 42.264610, 0, 0, 0.10, NULL, 1),
(19, '2020-01-30 00:00:00', 'JPG 9', 44.264610, 0, 0, 0.10, NULL, 1),
(20, '2020-01-30 00:00:00', 'JPG 10', 42.264610, 0, 0, 0.10, NULL, 1),
(446, '2022-09-06 10:00:43', 'JPG 1', 0.000000, 0, 0, 0.10, NULL, 35),
(447, '2022-09-06 10:00:43', 'JPG 2', 0.000000, 0, 0, 0.10, NULL, 35),
(448, '2022-09-06 10:00:43', 'JPG 3', 0.000000, 0, 0, 0.10, NULL, 35),
(449, '2022-09-06 10:00:43', 'JPG 4', 0.000000, 0, 0, 0.10, NULL, 35),
(450, '2022-09-06 10:00:43', 'JPG 5', 0.000000, 0, 0, 0.10, NULL, 35),
(451, '2022-09-06 10:00:43', 'JPG 6', 0.000000, 0, 0, 0.10, NULL, 35),
(452, '2022-09-06 10:00:43', 'JPG 7', 0.000000, 0, 0, 0.10, NULL, 35),
(453, '2022-09-06 10:00:43', 'JPG 8', 0.000000, 0, 0, 0.10, NULL, 35),
(454, '2022-09-06 10:00:43', 'JPG 9', 0.000000, 0, 0, 0.10, NULL, 35),
(455, '2022-09-06 10:00:43', 'JPG 10', 0.000000, 0, 0, 0.10, NULL, 35),
(546, '2023-07-31 06:40:59', 'JPG 1', 4.333000, 0, 0, 0.10, NULL, 42),
(547, '2023-07-31 06:40:59', 'JPG 2', 2.333000, 0, 0, 0.10, NULL, 42),
(548, '2023-07-31 06:40:59', 'JPG 3', 1.333000, 0, 0, 0.10, NULL, 42),
(549, '2023-07-31 06:40:59', 'JPG 4', 3.333000, 0, 0, 0.10, NULL, 42),
(550, '2023-07-31 06:40:59', 'JPG 5', 2.329000, 0, 0, 0.10, NULL, 42),
(551, '2023-07-31 06:40:59', 'JPG 6', 4.329000, 0, 0, 0.10, NULL, 42),
(552, '2023-07-31 06:40:59', 'JPG 7', 3.329000, 0, 0, 0.10, NULL, 42),
(553, '2023-07-31 06:40:59', 'JPG 8', 2.329000, 0, 0, 0.10, NULL, 42),
(554, '2023-07-31 06:40:59', 'JPG 9', 1.329000, 0, 0, 0.10, NULL, 42),
(555, '2023-07-31 06:40:59', 'JPG 10', 4.329000, 0, 0, 0.10, NULL, 42),
(556, '2023-08-07 07:04:11', 'JPG 1', 100.000000, 0, 0, 1.00, NULL, 2),
(557, '2023-08-07 07:04:11', 'JPG 2', 100.000000, 0, 0, 0.10, NULL, 2),
(558, '2023-08-07 07:04:11', 'JPG 3', 650.000000, 0, 0, 0.10, NULL, 2),
(559, '2023-08-07 07:04:11', 'JPG 4', 750.000000, 0, 0, 0.10, NULL, 2),
(560, '2023-08-07 07:04:11', 'JPG 5', 800.000000, 0, 0, 0.10, NULL, 2),
(561, '2023-08-07 07:04:11', 'JPG 6', 6000.000000, 0, 0, 0.10, NULL, 2),
(562, '2023-08-07 07:04:11', 'JPG 7', 8000.000000, 0, 0, 0.10, NULL, 2),
(563, '2023-08-07 07:04:11', 'JPG 8', 9500.000000, 0, 0, 0.10, NULL, 2),
(564, '2023-08-07 07:04:11', 'JPG 9', 35.000000, 0, 0, 0.10, NULL, 2),
(565, '2023-08-07 07:04:11', 'JPG 10', 68.000000, 0, 0, 0.10, NULL, 2);

-- --------------------------------------------------------

--
-- Table structure for table `w_messages`
--

CREATE TABLE `w_messages` (
  `id` int(55) NOT NULL,
  `user_id` int(55) NOT NULL,
  `type` varchar(55) NOT NULL,
  `value` varchar(255) NOT NULL,
  `status` int(2) NOT NULL DEFAULT 0,
  `shop_id` int(55) NOT NULL
) ENGINE=InnoDB DEFAULT CHARSET=utf8mb4 COLLATE=utf8mb4_unicode_ci;

--
-- Dumping data for table `w_messages`
--

INSERT INTO `w_messages` (`id`, `user_id`, `type`, `value`, `status`, `shop_id`) VALUES
(2, 7, 'welcome_bonus', '10', 0, 1),
(3, 8, 'welcome_bonus', '10', 0, 1),
(9, 37, 'welcome_bonus', '10', 0, 1),
(10, 50, 'welcome_bonus', '10', 0, 1),
(11, 52, 'welcome_bonus', '10', 0, 1),
(110, 442, 'welcome_bonus', '10', 0, 1),
(120, 476, 'welcome_bonus', '10', 0, 42),
(121, 478, 'welcome_bonus', '10', 0, 1),
(122, 481, 'welcome_bonus', '10', 0, 1),
(123, 479, 'welcome_bonus', '10', 0, 1);

-- --------------------------------------------------------

--
-- Table structure for table `w_notifications`
--

CREATE TABLE `w_notifications` (
  `id` int(55) NOT NULL,
  `notification` varchar(255) NOT NULL,
  `data` varchar(255) NOT NULL,
  `user_id` int(55) NOT NULL,
  `created_at` timestamp NOT NULL DEFAULT current_timestamp()
) ENGINE=InnoDB DEFAULT CHARSET=utf8mb4 COLLATE=utf8mb4_unicode_ci;

-- --------------------------------------------------------

--
-- Table structure for table `w_open_shift`
--

CREATE TABLE `w_open_shift` (
  `id` int(55) NOT NULL,
  `user_id` int(55) NOT NULL,
  `balance` decimal(20,4) NOT NULL DEFAULT 0.0000,
  `balance_in` decimal(20,4) NOT NULL DEFAULT 0.0000,
  `balance_out` decimal(20,4) NOT NULL DEFAULT 0.0000,
  `users` decimal(20,4) NOT NULL DEFAULT 0.0000,
  `jpg` decimal(20,4) NOT NULL DEFAULT 0.0000,
  `money_in` decimal(20,4) NOT NULL DEFAULT 0.0000,
  `money_out` decimal(20,4) NOT NULL DEFAULT 0.0000,
  `transfers` int(55) NOT NULL DEFAULT 0,
  `old_banks` decimal(20,4) NOT NULL DEFAULT 0.0000,
  `old_total` decimal(20,4) NOT NULL DEFAULT 0.0000,
  `last_banks` decimal(20,4) NOT NULL DEFAULT 0.0000,
  `shop_id` int(55) NOT NULL,
  `start_date` datetime NOT NULL DEFAULT current_timestamp(),
  `end_date` datetime DEFAULT NULL
) ENGINE=MyISAM DEFAULT CHARSET=utf8mb4 COLLATE=utf8mb4_unicode_ci ROW_FORMAT=DYNAMIC;

--
-- Dumping data for table `w_open_shift`
--

INSERT INTO `w_open_shift` (`id`, `user_id`, `balance`, `balance_in`, `balance_out`, `users`, `jpg`, `money_in`, `money_out`, `transfers`, `old_banks`, `old_total`, `last_banks`, `shop_id`, `start_date`, `end_date`) VALUES
(13, 246, 0.0000, 1036261.0000, 46445.0000, 0.0000, 281.9086, 0.0000, 0.0000, 0, 0.0000, 0.0000, 17998.5146, 1, '2022-08-25 13:20:15', '2022-09-08 17:52:38'),
(49, 475, 0.0000, 100000.0000, 333.0000, 0.0000, 0.0000, 333.0000, 0.0000, 1, 0.0000, 0.0000, 0.0000, 42, '2023-07-31 07:40:58', NULL),
(44, 441, 989816.0000, 110.0000, 1890.0000, 0.0000, 0.0000, 1890.0000, 110.0000, 13, 17998.5146, 0.0000, 0.0000, 1, '2022-09-08 17:52:38', NULL);

-- --------------------------------------------------------

--
-- Table structure for table `w_open_shift_temp`
--

CREATE TABLE `w_open_shift_temp` (
  `id` int(55) NOT NULL,
  `field` varchar(55) NOT NULL,
  `type` enum('inc','dec') NOT NULL DEFAULT 'inc',
  `value` int(11) NOT NULL,
  `shop_id` int(55) NOT NULL
) ENGINE=MyISAM DEFAULT CHARSET=utf8mb4 COLLATE=utf8mb4_unicode_ci ROW_FORMAT=DYNAMIC;

--
-- Dumping data for table `w_open_shift_temp`
--

INSERT INTO `w_open_shift_temp` (`id`, `field`, `type`, `value`, `shop_id`) VALUES
(17, 'balance_in', 'inc', 50000, 31),
(6, 'balance_in', 'inc', 50000, 20),
(8, 'balance_in', 'inc', 10000, 23),
(9, 'balance_out', 'inc', 10000, 23),
(19, 'balance_in', 'inc', 1000, 33),
(12, 'balance_in', 'inc', 50000, 28),
(14, 'balance_out', 'inc', 50000, 28),
(18, 'balance_out', 'inc', 50000, 31),
(20, 'balance_in', 'inc', 50000, 37),
(21, 'balance_in', 'inc', 3000, 41);

-- --------------------------------------------------------

--
-- Table structure for table `w_payments`
--

CREATE TABLE `w_payments` (
  `id` int(55) NOT NULL,
  `user_id` int(55) NOT NULL,
  `sum` float NOT NULL,
  `currency` varchar(55) NOT NULL,
  `system` varchar(255) NOT NULL,
  `credit_id` int(55) NOT NULL DEFAULT 0,
  `status` int(2) NOT NULL,
  `shop_id` int(55) NOT NULL,
  `created_at` timestamp NOT NULL DEFAULT current_timestamp()
) ENGINE=MyISAM DEFAULT CHARSET=utf8mb4 COLLATE=utf8mb4_unicode_ci ROW_FORMAT=DYNAMIC;

--
-- Dumping data for table `w_payments`
--

INSERT INTO `w_payments` (`id`, `user_id`, `sum`, `currency`, `system`, `credit_id`, `status`, `shop_id`, `created_at`) VALUES
(1, 21, 100, 'EUR', 'btcpayserver', 0, 0, 1, '2022-04-25 01:23:30'),
(2, 21, 100, 'EUR', 'btcpayserver', 0, 0, 1, '2022-04-25 01:23:30'),
(3, 21, 100, 'EUR', 'btcpayserver', 0, 0, 1, '2022-04-25 01:23:30'),
(4, 21, 100, 'EUR', 'btcpayserver', 0, 0, 1, '2022-04-25 01:23:30'),
(5, 21, 100, 'EUR', 'btcpayserver', 0, 0, 1, '2022-04-25 01:23:30'),
(6, 21, 100, 'EUR', 'btcpayserver', 0, 0, 1, '2022-04-25 01:23:30'),
(7, 21, 100, 'EUR', 'btcpayserver', 0, 0, 1, '2022-04-25 01:23:30'),
(8, 21, 100, 'EUR', 'btcpayserver', 0, 0, 1, '2022-04-25 01:23:30'),
(9, 21, 100, 'EUR', 'btcpayserver', 0, 0, 1, '2022-04-25 01:23:30'),
(10, 21, 100, 'EUR', 'btcpayserver', 0, 0, 1, '2022-04-25 01:23:30'),
(11, 21, 100, 'EUR', 'btcpayserver', 0, 0, 1, '2022-04-25 01:23:30'),
(12, 21, 100, 'EUR', 'btcpayserver', 0, 0, 1, '2022-04-25 01:23:30'),
(13, 21, 100, 'EUR', 'btcpayserver', 0, 0, 1, '2022-04-25 01:23:30'),
(14, 21, 100, 'EUR', 'btcpayserver', 0, 0, 1, '2022-04-25 01:23:30'),
(15, 47, 120, 'EUR', 'btcpayserver', 0, 0, 1, '2022-04-25 01:23:30'),
(16, 48, 111, 'EUR', 'btcpayserver', 0, 0, 1, '2022-04-25 01:23:30'),
(17, 48, 1111, 'EUR', 'coinbase', 0, 0, 1, '2022-04-25 01:23:30'),
(18, 48, 111, 'EUR', 'coinbase', 0, 0, 1, '2022-04-25 01:23:30'),
(19, 47, 120, 'EUR', 'coinbase', 0, 0, 1, '2022-04-25 01:23:30'),
(20, 8, 100, 'EUR', 'btcpayserver', 0, 0, 1, '2022-04-25 01:23:30'),
(21, 46, 1000, 'EUR', 'btcpayserver', 0, 0, 1, '2022-04-25 01:23:30'),
(22, 46, 1000, 'EUR', 'coinbase', 0, 0, 1, '2022-04-25 01:23:30'),
(23, 45, 1110, 'EUR', 'btcpayserver', 0, 0, 1, '2022-04-25 01:23:30'),
(24, 45, 1110, 'EUR', 'btcpayserver', 0, 0, 1, '2022-04-25 01:23:30'),
(25, 45, 3000, 'EUR', 'btcpayserver', 0, 0, 1, '2022-04-25 01:23:30'),
(26, 45, 3000, 'EUR', 'btcpayserver', 0, 0, 1, '2022-04-25 01:23:30'),
(27, 37, 110, 'EUR', 'btcpayserver', 0, 0, 1, '2022-04-25 01:23:30'),
(28, 37, 110, 'EUR', 'btcpayserver', 0, 0, 1, '2022-04-25 01:23:30'),
(29, 37, 110, 'EUR', 'btcpayserver', 0, 0, 1, '2022-04-25 01:23:30'),
(30, 45, 220, 'EUR', 'btcpayserver', 0, 0, 1, '2022-04-25 01:23:30'),
(31, 45, 220, 'EUR', 'btcpayserver', 0, 0, 1, '2022-04-25 01:23:30'),
(32, 45, 220, 'EUR', 'btcpayserver', 0, 0, 1, '2022-04-25 01:23:30'),
(33, 45, 220, 'EUR', 'btcpayserver', 0, 0, 1, '2022-04-25 01:23:30'),
(34, 37, 110, 'EUR', 'btcpayserver', 0, 0, 1, '2022-04-25 01:23:30'),
(38, 46, 120, 'EUR', 'btcpayserver', 0, 0, 1, '2022-04-25 01:23:30'),
(39, 46, 100, 'EUR', 'coinbase', 0, 0, 1, '2022-04-25 01:23:30'),
(40, 8, 100, 'EUR', 'btcpayserver', 0, 0, 1, '2022-04-25 01:23:30'),
(41, 8, 100, 'EUR', 'btcpayserver', 0, 0, 1, '2022-04-25 01:23:30'),
(42, 8, 100, 'USD', 'btcpayserver', 0, 0, 1, '2022-04-25 01:23:30'),
(43, 7, 100, 'USD', 'btcpayserver', 0, 0, 1, '2022-04-25 01:23:30'),
(44, 7, 1234, 'USD', 'btcpayserver', 0, 0, 1, '2022-04-25 01:23:30'),
(45, 7, 120, 'USD', 'btcpayserver', 0, 0, 1, '2022-04-25 01:23:30'),
(48, 8, 100, 'USD', 'btcpayserver', 0, 0, 1, '2022-04-25 01:23:30'),
(49, 8, 100, 'USD', 'btcpayserver', 0, 0, 1, '2022-04-25 01:23:30'),
(50, 8, 100, 'USD', 'btcpayserver', 0, 0, 1, '2022-04-25 01:23:30'),
(51, 21, 100, 'USD', 'btcpayserver', 0, 0, 1, '2022-04-25 01:23:30'),
(52, 46, 120, 'USD', 'btcpayserver', 0, 0, 1, '2022-04-25 01:23:30'),
(55, 52, 120, 'USD', 'btcpayserver', 0, 0, 1, '2022-04-25 01:23:30'),
(56, 52, 123, 'USD', 'coinbase', 0, 0, 1, '2022-04-25 01:23:30'),
(60, 52, 123, 'USD', 'btcpayserver', 0, 0, 1, '2022-04-25 01:23:30'),
(66, 52, 123, 'USD', 'btcpayserver', 0, 0, 1, '2022-04-25 01:23:30'),
(69, 65, 50, 'USD', 'btcpayserver', 0, 0, 1, '2022-04-25 01:23:30'),
(176, 479, 100, 'USD', 'coinbase', 0, 0, 1, '2023-08-06 12:32:37'),
(177, 480, 100, 'USD', 'coinbase', 0, 0, 1, '2023-08-08 10:05:21'),
(178, 492, 100, 'USD', 'coinbase', 0, 0, 1, '2023-08-10 13:17:27'),
(179, 491, 10, 'USD', 'coinbase', 0, 0, 1, '2023-08-10 14:00:37'),
(180, 478, 2000, 'USD', 'coinbase', 0, 0, 1, '2023-08-12 01:51:36');

-- --------------------------------------------------------

--
-- Table structure for table `w_payment_settings`
--

CREATE TABLE `w_payment_settings` (
  `id` int(55) NOT NULL,
  `system` varchar(255) NOT NULL,
  `field` varchar(255) NOT NULL,
  `shop_id` int(55) NOT NULL,
  `value` varchar(255) DEFAULT NULL
) ENGINE=InnoDB DEFAULT CHARSET=utf8mb4 COLLATE=utf8mb4_unicode_ci;

--
-- Dumping data for table `w_payment_settings`
--

INSERT INTO `w_payment_settings` (`id`, `system`, `field`, `shop_id`, `value`) VALUES
(1, 'interkassa', 'shop_id', 0, ''),
(2, 'interkassa', 'token', 0, ''),
(3, 'coinbase', 'api_key', 0, 'a82763e8c7tw23o798dawueyq2'),
(4, 'coinbase', 'webhook_key', 0, 'a82763e8c7tw23o798dawueyq2/aw7y73e22'),
(5, 'btcpayserver', 'server', 0, 'a82763e8c7tw23o798dawueyq2'),
(6, 'btcpayserver', 'store_id', 0, 'ED8a76238'),
(7, 'btcpayserver', 'api_token', 0, 'a82763e8c7tw23o798dawueyq2/aw7y73e22'),
(15, 'interkassa', 'shop_id', 1, ''),
(16, 'interkassa', 'token', 1, ''),
(17, 'coinbase', 'api_key', 1, '5ef25169-24a4-45b4-86c9-dfea2482a04f'),
(18, 'coinbase', 'webhook_key', 1, '3542cacc-1558-4930-9653-413e490d57f6'),
(19, 'btcpayserver', 'server', 1, ''),
(20, 'btcpayserver', 'store_id', 1, ''),
(21, 'btcpayserver', 'api_token', 1, ''),
(22, 'interkassa', 'shop_id', 1, ''),
(23, 'interkassa', 'token', 1, ''),
(24, 'coinbase', 'api_key', 1, 'QEGC8ypLzLk9p3rPHdaB6Yapv/SbaSH/TU0zM+6+hsIduSYrKNsnSnWzZF0fwnxM9c66P/+btHebB1wrSeA8Sg=='),
(25, 'coinbase', 'webhook_key', 1, ''),
(26, 'btcpayserver', 'server', 1, ''),
(27, 'btcpayserver', 'store_id', 1, ''),
(28, 'btcpayserver', 'api_token', 1, ''),
(29, 'interkassa', 'shop_id', 7, ''),
(30, 'interkassa', 'token', 7, ''),
(31, 'coinbase', 'api_key', 7, '20253a4e-66be-4eb9-98e7-f0b14a9652a3'),
(32, 'coinbase', 'webhook_key', 7, '20253a4e-66be-4eb9-98e7-f0b14a9652a3'),
(33, 'btcpayserver', 'server', 7, 'https://btcpay.247casino.bet'),
(34, 'btcpayserver', 'store_id', 7, '3GXh2YceuzXuvawbbADBwhBw47wzjsiBa3seJaFgqnDd'),
(35, 'btcpayserver', 'api_token', 7, 'UEPBoonOPEi7D7iZCbl0EoHvrBloYpOvVlGHUkQlBQh'),
(36, 'metamask', 'wallet_address', 7, '0x422b4CbC2A54D2BA867f8C3C99B39cC6Ad975fE0'),
(37, 'metamask', 'wallet_address', 1, '0x5630E8c9292D9Db86892FAaC252C1392cE404029'),
(38, 'interkassa', 'shop_id', 12, ''),
(39, 'interkassa', 'token', 12, ''),
(40, 'coinbase', 'api_key', 12, '1c894e3177313308014a379cb691dff3df22a49ab20a31cd0b4896e34f42301f'),
(41, 'coinbase', 'webhook_key', 12, '8dfe2a645b2b2a04fe3156a0654a7caa08f70a43feacd7ecee90c7dca5018c5f'),
(42, 'btcpayserver', 'server', 12, ''),
(43, 'btcpayserver', 'store_id', 12, ''),
(44, 'btcpayserver', 'api_token', 12, ''),
(45, 'metamask', 'wallet_address', 12, '0x422b4CbC2A54D2BA867f8C3C99B39cC6Ad975fE0'),
(46, 'interkassa', 'shop_id', 2, ''),
(47, 'interkassa', 'token', 2, ''),
(48, 'coinbase', 'api_key', 2, ''),
(49, 'coinbase', 'webhook_key', 2, ''),
(50, 'btcpayserver', 'server', 2, ''),
(51, 'btcpayserver', 'store_id', 2, ''),
(52, 'btcpayserver', 'api_token', 2, ''),
(53, 'metamask', 'wallet_address', 2, '0x422b4CbC2A54D2BA867f8C3C99B39cC6Ad975fE0'),
(54, 'interkassa', 'shop_id', 42, ''),
(55, 'interkassa', 'token', 42, ''),
(56, 'coinbase', 'api_key', 42, ''),
(57, 'coinbase', 'webhook_key', 42, ''),
(58, 'btcpayserver', 'server', 42, ''),
(59, 'btcpayserver', 'store_id', 42, ''),
(60, 'btcpayserver', 'api_token', 42, ''),
(61, 'metamask', 'wallet_address', 42, '0x422b4CbC2A54D2BA867f8C3C99B39cC6Ad975fE0');

-- --------------------------------------------------------

--
-- Table structure for table `w_pay_tickets`
--

CREATE TABLE `w_pay_tickets` (
  `id` int(11) NOT NULL,
  `user_id` int(11) NOT NULL,
  `ticket_amount` decimal(20,4) NOT NULL DEFAULT 0.0000,
  `ticket_pin` varchar(225) NOT NULL,
  `ticket_status` int(11) NOT NULL DEFAULT 0 COMMENT '0 => pending, 1=> success',
  `updated_at` timestamp NOT NULL DEFAULT current_timestamp() ON UPDATE current_timestamp(),
  `created_at` timestamp NOT NULL DEFAULT current_timestamp() ON UPDATE current_timestamp()
) ENGINE=InnoDB DEFAULT CHARSET=utf8 COLLATE=utf8_unicode_ci;

-- --------------------------------------------------------

--
-- Table structure for table `w_permissions`
--

CREATE TABLE `w_permissions` (
  `id` int(10) UNSIGNED NOT NULL,
  `name` varchar(191) NOT NULL,
  `slug` varchar(191) NOT NULL,
  `description` varchar(191) DEFAULT NULL,
  `model` varchar(191) DEFAULT NULL,
  `group_id` int(55) NOT NULL DEFAULT 0,
  `rank` int(55) NOT NULL DEFAULT 0,
  `created_at` timestamp NULL DEFAULT NULL,
  `updated_at` timestamp NULL DEFAULT NULL,
  `deleted_at` timestamp NULL DEFAULT NULL
) ENGINE=MyISAM DEFAULT CHARSET=utf8mb4 COLLATE=utf8mb4_unicode_ci ROW_FORMAT=DYNAMIC;

--
-- Dumping data for table `w_permissions`
--

INSERT INTO `w_permissions` (`id`, `name`, `slug`, `description`, `model`, `group_id`, `rank`, `created_at`, `updated_at`, `deleted_at`) VALUES
(1, 'Allow access to admin panel', 'access.admin.panel', NULL, NULL, 1, 0, '2020-01-29 23:00:00', '2020-01-29 23:00:00', NULL),
(2, 'Users List', 'users.manage', NULL, NULL, 2, 1, '2020-01-29 23:00:00', '2020-01-29 23:00:00', NULL),
(4, 'Users Delete', 'users.delete', NULL, NULL, 2, 4, '2020-01-29 23:00:00', '2020-01-29 23:00:00', NULL),
(5, 'Users Latest Activity', 'users.activity', NULL, NULL, 2, 5, '2020-01-29 23:00:00', '2020-01-29 23:00:00', NULL),
(8, 'Games List', 'games.manage', NULL, NULL, 5, 1, '2020-01-29 23:00:00', '2020-01-29 23:00:00', NULL),
(10, 'Jack Pot List', 'jpgame.manage', NULL, NULL, 7, 1, '2020-01-29 23:00:00', '2020-06-05 23:34:15', NULL),
(11, 'Settings Payment Edit', 'settings.payment.edit', NULL, NULL, 8, 2, '2020-01-29 23:00:00', '2020-01-29 23:00:00', NULL),
(130, 'Shops Add', 'shops.add', NULL, NULL, 9, 2, '2020-01-29 23:00:00', '2020-01-29 23:00:00', NULL),
(14, 'Shops List', 'shops.manage', NULL, NULL, 9, 1, '2020-01-29 23:00:00', '2020-01-29 23:00:00', NULL),
(124, 'Pincodes Edit', 'pincodes.edit', NULL, NULL, 14, 3, '2020-03-23 18:31:06', '2020-03-23 18:31:06', NULL),
(122, 'Invite Friends Edit', 'invite.edit', NULL, NULL, 17, 2, NULL, NULL, NULL),
(36, 'API Keys List', 'api.manage', NULL, NULL, 12, 1, '2020-01-29 23:00:00', '2020-01-29 23:00:00', NULL),
(38, 'API Keys Add', 'api.add', NULL, NULL, 12, 2, '2020-01-29 23:00:00', '2020-01-29 23:00:00', NULL),
(39, 'API Keys Delete', 'api.delete', NULL, NULL, 12, 4, '2020-01-29 23:00:00', '2020-01-29 23:00:00', NULL),
(121, 'Progress Bonuses Edit', 'progress.edit', NULL, NULL, 18, 2, '2020-01-29 23:00:00', '2020-01-29 23:00:00', NULL),
(42, 'Users Add', 'users.add', NULL, NULL, 2, 2, '2020-01-29 23:00:00', '2020-01-29 23:00:00', NULL),
(43, 'Dashboard List', 'dashboard', NULL, NULL, 1, 0, '2020-01-29 23:00:00', '2020-01-29 23:00:00', NULL),
(123, 'Jack Pot Edit', 'jpgame.edit', NULL, NULL, 7, 2, '2020-01-29 23:00:00', '2020-06-05 23:34:15', NULL),
(45, 'Stats Pay List', 'stats.pay', NULL, NULL, 13, 1, '2020-01-29 23:00:00', '2020-01-29 23:00:00', NULL),
(46, 'Stats Game List', 'stats.game', NULL, NULL, 13, 2, '2020-01-29 23:00:00', '2020-01-29 23:00:00', NULL),
(49, 'Stats Shift List', 'stats.shift', NULL, NULL, 13, 3, '2020-01-29 23:00:00', '2020-01-29 23:00:00', NULL),
(50, 'Shops Unblock', 'shops.unblock', NULL, NULL, 9, 21, '2020-01-29 23:00:00', '2020-01-29 23:00:00', NULL),
(51, 'Shops Block', 'shops.block', NULL, NULL, 9, 20, '2020-01-29 23:00:00', '2020-01-29 23:00:00', NULL),
(53, 'Pincodes List', 'pincodes.manage', NULL, NULL, 14, 1, '2020-03-23 18:29:53', '2020-03-23 18:29:53', NULL),
(54, 'Pincodes Add', 'pincodes.add', NULL, NULL, 14, 2, '2020-03-23 18:31:06', '2020-03-23 18:31:06', NULL),
(55, 'Pincodes Delete', 'pincodes.delete', NULL, NULL, 14, 4, '2020-03-23 18:31:35', '2020-03-23 18:31:35', NULL),
(56, 'Happy Hour List', 'happyhours.manage', NULL, NULL, 15, 1, '2020-01-29 23:00:00', '2020-01-29 23:00:00', NULL),
(57, 'Happy Hour Add', 'happyhours.add', NULL, NULL, 15, 2, '2020-01-29 23:00:00', '2020-01-29 23:00:00', NULL),
(58, 'Happy Hour Edit', 'happyhours.edit', NULL, NULL, 15, 3, '2020-01-29 23:00:00', '2020-01-29 23:00:00', NULL),
(59, 'Happy Hour Delete', 'happyhours.delete', NULL, NULL, 15, 4, '2020-01-29 23:00:00', '2020-01-29 23:00:00', NULL),
(60, 'Tree List', 'users.tree', NULL, NULL, 27, 0, '2020-01-29 23:00:00', '2020-01-29 23:00:00', NULL),
(126, 'Support Add', 'tickets.add', NULL, NULL, 19, 2, '2020-01-29 23:00:00', '2020-01-29 23:00:00', NULL),
(125, 'API Keys Edit', 'api.edit', NULL, NULL, 12, 3, '2020-01-29 23:00:00', '2020-01-29 23:00:00', NULL),
(98, 'Games Enable', 'games.enable', NULL, NULL, 5, 2, '2020-01-29 23:00:00', '2020-01-29 23:00:00', NULL),
(97, 'Games Disable', 'games.disable', NULL, NULL, 5, 3, '2020-01-29 23:00:00', '2020-01-29 23:00:00', NULL),
(96, 'Games Count', 'games.show_count', NULL, NULL, 5, 4, '2020-01-29 23:00:00', '2020-01-29 23:00:00', NULL),
(80, 'Invite Friends List', 'invite.manage', NULL, NULL, 17, 0, NULL, NULL, NULL),
(81, 'Shops Edit Title', 'shops.title', NULL, NULL, 9, 3, '2020-01-29 23:00:00', '2020-01-29 23:00:00', NULL),
(82, 'Shops Edit Percent', 'shops.percent', NULL, NULL, 9, 11, '2020-01-29 23:00:00', '2020-01-29 23:00:00', NULL),
(83, 'Shops Edit Frontend', 'shops.frontend', NULL, NULL, 9, 4, '2020-01-29 23:00:00', '2020-01-29 23:00:00', NULL),
(84, 'Shops Edit Order', 'shops.order', NULL, NULL, 9, 12, '2020-01-29 23:00:00', '2020-01-29 23:00:00', NULL),
(85, 'Shops Edit Currency', 'shops.currency', NULL, NULL, 9, 5, '2020-01-29 23:00:00', '2020-01-29 23:00:00', NULL),
(86, 'Shops Edit Access', 'shops.access', NULL, NULL, 9, 7, '2020-01-29 23:00:00', '2020-01-29 23:00:00', NULL),
(87, 'Shops Edit Country', 'shops.country', NULL, NULL, 9, 9, '2020-01-29 23:00:00', '2020-01-29 23:00:00', NULL),
(88, 'Shops Edit OS', 'shops.os', NULL, NULL, 9, 8, '2020-01-29 23:00:00', '2020-01-29 23:00:00', NULL),
(89, 'Shops Edit Device', 'shops.device', NULL, NULL, 9, 10, '2020-01-29 23:00:00', '2020-01-29 23:00:00', NULL),
(90, 'Progress Bonuses List', 'progress.manage', NULL, NULL, 18, 1, '2020-01-29 23:00:00', '2020-01-29 23:00:00', NULL),
(120, 'Wheelfortune List', 'wheelfortune.manage', NULL, NULL, 28, 0, NULL, NULL, NULL),
(93, 'Support List', 'tickets.manage', NULL, NULL, 19, 1, '2020-01-29 23:00:00', '2020-01-29 23:00:00', NULL),
(131, 'Shops Free Demo', 'shops.free_demo', NULL, NULL, 9, 22, '2020-01-29 23:00:00', '2020-01-29 23:00:00', NULL),
(95, 'Settings Payment List', 'settings.payment', NULL, NULL, 8, 1, '2020-01-29 23:00:00', '2020-01-29 23:00:00', NULL),
(102, 'Games RTP', 'games.rtp', NULL, NULL, 5, 5, '2020-01-29 23:00:00', '2020-01-29 23:00:00', NULL),
(103, 'Tournaments List', 'tournaments.manage', NULL, NULL, 22, 1, '2020-01-29 23:00:00', '2020-01-29 23:00:00', NULL),
(104, 'Tournaments Add', 'tournaments.add', NULL, NULL, 22, 2, '2020-01-29 23:00:00', '2020-01-29 23:00:00', NULL),
(105, 'Tournaments Delete', 'tournaments.delete', NULL, NULL, 22, 4, '2020-01-29 23:00:00', '2020-01-29 23:00:00', NULL),
(106, 'Tournaments Edit', 'tournaments.edit', NULL, NULL, 22, 3, '2020-01-29 23:00:00', '2020-01-29 23:00:00', NULL),
(114, 'Welcome Bonuses List', 'welcome_bonuses.manage', NULL, NULL, 25, 1, '2020-08-06 09:47:47', '2020-08-06 09:47:47', NULL),
(115, 'Welcome Bonuses Edit', 'welcome_bonuses.edit', NULL, NULL, 25, 2, '2020-08-06 09:47:47', '2020-08-06 09:47:47', NULL),
(116, 'SMS Bonuses List', 'sms_bonuses.manage', NULL, NULL, 26, 1, '2020-08-06 09:47:47', '2020-08-06 09:47:47', NULL),
(117, 'SMS Bonuses Edit', 'sms_bonuses.edit', NULL, NULL, 26, 3, '2020-08-06 09:47:47', '2020-08-06 09:47:47', NULL),
(118, 'SMS Bonuses Add', 'sms_bonuses.add', NULL, NULL, 26, 2, '2020-08-06 09:47:47', '2020-08-06 09:47:47', NULL),
(119, 'SMS Bonuses Delete', 'sms_bonuses.delete', NULL, NULL, 26, 4, '2020-08-06 09:47:47', '2020-08-06 09:47:47', NULL),
(127, 'Activity System List', 'activity.system', NULL, NULL, 29, 1, NULL, NULL, NULL),
(128, 'Activity User List', 'activity.user', NULL, NULL, 29, 2, NULL, NULL, NULL),
(129, 'Users Edit', 'users.edit', NULL, NULL, 2, 3, '2020-01-29 23:00:00', '2020-01-29 23:00:00', NULL),
(132, 'Shops Edit Max Win', 'shops.max_win', NULL, NULL, 9, 6, '2020-01-29 23:00:00', '2020-01-29 23:00:00', NULL),
(133, 'Shops Edit Privacy Policy', 'shops.privacy_policy', NULL, NULL, 9, 13, '2020-01-29 23:00:00', '2020-01-29 23:00:00', NULL),
(134, 'Shops Edit Why Bitcoin ?', 'shops.why_bitcoin', NULL, NULL, 9, 14, '2020-01-29 23:00:00', '2020-01-29 23:00:00', NULL),
(135, 'Shops Edit Terms and Conditions', 'shops.terms_and_conditions', NULL, NULL, 9, 15, '2020-01-29 23:00:00', '2020-01-29 23:00:00', NULL),
(136, 'Shops Edit General Bonus Policy', 'shops.general_bonus_policy', NULL, NULL, 9, 16, '2020-01-29 23:00:00', '2020-01-29 23:00:00', NULL),
(137, 'Shops Edit Responsible Gaming', 'shops.responsible_gaming', NULL, NULL, 9, 17, '2020-01-29 23:00:00', '2020-01-29 23:00:00', NULL),
(138, 'Shops Delete', 'shops.delete', NULL, NULL, 9, 18, '2020-01-29 23:00:00', '2020-01-29 23:00:00', NULL),
(139, 'Shops Hard Delete', 'shops.hard_delete', NULL, NULL, 9, 19, '2020-01-29 23:00:00', '2020-01-29 23:00:00', NULL);

-- --------------------------------------------------------

--
-- Table structure for table `w_permission_role`
--

CREATE TABLE `w_permission_role` (
  `id` int(10) UNSIGNED NOT NULL,
  `permission_id` int(10) UNSIGNED NOT NULL,
  `role_id` int(10) UNSIGNED NOT NULL,
  `created_at` timestamp NULL DEFAULT NULL,
  `updated_at` datetime NOT NULL DEFAULT current_timestamp()
) ENGINE=MyISAM DEFAULT CHARSET=utf8mb4 COLLATE=utf8mb4_unicode_ci ROW_FORMAT=DYNAMIC;

--
-- Dumping data for table `w_permission_role`
--

INSERT INTO `w_permission_role` (`id`, `permission_id`, `role_id`, `created_at`, `updated_at`) VALUES
(1, 1, 5, '2020-01-29 23:00:00', '2020-01-30 00:00:00'),
(14, 1, 4, '2020-01-29 23:00:00', '2020-01-30 00:00:00'),
(22, 1, 3, '2020-01-29 23:00:00', '2020-01-30 00:00:00'),
(28, 1, 2, '2020-01-29 23:00:00', '2020-01-30 00:00:00'),
(831, 126, 4, '2021-05-05 12:50:18', '2021-05-05 15:50:18'),
(116, 14, 5, '2020-01-29 23:00:00', '2020-01-30 00:00:00'),
(827, 124, 6, '2021-05-05 12:37:21', '2021-05-05 15:37:21'),
(126, 14, 4, '2020-01-29 23:00:00', '2020-01-30 00:00:00'),
(833, 126, 6, '2021-05-05 12:50:18', '2021-05-05 15:50:18'),
(295, 49, 4, '2020-01-29 23:00:00', '2020-01-30 00:00:00'),
(296, 45, 4, '2020-01-29 23:00:00', '2020-01-30 00:00:00'),
(299, 46, 4, '2020-01-29 23:00:00', '2020-01-30 00:00:00'),
(300, 2, 4, '2020-01-29 23:00:00', '2020-01-30 00:00:00'),
(345, 5, 4, '2020-01-29 23:00:00', '2020-01-30 00:00:00'),
(347, 42, 4, '2020-01-29 23:00:00', '2020-01-30 00:00:00'),
(349, 4, 4, '2020-01-29 23:00:00', '2020-01-30 00:00:00'),
(360, 43, 4, '2020-01-29 23:00:00', '2020-01-30 00:00:00'),
(364, 2, 3, '2020-01-29 23:00:00', '2020-01-30 00:00:00'),
(832, 126, 5, '2021-05-05 12:50:18', '2021-05-05 15:50:18'),
(407, 45, 3, '2020-01-29 23:00:00', '2020-01-30 00:00:00'),
(410, 46, 3, '2020-01-29 23:00:00', '2020-01-30 00:00:00'),
(412, 49, 3, '2020-01-29 23:00:00', '2020-01-30 00:00:00'),
(417, 4, 3, '2020-01-29 23:00:00', '2020-01-30 00:00:00'),
(423, 42, 2, '2020-01-29 23:00:00', '2020-01-30 00:00:00'),
(424, 4, 2, '2020-01-29 23:00:00', '2020-01-30 00:00:00'),
(426, 49, 2, '2020-01-29 23:00:00', '2020-01-30 00:00:00'),
(428, 45, 2, '2020-01-29 23:00:00', '2020-01-30 00:00:00'),
(468, 51, 3, '2020-01-29 23:00:00', '2020-01-30 00:00:00'),
(470, 51, 4, '2020-01-29 23:00:00', '2020-01-30 00:00:00'),
(473, 2, 2, '2020-01-29 23:00:00', '2020-01-30 00:00:00'),
(478, 38, 6, '2020-03-18 20:54:20', '2020-03-18 22:54:20'),
(479, 39, 6, '2020-03-18 20:54:20', '2020-03-18 22:54:20'),
(480, 36, 6, '2020-03-18 20:54:20', '2020-03-18 22:54:20'),
(847, 133, 6, '2021-05-06 09:32:28', '2021-05-06 12:32:28'),
(848, 134, 6, '2021-05-06 09:32:28', '2021-05-06 12:32:28'),
(484, 43, 6, '2020-03-18 20:54:20', '2020-03-18 22:54:20'),
(750, 120, 6, '2021-03-25 11:18:25', '2021-03-25 14:18:25'),
(487, 8, 6, '2020-03-18 20:54:20', '2020-03-18 22:54:20'),
(824, 122, 6, '2021-05-05 12:25:05', '2021-05-05 15:25:05'),
(823, 121, 6, '2021-05-05 12:15:47', '2021-05-05 15:15:47'),
(493, 10, 6, '2020-03-18 20:54:20', '2020-03-18 22:54:20'),
(838, 129, 2, '2021-05-05 13:16:43', '2021-05-05 16:16:43'),
(842, 129, 6, '2021-05-05 13:16:43', '2021-05-05 16:16:43'),
(501, 51, 6, '2020-03-18 20:54:20', '2020-03-18 22:54:20'),
(502, 50, 6, '2020-03-18 20:54:20', '2020-03-18 22:54:20'),
(504, 46, 6, '2020-03-18 20:54:20', '2020-03-18 22:54:20'),
(836, 127, 6, '2021-05-05 13:13:17', '2021-05-05 16:13:17'),
(506, 45, 6, '2020-03-18 20:54:20', '2020-03-18 22:54:20'),
(507, 49, 6, '2020-03-18 20:54:20', '2020-03-18 22:54:20'),
(509, 5, 6, '2020-03-18 20:54:20', '2020-03-18 22:54:20'),
(510, 42, 6, '2020-03-18 20:54:20', '2020-03-18 22:54:20'),
(511, 4, 6, '2020-03-18 20:54:20', '2020-03-18 22:54:20'),
(512, 2, 6, '2020-03-18 20:54:20', '2020-03-18 22:54:20'),
(849, 135, 6, '2021-05-06 09:32:28', '2021-05-06 12:32:28'),
(514, 11, 6, '2020-03-18 20:54:20', '2020-03-18 22:54:20'),
(845, 130, 6, '2021-05-06 09:32:28', '2021-05-06 12:32:28'),
(844, 11, 5, '2021-05-05 13:47:23', '2021-05-05 16:47:23'),
(841, 129, 5, '2021-05-05 13:16:43', '2021-05-05 16:16:43'),
(526, 53, 6, '2020-03-23 18:30:20', '2020-03-23 20:30:20'),
(532, 55, 6, '2020-03-23 18:31:59', '2020-03-23 20:31:59'),
(534, 1, 6, '2020-01-29 23:00:00', '2020-01-30 00:00:00'),
(850, 136, 6, '2021-05-06 09:32:28', '2021-05-06 12:32:28'),
(537, 14, 6, '2020-03-23 20:07:24', '2020-03-23 22:07:24'),
(825, 123, 6, '2021-05-05 12:32:53', '2021-05-05 15:32:53'),
(539, 42, 3, '2020-03-23 22:18:51', '2020-03-24 00:18:51'),
(671, 90, 6, '2020-10-13 17:29:36', '2020-10-13 13:29:36'),
(545, 57, 4, '2020-03-30 14:50:58', '2020-03-30 16:50:58'),
(546, 59, 4, '2020-03-30 14:50:58', '2020-03-30 16:50:58'),
(547, 58, 4, '2020-03-30 14:50:58', '2020-03-30 16:50:58'),
(548, 56, 4, '2020-03-30 14:50:58', '2020-03-30 16:50:58'),
(553, 57, 6, '2020-03-30 14:51:30', '2020-03-30 16:51:30'),
(554, 59, 6, '2020-03-30 14:51:30', '2020-03-30 16:51:30'),
(555, 58, 6, '2020-03-30 14:51:30', '2020-03-30 16:51:30'),
(556, 56, 6, '2020-03-30 14:51:30', '2020-03-30 16:51:30'),
(857, 123, 4, '2021-05-07 08:19:48', '2021-05-07 11:19:48'),
(559, 60, 6, '2020-04-11 18:55:24', '2020-04-11 20:55:24'),
(853, 138, 6, '2021-05-06 09:38:04', '2021-05-06 12:38:04'),
(839, 129, 3, '2021-05-05 13:16:43', '2021-05-05 16:16:43'),
(830, 125, 6, '2021-05-05 12:47:12', '2021-05-05 15:47:12'),
(581, 54, 6, '2020-08-06 09:50:31', '2020-08-06 08:50:31'),
(644, 80, 6, '2020-10-04 11:40:08', '2020-10-04 10:40:08'),
(840, 129, 4, '2021-05-05 13:16:43', '2021-05-05 16:16:43'),
(683, 98, 6, '2020-11-23 19:15:28', '2020-11-23 14:15:28'),
(684, 97, 6, '2020-11-23 19:15:28', '2020-11-23 14:15:28'),
(685, 96, 6, '2020-11-23 19:15:28', '2020-11-23 14:15:28'),
(648, 81, 6, '2020-10-10 19:54:25', '2020-10-10 15:54:25'),
(649, 82, 6, '2020-10-10 19:54:25', '2020-10-10 15:54:25'),
(650, 83, 6, '2020-10-10 19:54:25', '2020-10-10 15:54:25'),
(651, 84, 6, '2020-10-10 19:54:25', '2020-10-10 15:54:25'),
(652, 85, 6, '2020-10-10 19:54:25', '2020-10-10 15:54:25'),
(653, 86, 6, '2020-10-10 19:54:25', '2020-10-10 15:54:25'),
(654, 87, 6, '2020-10-10 19:54:25', '2020-10-10 15:54:25'),
(655, 88, 6, '2020-10-10 19:54:25', '2020-10-10 15:54:25'),
(656, 89, 6, '2020-10-10 19:54:25', '2020-10-10 15:54:25'),
(657, 81, 4, '2020-10-12 07:11:03', '2020-10-12 03:11:03'),
(658, 82, 4, '2020-10-12 07:11:03', '2020-10-12 03:11:03'),
(676, 93, 6, '2020-11-19 18:56:10', '2020-11-19 13:56:10'),
(766, 10, 4, '2021-05-02 14:01:17', '2021-05-02 17:01:17'),
(751, 114, 4, '2021-03-28 21:02:34', '2021-03-29 00:02:34'),
(843, 95, 5, '2021-05-05 13:47:23', '2021-05-05 16:47:23'),
(752, 115, 4, '2021-03-28 21:02:34', '2021-03-29 00:02:34'),
(837, 128, 6, '2021-05-05 13:13:17', '2021-05-05 16:13:17'),
(682, 95, 6, '2020-11-22 15:03:07', '2020-11-22 10:03:07'),
(696, 102, 6, '2021-02-01 20:28:05', '2021-02-01 15:28:05'),
(697, 103, 6, '2021-02-03 16:19:43', '2021-02-03 11:19:43'),
(698, 104, 6, '2021-02-03 16:19:43', '2021-02-03 11:19:43'),
(699, 105, 6, '2021-02-03 16:19:43', '2021-02-03 11:19:43'),
(702, 106, 6, '2021-02-05 12:25:04', '2021-02-05 07:25:04'),
(764, 2, 5, '2021-04-27 12:15:16', '2021-04-27 15:15:16'),
(846, 132, 6, '2021-05-06 09:32:28', '2021-05-06 12:32:28'),
(765, 43, 5, '2021-04-27 12:15:16', '2021-04-27 15:15:16'),
(744, 114, 6, '2021-03-24 10:43:12', '2021-03-24 13:43:12'),
(745, 115, 6, '2021-03-24 10:43:12', '2021-03-24 13:43:12'),
(746, 116, 6, '2021-03-24 11:02:48', '2021-03-24 14:02:48'),
(747, 117, 6, '2021-03-24 11:02:48', '2021-03-24 14:02:48'),
(748, 118, 6, '2021-03-24 11:08:02', '2021-03-24 14:08:02'),
(749, 119, 6, '2021-03-24 11:08:02', '2021-03-24 14:08:02'),
(854, 139, 6, '2021-05-06 12:39:44', '2021-05-06 15:39:44'),
(963, 39, 5, '2022-08-26 23:03:12', '2022-08-26 23:03:12'),
(962, 125, 5, '2022-08-26 23:03:12', '2022-08-26 23:03:12'),
(961, 38, 5, '2022-08-26 23:03:12', '2022-08-26 23:03:12'),
(771, 120, 4, '2021-05-02 14:01:17', '2021-05-02 17:01:17'),
(772, 93, 4, '2021-05-02 14:01:17', '2021-05-02 17:01:17'),
(773, 4, 5, '2021-05-02 14:01:17', '2021-05-02 17:01:17'),
(774, 5, 5, '2021-05-02 14:01:17', '2021-05-02 17:01:17'),
(775, 42, 5, '2021-05-02 14:01:17', '2021-05-02 17:01:17'),
(776, 60, 5, '2021-05-02 14:01:17', '2021-05-02 17:01:17'),
(777, 10, 5, '2021-05-02 14:01:17', '2021-05-02 17:01:17'),
(959, 39, 4, '2022-08-26 23:03:12', '2022-08-26 23:03:12'),
(958, 125, 4, '2022-08-26 23:03:12', '2022-08-26 23:03:12'),
(957, 38, 4, '2022-08-26 23:03:12', '2022-08-26 23:03:12'),
(851, 137, 6, '2021-05-06 09:32:28', '2021-05-06 12:32:28'),
(783, 45, 5, '2021-05-02 14:01:17', '2021-05-02 17:01:17'),
(784, 46, 5, '2021-05-02 14:01:17', '2021-05-02 17:01:17'),
(785, 49, 5, '2021-05-02 14:01:17', '2021-05-02 17:01:17'),
(786, 50, 5, '2021-05-02 14:01:17', '2021-05-02 17:01:17'),
(787, 51, 5, '2021-05-02 14:01:17', '2021-05-02 17:01:17'),
(788, 81, 5, '2021-05-02 14:01:17', '2021-05-02 17:01:17'),
(789, 82, 5, '2021-05-02 14:01:17', '2021-05-02 17:01:17'),
(791, 84, 5, '2021-05-02 14:01:17', '2021-05-02 17:01:17'),
(792, 85, 5, '2021-05-02 14:01:17', '2021-05-02 17:01:17'),
(793, 86, 5, '2021-05-02 14:01:17', '2021-05-02 17:01:17'),
(794, 87, 5, '2021-05-02 14:01:17', '2021-05-02 17:01:17'),
(795, 88, 5, '2021-05-02 14:01:17', '2021-05-02 17:01:17'),
(796, 89, 5, '2021-05-02 14:01:17', '2021-05-02 17:01:17'),
(797, 56, 5, '2021-05-02 14:01:17', '2021-05-02 17:01:17'),
(798, 57, 5, '2021-05-02 14:01:17', '2021-05-02 17:01:17'),
(799, 58, 5, '2021-05-02 14:01:17', '2021-05-02 17:01:17'),
(800, 59, 5, '2021-05-02 14:01:17', '2021-05-02 17:01:17'),
(802, 120, 5, '2021-05-02 14:01:17', '2021-05-02 17:01:17'),
(803, 90, 5, '2021-05-02 14:01:17', '2021-05-02 17:01:17'),
(804, 93, 5, '2021-05-02 14:01:17', '2021-05-02 17:01:17'),
(971, 105, 4, '2022-08-27 19:55:10', '2022-08-27 19:55:10'),
(969, 104, 4, '2022-08-27 19:55:10', '2022-08-27 19:55:10'),
(970, 106, 4, '2022-08-27 19:55:10', '2022-08-27 19:55:10'),
(968, 103, 4, '2022-08-27 19:55:10', '2022-08-27 19:55:10'),
(814, 114, 5, '2021-05-02 14:01:17', '2021-05-02 17:01:17'),
(815, 115, 5, '2021-05-02 14:01:17', '2021-05-02 17:01:17'),
(960, 36, 5, '2022-08-26 23:03:12', '2022-08-26 23:03:12'),
(956, 36, 4, '2022-08-26 23:03:12', '2022-08-26 23:03:12'),
(856, 123, 5, '2021-05-06 23:34:31', '2021-05-07 02:34:31'),
(860, 130, 4, '2021-05-07 12:05:21', '2021-05-07 15:05:21'),
(859, 130, 5, '2021-05-07 12:04:59', '2021-05-07 15:04:59'),
(862, 50, 3, '2021-05-10 15:13:59', '2021-05-10 18:13:59'),
(863, 132, 4, '2021-05-10 15:13:59', '2021-05-10 18:13:59'),
(873, 138, 4, '2021-05-10 15:13:59', '2021-05-10 18:13:59'),
(876, 132, 5, '2021-05-10 15:13:59', '2021-05-10 18:13:59'),
(877, 133, 5, '2021-05-10 15:13:59', '2021-05-10 18:13:59'),
(878, 134, 5, '2021-05-10 15:13:59', '2021-05-10 18:13:59'),
(879, 135, 5, '2021-05-10 15:13:59', '2021-05-10 18:13:59'),
(880, 136, 5, '2021-05-10 15:13:59', '2021-05-10 18:13:59'),
(881, 137, 5, '2021-05-10 15:13:59', '2021-05-10 18:13:59'),
(882, 138, 5, '2021-05-10 15:13:59', '2021-05-10 18:13:59'),
(883, 139, 5, '2021-05-10 15:13:59', '2021-05-10 18:13:59'),
(884, 43, 3, '2021-05-10 15:14:56', '2021-05-10 18:14:56'),
(885, 5, 2, '2021-05-10 15:15:06', '2021-05-10 18:15:06'),
(886, 5, 3, '2021-05-10 15:15:06', '2021-05-10 18:15:06'),
(887, 60, 4, '2021-05-10 15:15:15', '2021-05-10 18:15:15'),
(889, 103, 3, '2021-05-10 15:15:49', '2021-05-10 18:15:49'),
(890, 104, 3, '2021-05-10 15:15:49', '2021-05-10 18:15:49'),
(891, 106, 3, '2021-05-10 15:15:49', '2021-05-10 18:15:49'),
(892, 105, 3, '2021-05-10 15:15:49', '2021-05-10 18:15:49'),
(893, 56, 3, '2021-05-10 15:16:07', '2021-05-10 18:16:07'),
(894, 57, 3, '2021-05-10 15:16:07', '2021-05-10 18:16:07'),
(895, 58, 3, '2021-05-10 15:16:07', '2021-05-10 18:16:07'),
(896, 59, 3, '2021-05-10 15:16:07', '2021-05-10 18:16:07'),
(897, 90, 3, '2021-05-10 15:16:11', '2021-05-10 18:16:11'),
(898, 121, 3, '2021-05-10 15:16:11', '2021-05-10 18:16:11'),
(899, 80, 3, '2021-05-10 15:16:18', '2021-05-10 18:16:18'),
(900, 122, 3, '2021-05-10 15:16:18', '2021-05-10 18:16:18'),
(903, 114, 3, '2021-05-10 15:16:27', '2021-05-10 18:16:27'),
(904, 115, 3, '2021-05-10 15:16:27', '2021-05-10 18:16:27'),
(905, 116, 3, '2021-05-10 15:16:34', '2021-05-10 18:16:34'),
(906, 118, 3, '2021-05-10 15:16:34', '2021-05-10 18:16:34'),
(907, 117, 3, '2021-05-10 15:16:34', '2021-05-10 18:16:34'),
(908, 119, 3, '2021-05-10 15:16:34', '2021-05-10 18:16:34'),
(910, 10, 3, '2021-05-10 15:16:40', '2021-05-10 18:16:40'),
(911, 123, 3, '2021-05-10 15:16:40', '2021-05-10 18:16:40'),
(912, 53, 3, '2021-05-10 15:17:01', '2021-05-10 18:17:01'),
(913, 54, 3, '2021-05-10 15:17:01', '2021-05-10 18:17:01'),
(914, 124, 3, '2021-05-10 15:17:01', '2021-05-10 18:17:01'),
(915, 55, 3, '2021-05-10 15:17:01', '2021-05-10 18:17:01'),
(916, 53, 4, '2021-05-10 15:17:01', '2021-05-10 18:17:01'),
(917, 54, 4, '2021-05-10 15:17:01', '2021-05-10 18:17:01'),
(918, 124, 4, '2021-05-10 15:17:01', '2021-05-10 18:17:01'),
(919, 55, 4, '2021-05-10 15:17:01', '2021-05-10 18:17:01'),
(920, 53, 5, '2021-05-10 15:17:01', '2021-05-10 18:17:01'),
(921, 54, 5, '2021-05-10 15:17:01', '2021-05-10 18:17:01'),
(922, 124, 5, '2021-05-10 15:17:01', '2021-05-10 18:17:01'),
(923, 55, 5, '2021-05-10 15:17:01', '2021-05-10 18:17:01'),
(924, 8, 3, '2021-05-10 15:17:17', '2021-05-10 18:17:17'),
(925, 98, 3, '2021-05-10 15:17:17', '2021-05-10 18:17:17'),
(926, 97, 3, '2021-05-10 15:17:17', '2021-05-10 18:17:17'),
(927, 96, 3, '2021-05-10 15:17:17', '2021-05-10 18:17:17'),
(928, 102, 3, '2021-05-10 15:17:17', '2021-05-10 18:17:17'),
(929, 46, 2, '2021-05-10 15:17:24', '2021-05-10 18:17:24'),
(930, 127, 3, '2021-05-10 15:18:00', '2021-05-10 18:18:00'),
(931, 128, 3, '2021-05-10 15:18:00', '2021-05-10 18:18:00'),
(967, 105, 5, '2022-08-27 19:53:41', '2022-08-27 19:53:41'),
(966, 106, 5, '2022-08-27 19:53:41', '2022-08-27 19:53:41'),
(965, 104, 5, '2022-08-27 19:53:41', '2022-08-27 19:53:41'),
(964, 103, 5, '2022-08-27 19:53:41', '2022-08-27 19:53:41'),
(936, 36, 3, '2021-05-10 15:18:06', '2021-05-10 18:18:06'),
(937, 38, 3, '2021-05-10 15:18:06', '2021-05-10 18:18:06'),
(938, 125, 3, '2021-05-10 15:18:06', '2021-05-10 18:18:06'),
(939, 39, 3, '2021-05-10 15:18:06', '2021-05-10 18:18:06'),
(940, 93, 2, '2021-05-10 15:18:17', '2021-05-10 18:18:17'),
(941, 126, 2, '2021-05-10 15:18:17', '2021-05-10 18:18:17'),
(942, 93, 3, '2021-05-10 15:18:17', '2021-05-10 18:18:17'),
(943, 126, 3, '2021-05-10 15:18:17', '2021-05-10 18:18:17'),
(955, 121, 5, '2021-05-10 15:30:33', '2021-05-10 18:30:33');

-- --------------------------------------------------------

--
-- Table structure for table `w_permission_user`
--

CREATE TABLE `w_permission_user` (
  `id` int(10) UNSIGNED NOT NULL,
  `permission_id` int(10) UNSIGNED NOT NULL,
  `user_id` int(10) UNSIGNED NOT NULL,
  `created_at` timestamp NULL DEFAULT NULL,
  `updated_at` datetime NOT NULL DEFAULT current_timestamp()
) ENGINE=MyISAM DEFAULT CHARSET=utf8mb4 COLLATE=utf8mb4_unicode_ci ROW_FORMAT=DYNAMIC;

-- --------------------------------------------------------

--
-- Table structure for table `w_pincodes`
--

CREATE TABLE `w_pincodes` (
  `id` int(55) NOT NULL,
  `code` varchar(55) NOT NULL,
  `nominal` int(11) NOT NULL,
  `user_id` int(55) DEFAULT NULL,
  `status` int(1) NOT NULL DEFAULT 1,
  `shop_id` int(55) DEFAULT NULL,
  `activated_at` timestamp NULL DEFAULT NULL
) ENGINE=MyISAM DEFAULT CHARSET=utf8mb4 COLLATE=utf8mb4_unicode_ci ROW_FORMAT=DYNAMIC;

-- --------------------------------------------------------

--
-- Table structure for table `w_progress`
--

CREATE TABLE `w_progress` (
  `id` int(55) NOT NULL,
  `sum` double NOT NULL DEFAULT 0,
  `type` enum('one_pay','sum_pay') NOT NULL,
  `spins` int(55) NOT NULL DEFAULT 0,
  `bet` double NOT NULL,
  `rating` int(5) NOT NULL,
  `bonus` double NOT NULL DEFAULT 0,
  `day` varchar(55) NOT NULL,
  `min` int(55) NOT NULL,
  `max` int(55) NOT NULL,
  `percent` float NOT NULL,
  `min_balance` double NOT NULL,
  `wager` int(55) NOT NULL,
  `days_active` int(5) NOT NULL DEFAULT 5,
  `status` int(2) NOT NULL DEFAULT 1,
  `shop_id` int(55) NOT NULL
) ENGINE=MyISAM DEFAULT CHARSET=utf8mb4 COLLATE=utf8mb4_unicode_ci ROW_FORMAT=DYNAMIC;

--
-- Dumping data for table `w_progress`
--

INSERT INTO `w_progress` (`id`, `sum`, `type`, `spins`, `bet`, `rating`, `bonus`, `day`, `min`, `max`, `percent`, `min_balance`, `wager`, `days_active`, `status`, `shop_id`) VALUES
(1, 100, 'sum_pay', 100, 0.2, 1, 10, 'Monday', 1, 50, 1, 0.5, 5, 30, 1, 0),
(2, 1000, 'sum_pay', 1000, 0.2, 2, 10, 'Monday', 1, 50, 1, 0.5, 5, 30, 1, 0),
(3, 2000, 'sum_pay', 1000, 0.2, 3, 20, 'Tuesday', 5, 100, 5, 0.5, 4, 30, 1, 0),
(4, 3000, 'sum_pay', 1000, 0.2, 4, 30, 'Tuesday', 5, 100, 5, 0.5, 4, 30, 1, 0),
(5, 4000, 'sum_pay', 1000, 0.2, 5, 40, 'Wednesday', 5, 100, 5, 0.5, 4, 30, 1, 0),
(6, 5000, 'one_pay', 3000, 0.5, 6, 50, 'Wednesday', 10, 200, 10, 1, 3, 30, 1, 0),
(7, 10000, 'sum_pay', 3000, 0.5, 7, 100, 'Thursday', 10, 200, 10, 1, 3, 30, 1, 0),
(8, 15000, 'sum_pay', 3000, 0.5, 9, 150, 'Thursday', 10, 200, 10, 1, 3, 30, 1, 0),
(9, 20000, 'sum_pay', 3000, 0.5, 9, 200, 'Thursday', 10, 200, 10, 1, 3, 30, 1, 0),
(10, 30000, 'sum_pay', 3000, 0.5, 10, 300, 'Friday', 10, 200, 10, 1, 3, 30, 1, 0),
(11, 40000, 'sum_pay', 5000, 1, 11, 400, 'Friday', 50, 500, 20, 5, 2, 30, 1, 0),
(12, 50000, 'sum_pay', 5000, 1, 12, 500, 'Friday', 50, 500, 20, 5, 2, 30, 1, 0),
(13, 60000, 'sum_pay', 5000, 1, 13, 600, 'Saturday', 50, 500, 20, 5, 2, 30, 1, 0),
(14, 70000, 'sum_pay', 5000, 1, 14, 700, 'Saturday', 50, 500, 20, 5, 2, 30, 1, 0),
(15, 80000, 'sum_pay', 5000, 1, 15, 800, 'Saturday', 100, 1000, 40, 10, 1, 30, 1, 0),
(16, 90000, 'sum_pay', 10000, 5, 16, 900, 'Saturday', 100, 1000, 40, 10, 1, 30, 1, 0),
(17, 100000, 'one_pay', 10000, 5, 17, 1000, 'Sunday', 100, 1000, 40, 10, 1, 30, 1, 0),
(18, 200000, 'sum_pay', 10000, 5, 18, 2000, 'Saturday', 100, 1000, 40, 10, 1, 30, 1, 0),
(19, 500000, 'sum_pay', 10000, 5, 19, 5000, 'Sunday', 100, 1000, 40, 10, 1, 30, 1, 0),
(20, 1000000, 'sum_pay', 10000, 5, 20, 10000, 'Sunday', 100, 1000, 40, 10, 1, 30, 1, 0),
(21, 100, 'sum_pay', 100, 0.2, 1, 10, 'Monday', 1, 50, 1, 0.5, 5, 30, 1, 1),
(22, 1000, 'sum_pay', 1000, 0.2, 2, 10, 'Monday', 1, 50, 1, 0.5, 5, 30, 1, 1),
(23, 2000, 'sum_pay', 1000, 0.2, 3, 20, 'Tuesday', 5, 100, 5, 0.5, 4, 30, 1, 1),
(24, 3000, 'sum_pay', 1000, 0.2, 4, 30, 'Tuesday', 5, 100, 5, 0.5, 4, 30, 1, 1),
(25, 4000, 'sum_pay', 1000, 0.2, 5, 40, 'Wednesday', 5, 100, 5, 0.5, 4, 30, 1, 1),
(26, 5000, 'one_pay', 3000, 0.5, 6, 50, 'Wednesday', 10, 200, 10, 1, 3, 30, 1, 1),
(27, 10000, 'sum_pay', 3000, 0.5, 7, 100, 'Thursday', 10, 200, 10, 1, 3, 30, 1, 1),
(28, 15000, 'sum_pay', 3000, 0.5, 9, 150, 'Thursday', 10, 200, 10, 1, 3, 30, 1, 1),
(29, 20000, 'sum_pay', 3000, 0.5, 9, 200, 'Thursday', 10, 200, 10, 1, 3, 30, 1, 1),
(30, 30000, 'sum_pay', 3000, 0.5, 10, 300, 'Friday', 10, 200, 10, 1, 3, 30, 1, 1),
(31, 40000, 'sum_pay', 5000, 1, 11, 400, 'Friday', 50, 500, 20, 5, 2, 30, 1, 1),
(32, 50000, 'sum_pay', 5000, 1, 12, 500, 'Friday', 50, 500, 20, 5, 2, 30, 1, 1),
(33, 60000, 'sum_pay', 5000, 1, 13, 600, 'Saturday', 50, 500, 20, 5, 2, 30, 1, 1),
(34, 70000, 'sum_pay', 5000, 1, 14, 700, 'Saturday', 50, 500, 20, 5, 2, 30, 1, 1),
(35, 80000, 'sum_pay', 5000, 1, 15, 800, 'Saturday', 100, 1000, 40, 10, 1, 30, 1, 1),
(36, 90000, 'sum_pay', 10000, 5, 16, 900, 'Saturday', 100, 1000, 40, 10, 1, 30, 1, 1),
(37, 100000, 'one_pay', 10000, 5, 17, 1000, 'Sunday', 100, 1000, 40, 10, 1, 30, 1, 1),
(38, 200000, 'sum_pay', 10000, 5, 18, 2000, 'Saturday', 100, 1000, 40, 10, 1, 30, 1, 1),
(39, 500000, 'sum_pay', 10000, 5, 19, 5000, 'Sunday', 100, 1000, 40, 10, 1, 30, 1, 1),
(40, 1000000, 'sum_pay', 10000, 5, 20, 10000, 'Sunday', 100, 1000, 40, 10, 1, 30, 1, 1),
(860, 1000000, 'sum_pay', 10000, 5, 20, 10000, 'Sunday', 100, 1000, 40, 10, 1, 30, 1, 42),
(859, 500000, 'sum_pay', 10000, 5, 19, 5000, 'Sunday', 100, 1000, 40, 10, 1, 30, 1, 42),
(858, 200000, 'sum_pay', 10000, 5, 18, 2000, 'Saturday', 100, 1000, 40, 10, 1, 30, 1, 42),
(857, 100000, 'one_pay', 10000, 5, 17, 1000, 'Sunday', 100, 1000, 40, 10, 1, 30, 1, 42),
(856, 90000, 'sum_pay', 10000, 5, 16, 900, 'Saturday', 100, 1000, 40, 10, 1, 30, 1, 42),
(855, 80000, 'sum_pay', 5000, 1, 15, 800, 'Saturday', 100, 1000, 40, 10, 1, 30, 1, 42),
(854, 70000, 'sum_pay', 5000, 1, 14, 700, 'Saturday', 50, 500, 20, 5, 2, 30, 1, 42),
(853, 60000, 'sum_pay', 5000, 1, 13, 600, 'Saturday', 50, 500, 20, 5, 2, 30, 1, 42),
(852, 50000, 'sum_pay', 5000, 1, 12, 500, 'Friday', 50, 500, 20, 5, 2, 30, 1, 42),
(851, 40000, 'sum_pay', 5000, 1, 11, 400, 'Friday', 50, 500, 20, 5, 2, 30, 1, 42),
(850, 30000, 'sum_pay', 3000, 0.5, 10, 300, 'Friday', 10, 200, 10, 1, 3, 30, 1, 42),
(849, 20000, 'sum_pay', 3000, 0.5, 9, 200, 'Thursday', 10, 200, 10, 1, 3, 30, 1, 42),
(848, 15000, 'sum_pay', 3000, 0.5, 9, 150, 'Thursday', 10, 200, 10, 1, 3, 30, 1, 42),
(847, 10000, 'sum_pay', 3000, 0.5, 7, 100, 'Thursday', 10, 200, 10, 1, 3, 30, 1, 42),
(846, 5000, 'one_pay', 3000, 0.5, 6, 50, 'Wednesday', 10, 200, 10, 1, 3, 30, 1, 42),
(841, 100, 'sum_pay', 100, 0.2, 1, 10, 'Monday', 1, 50, 1, 0.5, 5, 30, 1, 42),
(842, 1000, 'sum_pay', 1000, 0.2, 2, 10, 'Monday', 1, 50, 1, 0.5, 5, 30, 1, 42),
(843, 2000, 'sum_pay', 1000, 0.2, 3, 20, 'Tuesday', 5, 100, 5, 0.5, 4, 30, 1, 42),
(844, 3000, 'sum_pay', 1000, 0.2, 4, 30, 'Tuesday', 5, 100, 5, 0.5, 4, 30, 1, 42),
(845, 4000, 'sum_pay', 1000, 0.2, 5, 40, 'Wednesday', 5, 100, 5, 0.5, 4, 30, 1, 42),
(720, 1000000, 'sum_pay', 10000, 5, 20, 10000, 'Sunday', 100, 1000, 40, 10, 1, 30, 1, 35),
(719, 500000, 'sum_pay', 10000, 5, 19, 5000, 'Sunday', 100, 1000, 40, 10, 1, 30, 1, 35),
(718, 200000, 'sum_pay', 10000, 5, 18, 2000, 'Saturday', 100, 1000, 40, 10, 1, 30, 1, 35),
(717, 100000, 'one_pay', 10000, 5, 17, 1000, 'Sunday', 100, 1000, 40, 10, 1, 30, 1, 35),
(716, 90000, 'sum_pay', 10000, 5, 16, 900, 'Saturday', 100, 1000, 40, 10, 1, 30, 1, 35),
(715, 80000, 'sum_pay', 5000, 1, 15, 800, 'Saturday', 100, 1000, 40, 10, 1, 30, 1, 35),
(714, 70000, 'sum_pay', 5000, 1, 14, 700, 'Saturday', 50, 500, 20, 5, 2, 30, 1, 35),
(713, 60000, 'sum_pay', 5000, 1, 13, 600, 'Saturday', 50, 500, 20, 5, 2, 30, 1, 35),
(712, 50000, 'sum_pay', 5000, 1, 12, 500, 'Friday', 50, 500, 20, 5, 2, 30, 1, 35),
(711, 40000, 'sum_pay', 5000, 1, 11, 400, 'Friday', 50, 500, 20, 5, 2, 30, 1, 35),
(710, 30000, 'sum_pay', 3000, 0.5, 10, 300, 'Friday', 10, 200, 10, 1, 3, 30, 1, 35),
(709, 20000, 'sum_pay', 3000, 0.5, 9, 200, 'Thursday', 10, 200, 10, 1, 3, 30, 1, 35),
(708, 15000, 'sum_pay', 3000, 0.5, 9, 150, 'Thursday', 10, 200, 10, 1, 3, 30, 1, 35),
(707, 10000, 'sum_pay', 3000, 0.5, 7, 100, 'Thursday', 10, 200, 10, 1, 3, 30, 1, 35),
(706, 5000, 'one_pay', 3000, 0.5, 6, 50, 'Wednesday', 10, 200, 10, 1, 3, 30, 1, 35),
(705, 4000, 'sum_pay', 1000, 0.2, 5, 40, 'Wednesday', 5, 100, 5, 0.5, 4, 30, 1, 35),
(704, 3000, 'sum_pay', 1000, 0.2, 4, 30, 'Tuesday', 5, 100, 5, 0.5, 4, 30, 1, 35),
(703, 2000, 'sum_pay', 1000, 0.2, 3, 20, 'Tuesday', 5, 100, 5, 0.5, 4, 30, 1, 35),
(702, 1000, 'sum_pay', 1000, 0.2, 2, 10, 'Monday', 1, 50, 1, 0.5, 5, 30, 1, 35),
(701, 100, 'sum_pay', 100, 0.2, 1, 10, 'Monday', 1, 50, 1, 0.5, 5, 30, 1, 35);

-- --------------------------------------------------------

--
-- Table structure for table `w_progress_users`
--

CREATE TABLE `w_progress_users` (
  `id` int(55) NOT NULL,
  `user_id` int(55) NOT NULL,
  `rating` int(55) NOT NULL,
  `sum` double NOT NULL DEFAULT 0,
  `spins` int(11) NOT NULL DEFAULT 0,
  `progress_id` int(55) NOT NULL
) ENGINE=MyISAM DEFAULT CHARSET=utf8mb4 COLLATE=utf8mb4_unicode_ci ROW_FORMAT=DYNAMIC;

--
-- Dumping data for table `w_progress_users`
--

INSERT INTO `w_progress_users` (`id`, `user_id`, `rating`, `sum`, `spins`, `progress_id`) VALUES
(2, 7, 1, 1000, 100, 21),
(3, 8, 1, 1000, 17, 21),
(4, 7, 2, 0, 849, 22),
(13, 52, 1, 978, 0, 21),
(12, 50, 1, -123, 0, 21),
(11, 46, 1, -56, 0, 21),
(10, 37, 1, 1000, 0, 21),
(18, 65, 1, -0.1, 173, 21),
(254, 478, 1, 500, 0, 21),
(253, 476, 1, 333, 5, 841),
(258, 491, 1, 0, 0, 21),
(257, 479, 1, 0, 0, 21),
(255, 481, 1, -10, 0, 21),
(256, 480, 1, 0, 0, 21),
(246, 442, 1, 100, 0, 21),
(259, 492, 1, 100, 0, 21),
(260, 511, 1, 500, 0, 21);

-- --------------------------------------------------------

--
-- Table structure for table `w_quick_shops`
--

CREATE TABLE `w_quick_shops` (
  `id` int(55) NOT NULL,
  `data` text DEFAULT NULL
) ENGINE=MyISAM DEFAULT CHARSET=utf8mb4 COLLATE=utf8mb4_unicode_ci ROW_FORMAT=DYNAMIC;

-- --------------------------------------------------------

--
-- Table structure for table `w_rewards`
--

CREATE TABLE `w_rewards` (
  `id` int(55) NOT NULL,
  `user_id` int(55) NOT NULL,
  `referral_id` int(55) NOT NULL,
  `payed` decimal(10,0) NOT NULL DEFAULT 0,
  `sum` decimal(20,4) NOT NULL,
  `ref_sum` decimal(20,4) NOT NULL,
  `activated` int(2) NOT NULL DEFAULT 0,
  `user_received` int(2) NOT NULL DEFAULT 0,
  `referral_received` int(2) NOT NULL DEFAULT 0,
  `until` timestamp NULL DEFAULT NULL,
  `shop_id` int(55) NOT NULL DEFAULT 0,
  `created_at` timestamp NOT NULL DEFAULT current_timestamp()
) ENGINE=InnoDB DEFAULT CHARSET=utf8mb4 COLLATE=utf8mb4_unicode_ci;

-- --------------------------------------------------------

--
-- Table structure for table `w_roles`
--

CREATE TABLE `w_roles` (
  `id` int(10) UNSIGNED NOT NULL,
  `name` varchar(191) NOT NULL,
  `slug` varchar(191) NOT NULL,
  `description` varchar(191) DEFAULT NULL,
  `level` int(11) NOT NULL DEFAULT 1,
  `created_at` timestamp NULL DEFAULT NULL,
  `updated_at` datetime NOT NULL DEFAULT current_timestamp(),
  `deleted_at` timestamp NULL DEFAULT NULL
) ENGINE=MyISAM DEFAULT CHARSET=utf8mb4 COLLATE=utf8mb4_unicode_ci ROW_FORMAT=DYNAMIC;

--
-- Dumping data for table `w_roles`
--

INSERT INTO `w_roles` (`id`, `name`, `slug`, `description`, `level`, `created_at`, `updated_at`, `deleted_at`) VALUES
(1, 'User', 'user', '', 1, '2020-01-29 21:00:00', '2020-01-30 00:00:00', NULL),
(2, 'Cashier', 'cashier', '', 2, '2020-01-29 21:00:00', '2020-01-30 00:00:00', NULL),
(3, 'Manager', 'manager', '', 3, '2020-01-29 21:00:00', '2020-01-30 00:00:00', NULL),
(4, 'Distributor', 'distributor', '', 4, '2020-01-29 21:00:00', '2020-01-30 00:00:00', NULL),
(5, 'Agent', 'agent', '', 5, '2020-01-29 21:00:00', '2020-01-30 00:00:00', NULL),
(6, 'Admin', 'admin', '', 6, '2020-01-29 21:00:00', '2020-01-30 00:00:00', NULL);

-- --------------------------------------------------------

--
-- Table structure for table `w_role_user`
--

CREATE TABLE `w_role_user` (
  `id` int(10) UNSIGNED NOT NULL,
  `role_id` int(10) UNSIGNED NOT NULL,
  `user_id` int(10) UNSIGNED NOT NULL,
  `created_at` timestamp NULL DEFAULT NULL,
  `updated_at` datetime NOT NULL DEFAULT current_timestamp()
) ENGINE=MyISAM DEFAULT CHARSET=utf8mb4 COLLATE=utf8mb4_unicode_ci ROW_FORMAT=DYNAMIC;

--
-- Dumping data for table `w_role_user`
--

INSERT INTO `w_role_user` (`id`, `role_id`, `user_id`, `created_at`, `updated_at`) VALUES
(1, 6, 1, '2020-01-29 21:00:00', '2020-01-30 00:00:00'),
(2, 5, 2, '2021-09-08 01:00:10', '2021-09-08 03:00:10'),
(3, 4, 3, '2021-09-08 01:00:11', '2021-09-08 03:00:11'),
(7, 1, 7, '2021-10-17 10:07:28', '2021-10-17 10:07:28'),
(8, 1, 8, '2021-10-17 10:07:56', '2021-10-17 10:07:56'),
(9, 1, 9, '2021-10-17 10:29:35', '2021-10-17 10:29:35'),
(10, 1, 10, '2021-10-17 11:02:22', '2021-10-17 11:02:22'),
(11, 1, 11, '2021-10-17 11:44:37', '2021-10-17 11:44:37'),
(12, 1, 12, '2021-10-17 11:59:47', '2021-10-17 11:59:47'),
(13, 1, 13, '2021-10-17 12:00:11', '2021-10-17 12:00:11'),
(14, 1, 14, '2021-10-17 13:00:59', '2021-10-17 13:00:59'),
(15, 1, 15, '2021-10-17 20:38:53', '2021-10-17 20:38:53'),
(16, 1, 16, '2021-10-17 20:40:56', '2021-10-17 20:40:56'),
(17, 1, 17, '2021-10-17 20:44:17', '2021-10-17 20:44:17'),
(18, 1, 18, '2021-10-17 22:39:24', '2021-10-17 22:39:24'),
(19, 1, 19, '2021-10-18 01:05:39', '2021-10-18 01:05:39'),
(20, 1, 20, '2021-10-18 01:11:38', '2021-10-18 01:11:38'),
(21, 1, 21, '2021-10-18 10:33:19', '2021-10-18 10:33:19'),
(22, 1, 22, '2021-10-18 10:35:04', '2021-10-18 10:35:04'),
(23, 1, 23, '2021-10-18 11:24:54', '2021-10-18 11:24:54'),
(24, 1, 24, '2021-10-18 12:04:47', '2021-10-18 12:04:47'),
(25, 1, 25, '2021-10-18 20:10:39', '2021-10-18 20:10:39'),
(46, 1, 46, '2021-10-19 04:29:31', '2021-10-19 04:29:31'),
(45, 1, 45, '2021-10-19 02:41:37', '2021-10-19 02:41:37'),
(47, 1, 47, '2021-10-19 09:54:08', '2021-10-19 09:54:08'),
(48, 1, 48, '2021-10-19 20:47:19', '2021-10-19 20:47:19'),
(35, 1, 35, '2021-10-18 22:51:18', '2021-10-18 22:51:18'),
(36, 1, 36, '2021-10-18 22:52:52', '2021-10-18 22:52:52'),
(37, 1, 37, '2021-10-18 23:01:36', '2021-10-18 23:01:36'),
(38, 1, 38, '2021-10-18 23:44:56', '2021-10-18 23:44:56'),
(39, 1, 39, '2021-10-18 23:45:56', '2021-10-18 23:45:56'),
(50, 1, 50, '2021-10-24 23:29:17', '2021-10-24 23:29:17'),
(52, 2, 50, NULL, '2021-10-25 12:06:10'),
(53, 1, 52, '2021-10-26 01:16:36', '2021-10-26 01:16:36'),
(61, 1, 60, '2021-12-02 11:49:25', '2021-12-02 11:49:25'),
(66, 1, 65, '2022-01-14 21:00:02', '2022-01-14 21:00:02'),
(458, 5, 459, '2022-09-20 07:51:07', '2022-09-20 07:51:07'),
(479, 1, 480, '2023-08-05 22:00:26', '2023-08-05 22:00:26'),
(478, 1, 479, '2023-08-05 19:54:50', '2023-08-05 19:54:50'),
(477, 1, 478, '2023-08-05 17:24:27', '2023-08-05 17:24:27'),
(476, 1, 477, '2023-07-31 07:46:27', '2023-07-31 07:46:27'),
(211, 5, 210, '2022-08-06 22:41:04', '2022-08-06 22:41:04'),
(212, 4, 211, '2022-08-06 22:41:04', '2022-08-06 22:41:04'),
(474, 2, 475, '2023-07-31 07:40:58', '2023-07-31 07:40:58'),
(472, 5, 473, '2023-07-31 07:40:58', '2023-07-31 07:40:58'),
(473, 4, 474, '2023-07-31 07:40:58', '2023-07-31 07:40:58'),
(220, 4, 219, '2022-08-09 01:56:05', '2022-08-09 01:56:05'),
(219, 5, 218, '2022-08-09 01:56:05', '2022-08-09 01:56:05'),
(247, 2, 246, '2022-08-25 13:20:02', '2022-08-25 13:20:02'),
(457, 1, 458, '2022-09-19 21:20:15', '2022-09-19 21:20:15'),
(475, 1, 476, '2023-07-31 07:40:59', '2023-07-31 07:40:59'),
(459, 4, 460, '2022-09-20 07:51:08', '2022-09-20 07:51:08'),
(483, 1, 484, '2023-08-08 22:42:45', '2023-08-08 22:42:45'),
(481, 1, 482, '2023-08-08 07:54:45', '2023-08-08 07:54:45'),
(480, 1, 481, '2023-08-06 08:46:04', '2023-08-06 08:46:04'),
(470, 1, 471, '2022-09-22 19:09:18', '2022-09-22 19:09:18'),
(471, 1, 472, '2022-09-23 17:44:26', '2022-09-23 17:44:26'),
(437, 1, 438, '2022-09-08 10:55:03', '2022-09-08 10:55:03'),
(281, 2, 280, '2022-08-26 08:49:53', '2022-08-26 08:49:53'),
(282, 2, 281, '2022-08-26 08:54:23', '2022-08-26 08:54:23'),
(283, 2, 282, '2022-08-26 08:56:02', '2022-08-26 08:56:02'),
(285, 2, 284, '2022-08-26 09:05:04', '2022-08-26 09:05:04'),
(482, 1, 483, '2023-08-08 07:54:59', '2023-08-08 07:54:59'),
(463, 5, 464, '2022-09-20 08:13:39', '2022-09-20 08:13:39'),
(298, 2, 297, '2022-08-26 13:36:40', '2022-08-26 13:36:40'),
(436, 1, 437, '2022-09-08 10:41:24', '2022-09-08 10:41:24'),
(326, 2, 325, '2022-08-27 00:16:26', '2022-08-27 00:16:26'),
(332, 1, 331, '2022-08-27 12:56:23', '2022-08-27 12:56:23'),
(333, 1, 332, '2022-08-27 14:20:01', '2022-08-27 14:20:01'),
(344, 1, 343, '2022-08-28 14:40:06', '2022-08-28 14:40:06'),
(464, 4, 465, '2022-09-20 08:13:39', '2022-09-20 08:13:39'),
(346, 2, 345, '2022-08-28 15:00:26', '2022-08-28 15:00:26'),
(348, 1, 347, '2022-08-28 21:25:26', '2022-08-28 21:25:26'),
(349, 1, 348, '2022-08-28 21:32:51', '2022-08-28 21:32:51'),
(350, 1, 349, '2022-08-28 21:33:56', '2022-08-28 21:33:56'),
(355, 1, 354, '2022-08-29 22:31:41', '2022-08-29 22:31:41'),
(356, 1, 355, '2022-08-29 22:32:47', '2022-08-29 22:32:47'),
(359, 1, 358, '2022-08-31 02:05:41', '2022-08-31 02:05:41'),
(360, 1, 359, '2022-08-31 02:05:57', '2022-08-31 02:05:57'),
(361, 1, 360, '2022-08-31 02:07:05', '2022-08-31 02:07:05'),
(362, 1, 361, '2022-08-31 03:05:38', '2022-08-31 03:05:38'),
(363, 1, 362, '2022-08-31 03:08:14', '2022-08-31 03:08:14'),
(365, 1, 364, '2022-08-31 15:33:49', '2022-08-31 15:33:49'),
(366, 1, 365, '2022-08-31 15:34:39', '2022-08-31 15:34:39'),
(367, 1, 366, '2022-08-31 15:42:31', '2022-08-31 15:42:31'),
(368, 1, 367, '2022-08-31 15:43:41', '2022-08-31 15:43:41'),
(369, 1, 368, '2022-08-31 15:46:55', '2022-08-31 15:46:55'),
(370, 1, 369, '2022-08-31 15:47:48', '2022-08-31 15:47:48'),
(371, 1, 370, '2022-08-31 22:06:13', '2022-08-31 22:06:13'),
(372, 1, 371, '2022-08-31 22:07:05', '2022-08-31 22:07:05'),
(373, 1, 372, '2022-08-31 22:07:39', '2022-08-31 22:07:39'),
(374, 1, 373, '2022-08-31 22:08:13', '2022-08-31 22:08:13'),
(375, 1, 374, '2022-08-31 22:08:58', '2022-08-31 22:08:58'),
(376, 1, 375, '2022-09-01 03:15:32', '2022-09-01 03:15:32'),
(377, 1, 376, '2022-09-01 03:17:11', '2022-09-01 03:17:11'),
(435, 1, 436, '2022-09-08 01:21:11', '2022-09-08 01:21:11'),
(380, 1, 379, '2022-09-01 15:00:04', '2022-09-01 15:00:04'),
(386, 1, 386, '2022-09-01 21:44:14', '2022-09-01 21:44:14'),
(387, 1, 387, '2022-09-01 21:45:42', '2022-09-01 21:45:42'),
(388, 1, 389, '2022-09-01 21:57:08', '2022-09-01 21:57:08'),
(389, 1, 390, '2022-09-02 01:45:16', '2022-09-02 01:45:16'),
(390, 1, 391, '2022-09-02 01:45:31', '2022-09-02 01:45:31'),
(391, 1, 392, '2022-09-02 01:45:46', '2022-09-02 01:45:46'),
(392, 1, 393, '2022-09-02 01:46:01', '2022-09-02 01:46:01'),
(393, 1, 394, '2022-09-02 01:46:27', '2022-09-02 01:46:27'),
(394, 1, 395, '2022-09-02 09:55:07', '2022-09-02 09:55:07'),
(395, 1, 396, '2022-09-02 09:55:52', '2022-09-02 09:55:52'),
(396, 1, 397, '2022-09-02 09:56:28', '2022-09-02 09:56:28'),
(434, 1, 435, '2022-09-08 01:19:02', '2022-09-08 01:19:02'),
(433, 1, 434, '2022-09-08 01:16:27', '2022-09-08 01:16:27'),
(432, 1, 433, '2022-09-08 01:16:02', '2022-09-08 01:16:02'),
(431, 1, 432, '2022-09-07 18:24:13', '2022-09-07 18:24:13'),
(428, 1, 429, '2022-09-06 16:15:06', '2022-09-06 16:15:06'),
(405, 1, 406, '2022-09-03 23:19:18', '2022-09-03 23:19:18'),
(406, 1, 407, '2022-09-03 23:21:53', '2022-09-03 23:21:53'),
(407, 1, 408, '2022-09-03 23:23:33', '2022-09-03 23:23:33'),
(408, 1, 409, '2022-09-03 23:47:21', '2022-09-03 23:47:21'),
(409, 1, 410, '2022-09-04 04:11:14', '2022-09-04 04:11:14'),
(410, 1, 411, '2022-09-04 04:13:25', '2022-09-04 04:13:25'),
(411, 1, 412, '2022-09-04 04:13:46', '2022-09-04 04:13:46'),
(412, 1, 413, '2022-09-04 11:44:54', '2022-09-04 11:44:54'),
(413, 1, 414, '2022-09-04 12:23:37', '2022-09-04 12:23:37'),
(415, 1, 416, '2022-09-04 15:49:19', '2022-09-04 15:49:19'),
(416, 1, 417, '2022-09-04 15:55:21', '2022-09-04 15:55:21'),
(420, 1, 421, '2022-09-04 18:58:26', '2022-09-04 18:58:26'),
(421, 1, 422, '2022-09-04 19:02:42', '2022-09-04 19:02:42'),
(423, 5, 424, '2022-09-06 10:58:13', '2022-09-06 10:58:13'),
(424, 4, 425, '2022-09-06 10:58:13', '2022-09-06 10:58:13'),
(438, 1, 439, '2022-09-08 11:24:10', '2022-09-08 11:24:10'),
(427, 2, 428, '2022-09-06 11:03:12', '2022-09-06 11:03:12'),
(441, 1, 442, '2022-09-08 18:20:44', '2022-09-08 18:20:44'),
(440, 2, 441, '2022-09-08 17:51:15', '2022-09-08 17:51:15'),
(442, 1, 443, '2022-09-08 22:13:11', '2022-09-08 22:13:11'),
(451, 1, 452, '2022-09-15 05:41:01', '2022-09-15 05:41:01'),
(452, 1, 453, '2022-09-15 07:06:58', '2022-09-15 07:06:58'),
(453, 1, 454, '2022-09-15 07:20:17', '2022-09-15 07:20:17'),
(455, 1, 456, '2022-09-15 21:42:49', '2022-09-15 21:42:49'),
(456, 1, 457, '2022-09-18 06:33:25', '2022-09-18 06:33:25'),
(484, 1, 485, '2023-08-08 22:43:59', '2023-08-08 22:43:59'),
(485, 1, 486, '2023-08-08 22:51:59', '2023-08-08 22:51:59'),
(486, 1, 487, '2023-08-09 06:42:51', '2023-08-09 06:42:51'),
(487, 1, 488, '2023-08-10 12:29:35', '2023-08-10 12:29:35'),
(488, 1, 489, '2023-08-10 12:30:59', '2023-08-10 12:30:59'),
(489, 1, 490, '2023-08-10 12:35:01', '2023-08-10 12:35:01'),
(490, 1, 491, '2023-08-10 12:35:26', '2023-08-10 12:35:26'),
(491, 1, 492, '2023-08-10 12:39:12', '2023-08-10 12:39:12'),
(492, 1, 506, NULL, '2023-08-14 20:09:18'),
(493, 1, 507, '2023-08-15 17:14:05', '2023-08-15 17:14:05'),
(494, 1, 508, NULL, '2023-08-16 15:28:19'),
(495, 1, 509, NULL, '2023-08-16 15:33:16'),
(496, 1, 510, NULL, '2023-08-16 15:41:05'),
(497, 1, 511, NULL, '2023-08-16 15:46:58'),
(498, 1, 520, NULL, '2023-08-16 16:17:09'),
(499, 1, 521, NULL, '2023-08-20 09:36:41'),
(500, 1, 522, NULL, '2023-08-22 06:34:08'),
(501, 1, 523, NULL, '2023-09-10 08:00:13');

-- --------------------------------------------------------

--
-- Table structure for table `w_rules`
--

CREATE TABLE `w_rules` (
  `id` int(55) NOT NULL,
  `title` varchar(255) NOT NULL,
  `href` varchar(255) DEFAULT NULL,
  `keywords` varchar(255) DEFAULT NULL,
  `description` varchar(255) DEFAULT NULL,
  `text` text DEFAULT NULL,
  `created_at` timestamp NOT NULL DEFAULT current_timestamp(),
  `updated_at` timestamp NOT NULL DEFAULT current_timestamp()
) ENGINE=MyISAM DEFAULT CHARSET=utf8mb4 COLLATE=utf8mb4_unicode_ci ROW_FORMAT=DYNAMIC;

--
-- Dumping data for table `w_rules`
--

INSERT INTO `w_rules` (`id`, `title`, `href`, `keywords`, `description`, `text`, `created_at`, `updated_at`) VALUES
(1, 'Terms and Conditions', 'terms_and_conditions', NULL, NULL, '<p>Terms and Conditions Terms and Conditions Terms and Conditions Terms and Conditions Terms and Conditions Terms and Conditions Terms and Conditions Terms and Conditions Terms and Conditions Terms and Conditions Terms and Conditions Terms and Conditions Terms and Conditions Terms and Conditions Terms and Conditions Terms and Conditions Terms and Conditions Terms and Conditions Terms and Conditions Terms and Conditions Terms and Conditions Terms and Conditions Terms and Conditions Terms and Conditions Terms and Conditions Terms and Conditions Terms and Conditions Terms and Conditions Terms and Conditions Terms and Conditions Terms and Conditions Terms and Conditions Terms and Conditions Terms and Conditions Terms and Conditions Terms and Conditions Terms and Conditions Terms and Conditions Terms and Conditions Terms and Conditions Terms and Conditions Terms and Conditions Terms and Conditions Terms and Conditions Terms and Conditions Terms and Conditions Terms and Conditions Terms and Conditions Terms and Conditions Terms and Conditions </p>', '2021-03-30 21:09:51', '2021-04-24 12:54:17'),
(2, 'Privacy Policy', 'privacy_policy', NULL, NULL, '<p>Privacy Policy Privacy Policy Privacy Policy Privacy Policy Privacy Policy Privacy Policy Privacy Policy Privacy Policy Privacy Policy Privacy Policy Privacy Policy Privacy Policy Privacy Policy Privacy Policy Privacy Policy Privacy Policy Privacy Policy Privacy Policy Privacy Policy Privacy Policy Privacy Policy Privacy Policy Privacy Policy Privacy Policy Privacy Policy Privacy Policy Privacy Policy Privacy Policy Privacy Policy Privacy Policy Privacy Policy Privacy Policy Privacy Policy Privacy Policy Privacy Policy Privacy Policy Privacy Policy Privacy Policy Privacy Policy Privacy Policy Privacy Policy Privacy Policy Privacy Policy Privacy Policy Privacy Policy Privacy Policy Privacy Policy Privacy Policy Privacy Policy Privacy Policy Privacy Policy Privacy Policy Privacy Policy Privacy Policy Privacy Policy Privacy Policy Privacy Policy Privacy Policy Privacy Policy Privacy Policy Privacy Policy Privacy Policy Privacy Policy Privacy Policy Privacy Policy Privacy Policy </p>', '2021-03-30 21:09:51', '2021-04-24 12:54:28'),
(3, 'General Bonus Policy', 'general_bonus_policy', NULL, NULL, '<p>General Bonus Policy General Bonus Policy General Bonus Policy General Bonus Policy General Bonus Policy General Bonus Policy General Bonus Policy General Bonus Policy General Bonus Policy General Bonus Policy General Bonus Policy General Bonus Policy General Bonus Policy General Bonus Policy General Bonus Policy General Bonus Policy General Bonus Policy General Bonus Policy General Bonus Policy General Bonus Policy General Bonus Policy General Bonus Policy General Bonus Policy General Bonus Policy General Bonus Policy General Bonus Policy General Bonus Policy General Bonus Policy General Bonus Policy General Bonus Policy General Bonus Policy General Bonus Policy General Bonus Policy General Bonus Policy General Bonus Policy General Bonus Policy General Bonus Policy General Bonus Policy General Bonus Policy General Bonus Policy General Bonus Policy General Bonus Policy General Bonus Policy General Bonus Policy General Bonus Policy General Bonus Policy General Bonus Policy General Bonus Policy General Bonus Policy General Bonus Policy General Bonus Policy </p>', '2021-03-30 21:09:51', '2021-04-24 12:54:37'),
(4, 'Why Bitcoin?', 'why_bitcoin', NULL, NULL, '<p>Why Bitcoin? Why Bitcoin? Why Bitcoin? Why Bitcoin? Why Bitcoin? Why Bitcoin? Why Bitcoin? Why Bitcoin? Why Bitcoin? Why Bitcoin? Why Bitcoin? Why Bitcoin? Why Bitcoin? Why Bitcoin? Why Bitcoin? Why Bitcoin? Why Bitcoin? Why Bitcoin? Why Bitcoin? Why Bitcoin? Why Bitcoin? Why Bitcoin? Why Bitcoin? Why Bitcoin? Why Bitcoin? Why Bitcoin? Why Bitcoin? Why Bitcoin? Why Bitcoin? Why Bitcoin? Why Bitcoin? </p>', '2021-03-30 21:09:51', '2021-04-24 12:54:05'),
(5, 'Responsible Gaming', 'responsible_gaming', NULL, NULL, '<p>Responsible Gaming Responsible Gaming Responsible Gaming Responsible Gaming Responsible Gaming Responsible Gaming Responsible Gaming Responsible Gaming Responsible Gaming Responsible Gaming Responsible Gaming Responsible Gaming Responsible Gaming Responsible Gaming Responsible Gaming Responsible Gaming Responsible Gaming Responsible Gaming Responsible Gaming Responsible Gaming Responsible Gaming Responsible Gaming Responsible Gaming Responsible Gaming Responsible Gaming Responsible Gaming Responsible Gaming Responsible Gaming Responsible Gaming Responsible Gaming Responsible Gaming Responsible Gaming Responsible Gaming Responsible Gaming Responsible Gaming Responsible Gaming Responsible Gaming Responsible Gaming Responsible Gaming Responsible Gaming Responsible Gaming Responsible Gaming Responsible Gaming Responsible Gaming Responsible Gaming Responsible Gaming Responsible Gaming Responsible Gaming Responsible Gaming Responsible Gaming Responsible Gaming Responsible Gaming Responsible Gaming Responsible Gaming Responsible Gaming Responsible Gaming Responsible Gaming Responsible Gaming Responsible Gaming Responsible Gaming Responsible Gaming Responsible Gaming Responsible Gaming Responsible Gaming Responsible Gaming Responsible Gaming Responsible Gaming Responsible Gaming Responsible Gaming Responsible Gaming Responsible Gaming Responsible Gaming Responsible Gaming Responsible Gaming Responsible Gaming Responsible Gaming Responsible Gaming Responsible Gaming Responsible Gaming Responsible Gaming Responsible Gaming Responsible Gaming Responsible Gaming Responsible Gaming Responsible Gaming Responsible Gaming Responsible Gaming Responsible Gaming Responsible Gaming Responsible Gaming Responsible Gaming Responsible Gaming Responsible Gaming Responsible Gaming Responsible Gaming Responsible Gaming Responsible Gaming Responsible Gaming Responsible Gaming Responsible Gaming Responsible Gaming Responsible Gaming Responsible Gaming Responsible Gaming Responsible Gaming Responsible Gaming Responsible Gaming Responsible Gaming Responsible Gaming Responsible Gaming Responsible Gaming Responsible Gaming Responsible Gaming Responsible Gaming Responsible Gaming Responsible Gaming Responsible Gaming Responsible Gaming Responsible Gaming Responsible Gaming Responsible Gaming Responsible Gaming Responsible Gaming Responsible Gaming Responsible Gaming Responsible Gaming Responsible Gaming Responsible Gaming Responsible Gaming Responsible Gaming Responsible Gaming Responsible Gaming Responsible Gaming Responsible Gaming Responsible Gaming Responsible Gaming Responsible Gaming Responsible Gaming Responsible Gaming Responsible Gaming Responsible Gaming Responsible Gaming Responsible Gaming Responsible Gaming Responsible Gaming Responsible Gaming Responsible Gaming Responsible Gaming Responsible Gaming Responsible Gaming Responsible Gaming Responsible Gaming Responsible Gaming Responsible Gaming Responsible Gaming Responsible Gaming Responsible Gaming Responsible Gaming Responsible Gaming Responsible Gaming Responsible Gaming Responsible Gaming Responsible Gaming Responsible Gaming Responsible Gaming Responsible Gaming Responsible Gaming Responsible Gaming Responsible Gaming Responsible Gaming Responsible Gaming Responsible Gaming Responsible Gaming Responsible Gaming Responsible Gaming Responsible Gaming Responsible Gaming Responsible Gaming Responsible Gaming Responsible Gaming Responsible Gaming Responsible Gaming Responsible Gaming Responsible Gaming Responsible Gaming Responsible Gaming Responsible Gaming Responsible Gaming Responsible Gaming Responsible Gaming Responsible Gaming Responsible Gaming Responsible Gaming Responsible Gaming Responsible Gaming Responsible Gaming Responsible Gaming Responsible Gaming Responsible Gaming Responsible Gaming Responsible Gaming Responsible Gaming Responsible Gaming Responsible Gaming Responsible Gaming Responsible Gaming Responsible Gaming Responsible Gaming Responsible Gaming Responsible Gaming Responsible Gaming Responsible Gaming Responsible Gaming Responsible Gaming Responsible Gaming Responsible Gaming Responsible Gaming Responsible Gaming Responsible Gaming Responsible Gaming Responsible Gaming Responsible Gaming Responsible Gaming Responsible Gaming Responsible Gaming Responsible Gaming Responsible Gaming Responsible Gaming Responsible Gaming Responsible Gaming Responsible Gaming Responsible Gaming Responsible Gaming Responsible Gaming Responsible Gaming Responsible Gaming Responsible Gaming Responsible Gaming Responsible Gaming Responsible Gaming Responsible Gaming Responsible Gaming Responsible Gaming Responsible Gaming Responsible Gaming Responsible Gaming Responsible Gaming Responsible Gaming Responsible Gaming Responsible Gaming Responsible Gaming Responsible Gaming Responsible Gaming Responsible Gaming Responsible Gaming Responsible Gaming Responsible Gaming Responsible Gaming Responsible Gaming Responsible Gaming Responsible Gaming Responsible Gaming Responsible Gaming Responsible Gaming Responsible Gaming Responsible Gaming Responsible Gaming Responsible Gaming Responsible Gaming Responsible Gaming Responsible Gaming Responsible Gaming Responsible Gaming Responsible Gaming Responsible Gaming Responsible Gaming Responsible Gaming Responsible Gaming Responsible Gaming Responsible Gaming Responsible Gaming Responsible Gaming Responsible Gaming Responsible Gaming Responsible Gaming Responsible Gaming Responsible Gaming Responsible Gaming Responsible Gaming Responsible Gaming Responsible Gaming Responsible Gaming Responsible Gaming Responsible Gaming Responsible Gaming Responsible Gaming Responsible Gaming Responsible Gaming Responsible Gaming Responsible Gaming Responsible Gaming Responsible Gaming Responsible Gaming Responsible Gaming Responsible Gaming Responsible Gaming Responsible Gaming Responsible Gaming Responsible Gaming Responsible Gaming Responsible Gaming Responsible Gaming Responsible Gaming Responsible Gaming Responsible Gaming Responsible Gaming Responsible Gaming Responsible Gaming Responsible Gaming Responsible Gaming Responsible Gaming Responsible Gaming Responsible Gaming Responsible Gaming</p>', '2021-03-30 21:09:51', '2021-04-26 08:40:41');

-- --------------------------------------------------------

--
-- Table structure for table `w_securities`
--

CREATE TABLE `w_securities` (
  `id` int(55) NOT NULL,
  `type` enum('game','user_balance','user_in_out','user_balance_bigger','shop','shop_balance_bigger','user_win') NOT NULL,
  `bank` varchar(55) DEFAULT NULL,
  `item_id` int(55) NOT NULL,
  `pay_in` double DEFAULT NULL,
  `pay_out` double DEFAULT NULL,
  `pay_total` double DEFAULT NULL,
  `balance` double DEFAULT NULL,
  `win` double DEFAULT NULL,
  `rtp` double DEFAULT NULL,
  `count` int(55) DEFAULT NULL,
  `view` int(2) NOT NULL DEFAULT 1,
  `sms` int(2) NOT NULL DEFAULT 0,
  `block` int(2) NOT NULL DEFAULT 0,
  `category` varchar(255) NOT NULL,
  `shop_id` int(55) NOT NULL,
  `created_at` timestamp NOT NULL DEFAULT current_timestamp()
) ENGINE=InnoDB DEFAULT CHARSET=utf8mb4 COLLATE=utf8mb4_unicode_ci;

-- --------------------------------------------------------

--
-- Stand-in structure for view `w_sessions`
-- (See below for the actual view)
--
CREATE TABLE `w_sessions` (
`id` varchar(191)
,`user_id` int(11)
,`ip_address` varchar(45)
,`user_agent` text
,`browser` varchar(255)
,`payload` text
,`last_activity` int(11)
,`country` varchar(255)
,`city` varchar(255)
,`os` varchar(255)
,`device` varchar(255)
);

-- --------------------------------------------------------

--
-- Table structure for table `w_settings`
--

CREATE TABLE `w_settings` (
  `id` int(10) UNSIGNED NOT NULL,
  `key` varchar(191) NOT NULL,
  `value` text NOT NULL
) ENGINE=MyISAM DEFAULT CHARSET=utf8mb4 COLLATE=utf8mb4_unicode_ci ROW_FORMAT=DYNAMIC;

--
-- Dumping data for table `w_settings`
--

INSERT INTO `w_settings` (`id`, `key`, `value`) VALUES
(1, 'reg_enabled', '1'),
(2, 'use_email', '1');

-- --------------------------------------------------------

--
-- Table structure for table `w_shops`
--

CREATE TABLE `w_shops` (
  `id` int(55) NOT NULL,
  `name` varchar(255) NOT NULL,
  `balance` decimal(20,4) NOT NULL DEFAULT 0.0000,
  `frontend` varchar(55) NOT NULL,
  `currency` varchar(5) DEFAULT '',
  `percent` int(55) NOT NULL DEFAULT 90,
  `max_win` int(55) NOT NULL DEFAULT 100,
  `shop_limit` int(55) NOT NULL DEFAULT 200,
  `is_blocked` int(2) NOT NULL DEFAULT 0,
  `access` int(5) DEFAULT 0,
  `country` varchar(255) DEFAULT NULL,
  `os` varchar(255) DEFAULT NULL,
  `device` varchar(255) DEFAULT NULL,
  `orderby` enum('AZ','Rand','RTP','Count','Date') NOT NULL DEFAULT 'AZ',
  `user_id` int(55) NOT NULL,
  `pending` int(1) NOT NULL DEFAULT 0,
  `rules_terms_and_conditions` int(1) NOT NULL DEFAULT 0,
  `rules_privacy_policy` int(1) NOT NULL DEFAULT 0,
  `rules_general_bonus_policy` int(1) NOT NULL DEFAULT 0,
  `rules_why_bitcoin` int(1) NOT NULL DEFAULT 0,
  `rules_responsible_gaming` int(1) NOT NULL DEFAULT 0,
  `happyhours_active` int(2) NOT NULL DEFAULT 1,
  `progress_active` int(2) NOT NULL DEFAULT 1,
  `invite_active` int(2) NOT NULL DEFAULT 1,
  `welcome_bonuses_active` int(2) NOT NULL DEFAULT 1,
  `sms_bonuses_active` int(2) NOT NULL DEFAULT 1,
  `wheelfortune_active` int(2) DEFAULT 1
) ENGINE=MyISAM DEFAULT CHARSET=utf8mb4 COLLATE=utf8mb4_unicode_ci ROW_FORMAT=DYNAMIC;

--
-- Dumping data for table `w_shops`
--

INSERT INTO `w_shops` (`id`, `name`, `balance`, `frontend`, `currency`, `percent`, `max_win`, `shop_limit`, `is_blocked`, `access`, `country`, `os`, `device`, `orderby`, `user_id`, `pending`, `rules_terms_and_conditions`, `rules_privacy_policy`, `rules_general_bonus_policy`, `rules_why_bitcoin`, `rules_responsible_gaming`, `happyhours_active`, `progress_active`, `invite_active`, `welcome_bonuses_active`, `sms_bonuses_active`, `wheelfortune_active`) VALUES
(2, '247Mainshop', 0.0000, 'Default', 'USD', 74, 100, 200, 0, 0, NULL, NULL, NULL, 'RTP', 3, 0, 0, 0, 0, 0, 0, 1, 1, 1, 1, 1, 1),
(42, '22Shop', 99667.0000, 'Default', 'USD', 90, 10000, 200, 0, 0, NULL, NULL, NULL, 'AZ', 1, 0, 0, 0, 0, 0, 0, 1, 1, 1, 1, 1, 1),
(1, 'Casino Sweeps Online', 998220.0000, 'Default', 'USD', 90, 10000, 100, 0, 0, NULL, NULL, NULL, 'AZ', 425, 0, 0, 0, 0, 0, 0, 1, 1, 1, 0, 1, 1);

-- --------------------------------------------------------

--
-- Table structure for table `w_shops_countries`
--

CREATE TABLE `w_shops_countries` (
  `id` int(55) NOT NULL,
  `shop_id` int(55) NOT NULL,
  `country` varchar(255) NOT NULL
) ENGINE=MyISAM DEFAULT CHARSET=utf8mb4 COLLATE=utf8mb4_unicode_ci ROW_FORMAT=DYNAMIC;

-- --------------------------------------------------------

--
-- Table structure for table `w_shops_devices`
--

CREATE TABLE `w_shops_devices` (
  `id` int(55) NOT NULL,
  `shop_id` int(55) NOT NULL,
  `device` varchar(255) NOT NULL
) ENGINE=MyISAM DEFAULT CHARSET=utf8mb4 COLLATE=utf8mb4_unicode_ci ROW_FORMAT=DYNAMIC;

-- --------------------------------------------------------

--
-- Table structure for table `w_shops_os`
--

CREATE TABLE `w_shops_os` (
  `id` int(55) NOT NULL,
  `shop_id` int(55) NOT NULL,
  `os` varchar(255) NOT NULL
) ENGINE=MyISAM DEFAULT CHARSET=utf8mb4 COLLATE=utf8mb4_unicode_ci ROW_FORMAT=DYNAMIC;

-- --------------------------------------------------------

--
-- Table structure for table `w_shops_user`
--

CREATE TABLE `w_shops_user` (
  `id` int(55) NOT NULL,
  `shop_id` int(55) NOT NULL,
  `user_id` int(55) NOT NULL
) ENGINE=MyISAM DEFAULT CHARSET=utf8mb4 COLLATE=utf8mb4_unicode_ci ROW_FORMAT=DYNAMIC;

--
-- Dumping data for table `w_shops_user`
--

INSERT INTO `w_shops_user` (`id`, `shop_id`, `user_id`) VALUES
(1, 1, 2),
(2, 1, 3),
(6, 1, 7),
(7, 1, 8),
(26, 1, 52),
(23, 1, 50),
(17, 1, 37),
(34, 1, 60),
(37, 1, 65),
(211, 1, 246),
(459, 1, 484),
(458, 1, 483),
(457, 1, 482),
(456, 1, 481),
(451, 42, 476),
(450, 42, 475),
(449, 42, 474),
(448, 42, 473),
(455, 1, 480),
(454, 1, 479),
(453, 1, 478),
(452, 1, 477),
(410, 1, 438),
(246, 1, 280),
(247, 1, 281),
(248, 1, 282),
(250, 1, 284),
(265, 1, 297),
(409, 1, 437),
(296, 1, 325),
(303, 1, 331),
(304, 1, 332),
(447, 1, 472),
(446, 1, 471),
(463, 1, 488),
(462, 1, 487),
(315, 1, 343),
(316, 1, 345),
(319, 1, 347),
(320, 1, 348),
(321, 1, 349),
(464, 1, 489),
(461, 1, 486),
(326, 1, 354),
(327, 1, 355),
(330, 1, 358),
(331, 1, 359),
(332, 1, 360),
(333, 1, 361),
(334, 1, 362),
(336, 1, 364),
(337, 1, 365),
(338, 1, 366),
(339, 1, 367),
(340, 1, 368),
(341, 1, 369),
(342, 1, 370),
(343, 1, 371),
(344, 1, 372),
(345, 1, 373),
(346, 1, 374),
(347, 1, 375),
(348, 1, 376),
(460, 1, 485),
(408, 1, 436),
(351, 1, 379),
(359, 1, 387),
(358, 1, 386),
(360, 1, 389),
(361, 1, 390),
(362, 1, 391),
(363, 1, 392),
(364, 1, 393),
(365, 1, 394),
(366, 1, 395),
(367, 1, 396),
(368, 1, 397),
(407, 1, 435),
(406, 1, 434),
(405, 1, 433),
(404, 1, 432),
(401, 1, 429),
(377, 1, 406),
(378, 1, 407),
(379, 1, 408),
(380, 1, 409),
(381, 1, 410),
(382, 1, 411),
(383, 1, 412),
(384, 1, 413),
(385, 1, 414),
(387, 1, 416),
(388, 1, 417),
(392, 1, 421),
(393, 1, 422),
(414, 1, 442),
(411, 1, 439),
(400, 35, 428),
(399, 35, 425),
(413, 1, 441),
(415, 1, 443),
(427, 1, 454),
(426, 1, 453),
(425, 1, 452),
(431, 1, 458),
(429, 1, 456),
(430, 1, 457),
(465, 1, 490),
(466, 1, 491),
(467, 1, 492),
(468, 1, 506),
(469, 1, 507),
(470, 1, 508),
(471, 1, 509),
(472, 1, 510),
(473, 1, 511),
(474, 1, 520),
(475, 1, 521),
(476, 1, 522),
(477, 1, 523);

-- --------------------------------------------------------

--
-- Table structure for table `w_shop_categories`
--

CREATE TABLE `w_shop_categories` (
  `id` int(55) NOT NULL,
  `shop_id` int(55) NOT NULL,
  `category_id` int(55) NOT NULL
) ENGINE=MyISAM DEFAULT CHARSET=utf8mb4 COLLATE=utf8mb4_unicode_ci ROW_FORMAT=DYNAMIC;

--
-- Dumping data for table `w_shop_categories`
--

INSERT INTO `w_shop_categories` (`id`, `shop_id`, `category_id`) VALUES
(1, 1, 0),
(2, 1, 2),
(3, 1, 3),
(4, 1, 4),
(5, 1, 5),
(6, 1, 6),
(7, 1, 7),
(8, 1, 8),
(9, 1, 9),
(10, 1, 10),
(11, 1, 11),
(12, 1, 12),
(13, 1, 13),
(14, 1, 14),
(15, 1, 15),
(16, 1, 16),
(17, 1, 17),
(18, 1, 18),
(19, 1, 19),
(20, 1, 20),
(21, 1, 21),
(22, 1, 22),
(23, 1, 23),
(24, 1, 24),
(25, 1, 25),
(26, 1, 26),
(27, 1, 27),
(28, 1, 28),
(29, 1, 29),
(149, 42, 27),
(148, 42, 26),
(147, 42, 25),
(146, 42, 24),
(145, 42, 23),
(144, 42, 22),
(143, 42, 21),
(142, 42, 20),
(141, 42, 19),
(140, 42, 18),
(139, 42, 17),
(138, 42, 16),
(137, 42, 15),
(136, 42, 14),
(135, 42, 13),
(134, 42, 12),
(133, 42, 11),
(132, 42, 10),
(131, 42, 9),
(130, 42, 8),
(129, 42, 7),
(128, 42, 6),
(127, 42, 5),
(126, 42, 4),
(125, 42, 3),
(123, 42, 0),
(124, 42, 2),
(116, 35, 0),
(150, 42, 28),
(151, 42, 29),
(152, 42, 30),
(153, 42, 31),
(154, 42, 32),
(155, 42, 33);

-- --------------------------------------------------------

--
-- Table structure for table `w_sms`
--

CREATE TABLE `w_sms` (
  `id` int(55) NOT NULL,
  `type` enum('invite','verification') NOT NULL DEFAULT 'invite',
  `message` varchar(255) NOT NULL,
  `message_id` varchar(255) NOT NULL DEFAULT '',
  `user_id` int(55) NOT NULL,
  `new_user_id` int(55) DEFAULT NULL,
  `shop_id` int(55) NOT NULL,
  `status` varchar(55) NOT NULL DEFAULT '',
  `payed` int(2) NOT NULL DEFAULT 0,
  `created_at` timestamp NOT NULL DEFAULT current_timestamp(),
  `updated_at` timestamp NULL DEFAULT NULL
) ENGINE=MyISAM DEFAULT CHARSET=utf8mb4 COLLATE=utf8mb4_unicode_ci ROW_FORMAT=DYNAMIC;

-- --------------------------------------------------------

--
-- Table structure for table `w_sms_bonuses`
--

CREATE TABLE `w_sms_bonuses` (
  `id` int(55) NOT NULL,
  `days` int(55) NOT NULL,
  `bonus` double NOT NULL,
  `wager` int(5) NOT NULL,
  `shop_id` int(55) NOT NULL DEFAULT 0
) ENGINE=InnoDB DEFAULT CHARSET=utf8mb4 COLLATE=utf8mb4_unicode_ci;

--
-- Dumping data for table `w_sms_bonuses`
--

INSERT INTO `w_sms_bonuses` (`id`, `days`, `bonus`, `wager`, `shop_id`) VALUES
(1, 5, 30, 1, 0),
(2, 10, 10, 1, 0),
(3, 15, 20, 1, 0),
(4, 20, 30, 1, 0),
(5, 30, 50, 1, 0),
(6, 60, 100, 1, 0),
(7, 90, 5, 2, 0),
(8, 5, 30, 1, 1),
(9, 10, 10, 1, 1),
(10, 15, 20, 1, 1),
(11, 20, 30, 1, 1),
(12, 30, 50, 1, 1),
(13, 60, 100, 1, 1),
(14, 90, 5, 2, 1),
(232, 5, 30, 1, 35),
(233, 10, 10, 1, 35),
(234, 15, 20, 1, 35),
(235, 20, 30, 1, 35),
(236, 30, 50, 1, 35),
(237, 60, 100, 1, 35),
(238, 90, 5, 2, 35),
(281, 5, 30, 1, 42),
(282, 10, 10, 1, 42),
(283, 15, 20, 1, 42),
(284, 20, 30, 1, 42),
(285, 30, 50, 1, 42),
(286, 60, 100, 1, 42),
(287, 90, 5, 2, 42);

-- --------------------------------------------------------

--
-- Table structure for table `w_sms_bonus_items`
--

CREATE TABLE `w_sms_bonus_items` (
  `id` int(55) NOT NULL,
  `user_id` int(55) NOT NULL,
  `days` int(55) NOT NULL,
  `sms_bonus_id` int(55) NOT NULL,
  `bonus` decimal(20,4) NOT NULL,
  `status` int(2) NOT NULL DEFAULT 0,
  `shop_id` int(55) NOT NULL DEFAULT 0
) ENGINE=InnoDB DEFAULT CHARSET=utf8mb4 COLLATE=utf8mb4_unicode_ci;

-- --------------------------------------------------------

--
-- Table structure for table `w_sms_mailings`
--

CREATE TABLE `w_sms_mailings` (
  `id` int(55) NOT NULL,
  `theme` varchar(255) NOT NULL,
  `message` text NOT NULL,
  `roles` varchar(255) NOT NULL,
  `statuses` varchar(255) DEFAULT NULL,
  `date_start` datetime DEFAULT NULL,
  `priority` int(55) NOT NULL DEFAULT 0,
  `status` enum('active','waiting','completed') NOT NULL DEFAULT 'active',
  `shop_id` int(55) NOT NULL
) ENGINE=InnoDB DEFAULT CHARSET=utf8mb4 COLLATE=utf8mb4_unicode_ci;

-- --------------------------------------------------------

--
-- Table structure for table `w_sms_mailing_messages`
--

CREATE TABLE `w_sms_mailing_messages` (
  `id` int(55) NOT NULL,
  `sms_mailing_id` int(11) NOT NULL,
  `user_id` int(11) NOT NULL,
  `sent` int(2) NOT NULL DEFAULT 0,
  `shop_id` int(55) NOT NULL
) ENGINE=InnoDB DEFAULT CHARSET=utf8mb4 COLLATE=utf8mb4_unicode_ci;

-- --------------------------------------------------------

--
-- Table structure for table `w_statistics`
--

CREATE TABLE `w_statistics` (
  `id` int(55) NOT NULL,
  `title` varchar(255) DEFAULT NULL,
  `user_id` int(55) NOT NULL,
  `payeer_id` int(55) DEFAULT NULL,
  `system` enum('user','shop','bank','jpg','refund','happyhour','pincode','handpay','interkassa','coinbase','btcpayserver','invite','progress','tournament','daily_entry','welcome_bonus','sms_bonus','wheelfortune') DEFAULT NULL,
  `old` decimal(20,4) NOT NULL,
  `sum` decimal(20,4) NOT NULL,
  `sum2` decimal(20,4) DEFAULT NULL,
  `hh_multiplier` int(5) NOT NULL DEFAULT 1,
  `type` enum('add','out') NOT NULL DEFAULT 'add',
  `item_id` varchar(55) DEFAULT NULL,
  `status` int(2) NOT NULL DEFAULT 1,
  `ip_address` varchar(255) DEFAULT NULL,
  `user_agent` varchar(550) DEFAULT NULL,
  `country` varchar(255) DEFAULT NULL,
  `city` varchar(255) DEFAULT NULL,
  `os` varchar(255) DEFAULT NULL,
  `device` varchar(255) DEFAULT NULL,
  `browser` varchar(255) DEFAULT NULL,
  `shop_id` int(55) NOT NULL,
  `created_at` timestamp NOT NULL DEFAULT current_timestamp() ON UPDATE current_timestamp(),
  `updated_at` timestamp NOT NULL DEFAULT '0000-00-00 00:00:00'
) ENGINE=MyISAM DEFAULT CHARSET=utf8mb4 COLLATE=utf8mb4_unicode_ci ROW_FORMAT=DYNAMIC;

--
-- Dumping data for table `w_statistics`
--

INSERT INTO `w_statistics` (`id`, `title`, `user_id`, `payeer_id`, `system`, `old`, `sum`, `sum2`, `hh_multiplier`, `type`, `item_id`, `status`, `ip_address`, `user_agent`, `country`, `city`, `os`, `device`, `browser`, `shop_id`, `created_at`, `updated_at`) VALUES
(1, 'Slots', 1, NULL, 'bank', 0.0000, 10.0000, NULL, 1, 'add', NULL, 1, 'UNKNOWN', 'Symfony', '', '', 'Unknown OS Platform', 'Computer', 'Unknown Browser', 1, '2021-09-08 01:00:20', '2021-09-08 01:00:20'),
(2, 'Little', 1, NULL, 'bank', 0.0000, 10.0000, NULL, 1, 'add', NULL, 1, 'UNKNOWN', 'Symfony', '', '', 'Unknown OS Platform', 'Computer', 'Unknown Browser', 1, '2021-09-08 01:00:20', '2021-09-08 01:00:20'),
(3, 'Table', 1, NULL, 'bank', 0.0000, 10.0000, NULL, 1, 'add', NULL, 1, 'UNKNOWN', 'Symfony', '', '', 'Unknown OS Platform', 'Computer', 'Unknown Browser', 1, '2021-09-08 01:00:20', '2021-09-08 01:00:20'),
(4, 'Bonus', 1, NULL, 'bank', 0.0000, 10.0000, NULL, 1, 'add', NULL, 1, 'UNKNOWN', 'Symfony', '', '', 'Unknown OS Platform', 'Computer', 'Unknown Browser', 1, '2021-09-08 01:00:20', '2021-09-08 01:00:20'),
(5, 'Fish', 1, NULL, 'bank', 0.0000, 10.0000, NULL, 1, 'add', NULL, 1, 'UNKNOWN', 'Symfony', '', '', 'Unknown OS Platform', 'Computer', 'Unknown Browser', 1, '2021-09-08 01:00:20', '2021-09-08 01:00:20'),
(6, 'HP', 2, 1, 'handpay', 0.0000, 20000.0000, NULL, 1, 'add', NULL, 1, '127.0.0.1', 'Mozilla/5.0 (Windows NT 10.0; Win64; x64) AppleWebKit/537.36 (KHTML, like Gecko) Chrome/93.0.4577.63 Safari/537.36', 'Unknown', 'Unknown', 'Windows 10', 'Computer', 'Chrome', 0, '2021-09-08 01:01:08', '2021-09-08 01:01:08'),
(7, '', 3, 2, 'user', 0.0000, 10000.0000, NULL, 1, 'add', NULL, 1, '127.0.0.1', 'Mozilla/5.0 (Windows NT 10.0; Win64; x64) AppleWebKit/537.36 (KHTML, like Gecko) Chrome/93.0.4577.63 Safari/537.36', 'Unknown', 'Unknown', 'Windows 10', 'Computer', 'Chrome', 0, '2021-09-08 01:01:21', '2021-09-08 01:01:21'),
(8, NULL, 3, NULL, 'shop', 0.0000, 8000.0000, NULL, 1, 'add', NULL, 1, '127.0.0.1', 'Mozilla/5.0 (Windows NT 10.0; Win64; x64) AppleWebKit/537.36 (KHTML, like Gecko) Chrome/93.0.4577.63 Safari/537.36', 'Unknown', 'Unknown', 'Windows 10', 'Computer', 'Chrome', 1, '2021-09-08 01:02:14', '2021-09-08 01:02:14'),
(11, 'HP', 7, 5, 'handpay', 0.0000, 1000.0000, NULL, 1, 'add', NULL, 1, '58.107.73.165', 'Mozilla/5.0 (Windows NT 10.0; Win64; x64) AppleWebKit/537.36 (KHTML, like Gecko) Chrome/94.0.4606.81 Safari/537.36', 'Australia', 'Chatswood', 'Windows 10', 'Computer', 'Chrome', 1, '2021-10-17 10:07:28', '2021-10-17 10:07:28'),
(12, 'WB 1', 7, 5, 'welcome_bonus', 0.0000, 10.0000, NULL, 1, 'add', '4', 1, '58.107.73.165', 'Mozilla/5.0 (Windows NT 10.0; Win64; x64) AppleWebKit/537.36 (KHTML, like Gecko) Chrome/94.0.4606.81 Safari/537.36', 'Australia', 'Chatswood', 'Windows 10', 'Computer', 'Chrome', 1, '2021-10-17 10:07:28', '2021-10-17 10:07:28'),
(13, 'HP', 8, 5, 'handpay', 0.0000, 1000.0000, NULL, 1, 'add', NULL, 1, '58.107.73.165', 'Mozilla/5.0 (Windows NT 10.0; Win64; x64) AppleWebKit/537.36 (KHTML, like Gecko) Chrome/94.0.4606.81 Safari/537.36', 'Australia', 'Chatswood', 'Windows 10', 'Computer', 'Chrome', 1, '2021-10-17 10:07:56', '2021-10-17 10:07:56'),
(14, 'WB 1', 8, 5, 'welcome_bonus', 0.0000, 10.0000, NULL, 1, 'add', '4', 1, '58.107.73.165', 'Mozilla/5.0 (Windows NT 10.0; Win64; x64) AppleWebKit/537.36 (KHTML, like Gecko) Chrome/94.0.4606.81 Safari/537.36', 'Australia', 'Chatswood', 'Windows 10', 'Computer', 'Chrome', 1, '2021-10-17 10:07:56', '2021-10-17 10:07:56'),
(39, 'HP', 52, 52, 'handpay', 0.0000, 22.0000, NULL, 1, 'out', NULL, 1, '58.107.73.165', 'Mozilla/5.0 (Windows NT 10.0; Win64; x64) AppleWebKit/537.36 (KHTML, like Gecko) Chrome/95.0.4638.54 Safari/537.36', 'Australia', 'Chatswood', 'Windows 10', 'Computer', 'Chrome', 1, '2021-10-27 22:44:21', '2021-10-27 22:44:21'),
(38, 'WB 1', 52, 5, 'welcome_bonus', 0.0000, 10.0000, NULL, 1, 'add', '4', 1, '58.107.73.165', 'Mozilla/5.0 (Windows NT 10.0; Win64; x64) AppleWebKit/537.36 (KHTML, like Gecko) Chrome/95.0.4638.54 Safari/537.36 Edg/95.0.1020.30', 'Australia', 'Chatswood', 'Windows 10', 'Computer', 'Chrome', 1, '2021-10-26 01:45:30', '2021-10-26 01:45:30'),
(37, 'HP', 52, 5, 'handpay', 0.0000, 1000.0000, NULL, 1, 'add', NULL, 1, '58.107.73.165', 'Mozilla/5.0 (Windows NT 10.0; Win64; x64) AppleWebKit/537.36 (KHTML, like Gecko) Chrome/95.0.4638.54 Safari/537.36 Edg/95.0.1020.30', 'Australia', 'Chatswood', 'Windows 10', 'Computer', 'Chrome', 1, '2021-10-26 01:45:30', '2021-10-26 01:45:30'),
(36, 'WB 1', 50, 50, 'welcome_bonus', 0.0000, 10.0000, NULL, 1, 'add', '4', 1, '58.107.73.165', 'Mozilla/5.0 (Windows NT 10.0; Win64; x64) AppleWebKit/537.36 (KHTML, like Gecko) Chrome/94.0.4606.81 Safari/537.36', 'Australia', 'Chatswood', 'Windows 10', 'Computer', 'Chrome', 1, '2021-10-25 06:45:56', '2021-10-25 06:45:56'),
(35, 'HP', 50, 50, 'handpay', 0.0000, 123.0000, NULL, 1, 'out', NULL, 1, '58.107.73.165', 'Mozilla/5.0 (Windows NT 10.0; Win64; x64) AppleWebKit/537.36 (KHTML, like Gecko) Chrome/94.0.4606.81 Safari/537.36', 'Australia', 'Chatswood', 'Windows 10', 'Computer', 'Chrome', 1, '2021-10-25 06:45:56', '2021-10-25 06:45:56'),
(34, 'HP', 46, 46, 'handpay', 0.0000, 33.0000, NULL, 1, 'out', NULL, 1, '58.107.73.165', 'Mozilla/5.0 (Windows NT 10.0; Win64; x64) AppleWebKit/537.36 (KHTML, like Gecko) Chrome/94.0.4606.81 Safari/537.36', 'Australia', 'Chatswood', 'Windows 10', 'Computer', 'Chrome', 1, '2021-10-24 23:22:29', '2021-10-24 23:22:29'),
(33, 'HP', 46, 46, 'handpay', 0.0000, 23.0000, NULL, 1, 'out', NULL, 1, '58.107.73.165', 'Mozilla/5.0 (Linux; Android 11; SM-G981B) AppleWebKit/537.36 (KHTML, like Gecko) Chrome/95.0.4638.50 Mobile Safari/537.36', 'Australia', 'Chatswood', 'Android', 'Mobile', 'Safari Browser', 1, '2021-10-24 23:01:36', '2021-10-24 23:01:36'),
(28, 'HP', 37, 5, 'handpay', 0.0000, 1000.0000, NULL, 1, 'add', NULL, 1, '58.107.73.165', 'Mozilla/5.0 (Windows NT 10.0; Win64; x64) AppleWebKit/537.36 (KHTML, like Gecko) Chrome/94.0.4606.81 Safari/537.36', 'Australia', 'Chatswood', 'Windows 10', 'Computer', 'Chrome', 1, '2021-10-18 23:01:36', '2021-10-18 23:01:36'),
(29, 'WB 1', 37, 5, 'welcome_bonus', 0.0000, 10.0000, NULL, 1, 'add', '4', 1, '58.107.73.165', 'Mozilla/5.0 (Windows NT 10.0; Win64; x64) AppleWebKit/537.36 (KHTML, like Gecko) Chrome/94.0.4606.81 Safari/537.36', 'Australia', 'Chatswood', 'Windows 10', 'Computer', 'Chrome', 1, '2021-10-18 23:01:36', '2021-10-18 23:01:36'),
(43, 'Slots', 1, NULL, 'bank', 244.1640, 60.0000, NULL, 1, 'out', NULL, 1, '178.62.44.78', '', 'United Kingdom', 'London', 'Unknown OS Platform', 'Computer', 'Unknown Browser', 1, '2021-12-04 16:52:13', '2021-12-04 16:51:13'),
(44, 'Slots', 1, NULL, 'bank', 235.3640, 50.0000, NULL, 1, 'out', NULL, 1, '178.62.44.78', '', 'United Kingdom', 'London', 'Unknown OS Platform', 'Computer', 'Unknown Browser', 1, '2021-12-04 16:52:17', '2021-12-04 16:51:17'),
(45, 'Slots', 1, NULL, 'bank', 236.5640, 50.0000, NULL, 1, 'out', NULL, 1, '178.62.44.78', '', 'United Kingdom', 'London', 'Unknown OS Platform', 'Computer', 'Unknown Browser', 1, '2021-12-04 16:52:20', '2021-12-04 16:51:20'),
(46, 'Slots', 1, NULL, 'bank', 237.7640, 50.0000, NULL, 1, 'out', NULL, 1, '178.62.44.78', '', 'United Kingdom', 'London', 'Unknown OS Platform', 'Computer', 'Unknown Browser', 1, '2021-12-04 16:52:24', '2021-12-04 16:51:24'),
(47, 'Slots', 1, NULL, 'bank', 238.9640, 50.0000, NULL, 1, 'out', NULL, 1, '178.62.44.78', '', 'United Kingdom', 'London', 'Unknown OS Platform', 'Computer', 'Unknown Browser', 1, '2021-12-04 16:52:28', '2021-12-04 16:51:28'),
(48, 'Slots', 1, NULL, 'bank', 240.1640, 60.0000, NULL, 1, 'out', NULL, 1, '178.62.44.78', '', 'United Kingdom', 'London', 'Unknown OS Platform', 'Computer', 'Unknown Browser', 1, '2021-12-04 16:52:31', '2021-12-04 16:51:31'),
(49, 'Slots', 1, NULL, 'bank', 231.3640, 50.0000, NULL, 1, 'out', NULL, 1, '178.62.44.78', '', 'United Kingdom', 'London', 'Unknown OS Platform', 'Computer', 'Unknown Browser', 1, '2021-12-04 16:52:34', '2021-12-04 16:51:34'),
(50, 'Slots', 1, NULL, 'bank', 232.5640, 50.0000, NULL, 1, 'out', NULL, 1, '178.62.44.78', '', 'United Kingdom', 'London', 'Unknown OS Platform', 'Computer', 'Unknown Browser', 1, '2021-12-04 16:52:38', '2021-12-04 16:51:38'),
(51, 'Slots', 1, NULL, 'bank', 233.7640, 50.0000, NULL, 1, 'out', NULL, 1, '178.62.44.78', '', 'United Kingdom', 'London', 'Unknown OS Platform', 'Computer', 'Unknown Browser', 1, '2021-12-04 16:52:39', '2021-12-04 16:51:39'),
(52, 'Slots', 1, NULL, 'bank', 234.9640, 50.0000, NULL, 1, 'out', NULL, 1, '178.62.44.78', '', 'United Kingdom', 'London', 'Unknown OS Platform', 'Computer', 'Unknown Browser', 1, '2021-12-04 16:52:41', '2021-12-04 16:51:41'),
(53, 'Slots', 1, NULL, 'bank', 236.1640, 50.0000, NULL, 1, 'out', NULL, 1, '178.62.44.78', '', 'United Kingdom', 'London', 'Unknown OS Platform', 'Computer', 'Unknown Browser', 1, '2021-12-04 16:52:46', '2021-12-04 16:51:46'),
(54, 'Slots', 1, NULL, 'bank', 237.3640, 50.0000, NULL, 1, 'out', NULL, 1, '178.62.44.78', '', 'United Kingdom', 'London', 'Unknown OS Platform', 'Computer', 'Unknown Browser', 1, '2021-12-04 16:52:49', '2021-12-04 16:51:49'),
(55, 'Slots', 1, NULL, 'bank', 238.5640, 50.0000, NULL, 1, 'out', NULL, 1, '178.62.44.78', '', 'United Kingdom', 'London', 'Unknown OS Platform', 'Computer', 'Unknown Browser', 1, '2021-12-04 16:54:39', '2021-12-04 16:53:39'),
(56, 'Slots', 1, NULL, 'bank', 239.7640, 50.0000, NULL, 1, 'out', NULL, 1, '178.62.44.78', '', 'United Kingdom', 'London', 'Unknown OS Platform', 'Computer', 'Unknown Browser', 1, '2021-12-04 16:54:42', '2021-12-04 16:53:42'),
(57, 'Slots', 1, NULL, 'bank', 240.9640, 60.0000, NULL, 1, 'out', NULL, 1, '178.62.44.78', '', 'United Kingdom', 'London', 'Unknown OS Platform', 'Computer', 'Unknown Browser', 1, '2021-12-04 16:54:46', '2021-12-04 16:53:46'),
(58, 'Slots', 1, NULL, 'bank', 232.1640, 50.0000, NULL, 1, 'out', NULL, 1, '178.62.44.78', '', 'United Kingdom', 'London', 'Unknown OS Platform', 'Computer', 'Unknown Browser', 1, '2021-12-04 16:54:50', '2021-12-04 16:53:50'),
(59, 'Slots', 1, NULL, 'bank', 233.3640, 50.0000, NULL, 1, 'out', NULL, 1, '178.62.44.78', '', 'United Kingdom', 'London', 'Unknown OS Platform', 'Computer', 'Unknown Browser', 1, '2021-12-04 16:54:54', '2021-12-04 16:53:54'),
(60, 'Slots', 1, NULL, 'bank', 234.5640, 50.0000, NULL, 1, 'out', NULL, 1, '178.62.44.78', '', 'United Kingdom', 'London', 'Unknown OS Platform', 'Computer', 'Unknown Browser', 1, '2021-12-04 16:54:58', '2021-12-04 16:53:58'),
(61, 'Slots', 1, NULL, 'bank', 235.7640, 50.0000, NULL, 1, 'out', NULL, 1, '178.62.44.78', '', 'United Kingdom', 'London', 'Unknown OS Platform', 'Computer', 'Unknown Browser', 1, '2021-12-04 16:55:02', '2021-12-04 16:54:02'),
(62, 'Slots', 1, NULL, 'bank', 236.9640, 50.0000, NULL, 1, 'out', NULL, 1, '178.62.44.78', '', 'United Kingdom', 'London', 'Unknown OS Platform', 'Computer', 'Unknown Browser', 1, '2021-12-04 16:55:05', '2021-12-04 16:54:05'),
(63, 'Slots', 1, NULL, 'bank', 238.1640, 50.0000, NULL, 1, 'out', NULL, 1, '178.62.44.78', '', 'United Kingdom', 'London', 'Unknown OS Platform', 'Computer', 'Unknown Browser', 1, '2021-12-04 16:56:12', '2021-12-04 16:55:12'),
(64, 'Slots', 1, NULL, 'bank', 239.3640, 50.0000, NULL, 1, 'out', NULL, 1, '178.62.44.78', '', 'United Kingdom', 'London', 'Unknown OS Platform', 'Computer', 'Unknown Browser', 1, '2021-12-04 16:56:15', '2021-12-04 16:55:15'),
(65, 'Slots', 1, NULL, 'bank', 240.5640, 60.0000, NULL, 1, 'out', NULL, 1, '178.62.44.78', '', 'United Kingdom', 'London', 'Unknown OS Platform', 'Computer', 'Unknown Browser', 1, '2021-12-04 16:56:18', '2021-12-04 16:55:18'),
(66, 'Slots', 1, NULL, 'bank', 231.7640, 50.0000, NULL, 1, 'out', NULL, 1, '178.62.44.78', '', 'United Kingdom', 'London', 'Unknown OS Platform', 'Computer', 'Unknown Browser', 1, '2021-12-04 16:56:20', '2021-12-04 16:55:20'),
(67, 'Slots', 1, NULL, 'bank', 232.9640, 50.0000, NULL, 1, 'out', NULL, 1, '178.62.44.78', '', 'United Kingdom', 'London', 'Unknown OS Platform', 'Computer', 'Unknown Browser', 1, '2021-12-04 16:56:23', '2021-12-04 16:55:23'),
(68, 'Slots', 1, NULL, 'bank', 234.1640, 50.0000, NULL, 1, 'out', NULL, 1, '178.62.44.78', '', 'United Kingdom', 'London', 'Unknown OS Platform', 'Computer', 'Unknown Browser', 1, '2021-12-04 16:56:25', '2021-12-04 16:55:25'),
(69, 'Slots', 1, NULL, 'bank', 235.3640, 50.0000, NULL, 1, 'out', NULL, 1, '178.62.44.78', '', 'United Kingdom', 'London', 'Unknown OS Platform', 'Computer', 'Unknown Browser', 1, '2021-12-04 16:56:28', '2021-12-04 16:55:28'),
(70, 'Slots', 1, NULL, 'bank', 236.5640, 50.0000, NULL, 1, 'out', NULL, 1, '178.62.44.78', '', 'United Kingdom', 'London', 'Unknown OS Platform', 'Computer', 'Unknown Browser', 1, '2021-12-04 16:56:30', '2021-12-04 16:55:30'),
(71, 'Slots', 1, NULL, 'bank', 237.7640, 50.0000, NULL, 1, 'out', NULL, 1, '178.62.44.78', '', 'United Kingdom', 'London', 'Unknown OS Platform', 'Computer', 'Unknown Browser', 1, '2021-12-04 16:56:33', '2021-12-04 16:55:33'),
(72, 'Slots', 1, NULL, 'bank', 238.9640, 50.0000, NULL, 1, 'out', NULL, 1, '178.62.44.78', '', 'United Kingdom', 'London', 'Unknown OS Platform', 'Computer', 'Unknown Browser', 1, '2021-12-04 16:56:36', '2021-12-04 16:55:36'),
(73, 'Slots', 1, NULL, 'bank', 240.1640, 60.0000, NULL, 1, 'out', NULL, 1, '178.62.44.78', '', 'United Kingdom', 'London', 'Unknown OS Platform', 'Computer', 'Unknown Browser', 1, '2021-12-04 16:56:38', '2021-12-04 16:55:38'),
(74, 'Slots', 1, NULL, 'bank', 231.3640, 50.0000, NULL, 1, 'out', NULL, 1, '178.62.44.78', '', 'United Kingdom', 'London', 'Unknown OS Platform', 'Computer', 'Unknown Browser', 1, '2021-12-04 16:56:41', '2021-12-04 16:55:41'),
(75, 'Slots', 1, NULL, 'bank', 232.5640, 50.0000, NULL, 1, 'out', NULL, 1, '178.62.44.78', '', 'United Kingdom', 'London', 'Unknown OS Platform', 'Computer', 'Unknown Browser', 1, '2021-12-04 16:56:43', '2021-12-04 16:55:43'),
(76, 'Bonus', 1, NULL, 'bank', 227.2150, 40.0000, NULL, 1, 'out', NULL, 1, '178.62.44.78', '', 'United Kingdom', 'London', 'Unknown OS Platform', 'Computer', 'Unknown Browser', 1, '2021-12-04 16:56:46', '2021-12-04 16:55:46'),
(77, 'Slots', 1, NULL, 'bank', 233.7640, 50.0000, NULL, 1, 'out', NULL, 1, '178.62.44.78', '', 'United Kingdom', 'London', 'Unknown OS Platform', 'Computer', 'Unknown Browser', 1, '2021-12-04 16:56:46', '2021-12-04 16:55:46'),
(78, 'Slots', 1, NULL, 'bank', 234.9640, 50.0000, NULL, 1, 'out', NULL, 1, '178.62.44.78', '', 'United Kingdom', 'London', 'Unknown OS Platform', 'Computer', 'Unknown Browser', 1, '2021-12-04 16:56:48', '2021-12-04 16:55:48'),
(79, 'Slots', 1, NULL, 'bank', 236.1640, 50.0000, NULL, 1, 'out', NULL, 1, '178.62.44.78', '', 'United Kingdom', 'London', 'Unknown OS Platform', 'Computer', 'Unknown Browser', 1, '2021-12-04 16:56:51', '2021-12-04 16:55:51'),
(80, 'Slots', 1, NULL, 'bank', 237.3640, 50.0000, NULL, 1, 'out', NULL, 1, '178.62.44.78', '', 'United Kingdom', 'London', 'Unknown OS Platform', 'Computer', 'Unknown Browser', 1, '2021-12-04 16:56:53', '2021-12-04 16:55:53'),
(81, 'Slots', 1, NULL, 'bank', 238.5640, 50.0000, NULL, 1, 'out', NULL, 1, '178.62.44.78', '', 'United Kingdom', 'London', 'Unknown OS Platform', 'Computer', 'Unknown Browser', 1, '2021-12-04 16:56:56', '2021-12-04 16:55:56'),
(82, 'Bonus', 1, NULL, 'bank', 227.2150, 40.0000, NULL, 1, 'out', NULL, 1, '178.62.44.78', '', 'United Kingdom', 'London', 'Unknown OS Platform', 'Computer', 'Unknown Browser', 1, '2021-12-04 16:56:58', '2021-12-04 16:55:58'),
(83, 'Slots', 1, NULL, 'bank', 239.7640, 50.0000, NULL, 1, 'out', NULL, 1, '178.62.44.78', '', 'United Kingdom', 'London', 'Unknown OS Platform', 'Computer', 'Unknown Browser', 1, '2021-12-04 16:56:58', '2021-12-04 16:55:58'),
(84, 'Slots', 1, NULL, 'bank', 268.1640, 80.0000, NULL, 1, 'out', NULL, 1, '178.62.44.78', '', 'United Kingdom', 'London', 'Unknown OS Platform', 'Computer', 'Unknown Browser', 1, '2021-12-04 16:57:05', '2021-12-04 16:56:05'),
(85, 'Slots', 1, NULL, 'bank', 239.3640, 50.0000, NULL, 1, 'out', NULL, 1, '178.62.44.78', '', 'United Kingdom', 'London', 'Unknown OS Platform', 'Computer', 'Unknown Browser', 1, '2021-12-04 16:57:07', '2021-12-04 16:56:07'),
(86, 'Slots', 1, NULL, 'bank', 240.5640, 60.0000, NULL, 1, 'out', NULL, 1, '178.62.44.78', '', 'United Kingdom', 'London', 'Unknown OS Platform', 'Computer', 'Unknown Browser', 1, '2021-12-04 16:57:10', '2021-12-04 16:56:10'),
(87, 'Bonus', 1, NULL, 'bank', 227.2150, 40.0000, NULL, 1, 'out', NULL, 1, '178.62.44.78', '', 'United Kingdom', 'London', 'Unknown OS Platform', 'Computer', 'Unknown Browser', 1, '2021-12-04 16:57:13', '2021-12-04 16:56:13'),
(88, 'Slots', 1, NULL, 'bank', 231.7640, 50.0000, NULL, 1, 'out', NULL, 1, '178.62.44.78', '', 'United Kingdom', 'London', 'Unknown OS Platform', 'Computer', 'Unknown Browser', 1, '2021-12-04 16:57:13', '2021-12-04 16:56:13'),
(89, 'Slots', 1, NULL, 'bank', 232.9640, 50.0000, NULL, 1, 'out', NULL, 1, '178.62.44.78', '', 'United Kingdom', 'London', 'Unknown OS Platform', 'Computer', 'Unknown Browser', 1, '2021-12-04 16:57:15', '2021-12-04 16:56:15'),
(90, 'Slots', 1, NULL, 'bank', 234.1640, 50.0000, NULL, 1, 'out', NULL, 1, '178.62.44.78', '', 'United Kingdom', 'London', 'Unknown OS Platform', 'Computer', 'Unknown Browser', 1, '2021-12-04 16:57:18', '2021-12-04 16:56:18'),
(91, 'Slots', 1, NULL, 'bank', 250.5640, 70.0000, NULL, 1, 'out', NULL, 1, '178.62.44.78', '', 'United Kingdom', 'London', 'Unknown OS Platform', 'Computer', 'Unknown Browser', 1, '2021-12-04 16:57:24', '2021-12-04 16:56:24'),
(92, 'Bonus', 1, NULL, 'bank', 227.2150, 40.0000, NULL, 1, 'out', NULL, 1, '178.62.44.78', '', 'United Kingdom', 'London', 'Unknown OS Platform', 'Computer', 'Unknown Browser', 1, '2021-12-04 16:57:27', '2021-12-04 16:56:27'),
(93, 'Slots', 1, NULL, 'bank', 231.7640, 50.0000, NULL, 1, 'out', NULL, 1, '178.62.44.78', '', 'United Kingdom', 'London', 'Unknown OS Platform', 'Computer', 'Unknown Browser', 1, '2021-12-04 16:57:27', '2021-12-04 16:56:27'),
(94, 'Slots', 1, NULL, 'bank', 232.9640, 50.0000, NULL, 1, 'out', NULL, 1, '178.62.44.78', '', 'United Kingdom', 'London', 'Unknown OS Platform', 'Computer', 'Unknown Browser', 1, '2021-12-04 16:57:29', '2021-12-04 16:56:29'),
(95, 'Slots', 1, NULL, 'bank', 234.1640, 50.0000, NULL, 1, 'out', NULL, 1, '178.62.44.78', '', 'United Kingdom', 'London', 'Unknown OS Platform', 'Computer', 'Unknown Browser', 1, '2021-12-04 16:57:32', '2021-12-04 16:56:32'),
(96, 'Slots', 1, NULL, 'bank', 246.5640, 60.0000, NULL, 1, 'out', NULL, 1, '178.62.44.78', '', 'United Kingdom', 'London', 'Unknown OS Platform', 'Computer', 'Unknown Browser', 1, '2021-12-04 16:57:38', '2021-12-04 16:56:38'),
(97, 'Bonus', 1, NULL, 'bank', 227.2150, 40.0000, NULL, 1, 'out', NULL, 1, '178.62.44.78', '', 'United Kingdom', 'London', 'Unknown OS Platform', 'Computer', 'Unknown Browser', 1, '2021-12-04 16:57:41', '2021-12-04 16:56:41'),
(98, 'Slots', 1, NULL, 'bank', 237.7640, 50.0000, NULL, 1, 'out', NULL, 1, '178.62.44.78', '', 'United Kingdom', 'London', 'Unknown OS Platform', 'Computer', 'Unknown Browser', 1, '2021-12-04 16:57:41', '2021-12-04 16:56:41'),
(99, 'Slots', 1, NULL, 'bank', 234.1640, 50.0000, NULL, 1, 'out', NULL, 1, '178.62.44.78', '', 'United Kingdom', 'London', 'Unknown OS Platform', 'Computer', 'Unknown Browser', 1, '2021-12-04 16:57:48', '2021-12-04 16:56:48'),
(100, 'Slots', 1, NULL, 'bank', 235.3640, 50.0000, NULL, 1, 'out', NULL, 1, '178.62.44.78', '', 'United Kingdom', 'London', 'Unknown OS Platform', 'Computer', 'Unknown Browser', 1, '2021-12-04 16:57:50', '2021-12-04 16:56:50'),
(101, 'Slots', 1, NULL, 'bank', 236.5640, 50.0000, NULL, 1, 'out', NULL, 1, '178.62.44.78', '', 'United Kingdom', 'London', 'Unknown OS Platform', 'Computer', 'Unknown Browser', 1, '2021-12-04 16:57:53', '2021-12-04 16:56:53'),
(102, 'Bonus', 1, NULL, 'bank', 227.2150, 40.0000, NULL, 1, 'out', NULL, 1, '178.62.44.78', '', 'United Kingdom', 'London', 'Unknown OS Platform', 'Computer', 'Unknown Browser', 1, '2021-12-04 16:57:55', '2021-12-04 16:56:55'),
(103, 'Slots', 1, NULL, 'bank', 237.7640, 50.0000, NULL, 1, 'out', NULL, 1, '178.62.44.78', '', 'United Kingdom', 'London', 'Unknown OS Platform', 'Computer', 'Unknown Browser', 1, '2021-12-04 16:57:55', '2021-12-04 16:56:55'),
(104, 'Slots', 1, NULL, 'bank', 270.1640, 90.0000, NULL, 1, 'out', NULL, 1, '178.62.44.78', '', 'United Kingdom', 'London', 'Unknown OS Platform', 'Computer', 'Unknown Browser', 1, '2021-12-04 16:58:02', '2021-12-04 16:57:02'),
(105, 'Slots', 1, NULL, 'bank', 231.3640, 50.0000, NULL, 1, 'out', NULL, 1, '178.62.44.78', '', 'United Kingdom', 'London', 'Unknown OS Platform', 'Computer', 'Unknown Browser', 1, '2021-12-04 16:58:04', '2021-12-04 16:57:04'),
(106, 'Slots', 1, NULL, 'bank', 232.5640, 50.0000, NULL, 1, 'out', NULL, 1, '178.62.44.78', '', 'United Kingdom', 'London', 'Unknown OS Platform', 'Computer', 'Unknown Browser', 1, '2021-12-04 16:58:07', '2021-12-04 16:57:07'),
(107, 'Bonus', 1, NULL, 'bank', 227.2150, 40.0000, NULL, 1, 'out', NULL, 1, '178.62.44.78', '', 'United Kingdom', 'London', 'Unknown OS Platform', 'Computer', 'Unknown Browser', 1, '2021-12-04 16:58:09', '2021-12-04 16:57:09'),
(108, 'Slots', 1, NULL, 'bank', 233.7640, 50.0000, NULL, 1, 'out', NULL, 1, '178.62.44.78', '', 'United Kingdom', 'London', 'Unknown OS Platform', 'Computer', 'Unknown Browser', 1, '2021-12-04 16:58:09', '2021-12-04 16:57:09'),
(109, 'Slots', 1, NULL, 'bank', 234.9640, 50.0000, NULL, 1, 'out', NULL, 1, '178.62.44.78', '', 'United Kingdom', 'London', 'Unknown OS Platform', 'Computer', 'Unknown Browser', 1, '2021-12-04 16:58:12', '2021-12-04 16:57:12'),
(110, 'Slots', 1, NULL, 'bank', 236.1640, 50.0000, NULL, 1, 'out', NULL, 1, '178.62.44.78', '', 'United Kingdom', 'London', 'Unknown OS Platform', 'Computer', 'Unknown Browser', 1, '2021-12-04 16:58:14', '2021-12-04 16:57:14'),
(111, 'Slots', 1, NULL, 'bank', 237.3640, 50.0000, NULL, 1, 'out', NULL, 1, '178.62.44.78', '', 'United Kingdom', 'London', 'Unknown OS Platform', 'Computer', 'Unknown Browser', 1, '2021-12-04 16:58:17', '2021-12-04 16:57:17'),
(112, 'Slots', 1, NULL, 'bank', 238.5640, 50.0000, NULL, 1, 'out', NULL, 1, '178.62.44.78', '', 'United Kingdom', 'London', 'Unknown OS Platform', 'Computer', 'Unknown Browser', 1, '2021-12-04 16:58:19', '2021-12-04 16:57:19'),
(113, 'Bonus', 1, NULL, 'bank', 227.2150, 40.0000, NULL, 1, 'out', NULL, 1, '178.62.44.78', '', 'United Kingdom', 'London', 'Unknown OS Platform', 'Computer', 'Unknown Browser', 1, '2021-12-04 16:58:22', '2021-12-04 16:57:22'),
(114, 'Slots', 1, NULL, 'bank', 239.7640, 50.0000, NULL, 1, 'out', NULL, 1, '178.62.44.78', '', 'United Kingdom', 'London', 'Unknown OS Platform', 'Computer', 'Unknown Browser', 1, '2021-12-04 16:58:22', '2021-12-04 16:57:22'),
(115, 'Slots', 1, NULL, 'bank', 268.1640, 80.0000, NULL, 1, 'out', NULL, 1, '178.62.44.78', '', 'United Kingdom', 'London', 'Unknown OS Platform', 'Computer', 'Unknown Browser', 1, '2021-12-04 16:58:28', '2021-12-04 16:57:28'),
(116, 'Slots', 1, NULL, 'bank', 239.3640, 50.0000, NULL, 1, 'out', NULL, 1, '178.62.44.78', '', 'United Kingdom', 'London', 'Unknown OS Platform', 'Computer', 'Unknown Browser', 1, '2021-12-04 16:58:31', '2021-12-04 16:57:31'),
(117, 'Slots', 1, NULL, 'bank', 240.5640, 60.0000, NULL, 1, 'out', NULL, 1, '178.62.44.78', '', 'United Kingdom', 'London', 'Unknown OS Platform', 'Computer', 'Unknown Browser', 1, '2021-12-04 16:58:37', '2021-12-04 16:57:37'),
(118, 'Bonus', 1, NULL, 'bank', 227.2150, 40.0000, NULL, 1, 'out', NULL, 1, '178.62.44.78', '', 'United Kingdom', 'London', 'Unknown OS Platform', 'Computer', 'Unknown Browser', 1, '2021-12-04 16:58:40', '2021-12-04 16:57:40'),
(119, 'Slots', 1, NULL, 'bank', 231.7640, 50.0000, NULL, 1, 'out', NULL, 1, '178.62.44.78', '', 'United Kingdom', 'London', 'Unknown OS Platform', 'Computer', 'Unknown Browser', 1, '2021-12-04 16:58:40', '2021-12-04 16:57:40'),
(120, 'Slots', 1, NULL, 'bank', 232.9640, 50.0000, NULL, 1, 'out', NULL, 1, '178.62.44.78', '', 'United Kingdom', 'London', 'Unknown OS Platform', 'Computer', 'Unknown Browser', 1, '2021-12-04 16:58:42', '2021-12-04 16:57:42'),
(121, 'Bonus', 1, NULL, 'bank', 227.2150, 40.0000, NULL, 1, 'out', NULL, 1, '178.62.44.78', '', 'United Kingdom', 'London', 'Unknown OS Platform', 'Computer', 'Unknown Browser', 1, '2021-12-04 16:58:58', '2021-12-04 16:57:58'),
(122, 'Slots', 1, NULL, 'bank', 238.1640, 50.0000, NULL, 1, 'out', NULL, 1, '178.62.44.78', '', 'United Kingdom', 'London', 'Unknown OS Platform', 'Computer', 'Unknown Browser', 1, '2021-12-04 16:59:04', '2021-12-04 16:58:04'),
(123, 'Slots', 1, NULL, 'bank', 239.3640, 50.0000, NULL, 1, 'out', NULL, 1, '178.62.44.78', '', 'United Kingdom', 'London', 'Unknown OS Platform', 'Computer', 'Unknown Browser', 1, '2021-12-04 16:59:06', '2021-12-04 16:58:06'),
(124, 'Slots', 1, NULL, 'bank', 240.5640, 60.0000, NULL, 1, 'out', NULL, 1, '178.62.44.78', '', 'United Kingdom', 'London', 'Unknown OS Platform', 'Computer', 'Unknown Browser', 1, '2021-12-04 16:59:09', '2021-12-04 16:58:09'),
(125, 'Bonus', 1, NULL, 'bank', 227.2150, 40.0000, NULL, 1, 'out', NULL, 1, '178.62.44.78', '', 'United Kingdom', 'London', 'Unknown OS Platform', 'Computer', 'Unknown Browser', 1, '2021-12-04 16:59:11', '2021-12-04 16:58:11'),
(126, 'Slots', 1, NULL, 'bank', 231.7640, 50.0000, NULL, 1, 'out', NULL, 1, '178.62.44.78', '', 'United Kingdom', 'London', 'Unknown OS Platform', 'Computer', 'Unknown Browser', 1, '2021-12-04 16:59:11', '2021-12-04 16:58:11'),
(127, 'Slots', 1, NULL, 'bank', 232.9640, 50.0000, NULL, 1, 'out', NULL, 1, '178.62.44.78', '', 'United Kingdom', 'London', 'Unknown OS Platform', 'Computer', 'Unknown Browser', 1, '2021-12-04 16:59:14', '2021-12-04 16:58:14'),
(128, 'Slots', 1, NULL, 'bank', 234.1640, 50.0000, NULL, 1, 'out', NULL, 1, '178.62.44.78', '', 'United Kingdom', 'London', 'Unknown OS Platform', 'Computer', 'Unknown Browser', 1, '2021-12-04 16:59:16', '2021-12-04 16:58:16'),
(129, 'Slots', 1, NULL, 'bank', 235.3640, 50.0000, NULL, 1, 'out', NULL, 1, '178.62.44.78', '', 'United Kingdom', 'London', 'Unknown OS Platform', 'Computer', 'Unknown Browser', 1, '2021-12-04 16:59:19', '2021-12-04 16:58:19'),
(130, 'Slots', 1, NULL, 'bank', 236.5640, 50.0000, NULL, 1, 'out', NULL, 1, '178.62.44.78', '', 'United Kingdom', 'London', 'Unknown OS Platform', 'Computer', 'Unknown Browser', 1, '2021-12-04 16:59:21', '2021-12-04 16:58:21'),
(131, 'Bonus', 1, NULL, 'bank', 227.2150, 40.0000, NULL, 1, 'out', NULL, 1, '178.62.44.78', '', 'United Kingdom', 'London', 'Unknown OS Platform', 'Computer', 'Unknown Browser', 1, '2021-12-04 16:59:24', '2021-12-04 16:58:24'),
(132, 'Slots', 1, NULL, 'bank', 237.7640, 50.0000, NULL, 1, 'out', NULL, 1, '178.62.44.78', '', 'United Kingdom', 'London', 'Unknown OS Platform', 'Computer', 'Unknown Browser', 1, '2021-12-04 16:59:24', '2021-12-04 16:58:24'),
(133, 'Slots', 1, NULL, 'bank', 238.9640, 50.0000, NULL, 1, 'out', NULL, 1, '178.62.44.78', '', 'United Kingdom', 'London', 'Unknown OS Platform', 'Computer', 'Unknown Browser', 1, '2021-12-04 16:59:27', '2021-12-04 16:58:27'),
(134, 'Slots', 1, NULL, 'bank', 240.1640, 60.0000, NULL, 1, 'out', NULL, 1, '178.62.44.78', '', 'United Kingdom', 'London', 'Unknown OS Platform', 'Computer', 'Unknown Browser', 1, '2021-12-04 16:59:29', '2021-12-04 16:58:29'),
(135, 'Slots', 1, NULL, 'bank', 231.3640, 50.0000, NULL, 1, 'out', NULL, 1, '178.62.44.78', '', 'United Kingdom', 'London', 'Unknown OS Platform', 'Computer', 'Unknown Browser', 1, '2021-12-04 16:59:32', '2021-12-04 16:58:32'),
(136, 'Slots', 1, NULL, 'bank', 232.5640, 50.0000, NULL, 1, 'out', NULL, 1, '178.62.44.78', '', 'United Kingdom', 'London', 'Unknown OS Platform', 'Computer', 'Unknown Browser', 1, '2021-12-04 16:59:34', '2021-12-04 16:58:34'),
(137, 'Bonus', 1, NULL, 'bank', 227.2150, 40.0000, NULL, 1, 'out', NULL, 1, '178.62.44.78', '', 'United Kingdom', 'London', 'Unknown OS Platform', 'Computer', 'Unknown Browser', 1, '2021-12-04 16:59:37', '2021-12-04 16:58:37'),
(138, 'Slots', 1, NULL, 'bank', 233.7640, 50.0000, NULL, 1, 'out', NULL, 1, '178.62.44.78', '', 'United Kingdom', 'London', 'Unknown OS Platform', 'Computer', 'Unknown Browser', 1, '2021-12-04 16:59:37', '2021-12-04 16:58:37'),
(139, 'Slots', 1, NULL, 'bank', 234.9640, 50.0000, NULL, 1, 'out', NULL, 1, '178.62.44.78', '', 'United Kingdom', 'London', 'Unknown OS Platform', 'Computer', 'Unknown Browser', 1, '2021-12-04 16:59:41', '2021-12-04 16:58:41'),
(140, 'Slots', 1, NULL, 'bank', 236.1640, 50.0000, NULL, 1, 'out', NULL, 1, '178.62.44.78', '', 'United Kingdom', 'London', 'Unknown OS Platform', 'Computer', 'Unknown Browser', 1, '2021-12-04 16:59:43', '2021-12-04 16:58:43'),
(141, 'Slots', 1, NULL, 'bank', 237.3640, 50.0000, NULL, 1, 'out', NULL, 1, '178.62.44.78', '', 'United Kingdom', 'London', 'Unknown OS Platform', 'Computer', 'Unknown Browser', 1, '2021-12-04 16:59:46', '2021-12-04 16:58:46'),
(142, 'Slots', 1, NULL, 'bank', 238.5640, 50.0000, NULL, 1, 'out', NULL, 1, '178.62.44.78', '', 'United Kingdom', 'London', 'Unknown OS Platform', 'Computer', 'Unknown Browser', 1, '2021-12-04 16:59:48', '2021-12-04 16:58:48'),
(143, 'Bonus', 1, NULL, 'bank', 227.2150, 40.0000, NULL, 1, 'out', NULL, 1, '178.62.44.78', '', 'United Kingdom', 'London', 'Unknown OS Platform', 'Computer', 'Unknown Browser', 1, '2021-12-04 16:59:51', '2021-12-04 16:58:51'),
(144, 'Slots', 1, NULL, 'bank', 239.7640, 50.0000, NULL, 1, 'out', NULL, 1, '178.62.44.78', '', 'United Kingdom', 'London', 'Unknown OS Platform', 'Computer', 'Unknown Browser', 1, '2021-12-04 16:59:51', '2021-12-04 16:58:51'),
(145, 'Slots', 1, NULL, 'bank', 240.9640, 60.0000, NULL, 1, 'out', NULL, 1, '178.62.44.78', '', 'United Kingdom', 'London', 'Unknown OS Platform', 'Computer', 'Unknown Browser', 1, '2021-12-04 16:59:53', '2021-12-04 16:58:53'),
(146, 'Slots', 1, NULL, 'bank', 232.1640, 50.0000, NULL, 1, 'out', NULL, 1, '178.62.44.78', '', 'United Kingdom', 'London', 'Unknown OS Platform', 'Computer', 'Unknown Browser', 1, '2021-12-04 16:59:56', '2021-12-04 16:58:56'),
(147, 'Slots', 1, NULL, 'bank', 233.3640, 50.0000, NULL, 1, 'out', NULL, 1, '178.62.44.78', '', 'United Kingdom', 'London', 'Unknown OS Platform', 'Computer', 'Unknown Browser', 1, '2021-12-04 16:59:58', '2021-12-04 16:58:58'),
(148, 'Slots', 1, NULL, 'bank', 234.5640, 50.0000, NULL, 1, 'out', NULL, 1, '178.62.44.78', '', 'United Kingdom', 'London', 'Unknown OS Platform', 'Computer', 'Unknown Browser', 1, '2021-12-04 17:00:01', '2021-12-04 16:59:01'),
(149, 'Bonus', 1, NULL, 'bank', 227.2150, 40.0000, NULL, 1, 'out', NULL, 1, '178.62.44.78', '', 'United Kingdom', 'London', 'Unknown OS Platform', 'Computer', 'Unknown Browser', 1, '2021-12-04 17:00:04', '2021-12-04 16:59:04'),
(150, 'Slots', 1, NULL, 'bank', 235.7640, 50.0000, NULL, 1, 'out', NULL, 1, '178.62.44.78', '', 'United Kingdom', 'London', 'Unknown OS Platform', 'Computer', 'Unknown Browser', 1, '2021-12-04 17:00:04', '2021-12-04 16:59:04'),
(151, 'Slots', 1, NULL, 'bank', 236.9640, 50.0000, NULL, 1, 'out', NULL, 1, '178.62.44.78', '', 'United Kingdom', 'London', 'Unknown OS Platform', 'Computer', 'Unknown Browser', 1, '2021-12-04 17:00:06', '2021-12-04 16:59:06'),
(152, 'Slots', 1, NULL, 'bank', 238.1640, 50.0000, NULL, 1, 'out', NULL, 1, '178.62.44.78', '', 'United Kingdom', 'London', 'Unknown OS Platform', 'Computer', 'Unknown Browser', 1, '2021-12-04 17:00:09', '2021-12-04 16:59:09'),
(153, 'Slots', 1, NULL, 'bank', 239.3640, 50.0000, NULL, 1, 'out', NULL, 1, '178.62.44.78', '', 'United Kingdom', 'London', 'Unknown OS Platform', 'Computer', 'Unknown Browser', 1, '2021-12-04 17:00:11', '2021-12-04 16:59:11'),
(154, 'Slots', 1, NULL, 'bank', 240.5640, 60.0000, NULL, 1, 'out', NULL, 1, '178.62.44.78', '', 'United Kingdom', 'London', 'Unknown OS Platform', 'Computer', 'Unknown Browser', 1, '2021-12-04 17:00:14', '2021-12-04 16:59:14'),
(155, 'Bonus', 1, NULL, 'bank', 227.2150, 40.0000, NULL, 1, 'out', NULL, 1, '178.62.44.78', '', 'United Kingdom', 'London', 'Unknown OS Platform', 'Computer', 'Unknown Browser', 1, '2021-12-04 17:00:16', '2021-12-04 16:59:16'),
(156, 'Slots', 1, NULL, 'bank', 231.7640, 50.0000, NULL, 1, 'out', NULL, 1, '178.62.44.78', '', 'United Kingdom', 'London', 'Unknown OS Platform', 'Computer', 'Unknown Browser', 1, '2021-12-04 17:00:16', '2021-12-04 16:59:16'),
(157, 'Slots', 1, NULL, 'bank', 232.9640, 50.0000, NULL, 1, 'out', NULL, 1, '178.62.44.78', '', 'United Kingdom', 'London', 'Unknown OS Platform', 'Computer', 'Unknown Browser', 1, '2021-12-04 17:00:19', '2021-12-04 16:59:19'),
(158, 'Slots', 1, NULL, 'bank', 249.3640, 60.0000, NULL, 1, 'out', NULL, 1, '178.62.44.78', '', 'United Kingdom', 'London', 'Unknown OS Platform', 'Computer', 'Unknown Browser', 1, '2021-12-04 17:00:26', '2021-12-04 16:59:26'),
(159, 'Slots', 1, NULL, 'bank', 240.5640, 60.0000, NULL, 1, 'out', NULL, 1, '178.62.44.78', '', 'United Kingdom', 'London', 'Unknown OS Platform', 'Computer', 'Unknown Browser', 1, '2021-12-04 17:00:28', '2021-12-04 16:59:28'),
(160, 'Bonus', 1, NULL, 'bank', 227.2150, 40.0000, NULL, 1, 'out', NULL, 1, '178.62.44.78', '', 'United Kingdom', 'London', 'Unknown OS Platform', 'Computer', 'Unknown Browser', 1, '2021-12-04 17:00:31', '2021-12-04 16:59:31'),
(161, 'Slots', 1, NULL, 'bank', 231.7640, 50.0000, NULL, 1, 'out', NULL, 1, '178.62.44.78', '', 'United Kingdom', 'London', 'Unknown OS Platform', 'Computer', 'Unknown Browser', 1, '2021-12-04 17:00:31', '2021-12-04 16:59:31'),
(162, 'Slots', 1, NULL, 'bank', 232.9640, 50.0000, NULL, 1, 'out', NULL, 1, '178.62.44.78', '', 'United Kingdom', 'London', 'Unknown OS Platform', 'Computer', 'Unknown Browser', 1, '2021-12-04 17:00:33', '2021-12-04 16:59:33'),
(163, 'Slots', 1, NULL, 'bank', 234.1640, 50.0000, NULL, 1, 'out', NULL, 1, '178.62.44.78', '', 'United Kingdom', 'London', 'Unknown OS Platform', 'Computer', 'Unknown Browser', 1, '2021-12-04 17:00:36', '2021-12-04 16:59:36'),
(164, 'Slots', 1, NULL, 'bank', 235.3640, 50.0000, NULL, 1, 'out', NULL, 1, '178.62.44.78', '', 'United Kingdom', 'London', 'Unknown OS Platform', 'Computer', 'Unknown Browser', 1, '2021-12-04 17:00:38', '2021-12-04 16:59:38'),
(165, 'Slots', 1, NULL, 'bank', 236.5640, 50.0000, NULL, 1, 'out', NULL, 1, '178.62.44.78', '', 'United Kingdom', 'London', 'Unknown OS Platform', 'Computer', 'Unknown Browser', 1, '2021-12-04 17:00:41', '2021-12-04 16:59:41'),
(166, 'Bonus', 1, NULL, 'bank', 227.2150, 40.0000, NULL, 1, 'out', NULL, 1, '178.62.44.78', '', 'United Kingdom', 'London', 'Unknown OS Platform', 'Computer', 'Unknown Browser', 1, '2021-12-04 17:00:43', '2021-12-04 16:59:43'),
(167, 'Slots', 1, NULL, 'bank', 237.7640, 50.0000, NULL, 1, 'out', NULL, 1, '178.62.44.78', '', 'United Kingdom', 'London', 'Unknown OS Platform', 'Computer', 'Unknown Browser', 1, '2021-12-04 17:00:43', '2021-12-04 16:59:43'),
(168, 'Slots', 1, NULL, 'bank', 238.9640, 50.0000, NULL, 1, 'out', NULL, 1, '178.62.44.78', '', 'United Kingdom', 'London', 'Unknown OS Platform', 'Computer', 'Unknown Browser', 1, '2021-12-04 17:00:46', '2021-12-04 16:59:46'),
(169, 'Slots', 1, NULL, 'bank', 240.1640, 60.0000, NULL, 1, 'out', NULL, 1, '178.62.44.78', '', 'United Kingdom', 'London', 'Unknown OS Platform', 'Computer', 'Unknown Browser', 1, '2021-12-04 17:00:49', '2021-12-04 16:59:49'),
(170, 'Slots', 1, NULL, 'bank', 231.3640, 50.0000, NULL, 1, 'out', NULL, 1, '178.62.44.78', '', 'United Kingdom', 'London', 'Unknown OS Platform', 'Computer', 'Unknown Browser', 1, '2021-12-04 17:00:51', '2021-12-04 16:59:51'),
(171, 'Slots', 1, NULL, 'bank', 232.5640, 50.0000, NULL, 1, 'out', NULL, 1, '178.62.44.78', '', 'United Kingdom', 'London', 'Unknown OS Platform', 'Computer', 'Unknown Browser', 1, '2021-12-04 17:00:54', '2021-12-04 16:59:54'),
(172, 'Bonus', 1, NULL, 'bank', 227.2150, 40.0000, NULL, 1, 'out', NULL, 1, '178.62.44.78', '', 'United Kingdom', 'London', 'Unknown OS Platform', 'Computer', 'Unknown Browser', 1, '2021-12-04 17:00:56', '2021-12-04 16:59:56'),
(173, 'Slots', 1, NULL, 'bank', 233.7640, 50.0000, NULL, 1, 'out', NULL, 1, '178.62.44.78', '', 'United Kingdom', 'London', 'Unknown OS Platform', 'Computer', 'Unknown Browser', 1, '2021-12-04 17:00:56', '2021-12-04 16:59:56'),
(174, 'Slots', 1, NULL, 'bank', 234.9640, 50.0000, NULL, 1, 'out', NULL, 1, '178.62.44.78', '', 'United Kingdom', 'London', 'Unknown OS Platform', 'Computer', 'Unknown Browser', 1, '2021-12-04 17:00:59', '2021-12-04 16:59:59'),
(175, 'Slots', 1, NULL, 'bank', 236.1640, 50.0000, NULL, 1, 'out', NULL, 1, '178.62.44.78', '', 'United Kingdom', 'London', 'Unknown OS Platform', 'Computer', 'Unknown Browser', 1, '2021-12-04 17:01:01', '2021-12-04 17:00:02'),
(176, 'Slots', 1, NULL, 'bank', 237.3640, 50.0000, NULL, 1, 'out', NULL, 1, '178.62.44.78', '', 'United Kingdom', 'London', 'Unknown OS Platform', 'Computer', 'Unknown Browser', 1, '2021-12-04 17:01:04', '2021-12-04 17:00:04'),
(177, 'Bonus', 1, NULL, 'bank', 227.2150, 40.0000, NULL, 1, 'out', NULL, 1, '178.62.44.78', '', 'United Kingdom', 'London', 'Unknown OS Platform', 'Computer', 'Unknown Browser', 1, '2021-12-04 17:01:12', '2021-12-04 17:00:12'),
(178, 'Slots', 1, NULL, 'bank', 236.9640, 50.0000, NULL, 1, 'out', NULL, 1, '178.62.44.78', '', 'United Kingdom', 'London', 'Unknown OS Platform', 'Computer', 'Unknown Browser', 1, '2021-12-04 17:01:15', '2021-12-04 17:00:15'),
(179, 'Slots', 1, NULL, 'bank', 238.1640, 50.0000, NULL, 1, 'out', NULL, 1, '178.62.44.78', '', 'United Kingdom', 'London', 'Unknown OS Platform', 'Computer', 'Unknown Browser', 1, '2021-12-04 17:01:17', '2021-12-04 17:00:17'),
(180, 'Slots', 1, NULL, 'bank', 270.5640, 90.0000, NULL, 1, 'out', NULL, 1, '178.62.44.78', '', 'United Kingdom', 'London', 'Unknown OS Platform', 'Computer', 'Unknown Browser', 1, '2021-12-04 17:01:24', '2021-12-04 17:00:24'),
(181, 'Bonus', 1, NULL, 'bank', 227.2150, 40.0000, NULL, 1, 'out', NULL, 1, '178.62.44.78', '', 'United Kingdom', 'London', 'Unknown OS Platform', 'Computer', 'Unknown Browser', 1, '2021-12-04 17:01:26', '2021-12-04 17:00:26'),
(182, 'Slots', 1, NULL, 'bank', 231.7640, 50.0000, NULL, 1, 'out', NULL, 1, '178.62.44.78', '', 'United Kingdom', 'London', 'Unknown OS Platform', 'Computer', 'Unknown Browser', 1, '2021-12-04 17:01:26', '2021-12-04 17:00:26'),
(183, 'Slots', 1, NULL, 'bank', 232.9640, 50.0000, NULL, 1, 'out', NULL, 1, '178.62.44.78', '', 'United Kingdom', 'London', 'Unknown OS Platform', 'Computer', 'Unknown Browser', 1, '2021-12-04 17:01:29', '2021-12-04 17:00:29'),
(184, 'Slots', 1, NULL, 'bank', 234.1640, 50.0000, NULL, 1, 'out', NULL, 1, '178.62.44.78', '', 'United Kingdom', 'London', 'Unknown OS Platform', 'Computer', 'Unknown Browser', 1, '2021-12-04 17:01:31', '2021-12-04 17:00:31'),
(185, 'Slots', 1, NULL, 'bank', 235.3640, 50.0000, NULL, 1, 'out', NULL, 1, '178.62.44.78', '', 'United Kingdom', 'London', 'Unknown OS Platform', 'Computer', 'Unknown Browser', 1, '2021-12-04 17:01:34', '2021-12-04 17:00:34'),
(186, 'Slots', 1, NULL, 'bank', 236.5640, 50.0000, NULL, 1, 'out', NULL, 1, '178.62.44.78', '', 'United Kingdom', 'London', 'Unknown OS Platform', 'Computer', 'Unknown Browser', 1, '2021-12-04 17:01:36', '2021-12-04 17:00:36'),
(187, 'Bonus', 1, NULL, 'bank', 227.2150, 40.0000, NULL, 1, 'out', NULL, 1, '178.62.44.78', '', 'United Kingdom', 'London', 'Unknown OS Platform', 'Computer', 'Unknown Browser', 1, '2021-12-04 17:01:39', '2021-12-04 17:00:39'),
(188, 'Slots', 1, NULL, 'bank', 237.7640, 50.0000, NULL, 1, 'out', NULL, 1, '178.62.44.78', '', 'United Kingdom', 'London', 'Unknown OS Platform', 'Computer', 'Unknown Browser', 1, '2021-12-04 17:01:39', '2021-12-04 17:00:39'),
(189, 'Slots', 1, NULL, 'bank', 238.9640, 50.0000, NULL, 1, 'out', NULL, 1, '178.62.44.78', '', 'United Kingdom', 'London', 'Unknown OS Platform', 'Computer', 'Unknown Browser', 1, '2021-12-04 17:01:41', '2021-12-04 17:00:41'),
(190, 'Slots', 1, NULL, 'bank', 240.1640, 60.0000, NULL, 1, 'out', NULL, 1, '178.62.44.78', '', 'United Kingdom', 'London', 'Unknown OS Platform', 'Computer', 'Unknown Browser', 1, '2021-12-04 17:01:44', '2021-12-04 17:00:44'),
(191, 'Slots', 1, NULL, 'bank', 234.5640, 50.0000, NULL, 1, 'out', NULL, 1, '178.62.44.78', '', 'United Kingdom', 'London', 'Unknown OS Platform', 'Computer', 'Unknown Browser', 1, '2021-12-04 17:01:51', '2021-12-04 17:00:51'),
(192, 'Bonus', 1, NULL, 'bank', 227.2150, 40.0000, NULL, 1, 'out', NULL, 1, '178.62.44.78', '', 'United Kingdom', 'London', 'Unknown OS Platform', 'Computer', 'Unknown Browser', 1, '2021-12-04 17:01:53', '2021-12-04 17:00:53'),
(193, 'Slots', 1, NULL, 'bank', 235.7640, 50.0000, NULL, 1, 'out', NULL, 1, '178.62.44.78', '', 'United Kingdom', 'London', 'Unknown OS Platform', 'Computer', 'Unknown Browser', 1, '2021-12-04 17:01:53', '2021-12-04 17:00:53'),
(194, 'Slots', 1, NULL, 'bank', 236.9640, 50.0000, NULL, 1, 'out', NULL, 1, '178.62.44.78', '', 'United Kingdom', 'London', 'Unknown OS Platform', 'Computer', 'Unknown Browser', 1, '2021-12-04 17:01:56', '2021-12-04 17:00:56'),
(195, 'Slots', 1, NULL, 'bank', 266.9640, 80.0000, NULL, 1, 'out', NULL, 1, '178.62.44.78', '', 'United Kingdom', 'London', 'Unknown OS Platform', 'Computer', 'Unknown Browser', 1, '2021-12-04 17:01:58', '2021-12-04 17:00:58'),
(196, 'Slots', 1, NULL, 'bank', 266.9640, 80.0000, NULL, 1, 'out', NULL, 1, '178.62.44.78', '', 'United Kingdom', 'London', 'Unknown OS Platform', 'Computer', 'Unknown Browser', 1, '2021-12-04 17:02:01', '2021-12-04 17:01:01'),
(197, 'Slots', 1, NULL, 'bank', 266.9640, 80.0000, NULL, 1, 'out', NULL, 1, '178.62.44.78', '', 'United Kingdom', 'London', 'Unknown OS Platform', 'Computer', 'Unknown Browser', 1, '2021-12-04 17:02:03', '2021-12-04 17:01:03'),
(198, 'Slots', 1, NULL, 'bank', 266.9640, 80.0000, NULL, 1, 'out', NULL, 1, '178.62.44.78', '', 'United Kingdom', 'London', 'Unknown OS Platform', 'Computer', 'Unknown Browser', 1, '2021-12-04 17:02:06', '2021-12-04 17:01:06'),
(199, 'Slots', 1, NULL, 'bank', 266.9640, 80.0000, NULL, 1, 'out', NULL, 1, '178.62.44.78', '', 'United Kingdom', 'London', 'Unknown OS Platform', 'Computer', 'Unknown Browser', 1, '2021-12-04 17:02:09', '2021-12-04 17:01:09'),
(200, 'Slots', 1, NULL, 'bank', 266.9640, 80.0000, NULL, 1, 'out', NULL, 1, '178.62.44.78', '', 'United Kingdom', 'London', 'Unknown OS Platform', 'Computer', 'Unknown Browser', 1, '2021-12-04 17:02:11', '2021-12-04 17:01:11'),
(201, 'Slots', 1, NULL, 'bank', 266.9640, 80.0000, NULL, 1, 'out', NULL, 1, '178.62.44.78', '', 'United Kingdom', 'London', 'Unknown OS Platform', 'Computer', 'Unknown Browser', 1, '2021-12-04 17:02:14', '2021-12-04 17:01:14'),
(202, 'Slots', 1, NULL, 'bank', 266.9640, 80.0000, NULL, 1, 'out', NULL, 1, '178.62.44.78', '', 'United Kingdom', 'London', 'Unknown OS Platform', 'Computer', 'Unknown Browser', 1, '2021-12-04 17:02:16', '2021-12-04 17:01:16'),
(204, 'Slots', 1, NULL, 'bank', 244.4860, 60.0000, NULL, 1, 'out', NULL, 1, '178.62.44.78', '', 'United Kingdom', 'London', 'Unknown OS Platform', 'Computer', 'Unknown Browser', 1, '2021-12-05 17:48:45', '2021-12-05 17:47:45'),
(205, 'Slots', 1, NULL, 'bank', 235.6860, 50.0000, NULL, 1, 'out', NULL, 1, '178.62.44.78', '', 'United Kingdom', 'London', 'Unknown OS Platform', 'Computer', 'Unknown Browser', 1, '2021-12-05 17:48:48', '2021-12-05 17:47:48'),
(206, 'Bonus', 1, NULL, 'bank', 220.1950, 40.0000, NULL, 1, 'out', NULL, 1, '178.62.44.78', '', 'United Kingdom', 'London', 'Unknown OS Platform', 'Computer', 'Unknown Browser', 1, '2021-12-05 17:48:52', '2021-12-05 17:47:52'),
(207, 'Slots', 1, NULL, 'bank', 236.8860, 50.0000, NULL, 1, 'out', NULL, 1, '178.62.44.78', '', 'United Kingdom', 'London', 'Unknown OS Platform', 'Computer', 'Unknown Browser', 1, '2021-12-05 17:48:52', '2021-12-05 17:47:52'),
(208, 'Slots', 1, NULL, 'bank', 260.4860, 80.0000, NULL, 1, 'out', NULL, 1, '178.62.44.78', '', 'United Kingdom', 'London', 'Unknown OS Platform', 'Computer', 'Unknown Browser', 1, '2021-12-05 17:49:02', '2021-12-05 17:48:02'),
(209, 'Slots', 1, NULL, 'bank', 231.6860, 50.0000, NULL, 1, 'out', NULL, 1, '178.62.44.78', '', 'United Kingdom', 'London', 'Unknown OS Platform', 'Computer', 'Unknown Browser', 1, '2021-12-05 17:49:05', '2021-12-05 17:48:05'),
(210, 'Bonus', 1, NULL, 'bank', 220.1950, 40.0000, NULL, 1, 'out', NULL, 1, '178.62.44.78', '', 'United Kingdom', 'London', 'Unknown OS Platform', 'Computer', 'Unknown Browser', 1, '2021-12-05 17:49:10', '2021-12-05 17:48:10'),
(211, 'Slots', 1, NULL, 'bank', 235.2860, 50.0000, NULL, 1, 'out', NULL, 1, '178.62.44.78', '', 'United Kingdom', 'London', 'Unknown OS Platform', 'Computer', 'Unknown Browser', 1, '2021-12-05 17:49:15', '2021-12-05 17:48:15'),
(212, 'Slots', 1, NULL, 'bank', 236.4860, 50.0000, NULL, 1, 'out', NULL, 1, '178.62.44.78', '', 'United Kingdom', 'London', 'Unknown OS Platform', 'Computer', 'Unknown Browser', 1, '2021-12-05 17:49:17', '2021-12-05 17:48:17'),
(213, 'Slots', 1, NULL, 'bank', 237.6860, 50.0000, NULL, 1, 'out', NULL, 1, '178.62.44.78', '', 'United Kingdom', 'London', 'Unknown OS Platform', 'Computer', 'Unknown Browser', 1, '2021-12-05 17:49:20', '2021-12-05 17:48:20'),
(214, 'Bonus', 1, NULL, 'bank', 220.1950, 40.0000, NULL, 1, 'out', NULL, 1, '178.62.44.78', '', 'United Kingdom', 'London', 'Unknown OS Platform', 'Computer', 'Unknown Browser', 1, '2021-12-05 17:49:22', '2021-12-05 17:48:22'),
(215, 'Slots', 1, NULL, 'bank', 238.8860, 50.0000, NULL, 1, 'out', NULL, 1, '178.62.44.78', '', 'United Kingdom', 'London', 'Unknown OS Platform', 'Computer', 'Unknown Browser', 1, '2021-12-05 17:49:22', '2021-12-05 17:48:22'),
(216, 'Slots', 1, NULL, 'bank', 240.0860, 60.0000, NULL, 1, 'out', NULL, 1, '178.62.44.78', '', 'United Kingdom', 'London', 'Unknown OS Platform', 'Computer', 'Unknown Browser', 1, '2021-12-05 17:49:24', '2021-12-05 17:48:24'),
(217, 'Slots', 1, NULL, 'bank', 231.2860, 50.0000, NULL, 1, 'out', NULL, 1, '178.62.44.78', '', 'United Kingdom', 'London', 'Unknown OS Platform', 'Computer', 'Unknown Browser', 1, '2021-12-05 17:49:27', '2021-12-05 17:48:27'),
(218, 'Slots', 1, NULL, 'bank', 232.4860, 50.0000, NULL, 1, 'out', NULL, 1, '178.62.44.78', '', 'United Kingdom', 'London', 'Unknown OS Platform', 'Computer', 'Unknown Browser', 1, '2021-12-05 17:49:29', '2021-12-05 17:48:29'),
(219, 'Bonus', 1, NULL, 'bank', 220.1950, 40.0000, NULL, 1, 'out', NULL, 1, '178.62.44.78', '', 'United Kingdom', 'London', 'Unknown OS Platform', 'Computer', 'Unknown Browser', 1, '2021-12-05 17:49:37', '2021-12-05 17:48:37'),
(220, 'Slots', 1, NULL, 'bank', 244.8860, 60.0000, NULL, 1, 'out', NULL, 1, '178.62.44.78', '', 'United Kingdom', 'London', 'Unknown OS Platform', 'Computer', 'Unknown Browser', 1, '2021-12-05 17:49:37', '2021-12-05 17:48:37'),
(221, 'Slots', 1, NULL, 'bank', 236.0860, 50.0000, NULL, 1, 'out', NULL, 1, '178.62.44.78', '', 'United Kingdom', 'London', 'Unknown OS Platform', 'Computer', 'Unknown Browser', 1, '2021-12-05 17:49:39', '2021-12-05 17:48:39'),
(222, 'Slots', 1, NULL, 'bank', 237.2860, 50.0000, NULL, 1, 'out', NULL, 1, '178.62.44.78', '', 'United Kingdom', 'London', 'Unknown OS Platform', 'Computer', 'Unknown Browser', 1, '2021-12-05 17:49:42', '2021-12-05 17:48:42'),
(223, 'Slots', 1, NULL, 'bank', 238.4860, 50.0000, NULL, 1, 'out', NULL, 1, '178.62.44.78', '', 'United Kingdom', 'London', 'Unknown OS Platform', 'Computer', 'Unknown Browser', 1, '2021-12-05 17:49:44', '2021-12-05 17:48:44'),
(224, 'Slots', 1, NULL, 'bank', 239.6860, 50.0000, NULL, 1, 'out', NULL, 1, '178.62.44.78', '', 'United Kingdom', 'London', 'Unknown OS Platform', 'Computer', 'Unknown Browser', 1, '2021-12-05 17:49:45', '2021-12-05 17:48:45'),
(226, 'Slots', 1, NULL, 'bank', 221.7820, 40.0000, NULL, 1, 'out', NULL, 1, '127.0.0.1', '', 'Unknown', 'Unknown', 'Unknown OS Platform', 'Computer', 'Unknown Browser', 1, '2022-01-10 14:37:57', '2022-01-10 14:36:57'),
(227, 'Bonus', 1, NULL, 'bank', 220.1600, 40.0000, NULL, 1, 'out', NULL, 1, '127.0.0.1', '', 'Unknown', 'Unknown', 'Unknown OS Platform', 'Computer', 'Unknown Browser', 1, '2022-01-10 14:38:08', '2022-01-10 14:37:08'),
(228, 'Slots', 1, NULL, 'bank', 220.0780, 40.0000, NULL, 1, 'out', NULL, 1, '90.196.136.199', 'Mozilla/5.0 (Macintosh; Intel Mac OS X 10_15_7) AppleWebKit/605.1.15 (KHTML, like Gecko) Version/15.2 Safari/605.1.15', 'United Kingdom', 'Leighton Buzzard', 'Mac OS X', 'Computer', 'Safari', 1, '2022-01-11 15:48:37', '2022-01-11 15:47:37'),
(229, 'HP', 65, 65, 'handpay', 0.0000, 0.1000, NULL, 1, 'out', NULL, 1, '178.134.104.82', 'Mozilla/5.0 (Windows NT 10.0; Win64; x64) AppleWebKit/537.36 (KHTML, like Gecko) Chrome/97.0.4692.71 Safari/537.36 Edg/97.0.1072.55', 'Georgia', 'Tbilisi', 'Windows 10', 'Computer', 'Chrome', 1, '2022-01-14 21:04:06', '2022-01-14 21:04:06'),
(230, 'Slots', 1, NULL, 'bank', 220.2420, 40.0000, NULL, 1, 'out', NULL, 1, '127.0.0.1', '', 'Unknown', 'Unknown', 'Unknown OS Platform', 'Computer', 'Unknown Browser', 1, '2022-01-14 21:11:12', '2022-01-14 21:10:12'),
(231, 'Slots', 1, NULL, 'bank', 221.9500, 40.0000, NULL, 1, 'out', NULL, 1, '127.0.0.1', '', 'Unknown', 'Unknown', 'Unknown OS Platform', 'Computer', 'Unknown Browser', 1, '2022-01-31 22:44:09', '2022-01-31 22:43:09'),
(232, 'Slots', 1, NULL, 'bank', 223.7500, 40.0000, NULL, 1, 'out', NULL, 1, '127.0.0.1', '', 'Unknown', 'Unknown', 'Unknown OS Platform', 'Computer', 'Unknown Browser', 1, '2022-01-31 22:44:49', '2022-01-31 22:43:49'),
(233, 'Slots', 1, NULL, 'bank', 222.1500, 40.0000, NULL, 1, 'out', NULL, 1, '127.0.0.1', '', 'Unknown', 'Unknown', 'Unknown OS Platform', 'Computer', 'Unknown Browser', 1, '2022-01-31 22:45:03', '2022-01-31 22:44:03'),
(234, 'Slots', 1, NULL, 'bank', 220.3060, 40.0000, NULL, 1, 'out', NULL, 1, '180.150.104.237', 'Mozilla/5.0 (Macintosh; Intel Mac OS X 10_15_7) AppleWebKit/537.36 (KHTML, like Gecko) Chrome/97.0.4692.71 Safari/537.36', 'Australia', 'Brisbane', 'Mac OS X', 'Computer', 'Chrome', 1, '2022-02-01 00:31:24', '2022-02-01 00:30:24'),
(235, 'Slots', 1, NULL, 'bank', 220.2180, 40.0000, NULL, 1, 'out', NULL, 1, '127.0.0.1', '', 'Unknown', 'Unknown', 'Unknown OS Platform', 'Computer', 'Unknown Browser', 1, '2022-02-06 13:25:31', '2022-02-06 13:24:31');
INSERT INTO `w_statistics` (`id`, `title`, `user_id`, `payeer_id`, `system`, `old`, `sum`, `sum2`, `hh_multiplier`, `type`, `item_id`, `status`, `ip_address`, `user_agent`, `country`, `city`, `os`, `device`, `browser`, `shop_id`, `created_at`, `updated_at`) VALUES
(236, 'Slots', 1, NULL, 'bank', 220.1480, 40.0000, NULL, 1, 'out', NULL, 1, '105.12.0.61', 'Mozilla/5.0 (Linux; Android 10; MED-LX9; HMSCore 6.3.0.326) AppleWebKit/537.36 (KHTML, like Gecko) Chrome/92.0.4515.105 HuaweiBrowser/12.0.0.303 Mobile Safari/537.36', 'South Africa', 'Johannesburg', 'Android', 'Mobile', 'Safari Browser', 1, '2022-02-06 20:15:24', '2022-02-06 20:14:24'),
(237, 'Bonus', 1, NULL, 'bank', 224.0250, 40.0000, NULL, 1, 'out', NULL, 1, '127.0.0.1', '', 'Unknown', 'Unknown', 'Unknown OS Platform', 'Computer', 'Unknown Browser', 1, '2022-02-07 15:32:04', '2022-02-07 15:31:04'),
(238, 'Slots', 1, NULL, 'bank', 220.0880, 40.0000, NULL, 1, 'out', NULL, 1, '87.202.74.158', 'Mozilla/5.0 (Windows NT 10.0; Win64; x64) AppleWebKit/537.36 (KHTML, like Gecko) Chrome/97.0.4692.99 Safari/537.36', 'Greece', 'Thessaloniki', 'Windows 10', 'Computer', 'Chrome', 1, '2022-02-07 15:40:34', '2022-02-07 15:39:34'),
(239, 'Slots', 1, NULL, 'bank', 220.5060, 40.0000, NULL, 1, 'out', NULL, 1, '127.0.0.1', '', 'Unknown', 'Unknown', 'Unknown OS Platform', 'Computer', 'Unknown Browser', 1, '2022-02-12 16:44:57', '2022-02-12 16:43:57'),
(240, 'Slots', 1, NULL, 'bank', 221.8060, 40.0000, NULL, 1, 'out', NULL, 1, '127.0.0.1', '', 'Unknown', 'Unknown', 'Unknown OS Platform', 'Computer', 'Unknown Browser', 1, '2022-02-12 17:10:35', '2022-02-12 17:09:35'),
(241, 'Slots', 1, NULL, 'bank', 220.0060, 40.0000, NULL, 1, 'out', NULL, 1, '127.0.0.1', '', 'Unknown', 'Unknown', 'Unknown OS Platform', 'Computer', 'Unknown Browser', 1, '2022-02-12 17:14:19', '2022-02-12 17:13:19'),
(242, 'Slots', 1, NULL, 'bank', 220.5060, 40.0000, NULL, 1, 'out', NULL, 1, '127.0.0.1', '', 'Unknown', 'Unknown', 'Unknown OS Platform', 'Computer', 'Unknown Browser', 1, '2022-02-12 17:17:56', '2022-02-12 17:16:56'),
(243, 'Slots', 1, NULL, 'bank', 221.4060, 40.0000, NULL, 1, 'out', NULL, 1, '127.0.0.1', '', 'Unknown', 'Unknown', 'Unknown OS Platform', 'Computer', 'Unknown Browser', 1, '2022-02-12 17:22:40', '2022-02-12 17:21:40'),
(244, 'Slots', 1, NULL, 'bank', 221.4060, 40.0000, NULL, 1, 'out', NULL, 1, '127.0.0.1', '', 'Unknown', 'Unknown', 'Unknown OS Platform', 'Computer', 'Unknown Browser', 1, '2022-02-12 17:31:18', '2022-02-12 17:30:18'),
(245, 'Slots', 1, NULL, 'bank', 221.4060, 40.0000, NULL, 1, 'out', NULL, 1, '127.0.0.1', '', 'Unknown', 'Unknown', 'Unknown OS Platform', 'Computer', 'Unknown Browser', 1, '2022-02-12 17:41:05', '2022-02-12 17:40:05'),
(246, 'Slots', 1, NULL, 'bank', 220.4060, 40.0000, NULL, 1, 'out', NULL, 1, '127.0.0.1', '', 'Unknown', 'Unknown', 'Unknown OS Platform', 'Computer', 'Unknown Browser', 1, '2022-02-12 17:43:14', '2022-02-12 17:42:14'),
(247, 'Slots', 1, NULL, 'bank', 220.0060, 40.0000, NULL, 1, 'out', NULL, 1, '127.0.0.1', '', 'Unknown', 'Unknown', 'Unknown OS Platform', 'Computer', 'Unknown Browser', 1, '2022-02-12 17:50:16', '2022-02-12 17:49:16'),
(248, 'Slots', 1, NULL, 'bank', 221.4060, 40.0000, NULL, 1, 'out', NULL, 1, '127.0.0.1', '', 'Unknown', 'Unknown', 'Unknown OS Platform', 'Computer', 'Unknown Browser', 1, '2022-02-12 18:19:09', '2022-02-12 18:18:09'),
(249, 'Slots', 1, NULL, 'bank', 221.4060, 40.0000, NULL, 1, 'out', NULL, 1, '127.0.0.1', '', 'Unknown', 'Unknown', 'Unknown OS Platform', 'Computer', 'Unknown Browser', 1, '2022-02-12 18:23:57', '2022-02-12 18:22:57'),
(250, 'Slots', 1, NULL, 'bank', 222.4060, 40.0000, NULL, 1, 'out', NULL, 1, '127.0.0.1', '', 'Unknown', 'Unknown', 'Unknown OS Platform', 'Computer', 'Unknown Browser', 1, '2022-02-12 18:28:28', '2022-02-12 18:27:28'),
(251, 'Slots', 1, NULL, 'bank', 220.4060, 40.0000, NULL, 1, 'out', NULL, 1, '127.0.0.1', '', 'Unknown', 'Unknown', 'Unknown OS Platform', 'Computer', 'Unknown Browser', 1, '2022-02-12 18:30:02', '2022-02-12 18:29:02'),
(252, 'Slots', 1, NULL, 'bank', 221.5060, 40.0000, NULL, 1, 'out', NULL, 1, '209.127.24.22', 'Mozilla/5.0 (Windows NT 10.0; Win64; x64) AppleWebKit/537.36 (KHTML, like Gecko) Chrome/97.0.4692.99 Safari/537.36 OPR/83.0.4254.27', 'Canada', 'Baie-D\'Urfe', 'Windows 10', 'Computer', 'Chrome', 1, '2022-02-12 18:34:58', '2022-02-12 18:33:58'),
(253, 'Slots', 1, NULL, 'bank', 221.0060, 40.0000, NULL, 1, 'out', NULL, 1, '127.0.0.1', '', 'Unknown', 'Unknown', 'Unknown OS Platform', 'Computer', 'Unknown Browser', 1, '2022-02-12 18:48:27', '2022-02-12 18:47:27'),
(254, 'Slots', 1, NULL, 'bank', 221.0060, 40.0000, NULL, 1, 'out', NULL, 1, '127.0.0.1', '', 'Unknown', 'Unknown', 'Unknown OS Platform', 'Computer', 'Unknown Browser', 1, '2022-02-12 18:55:00', '2022-02-12 18:54:00'),
(255, 'Slots', 1, NULL, 'bank', 220.0060, 40.0000, NULL, 1, 'out', NULL, 1, '127.0.0.1', '', 'Unknown', 'Unknown', 'Unknown OS Platform', 'Computer', 'Unknown Browser', 1, '2022-02-12 18:58:49', '2022-02-12 18:57:49'),
(256, 'Slots', 1, NULL, 'bank', 221.5060, 40.0000, NULL, 1, 'out', NULL, 1, '127.0.0.1', '', 'Unknown', 'Unknown', 'Unknown OS Platform', 'Computer', 'Unknown Browser', 1, '2022-02-12 19:02:18', '2022-02-12 19:01:18'),
(257, 'Slots', 1, NULL, 'bank', 222.9560, 40.0000, NULL, 1, 'out', NULL, 1, '127.0.0.1', '', 'Unknown', 'Unknown', 'Unknown OS Platform', 'Computer', 'Unknown Browser', 1, '2022-02-12 19:13:00', '2022-02-12 19:12:00'),
(258, 'Slots', 1, NULL, 'bank', 220.9560, 40.0000, NULL, 1, 'out', NULL, 1, '127.0.0.1', '', 'Unknown', 'Unknown', 'Unknown OS Platform', 'Computer', 'Unknown Browser', 1, '2022-02-12 19:13:42', '2022-02-12 19:12:42'),
(259, 'Slots', 1, NULL, 'bank', 220.9560, 40.0000, NULL, 1, 'out', NULL, 1, '127.0.0.1', '', 'Unknown', 'Unknown', 'Unknown OS Platform', 'Computer', 'Unknown Browser', 1, '2022-02-12 19:23:19', '2022-02-12 19:22:19'),
(260, 'Slots', 1, NULL, 'bank', 222.9560, 40.0000, NULL, 1, 'out', NULL, 1, '127.0.0.1', '', 'Unknown', 'Unknown', 'Unknown OS Platform', 'Computer', 'Unknown Browser', 1, '2022-02-12 20:05:06', '2022-02-12 20:04:06'),
(261, 'Slots', 1, NULL, 'bank', 220.5560, 40.0000, NULL, 1, 'out', NULL, 1, '188.19.153.116', 'Mozilla/5.0 (Windows NT 10.0; Win64; x64) AppleWebKit/537.36 (KHTML, like Gecko) Chrome/98.0.4758.80 Safari/537.36 Edg/98.0.1108.50', 'Russia', 'Perm', 'Windows 10', 'Computer', 'Chrome', 1, '2022-02-12 20:21:22', '2022-02-12 20:20:22'),
(262, 'Slots', 1, NULL, 'bank', 220.9560, 40.0000, NULL, 1, 'out', NULL, 1, '127.0.0.1', '', 'Unknown', 'Unknown', 'Unknown OS Platform', 'Computer', 'Unknown Browser', 1, '2022-02-12 20:23:06', '2022-02-12 20:22:06'),
(263, 'Slots', 1, NULL, 'bank', 220.9560, 40.0000, NULL, 1, 'out', NULL, 1, '127.0.0.1', '', 'Unknown', 'Unknown', 'Unknown OS Platform', 'Computer', 'Unknown Browser', 1, '2022-02-12 20:27:28', '2022-02-12 20:26:28'),
(264, 'Slots', 1, NULL, 'bank', 220.9560, 40.0000, NULL, 1, 'out', NULL, 1, '127.0.0.1', '', 'Unknown', 'Unknown', 'Unknown OS Platform', 'Computer', 'Unknown Browser', 1, '2022-02-12 20:50:44', '2022-02-12 20:49:44'),
(265, 'Slots', 1, NULL, 'bank', 222.9560, 40.0000, NULL, 1, 'out', NULL, 1, '127.0.0.1', '', 'Unknown', 'Unknown', 'Unknown OS Platform', 'Computer', 'Unknown Browser', 1, '2022-02-12 20:58:51', '2022-02-12 20:57:51'),
(266, 'Slots', 1, NULL, 'bank', 221.9560, 40.0000, NULL, 1, 'out', NULL, 1, '127.0.0.1', '', 'Unknown', 'Unknown', 'Unknown OS Platform', 'Computer', 'Unknown Browser', 1, '2022-02-12 21:37:08', '2022-02-12 21:36:08'),
(267, 'Slots', 1, NULL, 'bank', 220.9560, 40.0000, NULL, 1, 'out', NULL, 1, '127.0.0.1', '', 'Unknown', 'Unknown', 'Unknown OS Platform', 'Computer', 'Unknown Browser', 1, '2022-02-12 21:38:41', '2022-02-12 21:37:41'),
(268, 'Slots', 1, NULL, 'bank', 220.9560, 40.0000, NULL, 1, 'out', NULL, 1, '127.0.0.1', '', 'Unknown', 'Unknown', 'Unknown OS Platform', 'Computer', 'Unknown Browser', 1, '2022-02-12 21:51:51', '2022-02-12 21:50:51'),
(269, 'Slots', 1, NULL, 'bank', 220.9560, 40.0000, NULL, 1, 'out', NULL, 1, '127.0.0.1', '', 'Unknown', 'Unknown', 'Unknown OS Platform', 'Computer', 'Unknown Browser', 1, '2022-02-12 21:59:42', '2022-02-12 21:58:42'),
(270, 'Slots', 1, NULL, 'bank', 220.3560, 40.0000, NULL, 1, 'out', NULL, 1, '127.0.0.1', '', 'Unknown', 'Unknown', 'Unknown OS Platform', 'Computer', 'Unknown Browser', 1, '2022-02-12 22:00:44', '2022-02-12 21:59:44'),
(271, 'Slots', 1, NULL, 'bank', 220.9560, 40.0000, NULL, 1, 'out', NULL, 1, '127.0.0.1', '', 'Unknown', 'Unknown', 'Unknown OS Platform', 'Computer', 'Unknown Browser', 1, '2022-02-12 22:03:22', '2022-02-12 22:02:22'),
(272, 'Slots', 1, NULL, 'bank', 220.9560, 40.0000, NULL, 1, 'out', NULL, 1, '127.0.0.1', '', 'Unknown', 'Unknown', 'Unknown OS Platform', 'Computer', 'Unknown Browser', 1, '2022-02-12 22:08:21', '2022-02-12 22:07:21'),
(273, 'Slots', 1, NULL, 'bank', 220.9560, 40.0000, NULL, 1, 'out', NULL, 1, '127.0.0.1', '', 'Unknown', 'Unknown', 'Unknown OS Platform', 'Computer', 'Unknown Browser', 1, '2022-02-12 22:21:31', '2022-02-12 22:20:31'),
(274, 'Slots', 1, NULL, 'bank', 223.3560, 40.0000, NULL, 1, 'out', NULL, 1, '127.0.0.1', '', 'Unknown', 'Unknown', 'Unknown OS Platform', 'Computer', 'Unknown Browser', 1, '2022-02-12 22:28:23', '2022-02-12 22:27:23'),
(275, 'Slots', 1, NULL, 'bank', 220.8560, 40.0000, NULL, 1, 'out', NULL, 1, '127.0.0.1', '', 'Unknown', 'Unknown', 'Unknown OS Platform', 'Computer', 'Unknown Browser', 1, '2022-02-12 22:31:20', '2022-02-12 22:30:20'),
(276, 'Slots', 1, NULL, 'bank', 221.8560, 40.0000, NULL, 1, 'out', NULL, 1, '127.0.0.1', '', 'Unknown', 'Unknown', 'Unknown OS Platform', 'Computer', 'Unknown Browser', 1, '2022-02-12 22:37:06', '2022-02-12 22:36:06'),
(277, 'Slots', 1, NULL, 'bank', 223.3560, 40.0000, NULL, 1, 'out', NULL, 1, '127.0.0.1', '', 'Unknown', 'Unknown', 'Unknown OS Platform', 'Computer', 'Unknown Browser', 1, '2022-02-12 22:45:00', '2022-02-12 22:44:00'),
(278, 'Slots', 1, NULL, 'bank', 221.2060, 40.0000, NULL, 1, 'out', NULL, 1, '127.0.0.1', '', 'Unknown', 'Unknown', 'Unknown OS Platform', 'Computer', 'Unknown Browser', 1, '2022-02-12 22:48:22', '2022-02-12 22:47:22'),
(279, 'Slots', 1, NULL, 'bank', 220.2160, 40.0000, NULL, 1, 'out', NULL, 1, '127.0.0.1', '', 'Unknown', 'Unknown', 'Unknown OS Platform', 'Computer', 'Unknown Browser', 1, '2022-02-12 23:00:18', '2022-02-12 22:59:18'),
(280, 'Slots', 1, NULL, 'bank', 220.0560, 40.0000, NULL, 1, 'out', NULL, 1, '127.0.0.1', '', 'Unknown', 'Unknown', 'Unknown OS Platform', 'Computer', 'Unknown Browser', 1, '2022-02-12 23:07:23', '2022-02-12 23:06:23'),
(281, 'Slots', 1, NULL, 'bank', 221.0960, 40.0000, NULL, 1, 'out', NULL, 1, '127.0.0.1', '', 'Unknown', 'Unknown', 'Unknown OS Platform', 'Computer', 'Unknown Browser', 1, '2022-02-12 23:17:11', '2022-02-12 23:16:11'),
(282, 'Slots', 1, NULL, 'bank', 221.6960, 40.0000, NULL, 1, 'out', NULL, 1, '127.0.0.1', '', 'Unknown', 'Unknown', 'Unknown OS Platform', 'Computer', 'Unknown Browser', 1, '2022-02-12 23:39:25', '2022-02-12 23:38:25'),
(283, 'Slots', 1, NULL, 'bank', 220.9760, 40.0000, NULL, 1, 'out', NULL, 1, '127.0.0.1', '', 'Unknown', 'Unknown', 'Unknown OS Platform', 'Computer', 'Unknown Browser', 1, '2022-02-13 00:05:32', '2022-02-13 00:04:32'),
(284, 'Bonus', 1, NULL, 'bank', 236.4350, 50.0000, NULL, 1, 'out', NULL, 1, '127.0.0.1', '', 'Unknown', 'Unknown', 'Unknown OS Platform', 'Computer', 'Unknown Browser', 1, '2022-02-13 00:05:39', '2022-02-13 00:04:39'),
(287, 'Slots', 1, NULL, 'bank', 220.3760, 40.0000, NULL, 1, 'out', NULL, 1, '127.0.0.1', '', 'Unknown', 'Unknown', 'Unknown OS Platform', 'Computer', 'Unknown Browser', 1, '2022-02-13 00:10:56', '2022-02-13 00:09:56'),
(288, 'Slots', 1, NULL, 'bank', 220.3760, 40.0000, NULL, 1, 'out', NULL, 1, '127.0.0.1', '', 'Unknown', 'Unknown', 'Unknown OS Platform', 'Computer', 'Unknown Browser', 1, '2022-02-13 00:12:42', '2022-02-13 00:11:42'),
(289, 'Slots', 1, NULL, 'bank', 220.2160, 40.0000, NULL, 1, 'out', NULL, 1, '127.0.0.1', '', 'Unknown', 'Unknown', 'Unknown OS Platform', 'Computer', 'Unknown Browser', 1, '2022-02-13 00:14:53', '2022-02-13 00:13:53'),
(290, 'Slots', 1, NULL, 'bank', 222.1160, 40.0000, NULL, 1, 'out', NULL, 1, '127.0.0.1', '', 'Unknown', 'Unknown', 'Unknown OS Platform', 'Computer', 'Unknown Browser', 1, '2022-02-13 00:24:09', '2022-02-13 00:23:09'),
(291, 'Slots', 1, NULL, 'bank', 222.1160, 40.0000, NULL, 1, 'out', NULL, 1, '127.0.0.1', '', 'Unknown', 'Unknown', 'Unknown OS Platform', 'Computer', 'Unknown Browser', 1, '2022-02-13 00:32:00', '2022-02-13 00:31:00'),
(292, 'Slots', 1, NULL, 'bank', 220.5160, 40.0000, NULL, 1, 'out', NULL, 1, '127.0.0.1', '', 'Unknown', 'Unknown', 'Unknown OS Platform', 'Computer', 'Unknown Browser', 1, '2022-02-13 00:33:51', '2022-02-13 00:32:51'),
(293, 'Slots', 1, NULL, 'bank', 220.9160, 40.0000, NULL, 1, 'out', NULL, 1, '127.0.0.1', '', 'Unknown', 'Unknown', 'Unknown OS Platform', 'Computer', 'Unknown Browser', 1, '2022-02-13 00:37:06', '2022-02-13 00:36:06'),
(294, 'Slots', 1, NULL, 'bank', 222.7160, 40.0000, NULL, 1, 'out', NULL, 1, '127.0.0.1', '', 'Unknown', 'Unknown', 'Unknown OS Platform', 'Computer', 'Unknown Browser', 1, '2022-02-13 00:54:09', '2022-02-13 00:53:09'),
(295, 'Slots', 1, NULL, 'bank', 220.1160, 40.0000, NULL, 1, 'out', NULL, 1, '127.0.0.1', '', 'Unknown', 'Unknown', 'Unknown OS Platform', 'Computer', 'Unknown Browser', 1, '2022-02-13 01:01:00', '2022-02-13 01:00:00'),
(296, 'Slots', 1, NULL, 'bank', 222.4160, 40.0000, NULL, 1, 'out', NULL, 1, '127.0.0.1', '', 'Unknown', 'Unknown', 'Unknown OS Platform', 'Computer', 'Unknown Browser', 1, '2022-02-13 01:12:06', '2022-02-13 01:11:06'),
(297, 'Slots', 1, NULL, 'bank', 222.2660, 40.0000, NULL, 1, 'out', NULL, 1, '127.0.0.1', '', 'Unknown', 'Unknown', 'Unknown OS Platform', 'Computer', 'Unknown Browser', 1, '2022-02-13 01:15:59', '2022-02-13 01:14:59'),
(298, 'Slots', 1, NULL, 'bank', 222.2660, 40.0000, NULL, 1, 'out', NULL, 1, '127.0.0.1', '', 'Unknown', 'Unknown', 'Unknown OS Platform', 'Computer', 'Unknown Browser', 1, '2022-02-13 01:16:35', '2022-02-13 01:15:35'),
(299, 'Slots', 1, NULL, 'bank', 220.1660, 40.0000, NULL, 1, 'out', NULL, 1, '127.0.0.1', '', 'Unknown', 'Unknown', 'Unknown OS Platform', 'Computer', 'Unknown Browser', 1, '2022-02-13 01:17:57', '2022-02-13 01:16:57'),
(300, 'Slots', 1, NULL, 'bank', 220.9160, 40.0000, NULL, 1, 'out', NULL, 1, '127.0.0.1', '', 'Unknown', 'Unknown', 'Unknown OS Platform', 'Computer', 'Unknown Browser', 1, '2022-02-13 01:23:13', '2022-02-13 01:22:13'),
(301, 'Slots', 1, NULL, 'bank', 220.9160, 40.0000, NULL, 1, 'out', NULL, 1, '127.0.0.1', '', 'Unknown', 'Unknown', 'Unknown OS Platform', 'Computer', 'Unknown Browser', 1, '2022-02-13 01:27:08', '2022-02-13 01:26:08'),
(302, 'Slots', 1, NULL, 'bank', 220.5960, 40.0000, NULL, 1, 'out', NULL, 1, '127.0.0.1', '', 'Unknown', 'Unknown', 'Unknown OS Platform', 'Computer', 'Unknown Browser', 1, '2022-02-13 01:30:12', '2022-02-13 01:29:12'),
(303, 'Slots', 1, NULL, 'bank', 220.1960, 40.0000, NULL, 1, 'out', NULL, 1, '127.0.0.1', '', 'Unknown', 'Unknown', 'Unknown OS Platform', 'Computer', 'Unknown Browser', 1, '2022-02-13 01:34:52', '2022-02-13 01:33:52'),
(304, 'Slots', 1, NULL, 'bank', 220.3960, 40.0000, NULL, 1, 'out', NULL, 1, '127.0.0.1', '', 'Unknown', 'Unknown', 'Unknown OS Platform', 'Computer', 'Unknown Browser', 1, '2022-02-13 01:57:39', '2022-02-13 01:56:39'),
(305, 'Slots', 1, NULL, 'bank', 220.9960, 40.0000, NULL, 1, 'out', NULL, 1, '127.0.0.1', '', 'Unknown', 'Unknown', 'Unknown OS Platform', 'Computer', 'Unknown Browser', 1, '2022-02-13 02:09:49', '2022-02-13 02:08:49'),
(306, 'Slots', 1, NULL, 'bank', 220.9960, 40.0000, NULL, 1, 'out', NULL, 1, '127.0.0.1', '', 'Unknown', 'Unknown', 'Unknown OS Platform', 'Computer', 'Unknown Browser', 1, '2022-02-13 03:04:22', '2022-02-13 03:03:22'),
(307, 'Slots', 1, NULL, 'bank', 220.2960, 40.0000, NULL, 1, 'out', NULL, 1, '127.0.0.1', '', 'Unknown', 'Unknown', 'Unknown OS Platform', 'Computer', 'Unknown Browser', 1, '2022-02-13 03:05:49', '2022-02-13 03:04:49'),
(308, 'Slots', 1, NULL, 'bank', 220.8960, 40.0000, NULL, 1, 'out', NULL, 1, '127.0.0.1', '', 'Unknown', 'Unknown', 'Unknown OS Platform', 'Computer', 'Unknown Browser', 1, '2022-02-13 03:08:06', '2022-02-13 03:07:06'),
(309, 'Slots', 1, NULL, 'bank', 220.8960, 40.0000, NULL, 1, 'out', NULL, 1, '127.0.0.1', '', 'Unknown', 'Unknown', 'Unknown OS Platform', 'Computer', 'Unknown Browser', 1, '2022-02-13 03:15:51', '2022-02-13 03:14:51'),
(310, 'Slots', 1, NULL, 'bank', 222.8960, 40.0000, NULL, 1, 'out', NULL, 1, '127.0.0.1', '', 'Unknown', 'Unknown', 'Unknown OS Platform', 'Computer', 'Unknown Browser', 1, '2022-02-13 03:19:43', '2022-02-13 03:18:43'),
(311, 'Slots', 1, NULL, 'bank', 220.8960, 40.0000, NULL, 1, 'out', NULL, 1, '127.0.0.1', '', 'Unknown', 'Unknown', 'Unknown OS Platform', 'Computer', 'Unknown Browser', 1, '2022-02-13 03:22:21', '2022-02-13 03:21:21'),
(312, 'Slots', 1, NULL, 'bank', 220.2960, 40.0000, NULL, 1, 'out', NULL, 1, '127.0.0.1', '', 'Unknown', 'Unknown', 'Unknown OS Platform', 'Computer', 'Unknown Browser', 1, '2022-02-13 03:23:41', '2022-02-13 03:22:41'),
(313, 'Slots', 1, NULL, 'bank', 221.0960, 40.0000, NULL, 1, 'out', NULL, 1, '127.0.0.1', '', 'Unknown', 'Unknown', 'Unknown OS Platform', 'Computer', 'Unknown Browser', 1, '2022-02-13 03:59:48', '2022-02-13 03:58:48'),
(314, 'Slots', 1, NULL, 'bank', 220.8960, 40.0000, NULL, 1, 'out', NULL, 1, '127.0.0.1', '', 'Unknown', 'Unknown', 'Unknown OS Platform', 'Computer', 'Unknown Browser', 1, '2022-02-13 04:07:48', '2022-02-13 04:06:48'),
(315, 'Slots', 1, NULL, 'bank', 223.3960, 40.0000, NULL, 1, 'out', NULL, 1, '127.0.0.1', '', 'Unknown', 'Unknown', 'Unknown OS Platform', 'Computer', 'Unknown Browser', 1, '2022-02-13 04:12:30', '2022-02-13 04:11:30'),
(316, 'Slots', 1, NULL, 'bank', 222.8960, 40.0000, NULL, 1, 'out', NULL, 1, '127.0.0.1', '', 'Unknown', 'Unknown', 'Unknown OS Platform', 'Computer', 'Unknown Browser', 1, '2022-02-13 04:16:53', '2022-02-13 04:15:53'),
(317, 'Slots', 1, NULL, 'bank', 220.3960, 40.0000, NULL, 1, 'out', NULL, 1, '127.0.0.1', '', 'Unknown', 'Unknown', 'Unknown OS Platform', 'Computer', 'Unknown Browser', 1, '2022-02-13 04:18:42', '2022-02-13 04:17:42'),
(318, 'Slots', 1, NULL, 'bank', 220.8960, 40.0000, NULL, 1, 'out', NULL, 1, '188.19.153.116', 'Mozilla/5.0 (Windows NT 10.0; Win64; x64) AppleWebKit/537.36 (KHTML, like Gecko) Chrome/97.0.4692.99 Safari/537.36 OPR/83.0.4254.27', 'Russia', 'Perm', 'Windows 10', 'Computer', 'Chrome', 1, '2022-02-13 04:22:52', '2022-02-13 04:21:52'),
(319, 'Slots', 1, NULL, 'bank', 220.2960, 40.0000, NULL, 1, 'out', NULL, 1, '127.0.0.1', '', 'Unknown', 'Unknown', 'Unknown OS Platform', 'Computer', 'Unknown Browser', 1, '2022-02-13 05:08:38', '2022-02-13 05:07:38'),
(320, 'Slots', 1, NULL, 'bank', 222.2960, 40.0000, NULL, 1, 'out', NULL, 1, '87.249.139.231', 'Mozilla/5.0 (Windows NT 10.0; Win64; x64) AppleWebKit/537.36 (KHTML, like Gecko) Chrome/98.0.4758.82 Safari/537.36', 'Czechia', 'Jablonne nad Orlici', 'Windows 10', 'Computer', 'Chrome', 1, '2022-02-13 05:18:53', '2022-02-13 05:17:53'),
(321, 'Slots', 1, NULL, 'bank', 220.2960, 40.0000, NULL, 1, 'out', NULL, 1, '87.249.139.231', 'Mozilla/5.0 (Windows NT 10.0; Win64; x64) AppleWebKit/537.36 (KHTML, like Gecko) Chrome/98.0.4758.82 Safari/537.36', 'Czechia', 'Jablonne nad Orlici', 'Windows 10', 'Computer', 'Chrome', 1, '2022-02-13 05:21:27', '2022-02-13 05:20:27'),
(322, 'Slots', 1, NULL, 'bank', 220.5760, 40.0000, NULL, 1, 'out', NULL, 1, '87.249.139.231', 'Mozilla/5.0 (Windows NT 10.0; Win64; x64) AppleWebKit/537.36 (KHTML, like Gecko) Chrome/98.0.4758.82 Safari/537.36', 'Czechia', 'Jablonne nad Orlici', 'Windows 10', 'Computer', 'Chrome', 1, '2022-02-13 05:30:37', '2022-02-13 05:29:37'),
(323, 'Slots', 1, NULL, 'bank', 220.9360, 40.0000, NULL, 1, 'out', NULL, 1, '127.0.0.1', '', 'Unknown', 'Unknown', 'Unknown OS Platform', 'Computer', 'Unknown Browser', 1, '2022-02-13 05:34:34', '2022-02-13 05:33:34'),
(324, 'Slots', 1, NULL, 'bank', 220.9360, 40.0000, NULL, 1, 'out', NULL, 1, '127.0.0.1', '', 'Unknown', 'Unknown', 'Unknown OS Platform', 'Computer', 'Unknown Browser', 1, '2022-02-13 05:36:56', '2022-02-13 05:35:56'),
(325, 'Slots', 1, NULL, 'bank', 220.6860, 40.0000, NULL, 1, 'out', NULL, 1, '127.0.0.1', '', 'Unknown', 'Unknown', 'Unknown OS Platform', 'Computer', 'Unknown Browser', 1, '2022-02-13 05:42:02', '2022-02-13 05:41:02'),
(326, 'Slots', 1, NULL, 'bank', 220.9360, 40.0000, NULL, 1, 'out', NULL, 1, '127.0.0.1', '', 'Unknown', 'Unknown', 'Unknown OS Platform', 'Computer', 'Unknown Browser', 1, '2022-02-13 06:00:16', '2022-02-13 05:59:16'),
(327, 'Slots', 1, NULL, 'bank', 221.9360, 40.0000, NULL, 1, 'out', NULL, 1, '127.0.0.1', '', 'Unknown', 'Unknown', 'Unknown OS Platform', 'Computer', 'Unknown Browser', 1, '2022-02-13 06:05:30', '2022-02-13 06:04:30'),
(328, 'Slots', 1, NULL, 'bank', 222.9360, 40.0000, NULL, 1, 'out', NULL, 1, '127.0.0.1', '', 'Unknown', 'Unknown', 'Unknown OS Platform', 'Computer', 'Unknown Browser', 1, '2022-02-13 06:30:36', '2022-02-13 06:29:36'),
(329, 'Slots', 1, NULL, 'bank', 220.9360, 40.0000, NULL, 1, 'out', NULL, 1, '127.0.0.1', '', 'Unknown', 'Unknown', 'Unknown OS Platform', 'Computer', 'Unknown Browser', 1, '2022-02-13 06:32:17', '2022-02-13 06:31:17'),
(330, 'Slots', 1, NULL, 'bank', 220.2360, 40.0000, NULL, 1, 'out', NULL, 1, '127.0.0.1', '', 'Unknown', 'Unknown', 'Unknown OS Platform', 'Computer', 'Unknown Browser', 1, '2022-02-13 06:35:04', '2022-02-13 06:34:04'),
(331, 'Slots', 1, NULL, 'bank', 222.7360, 40.0000, NULL, 1, 'out', NULL, 1, '127.0.0.1', '', 'Unknown', 'Unknown', 'Unknown OS Platform', 'Computer', 'Unknown Browser', 1, '2022-02-13 06:48:08', '2022-02-13 06:47:08'),
(332, 'Slots', 1, NULL, 'bank', 220.6860, 40.0000, NULL, 1, 'out', NULL, 1, '127.0.0.1', '', 'Unknown', 'Unknown', 'Unknown OS Platform', 'Computer', 'Unknown Browser', 1, '2022-02-13 06:57:56', '2022-02-13 06:56:56'),
(333, 'Slots', 1, NULL, 'bank', 220.6860, 40.0000, NULL, 1, 'out', NULL, 1, '127.0.0.1', '', 'Unknown', 'Unknown', 'Unknown OS Platform', 'Computer', 'Unknown Browser', 1, '2022-02-13 07:01:02', '2022-02-13 07:00:02'),
(334, 'Slots', 1, NULL, 'bank', 220.0860, 40.0000, NULL, 1, 'out', NULL, 1, '127.0.0.1', '', 'Unknown', 'Unknown', 'Unknown OS Platform', 'Computer', 'Unknown Browser', 1, '2022-02-13 07:02:16', '2022-02-13 07:01:16'),
(335, 'Slots', 1, NULL, 'bank', 221.7360, 40.0000, NULL, 1, 'out', NULL, 1, '188.19.153.116', 'Mozilla/5.0 (Windows NT 10.0; Win64; x64) AppleWebKit/537.36 (KHTML, like Gecko) Chrome/97.0.4692.99 Safari/537.36 OPR/83.0.4254.27', 'Russia', 'Perm', 'Windows 10', 'Computer', 'Chrome', 1, '2022-02-13 07:05:46', '2022-02-13 07:04:46'),
(336, 'Slots', 1, NULL, 'bank', 220.7360, 40.0000, NULL, 1, 'out', NULL, 1, '127.0.0.1', '', 'Unknown', 'Unknown', 'Unknown OS Platform', 'Computer', 'Unknown Browser', 1, '2022-02-13 07:07:51', '2022-02-13 07:06:51'),
(337, 'Slots', 1, NULL, 'bank', 220.7360, 40.0000, NULL, 1, 'out', NULL, 1, '127.0.0.1', '', 'Unknown', 'Unknown', 'Unknown OS Platform', 'Computer', 'Unknown Browser', 1, '2022-02-13 07:14:10', '2022-02-13 07:13:10'),
(338, 'Slots', 1, NULL, 'bank', 220.7360, 40.0000, NULL, 1, 'out', NULL, 1, '188.19.153.116', 'Mozilla/5.0 (Windows NT 10.0; Win64; x64) AppleWebKit/537.36 (KHTML, like Gecko) Chrome/98.0.4758.82 Safari/537.36', 'Russia', 'Perm', 'Windows 10', 'Computer', 'Chrome', 1, '2022-02-13 07:32:06', '2022-02-13 07:31:06'),
(339, 'Slots', 1, NULL, 'bank', 220.0960, 40.0000, NULL, 1, 'out', NULL, 1, '188.19.153.116', 'Mozilla/5.0 (Windows NT 10.0; Win64; x64) AppleWebKit/537.36 (KHTML, like Gecko) Chrome/98.0.4758.82 Safari/537.36', 'Russia', 'Perm', 'Windows 10', 'Computer', 'Chrome', 1, '2022-02-13 07:36:18', '2022-02-13 07:35:18'),
(340, 'Slots', 1, NULL, 'bank', 220.6160, 40.0000, NULL, 1, 'out', NULL, 1, '127.0.0.1', '', 'Unknown', 'Unknown', 'Unknown OS Platform', 'Computer', 'Unknown Browser', 1, '2022-02-13 08:06:29', '2022-02-13 08:05:29'),
(341, 'Slots', 1, NULL, 'bank', 220.1160, 40.0000, NULL, 1, 'out', NULL, 1, '127.0.0.1', '', 'Unknown', 'Unknown', 'Unknown OS Platform', 'Computer', 'Unknown Browser', 1, '2022-02-13 08:18:35', '2022-02-13 08:17:35'),
(342, 'Slots', 1, NULL, 'bank', 221.1160, 40.0000, NULL, 1, 'out', NULL, 1, '127.0.0.1', '', 'Unknown', 'Unknown', 'Unknown OS Platform', 'Computer', 'Unknown Browser', 1, '2022-02-13 08:36:12', '2022-02-13 08:35:12'),
(343, 'Slots', 1, NULL, 'bank', 220.0160, 40.0000, NULL, 1, 'out', NULL, 1, '127.0.0.1', '', 'Unknown', 'Unknown', 'Unknown OS Platform', 'Computer', 'Unknown Browser', 1, '2022-02-13 08:42:07', '2022-02-13 08:41:07'),
(344, 'Slots', 1, NULL, 'bank', 220.4160, 40.0000, NULL, 1, 'out', NULL, 1, '127.0.0.1', '', 'Unknown', 'Unknown', 'Unknown OS Platform', 'Computer', 'Unknown Browser', 1, '2022-02-13 08:43:42', '2022-02-13 08:42:42'),
(345, 'Slots', 1, NULL, 'bank', 225.6332, 40.0000, NULL, 1, 'out', NULL, 1, '127.0.0.1', '', 'Unknown', 'Unknown', 'Unknown OS Platform', 'Computer', 'Unknown Browser', 1, '2022-02-19 17:44:01', '2022-02-19 17:43:01'),
(346, 'Slots', 1, NULL, 'bank', 223.4332, 40.0000, NULL, 1, 'out', NULL, 1, '127.0.0.1', '', 'Unknown', 'Unknown', 'Unknown OS Platform', 'Computer', 'Unknown Browser', 1, '2022-02-19 17:45:49', '2022-02-19 17:44:49'),
(347, 'Slots', 1, NULL, 'bank', 220.7872, 40.0000, NULL, 1, 'out', NULL, 1, '127.0.0.1', '', 'Unknown', 'Unknown', 'Unknown OS Platform', 'Computer', 'Unknown Browser', 1, '2022-02-24 16:08:04', '2022-02-24 16:07:04'),
(348, 'Slots', 1, NULL, 'bank', 256.8484, 70.0000, NULL, 1, 'out', NULL, 1, '127.0.0.1', '', 'Unknown', 'Unknown', 'Unknown OS Platform', 'Computer', 'Unknown Browser', 1, '2022-02-27 04:32:02', '2022-02-27 04:31:02'),
(349, 'Slots', 1, NULL, 'bank', 238.0484, 50.0000, NULL, 1, 'out', NULL, 1, '127.0.0.1', '', 'Unknown', 'Unknown', 'Unknown OS Platform', 'Computer', 'Unknown Browser', 1, '2022-02-27 04:32:06', '2022-02-27 04:31:06'),
(350, 'Slots', 1, NULL, 'bank', 239.2484, 50.0000, NULL, 1, 'out', NULL, 1, '127.0.0.1', '', 'Unknown', 'Unknown', 'Unknown OS Platform', 'Computer', 'Unknown Browser', 1, '2022-02-27 04:32:10', '2022-02-27 04:31:10'),
(351, 'Slots', 1, NULL, 'bank', 240.4484, 60.0000, NULL, 1, 'out', NULL, 1, '127.0.0.1', '', 'Unknown', 'Unknown', 'Unknown OS Platform', 'Computer', 'Unknown Browser', 1, '2022-02-27 04:32:14', '2022-02-27 04:31:14'),
(352, 'Slots', 1, NULL, 'bank', 231.6484, 50.0000, NULL, 1, 'out', NULL, 1, '127.0.0.1', '', 'Unknown', 'Unknown', 'Unknown OS Platform', 'Computer', 'Unknown Browser', 1, '2022-02-27 04:32:17', '2022-02-27 04:31:17'),
(353, 'Slots', 1, NULL, 'bank', 232.8484, 50.0000, NULL, 1, 'out', NULL, 1, '127.0.0.1', '', 'Unknown', 'Unknown', 'Unknown OS Platform', 'Computer', 'Unknown Browser', 1, '2022-02-27 04:32:21', '2022-02-27 04:31:21'),
(354, 'Slots', 1, NULL, 'bank', 234.0484, 50.0000, NULL, 1, 'out', NULL, 1, '127.0.0.1', '', 'Unknown', 'Unknown', 'Unknown OS Platform', 'Computer', 'Unknown Browser', 1, '2022-02-27 04:32:24', '2022-02-27 04:31:24'),
(355, 'Slots', 1, NULL, 'bank', 235.2484, 50.0000, NULL, 1, 'out', NULL, 1, '127.0.0.1', '', 'Unknown', 'Unknown', 'Unknown OS Platform', 'Computer', 'Unknown Browser', 1, '2022-02-27 04:32:33', '2022-02-27 04:31:33'),
(356, 'Slots', 1, NULL, 'bank', 236.4484, 50.0000, NULL, 1, 'out', NULL, 1, '127.0.0.1', '', 'Unknown', 'Unknown', 'Unknown OS Platform', 'Computer', 'Unknown Browser', 1, '2022-02-27 04:32:38', '2022-02-27 04:31:38'),
(357, 'Slots', 1, NULL, 'bank', 237.6484, 50.0000, NULL, 1, 'out', NULL, 1, '127.0.0.1', '', 'Unknown', 'Unknown', 'Unknown OS Platform', 'Computer', 'Unknown Browser', 1, '2022-02-27 04:32:40', '2022-02-27 04:31:40'),
(358, 'Slots', 1, NULL, 'bank', 238.8484, 50.0000, NULL, 1, 'out', NULL, 1, '127.0.0.1', '', 'Unknown', 'Unknown', 'Unknown OS Platform', 'Computer', 'Unknown Browser', 1, '2022-02-27 04:32:41', '2022-02-27 04:31:41'),
(359, 'Slots', 1, NULL, 'bank', 240.0484, 60.0000, NULL, 1, 'out', NULL, 1, '127.0.0.1', '', 'Unknown', 'Unknown', 'Unknown OS Platform', 'Computer', 'Unknown Browser', 1, '2022-02-27 04:32:43', '2022-02-27 04:31:43'),
(360, 'Slots', 1, NULL, 'bank', 231.2484, 50.0000, NULL, 1, 'out', NULL, 1, '127.0.0.1', '', 'Unknown', 'Unknown', 'Unknown OS Platform', 'Computer', 'Unknown Browser', 1, '2022-02-27 04:32:44', '2022-02-27 04:31:44'),
(361, 'Slots', 1, NULL, 'bank', 253.6484, 70.0000, NULL, 1, 'out', NULL, 1, '127.0.0.1', '', 'Unknown', 'Unknown', 'Unknown OS Platform', 'Computer', 'Unknown Browser', 1, '2022-02-27 04:32:49', '2022-02-27 04:31:49'),
(362, 'Slots', 1, NULL, 'bank', 234.8484, 50.0000, NULL, 1, 'out', NULL, 1, '127.0.0.1', '', 'Unknown', 'Unknown', 'Unknown OS Platform', 'Computer', 'Unknown Browser', 1, '2022-02-27 04:32:51', '2022-02-27 04:31:51'),
(363, 'Slots', 1, NULL, 'bank', 236.0484, 50.0000, NULL, 1, 'out', NULL, 1, '127.0.0.1', '', 'Unknown', 'Unknown', 'Unknown OS Platform', 'Computer', 'Unknown Browser', 1, '2022-02-27 04:32:54', '2022-02-27 04:31:54'),
(364, 'Slots', 1, NULL, 'bank', 237.2484, 50.0000, NULL, 1, 'out', NULL, 1, '127.0.0.1', '', 'Unknown', 'Unknown', 'Unknown OS Platform', 'Computer', 'Unknown Browser', 1, '2022-02-27 04:32:55', '2022-02-27 04:31:55'),
(365, 'Slots', 1, NULL, 'bank', 238.4484, 50.0000, NULL, 1, 'out', NULL, 1, '127.0.0.1', '', 'Unknown', 'Unknown', 'Unknown OS Platform', 'Computer', 'Unknown Browser', 1, '2022-02-27 04:32:57', '2022-02-27 04:31:57'),
(366, 'Slots', 1, NULL, 'bank', 239.6484, 50.0000, NULL, 1, 'out', NULL, 1, '127.0.0.1', '', 'Unknown', 'Unknown', 'Unknown OS Platform', 'Computer', 'Unknown Browser', 1, '2022-02-27 04:32:59', '2022-02-27 04:31:59'),
(367, 'Slots', 1, NULL, 'bank', 240.8484, 60.0000, NULL, 1, 'out', NULL, 1, '127.0.0.1', '', 'Unknown', 'Unknown', 'Unknown OS Platform', 'Computer', 'Unknown Browser', 1, '2022-02-27 04:33:00', '2022-02-27 04:32:00'),
(368, 'Slots', 1, NULL, 'bank', 232.0484, 50.0000, NULL, 1, 'out', NULL, 1, '127.0.0.1', '', 'Unknown', 'Unknown', 'Unknown OS Platform', 'Computer', 'Unknown Browser', 1, '2022-02-27 04:33:02', '2022-02-27 04:32:02'),
(369, 'Slots', 1, NULL, 'bank', 233.2484, 50.0000, NULL, 1, 'out', NULL, 1, '127.0.0.1', '', 'Unknown', 'Unknown', 'Unknown OS Platform', 'Computer', 'Unknown Browser', 1, '2022-02-27 04:33:04', '2022-02-27 04:32:04'),
(370, 'Slots', 1, NULL, 'bank', 234.4484, 50.0000, NULL, 1, 'out', NULL, 1, '127.0.0.1', '', 'Unknown', 'Unknown', 'Unknown OS Platform', 'Computer', 'Unknown Browser', 1, '2022-02-27 04:33:06', '2022-02-27 04:32:06'),
(371, 'Slots', 1, NULL, 'bank', 235.6484, 50.0000, NULL, 1, 'out', NULL, 1, '127.0.0.1', '', 'Unknown', 'Unknown', 'Unknown OS Platform', 'Computer', 'Unknown Browser', 1, '2022-02-27 04:33:08', '2022-02-27 04:32:08'),
(372, 'Slots', 1, NULL, 'bank', 236.8484, 50.0000, NULL, 1, 'out', NULL, 1, '127.0.0.1', '', 'Unknown', 'Unknown', 'Unknown OS Platform', 'Computer', 'Unknown Browser', 1, '2022-02-27 04:33:13', '2022-02-27 04:32:13'),
(373, 'Slots', 1, NULL, 'bank', 238.0484, 50.0000, NULL, 1, 'out', NULL, 1, '127.0.0.1', '', 'Unknown', 'Unknown', 'Unknown OS Platform', 'Computer', 'Unknown Browser', 1, '2022-02-27 04:33:15', '2022-02-27 04:32:15'),
(374, 'Bonus', 1, NULL, 'bank', 225.8070, 40.0000, NULL, 1, 'out', NULL, 1, '127.0.0.1', '', 'Unknown', 'Unknown', 'Unknown OS Platform', 'Computer', 'Unknown Browser', 1, '2022-02-27 04:33:17', '2022-02-27 04:32:17'),
(375, 'Slots', 1, NULL, 'bank', 241.6484, 60.0000, NULL, 1, 'out', NULL, 1, '127.0.0.1', '', 'Unknown', 'Unknown', 'Unknown OS Platform', 'Computer', 'Unknown Browser', 1, '2022-02-27 04:33:20', '2022-02-27 04:32:20'),
(376, 'Bonus', 1, NULL, 'bank', 225.8070, 40.0000, NULL, 1, 'out', NULL, 1, '127.0.0.1', '', 'Unknown', 'Unknown', 'Unknown OS Platform', 'Computer', 'Unknown Browser', 1, '2022-02-27 04:33:25', '2022-02-27 04:32:25'),
(377, 'Slots', 1, NULL, 'bank', 235.2484, 50.0000, NULL, 1, 'out', NULL, 1, '127.0.0.1', '', 'Unknown', 'Unknown', 'Unknown OS Platform', 'Computer', 'Unknown Browser', 1, '2022-02-27 04:33:25', '2022-02-27 04:32:25'),
(378, 'Slots', 1, NULL, 'bank', 236.4484, 50.0000, NULL, 1, 'out', NULL, 1, '127.0.0.1', '', 'Unknown', 'Unknown', 'Unknown OS Platform', 'Computer', 'Unknown Browser', 1, '2022-02-27 04:33:27', '2022-02-27 04:32:27'),
(379, 'Slots', 1, NULL, 'bank', 237.6484, 50.0000, NULL, 1, 'out', NULL, 1, '127.0.0.1', '', 'Unknown', 'Unknown', 'Unknown OS Platform', 'Computer', 'Unknown Browser', 1, '2022-02-27 04:33:30', '2022-02-27 04:32:30'),
(380, 'Slots', 1, NULL, 'bank', 228.8484, 40.0000, NULL, 1, 'out', NULL, 1, '127.0.0.1', '', 'Unknown', 'Unknown', 'Unknown OS Platform', 'Computer', 'Unknown Browser', 1, '2022-02-27 04:33:33', '2022-02-27 04:32:33'),
(381, 'Slots', 1, NULL, 'bank', 240.0484, 60.0000, NULL, 1, 'out', NULL, 1, '127.0.0.1', '', 'Unknown', 'Unknown', 'Unknown OS Platform', 'Computer', 'Unknown Browser', 1, '2022-02-27 04:33:35', '2022-02-27 04:32:35'),
(382, 'Bonus', 1, NULL, 'bank', 225.8070, 40.0000, NULL, 1, 'out', NULL, 1, '127.0.0.1', '', 'Unknown', 'Unknown', 'Unknown OS Platform', 'Computer', 'Unknown Browser', 1, '2022-02-27 04:33:36', '2022-02-27 04:32:36'),
(383, 'Slots', 1, NULL, 'bank', 231.2484, 50.0000, NULL, 1, 'out', NULL, 1, '127.0.0.1', '', 'Unknown', 'Unknown', 'Unknown OS Platform', 'Computer', 'Unknown Browser', 1, '2022-02-27 04:33:36', '2022-02-27 04:32:36'),
(384, 'Slots', 1, NULL, 'bank', 232.4484, 50.0000, NULL, 1, 'out', NULL, 1, '127.0.0.1', '', 'Unknown', 'Unknown', 'Unknown OS Platform', 'Computer', 'Unknown Browser', 1, '2022-02-27 04:33:38', '2022-02-27 04:32:38'),
(385, 'Slots', 1, NULL, 'bank', 236.0484, 50.0000, NULL, 1, 'out', NULL, 1, '127.0.0.1', '', 'Unknown', 'Unknown', 'Unknown OS Platform', 'Computer', 'Unknown Browser', 1, '2022-02-27 04:33:44', '2022-02-27 04:32:44'),
(386, 'Bonus', 1, NULL, 'bank', 225.8070, 40.0000, NULL, 1, 'out', NULL, 1, '127.0.0.1', '', 'Unknown', 'Unknown', 'Unknown OS Platform', 'Computer', 'Unknown Browser', 1, '2022-02-27 04:33:46', '2022-02-27 04:32:46'),
(387, 'Slots', 1, NULL, 'bank', 237.2484, 50.0000, NULL, 1, 'out', NULL, 1, '127.0.0.1', '', 'Unknown', 'Unknown', 'Unknown OS Platform', 'Computer', 'Unknown Browser', 1, '2022-02-27 04:33:46', '2022-02-27 04:32:46'),
(388, 'Slots', 1, NULL, 'bank', 238.4484, 50.0000, NULL, 1, 'out', NULL, 1, '127.0.0.1', '', 'Unknown', 'Unknown', 'Unknown OS Platform', 'Computer', 'Unknown Browser', 1, '2022-02-27 04:33:48', '2022-02-27 04:32:48'),
(389, 'Slots', 1, NULL, 'bank', 239.6484, 50.0000, NULL, 1, 'out', NULL, 1, '127.0.0.1', '', 'Unknown', 'Unknown', 'Unknown OS Platform', 'Computer', 'Unknown Browser', 1, '2022-02-27 04:33:50', '2022-02-27 04:32:50'),
(390, 'Slots', 1, NULL, 'bank', 240.8484, 60.0000, NULL, 1, 'out', NULL, 1, '127.0.0.1', '', 'Unknown', 'Unknown', 'Unknown OS Platform', 'Computer', 'Unknown Browser', 1, '2022-02-27 04:34:03', '2022-02-27 04:33:03'),
(391, 'Slots', 1, NULL, 'bank', 232.0484, 50.0000, NULL, 1, 'out', NULL, 1, '127.0.0.1', '', 'Unknown', 'Unknown', 'Unknown OS Platform', 'Computer', 'Unknown Browser', 1, '2022-02-27 04:34:06', '2022-02-27 04:33:06'),
(392, 'Bonus', 1, NULL, 'bank', 225.8070, 40.0000, NULL, 1, 'out', NULL, 1, '127.0.0.1', '', 'Unknown', 'Unknown', 'Unknown OS Platform', 'Computer', 'Unknown Browser', 1, '2022-02-27 04:34:07', '2022-02-27 04:33:07'),
(393, 'Slots', 1, NULL, 'bank', 233.2484, 50.0000, NULL, 1, 'out', NULL, 1, '127.0.0.1', '', 'Unknown', 'Unknown', 'Unknown OS Platform', 'Computer', 'Unknown Browser', 1, '2022-02-27 04:34:07', '2022-02-27 04:33:07'),
(394, 'Slots', 1, NULL, 'bank', 234.4484, 50.0000, NULL, 1, 'out', NULL, 1, '127.0.0.1', '', 'Unknown', 'Unknown', 'Unknown OS Platform', 'Computer', 'Unknown Browser', 1, '2022-02-27 04:34:09', '2022-02-27 04:33:09'),
(395, 'Slots', 1, NULL, 'bank', 235.6484, 50.0000, NULL, 1, 'out', NULL, 1, '127.0.0.1', '', 'Unknown', 'Unknown', 'Unknown OS Platform', 'Computer', 'Unknown Browser', 1, '2022-02-27 04:34:10', '2022-02-27 04:33:10'),
(396, 'Slots', 1, NULL, 'bank', 236.8484, 50.0000, NULL, 1, 'out', NULL, 1, '127.0.0.1', '', 'Unknown', 'Unknown', 'Unknown OS Platform', 'Computer', 'Unknown Browser', 1, '2022-02-27 04:34:12', '2022-02-27 04:33:12'),
(397, 'Slots', 1, NULL, 'bank', 238.0484, 50.0000, NULL, 1, 'out', NULL, 1, '127.0.0.1', '', 'Unknown', 'Unknown', 'Unknown OS Platform', 'Computer', 'Unknown Browser', 1, '2022-02-27 04:34:13', '2022-02-27 04:33:13'),
(398, 'Bonus', 1, NULL, 'bank', 225.8070, 40.0000, NULL, 1, 'out', NULL, 1, '127.0.0.1', '', 'Unknown', 'Unknown', 'Unknown OS Platform', 'Computer', 'Unknown Browser', 1, '2022-02-27 04:34:15', '2022-02-27 04:33:15'),
(399, 'Slots', 1, NULL, 'bank', 239.2484, 50.0000, NULL, 1, 'out', NULL, 1, '127.0.0.1', '', 'Unknown', 'Unknown', 'Unknown OS Platform', 'Computer', 'Unknown Browser', 1, '2022-02-27 04:34:15', '2022-02-27 04:33:15'),
(400, 'Slots', 1, NULL, 'bank', 240.4484, 60.0000, NULL, 1, 'out', NULL, 1, '127.0.0.1', '', 'Unknown', 'Unknown', 'Unknown OS Platform', 'Computer', 'Unknown Browser', 1, '2022-02-27 04:34:16', '2022-02-27 04:33:16'),
(401, 'Slots', 1, NULL, 'bank', 231.6484, 50.0000, NULL, 1, 'out', NULL, 1, '127.0.0.1', '', 'Unknown', 'Unknown', 'Unknown OS Platform', 'Computer', 'Unknown Browser', 1, '2022-02-27 04:34:18', '2022-02-27 04:33:18'),
(402, 'Slots', 1, NULL, 'bank', 244.0484, 60.0000, NULL, 1, 'out', NULL, 1, '127.0.0.1', '', 'Unknown', 'Unknown', 'Unknown OS Platform', 'Computer', 'Unknown Browser', 1, '2022-02-27 04:34:22', '2022-02-27 04:33:22'),
(403, 'Bonus', 1, NULL, 'bank', 225.8070, 40.0000, NULL, 1, 'out', NULL, 1, '127.0.0.1', '', 'Unknown', 'Unknown', 'Unknown OS Platform', 'Computer', 'Unknown Browser', 1, '2022-02-27 04:34:26', '2022-02-27 04:33:26'),
(404, 'Slots', 1, NULL, 'bank', 235.2484, 50.0000, NULL, 1, 'out', NULL, 1, '127.0.0.1', '', 'Unknown', 'Unknown', 'Unknown OS Platform', 'Computer', 'Unknown Browser', 1, '2022-02-27 04:34:26', '2022-02-27 04:33:26'),
(405, 'Slots', 1, NULL, 'bank', 236.4484, 50.0000, NULL, 1, 'out', NULL, 1, '127.0.0.1', '', 'Unknown', 'Unknown', 'Unknown OS Platform', 'Computer', 'Unknown Browser', 1, '2022-02-27 04:34:27', '2022-02-27 04:33:27'),
(406, 'Slots', 1, NULL, 'bank', 240.0484, 60.0000, NULL, 1, 'out', NULL, 1, '127.0.0.1', '', 'Unknown', 'Unknown', 'Unknown OS Platform', 'Computer', 'Unknown Browser', 1, '2022-02-27 04:34:35', '2022-02-27 04:33:35'),
(407, 'Bonus', 1, NULL, 'bank', 225.8070, 40.0000, NULL, 1, 'out', NULL, 1, '127.0.0.1', '', 'Unknown', 'Unknown', 'Unknown OS Platform', 'Computer', 'Unknown Browser', 1, '2022-02-27 04:34:40', '2022-02-27 04:33:40'),
(408, 'Slots', 1, NULL, 'bank', 231.2484, 50.0000, NULL, 1, 'out', NULL, 1, '127.0.0.1', '', 'Unknown', 'Unknown', 'Unknown OS Platform', 'Computer', 'Unknown Browser', 1, '2022-02-27 04:34:40', '2022-02-27 04:33:40'),
(409, 'Slots', 1, NULL, 'bank', 232.4484, 50.0000, NULL, 1, 'out', NULL, 1, '127.0.0.1', '', 'Unknown', 'Unknown', 'Unknown OS Platform', 'Computer', 'Unknown Browser', 1, '2022-02-27 04:34:49', '2022-02-27 04:33:49'),
(410, 'Slots', 1, NULL, 'bank', 264.8484, 80.0000, NULL, 1, 'out', NULL, 1, '127.0.0.1', '', 'Unknown', 'Unknown', 'Unknown OS Platform', 'Computer', 'Unknown Browser', 1, '2022-02-27 04:34:53', '2022-02-27 04:33:53'),
(411, 'Slots', 1, NULL, 'bank', 224.2724, 40.0000, NULL, 1, 'out', NULL, 1, '127.0.0.1', '', 'Unknown', 'Unknown', 'Unknown OS Platform', 'Computer', 'Unknown Browser', 1, '2022-02-27 04:37:00', '2022-02-27 04:36:00'),
(412, 'Bonus', 1, NULL, 'bank', 221.9670, 40.0000, NULL, 1, 'out', NULL, 1, '127.0.0.1', '', 'Unknown', 'Unknown', 'Unknown OS Platform', 'Computer', 'Unknown Browser', 1, '2022-02-27 04:37:06', '2022-02-27 04:36:06'),
(413, 'Slots', 1, NULL, 'bank', 223.4724, 40.0000, NULL, 1, 'out', NULL, 1, '127.0.0.1', '', 'Unknown', 'Unknown', 'Unknown OS Platform', 'Computer', 'Unknown Browser', 1, '2022-02-27 04:37:21', '2022-02-27 04:36:21'),
(414, 'Slots', 1, NULL, 'bank', 221.8724, 40.0000, NULL, 1, 'out', NULL, 1, '127.0.0.1', '', 'Unknown', 'Unknown', 'Unknown OS Platform', 'Computer', 'Unknown Browser', 1, '2022-02-27 04:37:27', '2022-02-27 04:36:27'),
(415, 'JPG 19', 1, NULL, 'jpg', 0.9915, 2.0000, NULL, 1, 'add', NULL, 1, '170.51.106.33', 'Mozilla/5.0 (Linux; Android 12; SAMSUNG SM-G988B) AppleWebKit/537.36 (KHTML, like Gecko) SamsungBrowser/16.0 Chrome/92.0.4515.166 Mobile Safari/537.36', 'Argentina', 'San Miguel de Tucumán', 'Android', 'Mobile', 'Safari Browser', 1, '2022-02-27 05:28:39', '2022-02-27 05:28:39'),
(416, 'JPG 15', 1, NULL, 'jpg', 0.0025, 1.0000, NULL, 1, 'add', NULL, 1, '170.51.106.33', 'Mozilla/5.0 (Linux; Android 12; SAMSUNG SM-G988B) AppleWebKit/537.36 (KHTML, like Gecko) SamsungBrowser/16.0 Chrome/92.0.4515.166 Mobile Safari/537.36', 'Argentina', 'San Miguel de Tucumán', 'Android', 'Mobile', 'Safari Browser', 1, '2022-02-27 05:28:49', '2022-02-27 05:28:49'),
(417, 'JPG 17', 1, NULL, 'jpg', 0.0025, 5.0000, NULL, 1, 'add', NULL, 1, '170.51.106.33', 'Mozilla/5.0 (Linux; Android 12; SAMSUNG SM-G988B) AppleWebKit/537.36 (KHTML, like Gecko) SamsungBrowser/16.0 Chrome/92.0.4515.166 Mobile Safari/537.36', 'Argentina', 'San Miguel de Tucumán', 'Android', 'Mobile', 'Safari Browser', 1, '2022-02-27 05:28:49', '2022-02-27 05:28:49'),
(418, 'JPG 12', 1, NULL, 'jpg', 0.1954, 4.0000, NULL, 1, 'add', NULL, 1, '170.51.106.33', 'Mozilla/5.0 (Linux; Android 12; SAMSUNG SM-G988B) AppleWebKit/537.36 (KHTML, like Gecko) SamsungBrowser/16.0 Chrome/92.0.4515.166 Mobile Safari/537.36', 'Argentina', 'San Miguel de Tucumán', 'Android', 'Mobile', 'Safari Browser', 1, '2022-02-27 05:28:58', '2022-02-27 05:28:58'),
(419, 'Slots', 1, NULL, 'bank', 222.1504, 40.0000, NULL, 1, 'out', NULL, 1, '170.51.106.33', 'Mozilla/5.0 (Linux; Android 12; SAMSUNG SM-G988B) AppleWebKit/537.36 (KHTML, like Gecko) SamsungBrowser/16.0 Chrome/92.0.4515.166 Mobile Safari/537.36', 'Argentina', 'San Miguel de Tucumán', 'Android', 'Mobile', 'Safari Browser', 1, '2022-02-27 05:30:02', '2022-02-27 05:29:02'),
(420, 'Slots', 1, NULL, 'bank', 220.5504, 40.0000, NULL, 1, 'out', NULL, 1, '127.0.0.1', '', 'Unknown', 'Unknown', 'Unknown OS Platform', 'Computer', 'Unknown Browser', 1, '2022-02-27 05:34:53', '2022-02-27 05:33:53'),
(421, 'Slots', 1, NULL, 'bank', 231.7504, 50.0000, NULL, 1, 'out', NULL, 1, '127.0.0.1', '', 'Unknown', 'Unknown', 'Unknown OS Platform', 'Computer', 'Unknown Browser', 1, '2022-02-27 05:35:04', '2022-02-27 05:34:04'),
(422, 'Slots', 1, NULL, 'bank', 220.1504, 40.0000, NULL, 1, 'out', NULL, 1, '127.0.0.1', '', 'Unknown', 'Unknown', 'Unknown OS Platform', 'Computer', 'Unknown Browser', 1, '2022-02-27 05:35:09', '2022-02-27 05:34:09'),
(423, 'Bonus', 1, NULL, 'bank', 220.4870, 40.0000, NULL, 1, 'out', NULL, 1, '127.0.0.1', '', 'Unknown', 'Unknown', 'Unknown OS Platform', 'Computer', 'Unknown Browser', 1, '2022-02-27 05:35:12', '2022-02-27 05:34:12'),
(424, 'Slots', 1, NULL, 'bank', 231.3504, 50.0000, NULL, 1, 'out', NULL, 1, '127.0.0.1', '', 'Unknown', 'Unknown', 'Unknown OS Platform', 'Computer', 'Unknown Browser', 1, '2022-02-27 05:35:16', '2022-02-27 05:34:16'),
(425, 'Slots', 1, NULL, 'bank', 222.5104, 40.0000, NULL, 1, 'out', NULL, 1, '127.0.0.1', '', 'Unknown', 'Unknown', 'Unknown OS Platform', 'Computer', 'Unknown Browser', 1, '2022-02-27 05:36:35', '2022-02-27 05:35:35'),
(426, 'JPG 11', 1, NULL, 'jpg', 0.8798, 4.0000, NULL, 1, 'add', NULL, 1, '170.51.106.33', 'Mozilla/5.0 (Linux; Android 12; SM-G988B) AppleWebKit/537.36 (KHTML, like Gecko) Chrome/98.0.4758.101 Mobile Safari/537.36', 'Argentina', 'San Miguel de Tucumán', 'Android', 'Mobile', 'Safari Browser', 1, '2022-02-27 05:51:02', '2022-02-27 05:51:02'),
(427, 'JPG 14', 1, NULL, 'jpg', 0.8873, 2.0000, NULL, 1, 'add', NULL, 1, '170.51.106.33', 'Mozilla/5.0 (Linux; Android 12; SM-G988B) AppleWebKit/537.36 (KHTML, like Gecko) Chrome/98.0.4758.101 Mobile Safari/537.36', 'Argentina', 'San Miguel de Tucumán', 'Android', 'Mobile', 'Safari Browser', 1, '2022-02-27 05:51:14', '2022-02-27 05:51:14'),
(428, 'Slots', 1, NULL, 'bank', 220.7028, 40.0000, NULL, 1, 'out', NULL, 1, '170.51.106.33', 'Mozilla/5.0 (Linux; Android 12; SM-G988B) AppleWebKit/537.36 (KHTML, like Gecko) Chrome/98.0.4758.101 Mobile Safari/537.36', 'Argentina', 'San Miguel de Tucumán', 'Android', 'Mobile', 'Safari Browser', 1, '2022-02-27 05:52:23', '2022-02-27 05:51:23'),
(429, 'Slots', 1, NULL, 'bank', 245.6508, 60.0000, NULL, 1, 'out', NULL, 1, '127.0.0.1', '', 'Unknown', 'Unknown', 'Unknown OS Platform', 'Computer', 'Unknown Browser', 1, '2022-02-27 12:20:09', '2022-02-27 12:19:09'),
(430, 'Slots', 1, NULL, 'bank', 224.0508, 40.0000, NULL, 1, 'out', NULL, 1, '127.0.0.1', '', 'Unknown', 'Unknown', 'Unknown OS Platform', 'Computer', 'Unknown Browser', 1, '2022-02-27 12:20:14', '2022-02-27 12:19:14'),
(431, 'Slots', 1, NULL, 'bank', 222.4508, 40.0000, NULL, 1, 'out', NULL, 1, '127.0.0.1', '', 'Unknown', 'Unknown', 'Unknown OS Platform', 'Computer', 'Unknown Browser', 1, '2022-02-27 12:20:18', '2022-02-27 12:19:18'),
(432, 'Bonus', 1, NULL, 'bank', 220.4730, 40.0000, NULL, 1, 'out', NULL, 1, '127.0.0.1', '', 'Unknown', 'Unknown', 'Unknown OS Platform', 'Computer', 'Unknown Browser', 1, '2022-02-27 12:20:21', '2022-02-27 12:19:21'),
(433, 'Slots', 1, NULL, 'bank', 220.8508, 40.0000, NULL, 1, 'out', NULL, 1, '127.0.0.1', '', 'Unknown', 'Unknown', 'Unknown OS Platform', 'Computer', 'Unknown Browser', 1, '2022-02-27 12:20:21', '2022-02-27 12:19:21'),
(434, 'Slots', 1, NULL, 'bank', 257.6508, 70.0000, NULL, 1, 'out', NULL, 1, '127.0.0.1', '', 'Unknown', 'Unknown', 'Unknown OS Platform', 'Computer', 'Unknown Browser', 1, '2022-02-27 12:20:27', '2022-02-27 12:19:27'),
(435, 'Slots', 1, NULL, 'bank', 226.0508, 40.0000, NULL, 1, 'out', NULL, 1, '127.0.0.1', '', 'Unknown', 'Unknown', 'Unknown OS Platform', 'Computer', 'Unknown Browser', 1, '2022-02-27 12:20:30', '2022-02-27 12:19:30'),
(436, 'Slots', 1, NULL, 'bank', 224.4508, 40.0000, NULL, 1, 'out', NULL, 1, '127.0.0.1', '', 'Unknown', 'Unknown', 'Unknown OS Platform', 'Computer', 'Unknown Browser', 1, '2022-02-27 12:20:33', '2022-02-27 12:19:33'),
(437, 'Slots', 1, NULL, 'bank', 222.8508, 40.0000, NULL, 1, 'out', NULL, 1, '127.0.0.1', '', 'Unknown', 'Unknown', 'Unknown OS Platform', 'Computer', 'Unknown Browser', 1, '2022-02-27 12:20:36', '2022-02-27 12:19:36'),
(438, 'Slots', 1, NULL, 'bank', 221.2508, 40.0000, NULL, 1, 'out', NULL, 1, '127.0.0.1', '', 'Unknown', 'Unknown', 'Unknown OS Platform', 'Computer', 'Unknown Browser', 1, '2022-02-27 12:20:39', '2022-02-27 12:19:39'),
(439, 'Bonus', 1, NULL, 'bank', 222.4730, 40.0000, NULL, 1, 'out', NULL, 1, '127.0.0.1', '', 'Unknown', 'Unknown', 'Unknown OS Platform', 'Computer', 'Unknown Browser', 1, '2022-02-27 12:20:42', '2022-02-27 12:19:42'),
(440, 'Slots', 1, NULL, 'bank', 258.0508, 70.0000, NULL, 1, 'out', NULL, 1, '127.0.0.1', '', 'Unknown', 'Unknown', 'Unknown OS Platform', 'Computer', 'Unknown Browser', 1, '2022-02-27 12:20:45', '2022-02-27 12:19:45'),
(441, 'Slots', 1, NULL, 'bank', 226.4508, 40.0000, NULL, 1, 'out', NULL, 1, '127.0.0.1', '', 'Unknown', 'Unknown', 'Unknown OS Platform', 'Computer', 'Unknown Browser', 1, '2022-02-27 12:20:49', '2022-02-27 12:19:49'),
(442, 'Slots', 1, NULL, 'bank', 224.8508, 40.0000, NULL, 1, 'out', NULL, 1, '127.0.0.1', '', 'Unknown', 'Unknown', 'Unknown OS Platform', 'Computer', 'Unknown Browser', 1, '2022-02-27 12:20:52', '2022-02-27 12:19:52'),
(443, 'Slots', 1, NULL, 'bank', 223.2508, 40.0000, NULL, 1, 'out', NULL, 1, '127.0.0.1', '', 'Unknown', 'Unknown', 'Unknown OS Platform', 'Computer', 'Unknown Browser', 1, '2022-02-27 12:20:54', '2022-02-27 12:19:54'),
(444, 'Slots', 1, NULL, 'bank', 221.6508, 40.0000, NULL, 1, 'out', NULL, 1, '127.0.0.1', '', 'Unknown', 'Unknown', 'Unknown OS Platform', 'Computer', 'Unknown Browser', 1, '2022-02-27 12:20:57', '2022-02-27 12:19:57'),
(445, 'Slots', 1, NULL, 'bank', 220.0508, 40.0000, NULL, 1, 'out', NULL, 1, '127.0.0.1', '', 'Unknown', 'Unknown', 'Unknown OS Platform', 'Computer', 'Unknown Browser', 1, '2022-02-27 12:20:59', '2022-02-27 12:19:59'),
(446, 'Bonus', 1, NULL, 'bank', 224.4730, 40.0000, NULL, 1, 'out', NULL, 1, '127.0.0.1', '', 'Unknown', 'Unknown', 'Unknown OS Platform', 'Computer', 'Unknown Browser', 1, '2022-02-27 12:21:02', '2022-02-27 12:20:02'),
(447, 'Slots', 1, NULL, 'bank', 255.2508, 70.0000, NULL, 1, 'out', NULL, 1, '127.0.0.1', '', 'Unknown', 'Unknown', 'Unknown OS Platform', 'Computer', 'Unknown Browser', 1, '2022-02-27 12:21:10', '2022-02-27 12:20:10'),
(448, 'Slots', 1, NULL, 'bank', 223.6508, 40.0000, NULL, 1, 'out', NULL, 1, '127.0.0.1', '', 'Unknown', 'Unknown', 'Unknown OS Platform', 'Computer', 'Unknown Browser', 1, '2022-02-27 12:21:12', '2022-02-27 12:20:12'),
(449, 'Slots', 1, NULL, 'bank', 222.0508, 40.0000, NULL, 1, 'out', NULL, 1, '127.0.0.1', '', 'Unknown', 'Unknown', 'Unknown OS Platform', 'Computer', 'Unknown Browser', 1, '2022-02-27 12:21:15', '2022-02-27 12:20:15'),
(450, 'Slots', 1, NULL, 'bank', 220.4508, 40.0000, NULL, 1, 'out', NULL, 1, '127.0.0.1', '', 'Unknown', 'Unknown', 'Unknown OS Platform', 'Computer', 'Unknown Browser', 1, '2022-02-27 12:21:17', '2022-02-27 12:20:17'),
(451, 'Bonus', 1, NULL, 'bank', 220.4730, 40.0000, NULL, 1, 'out', NULL, 1, '127.0.0.1', '', 'Unknown', 'Unknown', 'Unknown OS Platform', 'Computer', 'Unknown Browser', 1, '2022-02-27 12:21:20', '2022-02-27 12:20:20'),
(452, 'Slots', 1, NULL, 'bank', 257.2508, 70.0000, NULL, 1, 'out', NULL, 1, '127.0.0.1', '', 'Unknown', 'Unknown', 'Unknown OS Platform', 'Computer', 'Unknown Browser', 1, '2022-02-27 12:21:22', '2022-02-27 12:20:22'),
(453, 'Slots', 1, NULL, 'bank', 225.6508, 40.0000, NULL, 1, 'out', NULL, 1, '127.0.0.1', '', 'Unknown', 'Unknown', 'Unknown OS Platform', 'Computer', 'Unknown Browser', 1, '2022-02-27 12:21:25', '2022-02-27 12:20:25'),
(454, 'Slots', 1, NULL, 'bank', 224.0508, 40.0000, NULL, 1, 'out', NULL, 1, '127.0.0.1', '', 'Unknown', 'Unknown', 'Unknown OS Platform', 'Computer', 'Unknown Browser', 1, '2022-02-27 12:21:27', '2022-02-27 12:20:27'),
(455, 'Slots', 1, NULL, 'bank', 222.4508, 40.0000, NULL, 1, 'out', NULL, 1, '127.0.0.1', '', 'Unknown', 'Unknown', 'Unknown OS Platform', 'Computer', 'Unknown Browser', 1, '2022-02-27 12:21:30', '2022-02-27 12:20:30');
INSERT INTO `w_statistics` (`id`, `title`, `user_id`, `payeer_id`, `system`, `old`, `sum`, `sum2`, `hh_multiplier`, `type`, `item_id`, `status`, `ip_address`, `user_agent`, `country`, `city`, `os`, `device`, `browser`, `shop_id`, `created_at`, `updated_at`) VALUES
(456, 'Slots', 1, NULL, 'bank', 220.8508, 40.0000, NULL, 1, 'out', NULL, 1, '127.0.0.1', '', 'Unknown', 'Unknown', 'Unknown OS Platform', 'Computer', 'Unknown Browser', 1, '2022-02-27 12:21:34', '2022-02-27 12:20:34'),
(457, 'Bonus', 1, NULL, 'bank', 222.4730, 40.0000, NULL, 1, 'out', NULL, 1, '127.0.0.1', '', 'Unknown', 'Unknown', 'Unknown OS Platform', 'Computer', 'Unknown Browser', 1, '2022-02-27 12:21:39', '2022-02-27 12:20:39'),
(458, 'Slots', 1, NULL, 'bank', 257.6508, 70.0000, NULL, 1, 'out', NULL, 1, '127.0.0.1', '', 'Unknown', 'Unknown', 'Unknown OS Platform', 'Computer', 'Unknown Browser', 1, '2022-02-27 12:21:39', '2022-02-27 12:20:39'),
(459, 'Slots', 1, NULL, 'bank', 226.0508, 40.0000, NULL, 1, 'out', NULL, 1, '127.0.0.1', '', 'Unknown', 'Unknown', 'Unknown OS Platform', 'Computer', 'Unknown Browser', 1, '2022-02-27 12:21:44', '2022-02-27 12:20:44'),
(460, 'Slots', 1, NULL, 'bank', 241.2508, 60.0000, NULL, 1, 'out', NULL, 1, '127.0.0.1', '', 'Unknown', 'Unknown', 'Unknown OS Platform', 'Computer', 'Unknown Browser', 1, '2022-02-27 12:21:57', '2022-02-27 12:20:57'),
(461, 'Slots', 1, NULL, 'bank', 258.0508, 70.0000, NULL, 1, 'out', NULL, 1, '127.0.0.1', '', 'Unknown', 'Unknown', 'Unknown OS Platform', 'Computer', 'Unknown Browser', 1, '2022-02-27 12:22:02', '2022-02-27 12:21:02'),
(462, 'Bonus', 1, NULL, 'bank', 226.5930, 40.0000, NULL, 1, 'out', NULL, 1, '127.0.0.1', '', 'Unknown', 'Unknown', 'Unknown OS Platform', 'Computer', 'Unknown Browser', 1, '2022-02-27 12:25:16', '2022-02-27 12:24:16'),
(463, 'Slots', 1, NULL, 'bank', 240.0188, 60.0000, NULL, 1, 'out', NULL, 1, '127.0.0.1', '', 'Unknown', 'Unknown', 'Unknown OS Platform', 'Computer', 'Unknown Browser', 1, '2022-02-27 12:25:16', '2022-02-27 12:24:16'),
(464, 'Slots', 1, NULL, 'bank', 231.2188, 50.0000, NULL, 1, 'out', NULL, 1, '127.0.0.1', '', 'Unknown', 'Unknown', 'Unknown OS Platform', 'Computer', 'Unknown Browser', 1, '2022-02-27 12:25:19', '2022-02-27 12:24:19'),
(465, 'Slots', 1, NULL, 'bank', 232.4188, 50.0000, NULL, 1, 'out', NULL, 1, '127.0.0.1', '', 'Unknown', 'Unknown', 'Unknown OS Platform', 'Computer', 'Unknown Browser', 1, '2022-02-27 12:25:20', '2022-02-27 12:24:20'),
(466, 'Slots', 1, NULL, 'bank', 233.6188, 50.0000, NULL, 1, 'out', NULL, 1, '127.0.0.1', '', 'Unknown', 'Unknown', 'Unknown OS Platform', 'Computer', 'Unknown Browser', 1, '2022-02-27 12:25:22', '2022-02-27 12:24:22'),
(467, 'Slots', 1, NULL, 'bank', 234.8188, 50.0000, NULL, 1, 'out', NULL, 1, '127.0.0.1', '', 'Unknown', 'Unknown', 'Unknown OS Platform', 'Computer', 'Unknown Browser', 1, '2022-02-27 12:25:24', '2022-02-27 12:24:24'),
(468, 'Bonus', 1, NULL, 'bank', 226.5930, 40.0000, NULL, 1, 'out', NULL, 1, '127.0.0.1', '', 'Unknown', 'Unknown', 'Unknown OS Platform', 'Computer', 'Unknown Browser', 1, '2022-02-27 12:25:26', '2022-02-27 12:24:26'),
(469, 'Slots', 1, NULL, 'bank', 236.0188, 50.0000, NULL, 1, 'out', NULL, 1, '127.0.0.1', '', 'Unknown', 'Unknown', 'Unknown OS Platform', 'Computer', 'Unknown Browser', 1, '2022-02-27 12:25:26', '2022-02-27 12:24:26'),
(470, 'Slots', 1, NULL, 'bank', 237.2188, 50.0000, NULL, 1, 'out', NULL, 1, '127.0.0.1', '', 'Unknown', 'Unknown', 'Unknown OS Platform', 'Computer', 'Unknown Browser', 1, '2022-02-27 12:25:29', '2022-02-27 12:24:29'),
(471, 'Slots', 1, NULL, 'bank', 238.4188, 50.0000, NULL, 1, 'out', NULL, 1, '127.0.0.1', '', 'Unknown', 'Unknown', 'Unknown OS Platform', 'Computer', 'Unknown Browser', 1, '2022-02-27 12:25:31', '2022-02-27 12:24:31'),
(472, 'Slots', 1, NULL, 'bank', 270.8188, 90.0000, NULL, 1, 'out', NULL, 1, '127.0.0.1', '', 'Unknown', 'Unknown', 'Unknown OS Platform', 'Computer', 'Unknown Browser', 1, '2022-02-27 12:25:35', '2022-02-27 12:24:35'),
(473, 'Bonus', 1, NULL, 'bank', 226.5930, 40.0000, NULL, 1, 'out', NULL, 1, '127.0.0.1', '', 'Unknown', 'Unknown', 'Unknown OS Platform', 'Computer', 'Unknown Browser', 1, '2022-02-27 12:25:37', '2022-02-27 12:24:37'),
(474, 'Slots', 1, NULL, 'bank', 232.0188, 50.0000, NULL, 1, 'out', NULL, 1, '127.0.0.1', '', 'Unknown', 'Unknown', 'Unknown OS Platform', 'Computer', 'Unknown Browser', 1, '2022-02-27 12:25:37', '2022-02-27 12:24:37'),
(475, 'Slots', 1, NULL, 'bank', 233.2188, 50.0000, NULL, 1, 'out', NULL, 1, '127.0.0.1', '', 'Unknown', 'Unknown', 'Unknown OS Platform', 'Computer', 'Unknown Browser', 1, '2022-02-27 12:25:39', '2022-02-27 12:24:39'),
(476, 'Slots', 1, NULL, 'bank', 234.4188, 50.0000, NULL, 1, 'out', NULL, 1, '127.0.0.1', '', 'Unknown', 'Unknown', 'Unknown OS Platform', 'Computer', 'Unknown Browser', 1, '2022-02-27 12:25:41', '2022-02-27 12:24:41'),
(477, 'Slots', 1, NULL, 'bank', 235.6188, 50.0000, NULL, 1, 'out', NULL, 1, '127.0.0.1', '', 'Unknown', 'Unknown', 'Unknown OS Platform', 'Computer', 'Unknown Browser', 1, '2022-02-27 12:25:43', '2022-02-27 12:24:43'),
(478, 'Slots', 1, NULL, 'bank', 222.3788, 40.0000, NULL, 1, 'out', NULL, 1, '170.51.106.33', 'Mozilla/5.0 (Linux; Android 12; SM-G988B) AppleWebKit/537.36 (KHTML, like Gecko) Chrome/98.0.4758.101 Mobile Safari/537.36', 'Argentina', 'San Miguel de Tucumán', 'Android', 'Mobile', 'Safari Browser', 1, '2022-02-27 23:59:42', '2022-02-27 23:58:42'),
(479, 'Bonus', 1, NULL, 'bank', 220.9130, 40.0000, NULL, 1, 'out', NULL, 1, '127.0.0.1', '', 'Unknown', 'Unknown', 'Unknown OS Platform', 'Computer', 'Unknown Browser', 1, '2022-02-28 00:00:55', '2022-02-27 23:59:55'),
(480, 'Slots', 1, NULL, 'bank', 271.6668, 90.0000, NULL, 1, 'out', NULL, 1, '127.0.0.1', '', 'Unknown', 'Unknown', 'Unknown OS Platform', 'Computer', 'Unknown Browser', 1, '2022-02-28 00:00:55', '2022-02-27 23:59:55'),
(481, 'Slots', 1, NULL, 'bank', 239.2668, 50.0000, NULL, 1, 'out', NULL, 1, '127.0.0.1', '', 'Unknown', 'Unknown', 'Unknown OS Platform', 'Computer', 'Unknown Browser', 1, '2022-02-28 00:00:58', '2022-02-27 23:59:58'),
(482, 'Slots', 1, NULL, 'bank', 246.8668, 60.0000, NULL, 1, 'out', NULL, 1, '127.0.0.1', '', 'Unknown', 'Unknown', 'Unknown OS Platform', 'Computer', 'Unknown Browser', 1, '2022-02-28 00:01:01', '2022-02-28 00:00:01'),
(483, 'Slots', 1, NULL, 'bank', 244.4668, 60.0000, NULL, 1, 'out', NULL, 1, '127.0.0.1', '', 'Unknown', 'Unknown', 'Unknown OS Platform', 'Computer', 'Unknown Browser', 1, '2022-02-28 00:01:04', '2022-02-28 00:00:04'),
(484, 'Slots', 1, NULL, 'bank', 242.0668, 60.0000, NULL, 1, 'out', NULL, 1, '127.0.0.1', '', 'Unknown', 'Unknown', 'Unknown OS Platform', 'Computer', 'Unknown Browser', 1, '2022-02-28 00:01:07', '2022-02-28 00:00:07'),
(485, 'Bonus', 1, NULL, 'bank', 225.9130, 40.0000, NULL, 1, 'out', NULL, 1, '127.0.0.1', '', 'Unknown', 'Unknown', 'Unknown OS Platform', 'Computer', 'Unknown Browser', 1, '2022-02-28 00:01:10', '2022-02-28 00:00:10'),
(486, 'Slots', 1, NULL, 'bank', 239.6668, 50.0000, NULL, 1, 'out', NULL, 1, '127.0.0.1', '', 'Unknown', 'Unknown', 'Unknown OS Platform', 'Computer', 'Unknown Browser', 1, '2022-02-28 00:01:10', '2022-02-28 00:00:10'),
(487, 'Slots', 1, NULL, 'bank', 247.2668, 60.0000, NULL, 1, 'out', NULL, 1, '127.0.0.1', '', 'Unknown', 'Unknown', 'Unknown OS Platform', 'Computer', 'Unknown Browser', 1, '2022-02-28 00:01:13', '2022-02-28 00:00:13'),
(488, 'Slots', 1, NULL, 'bank', 242.4668, 60.0000, NULL, 1, 'out', NULL, 1, '127.0.0.1', '', 'Unknown', 'Unknown', 'Unknown OS Platform', 'Computer', 'Unknown Browser', 1, '2022-02-28 00:01:26', '2022-02-28 00:00:26'),
(489, 'Bonus', 1, NULL, 'bank', 221.9130, 40.0000, NULL, 1, 'out', NULL, 1, '127.0.0.1', '', 'Unknown', 'Unknown', 'Unknown OS Platform', 'Computer', 'Unknown Browser', 1, '2022-02-28 00:01:30', '2022-02-28 00:00:30'),
(490, 'Slots', 1, NULL, 'bank', 243.6668, 60.0000, NULL, 1, 'out', NULL, 1, '127.0.0.1', '', 'Unknown', 'Unknown', 'Unknown OS Platform', 'Computer', 'Unknown Browser', 1, '2022-02-28 00:01:33', '2022-02-28 00:00:33'),
(491, 'Slots', 1, NULL, 'bank', 241.2668, 60.0000, NULL, 1, 'out', NULL, 1, '127.0.0.1', '', 'Unknown', 'Unknown', 'Unknown OS Platform', 'Computer', 'Unknown Browser', 1, '2022-02-28 00:01:36', '2022-02-28 00:00:36'),
(492, 'Slots', 1, NULL, 'bank', 272.4668, 90.0000, NULL, 1, 'out', NULL, 1, '127.0.0.1', '', 'Unknown', 'Unknown', 'Unknown OS Platform', 'Computer', 'Unknown Browser', 1, '2022-02-28 00:01:44', '2022-02-28 00:00:44'),
(493, 'Bonus', 1, NULL, 'bank', 226.9130, 40.0000, NULL, 1, 'out', NULL, 1, '127.0.0.1', '', 'Unknown', 'Unknown', 'Unknown OS Platform', 'Computer', 'Unknown Browser', 1, '2022-02-28 00:01:47', '2022-02-28 00:00:47'),
(494, 'Slots', 1, NULL, 'bank', 240.0668, 60.0000, NULL, 1, 'out', NULL, 1, '127.0.0.1', '', 'Unknown', 'Unknown', 'Unknown OS Platform', 'Computer', 'Unknown Browser', 1, '2022-02-28 00:01:47', '2022-02-28 00:00:47'),
(495, 'Slots', 1, NULL, 'bank', 237.6668, 50.0000, NULL, 1, 'out', NULL, 1, '127.0.0.1', '', 'Unknown', 'Unknown', 'Unknown OS Platform', 'Computer', 'Unknown Browser', 1, '2022-02-28 00:01:50', '2022-02-28 00:00:50'),
(496, 'Slots', 1, NULL, 'bank', 245.2668, 60.0000, NULL, 1, 'out', NULL, 1, '127.0.0.1', '', 'Unknown', 'Unknown', 'Unknown OS Platform', 'Computer', 'Unknown Browser', 1, '2022-02-28 00:01:53', '2022-02-28 00:00:53'),
(497, 'Slots', 1, NULL, 'bank', 242.8668, 60.0000, NULL, 1, 'out', NULL, 1, '127.0.0.1', '', 'Unknown', 'Unknown', 'Unknown OS Platform', 'Computer', 'Unknown Browser', 1, '2022-02-28 00:01:56', '2022-02-28 00:00:56'),
(498, 'Bonus', 1, NULL, 'bank', 222.9130, 40.0000, NULL, 1, 'out', NULL, 1, '127.0.0.1', '', 'Unknown', 'Unknown', 'Unknown OS Platform', 'Computer', 'Unknown Browser', 1, '2022-02-28 00:01:59', '2022-02-28 00:00:59'),
(499, 'Slots', 1, NULL, 'bank', 240.4668, 60.0000, NULL, 1, 'out', NULL, 1, '127.0.0.1', '', 'Unknown', 'Unknown', 'Unknown OS Platform', 'Computer', 'Unknown Browser', 1, '2022-02-28 00:01:59', '2022-02-28 00:00:59'),
(500, 'Slots', 1, NULL, 'bank', 241.6668, 60.0000, NULL, 1, 'out', NULL, 1, '127.0.0.1', '', 'Unknown', 'Unknown', 'Unknown OS Platform', 'Computer', 'Unknown Browser', 1, '2022-02-28 00:02:05', '2022-02-28 00:01:05'),
(501, 'Slots', 1, NULL, 'bank', 239.2668, 50.0000, NULL, 1, 'out', NULL, 1, '127.0.0.1', '', 'Unknown', 'Unknown', 'Unknown OS Platform', 'Computer', 'Unknown Browser', 1, '2022-02-28 00:02:08', '2022-02-28 00:01:08'),
(502, 'Bonus', 1, NULL, 'bank', 227.9130, 40.0000, NULL, 1, 'out', NULL, 1, '127.0.0.1', '', 'Unknown', 'Unknown', 'Unknown OS Platform', 'Computer', 'Unknown Browser', 1, '2022-02-28 00:02:15', '2022-02-28 00:01:15'),
(503, 'Slots', 1, NULL, 'bank', 257.0668, 70.0000, NULL, 1, 'out', NULL, 1, '127.0.0.1', '', 'Unknown', 'Unknown', 'Unknown OS Platform', 'Computer', 'Unknown Browser', 1, '2022-02-28 00:02:19', '2022-02-28 00:01:19'),
(504, 'Slots', 1, NULL, 'bank', 244.6668, 60.0000, NULL, 1, 'out', NULL, 1, '127.0.0.1', '', 'Unknown', 'Unknown', 'Unknown OS Platform', 'Computer', 'Unknown Browser', 1, '2022-02-28 00:02:22', '2022-02-28 00:01:22'),
(505, 'Bonus', 1, NULL, 'bank', 223.9130, 40.0000, NULL, 1, 'out', NULL, 1, '127.0.0.1', '', 'Unknown', 'Unknown', 'Unknown OS Platform', 'Computer', 'Unknown Browser', 1, '2022-02-28 00:02:30', '2022-02-28 00:01:30'),
(506, 'Slots', 1, NULL, 'bank', 275.8668, 90.0000, NULL, 1, 'out', NULL, 1, '127.0.0.1', '', 'Unknown', 'Unknown', 'Unknown OS Platform', 'Computer', 'Unknown Browser', 1, '2022-02-28 00:02:30', '2022-02-28 00:01:30'),
(507, 'Slots', 1, NULL, 'bank', 243.4668, 60.0000, NULL, 1, 'out', NULL, 1, '127.0.0.1', '', 'Unknown', 'Unknown', 'Unknown OS Platform', 'Computer', 'Unknown Browser', 1, '2022-02-28 00:02:32', '2022-02-28 00:01:32'),
(508, 'Slots', 1, NULL, 'bank', 241.0668, 60.0000, NULL, 1, 'out', NULL, 1, '127.0.0.1', '', 'Unknown', 'Unknown', 'Unknown OS Platform', 'Computer', 'Unknown Browser', 1, '2022-02-28 00:02:35', '2022-02-28 00:01:35'),
(509, 'Slots', 1, NULL, 'bank', 220.0068, 40.0000, NULL, 1, 'out', NULL, 1, '183.102.55.205', 'Mozilla/5.0 (Windows NT 10.0; Win64; x64) AppleWebKit/537.36 (KHTML, like Gecko) Chrome/98.0.4758.102 Safari/537.36', 'South Korea', 'Guro-gu', 'Windows 10', 'Computer', 'Chrome', 1, '2022-02-28 11:57:21', '2022-02-28 11:56:21'),
(510, 'Slots', 1, NULL, 'bank', 222.5768, 40.0000, NULL, 1, 'out', NULL, 1, '127.0.0.1', '', 'Unknown', 'Unknown', 'Unknown OS Platform', 'Computer', 'Unknown Browser', 1, '2022-02-28 17:54:29', '2022-02-28 17:53:29'),
(511, 'Slots', 1, NULL, 'bank', 220.9768, 40.0000, NULL, 1, 'out', NULL, 1, '127.0.0.1', '', 'Unknown', 'Unknown', 'Unknown OS Platform', 'Computer', 'Unknown Browser', 1, '2022-02-28 17:54:33', '2022-02-28 17:53:33'),
(512, 'Slots', 1, NULL, 'bank', 232.1768, 50.0000, NULL, 1, 'out', NULL, 1, '127.0.0.1', '', 'Unknown', 'Unknown', 'Unknown OS Platform', 'Computer', 'Unknown Browser', 1, '2022-02-28 17:54:43', '2022-02-28 17:53:43'),
(513, 'Bonus', 1, NULL, 'bank', 238.0130, 50.0000, NULL, 1, 'out', NULL, 1, '127.0.0.1', '', 'Unknown', 'Unknown', 'Unknown OS Platform', 'Computer', 'Unknown Browser', 1, '2022-02-28 17:55:00', '2022-02-28 17:54:00'),
(514, 'Slots', 1, NULL, 'bank', 414.9768, 230.0000, NULL, 1, 'out', NULL, 1, '127.0.0.1', '', 'Unknown', 'Unknown', 'Unknown OS Platform', 'Computer', 'Unknown Browser', 1, '2022-02-28 17:55:00', '2022-02-28 17:54:00'),
(515, 'Bonus', 1, NULL, 'bank', 228.0130, 40.0000, NULL, 1, 'out', NULL, 1, '127.0.0.1', '', 'Unknown', 'Unknown', 'Unknown OS Platform', 'Computer', 'Unknown Browser', 1, '2022-02-28 17:55:03', '2022-02-28 17:54:03'),
(516, 'Slots', 1, NULL, 'bank', 400.9768, 220.0000, NULL, 1, 'out', NULL, 1, '127.0.0.1', '', 'Unknown', 'Unknown', 'Unknown OS Platform', 'Computer', 'Unknown Browser', 1, '2022-02-28 17:55:03', '2022-02-28 17:54:03'),
(517, 'Bonus', 1, NULL, 'bank', 228.0130, 40.0000, NULL, 1, 'out', NULL, 1, '127.0.0.1', '', 'Unknown', 'Unknown', 'Unknown OS Platform', 'Computer', 'Unknown Browser', 1, '2022-02-28 17:55:06', '2022-02-28 17:54:06'),
(518, 'Slots', 1, NULL, 'bank', 436.9768, 250.0000, NULL, 1, 'out', NULL, 1, '127.0.0.1', '', 'Unknown', 'Unknown', 'Unknown OS Platform', 'Computer', 'Unknown Browser', 1, '2022-02-28 17:55:06', '2022-02-28 17:54:06'),
(519, 'Bonus', 1, NULL, 'bank', 228.0130, 40.0000, NULL, 1, 'out', NULL, 1, '127.0.0.1', '', 'Unknown', 'Unknown', 'Unknown OS Platform', 'Computer', 'Unknown Browser', 1, '2022-02-28 17:55:07', '2022-02-28 17:54:07'),
(520, 'Slots', 1, NULL, 'bank', 442.9768, 260.0000, NULL, 1, 'out', NULL, 1, '127.0.0.1', '', 'Unknown', 'Unknown', 'Unknown OS Platform', 'Computer', 'Unknown Browser', 1, '2022-02-28 17:55:07', '2022-02-28 17:54:07'),
(521, 'Bonus', 1, NULL, 'bank', 228.0130, 40.0000, NULL, 1, 'out', NULL, 1, '127.0.0.1', '', 'Unknown', 'Unknown', 'Unknown OS Platform', 'Computer', 'Unknown Browser', 1, '2022-02-28 17:55:12', '2022-02-28 17:54:12'),
(522, 'Slots', 1, NULL, 'bank', 358.9768, 170.0000, NULL, 1, 'out', NULL, 1, '127.0.0.1', '', 'Unknown', 'Unknown', 'Unknown OS Platform', 'Computer', 'Unknown Browser', 1, '2022-02-28 17:55:12', '2022-02-28 17:54:12'),
(523, 'Bonus', 1, NULL, 'bank', 228.0130, 40.0000, NULL, 1, 'out', NULL, 1, '127.0.0.1', '', 'Unknown', 'Unknown', 'Unknown OS Platform', 'Computer', 'Unknown Browser', 1, '2022-02-28 17:55:15', '2022-02-28 17:54:15'),
(524, 'Slots', 1, NULL, 'bank', 444.9768, 260.0000, NULL, 1, 'out', NULL, 1, '127.0.0.1', '', 'Unknown', 'Unknown', 'Unknown OS Platform', 'Computer', 'Unknown Browser', 1, '2022-02-28 17:55:15', '2022-02-28 17:54:15'),
(525, 'Bonus', 1, NULL, 'bank', 228.0130, 40.0000, NULL, 1, 'out', NULL, 1, '127.0.0.1', '', 'Unknown', 'Unknown', 'Unknown OS Platform', 'Computer', 'Unknown Browser', 1, '2022-02-28 17:55:18', '2022-02-28 17:54:18'),
(526, 'Slots', 1, NULL, 'bank', 440.9768, 260.0000, NULL, 1, 'out', NULL, 1, '127.0.0.1', '', 'Unknown', 'Unknown', 'Unknown OS Platform', 'Computer', 'Unknown Browser', 1, '2022-02-28 17:55:18', '2022-02-28 17:54:18'),
(527, 'Bonus', 1, NULL, 'bank', 228.0130, 40.0000, NULL, 1, 'out', NULL, 1, '127.0.0.1', '', 'Unknown', 'Unknown', 'Unknown OS Platform', 'Computer', 'Unknown Browser', 1, '2022-02-28 17:55:21', '2022-02-28 17:54:21'),
(528, 'Slots', 1, NULL, 'bank', 436.9768, 250.0000, NULL, 1, 'out', NULL, 1, '127.0.0.1', '', 'Unknown', 'Unknown', 'Unknown OS Platform', 'Computer', 'Unknown Browser', 1, '2022-02-28 17:55:21', '2022-02-28 17:54:21'),
(529, 'Bonus', 1, NULL, 'bank', 228.0130, 40.0000, NULL, 1, 'out', NULL, 1, '127.0.0.1', '', 'Unknown', 'Unknown', 'Unknown OS Platform', 'Computer', 'Unknown Browser', 1, '2022-02-28 17:55:26', '2022-02-28 17:54:26'),
(530, 'Slots', 1, NULL, 'bank', 362.9768, 180.0000, NULL, 1, 'out', NULL, 1, '127.0.0.1', '', 'Unknown', 'Unknown', 'Unknown OS Platform', 'Computer', 'Unknown Browser', 1, '2022-02-28 17:55:26', '2022-02-28 17:54:26'),
(531, 'Bonus', 1, NULL, 'bank', 228.0130, 40.0000, NULL, 1, 'out', NULL, 1, '127.0.0.1', '', 'Unknown', 'Unknown', 'Unknown OS Platform', 'Computer', 'Unknown Browser', 1, '2022-02-28 17:55:29', '2022-02-28 17:54:29'),
(532, 'Slots', 1, NULL, 'bank', 438.9768, 250.0000, NULL, 1, 'out', NULL, 1, '127.0.0.1', '', 'Unknown', 'Unknown', 'Unknown OS Platform', 'Computer', 'Unknown Browser', 1, '2022-02-28 17:55:29', '2022-02-28 17:54:29'),
(533, 'Bonus', 1, NULL, 'bank', 228.0130, 40.0000, NULL, 1, 'out', NULL, 1, '127.0.0.1', '', 'Unknown', 'Unknown', 'Unknown OS Platform', 'Computer', 'Unknown Browser', 1, '2022-02-28 17:55:33', '2022-02-28 17:54:33'),
(534, 'Slots', 1, NULL, 'bank', 444.9768, 260.0000, NULL, 1, 'out', NULL, 1, '127.0.0.1', '', 'Unknown', 'Unknown', 'Unknown OS Platform', 'Computer', 'Unknown Browser', 1, '2022-02-28 17:55:33', '2022-02-28 17:54:33'),
(535, 'Bonus', 1, NULL, 'bank', 228.0130, 40.0000, NULL, 1, 'out', NULL, 1, '127.0.0.1', '', 'Unknown', 'Unknown', 'Unknown OS Platform', 'Computer', 'Unknown Browser', 1, '2022-02-28 17:55:36', '2022-02-28 17:54:36'),
(536, 'Slots', 1, NULL, 'bank', 440.9768, 260.0000, NULL, 1, 'out', NULL, 1, '127.0.0.1', '', 'Unknown', 'Unknown', 'Unknown OS Platform', 'Computer', 'Unknown Browser', 1, '2022-02-28 17:55:36', '2022-02-28 17:54:36'),
(537, 'Bonus', 1, NULL, 'bank', 228.0130, 40.0000, NULL, 1, 'out', NULL, 1, '127.0.0.1', '', 'Unknown', 'Unknown', 'Unknown OS Platform', 'Computer', 'Unknown Browser', 1, '2022-02-28 17:55:39', '2022-02-28 17:54:39'),
(538, 'Slots', 1, NULL, 'bank', 436.9768, 250.0000, NULL, 1, 'out', NULL, 1, '127.0.0.1', '', 'Unknown', 'Unknown', 'Unknown OS Platform', 'Computer', 'Unknown Browser', 1, '2022-02-28 17:55:39', '2022-02-28 17:54:39'),
(539, 'Bonus', 1, NULL, 'bank', 228.0130, 40.0000, NULL, 1, 'out', NULL, 1, '127.0.0.1', '', 'Unknown', 'Unknown', 'Unknown OS Platform', 'Computer', 'Unknown Browser', 1, '2022-02-28 17:55:42', '2022-02-28 17:54:42'),
(540, 'Slots', 1, NULL, 'bank', 442.9768, 260.0000, NULL, 1, 'out', NULL, 1, '127.0.0.1', '', 'Unknown', 'Unknown', 'Unknown OS Platform', 'Computer', 'Unknown Browser', 1, '2022-02-28 17:55:42', '2022-02-28 17:54:42'),
(541, 'Bonus', 1, NULL, 'bank', 228.0130, 40.0000, NULL, 1, 'out', NULL, 1, '127.0.0.1', '', 'Unknown', 'Unknown', 'Unknown OS Platform', 'Computer', 'Unknown Browser', 1, '2022-02-28 17:55:46', '2022-02-28 17:54:46'),
(542, 'Slots', 1, NULL, 'bank', 358.9768, 170.0000, NULL, 1, 'out', NULL, 1, '127.0.0.1', '', 'Unknown', 'Unknown', 'Unknown OS Platform', 'Computer', 'Unknown Browser', 1, '2022-02-28 17:55:46', '2022-02-28 17:54:46'),
(543, 'Bonus', 1, NULL, 'bank', 228.0130, 40.0000, NULL, 1, 'out', NULL, 1, '127.0.0.1', '', 'Unknown', 'Unknown', 'Unknown OS Platform', 'Computer', 'Unknown Browser', 1, '2022-02-28 17:55:49', '2022-02-28 17:54:49'),
(544, 'Slots', 1, NULL, 'bank', 444.9768, 260.0000, NULL, 1, 'out', NULL, 1, '127.0.0.1', '', 'Unknown', 'Unknown', 'Unknown OS Platform', 'Computer', 'Unknown Browser', 1, '2022-02-28 17:55:49', '2022-02-28 17:54:49'),
(545, 'Bonus', 1, NULL, 'bank', 228.0130, 40.0000, NULL, 1, 'out', NULL, 1, '127.0.0.1', '', 'Unknown', 'Unknown', 'Unknown OS Platform', 'Computer', 'Unknown Browser', 1, '2022-02-28 17:55:52', '2022-02-28 17:54:52'),
(546, 'Slots', 1, NULL, 'bank', 440.9768, 260.0000, NULL, 1, 'out', NULL, 1, '127.0.0.1', '', 'Unknown', 'Unknown', 'Unknown OS Platform', 'Computer', 'Unknown Browser', 1, '2022-02-28 17:55:52', '2022-02-28 17:54:52'),
(547, 'Bonus', 1, NULL, 'bank', 228.0130, 40.0000, NULL, 1, 'out', NULL, 1, '127.0.0.1', '', 'Unknown', 'Unknown', 'Unknown OS Platform', 'Computer', 'Unknown Browser', 1, '2022-02-28 17:55:55', '2022-02-28 17:54:55'),
(548, 'Slots', 1, NULL, 'bank', 436.9768, 250.0000, NULL, 1, 'out', NULL, 1, '127.0.0.1', '', 'Unknown', 'Unknown', 'Unknown OS Platform', 'Computer', 'Unknown Browser', 1, '2022-02-28 17:55:55', '2022-02-28 17:54:55'),
(549, 'Bonus', 1, NULL, 'bank', 228.0130, 40.0000, NULL, 1, 'out', NULL, 1, '127.0.0.1', '', 'Unknown', 'Unknown', 'Unknown OS Platform', 'Computer', 'Unknown Browser', 1, '2022-02-28 17:55:58', '2022-02-28 17:54:58'),
(550, 'Slots', 1, NULL, 'bank', 442.9768, 260.0000, NULL, 1, 'out', NULL, 1, '127.0.0.1', '', 'Unknown', 'Unknown', 'Unknown OS Platform', 'Computer', 'Unknown Browser', 1, '2022-02-28 17:55:58', '2022-02-28 17:54:58'),
(551, 'Bonus', 1, NULL, 'bank', 228.0130, 40.0000, NULL, 1, 'out', NULL, 1, '127.0.0.1', '', 'Unknown', 'Unknown', 'Unknown OS Platform', 'Computer', 'Unknown Browser', 1, '2022-02-28 17:56:02', '2022-02-28 17:55:02'),
(552, 'Slots', 1, NULL, 'bank', 438.9768, 250.0000, NULL, 1, 'out', NULL, 1, '127.0.0.1', '', 'Unknown', 'Unknown', 'Unknown OS Platform', 'Computer', 'Unknown Browser', 1, '2022-02-28 17:56:02', '2022-02-28 17:55:02'),
(553, 'Bonus', 1, NULL, 'bank', 228.0130, 40.0000, NULL, 1, 'out', NULL, 1, '127.0.0.1', '', 'Unknown', 'Unknown', 'Unknown OS Platform', 'Computer', 'Unknown Browser', 1, '2022-02-28 17:56:05', '2022-02-28 17:55:05'),
(554, 'Slots', 1, NULL, 'bank', 444.9768, 260.0000, NULL, 1, 'out', NULL, 1, '127.0.0.1', '', 'Unknown', 'Unknown', 'Unknown OS Platform', 'Computer', 'Unknown Browser', 1, '2022-02-28 17:56:05', '2022-02-28 17:55:05'),
(555, 'Bonus', 1, NULL, 'bank', 228.0130, 40.0000, NULL, 1, 'out', NULL, 1, '127.0.0.1', '', 'Unknown', 'Unknown', 'Unknown OS Platform', 'Computer', 'Unknown Browser', 1, '2022-02-28 17:56:08', '2022-02-28 17:55:08'),
(556, 'Slots', 1, NULL, 'bank', 440.9768, 260.0000, NULL, 1, 'out', NULL, 1, '127.0.0.1', '', 'Unknown', 'Unknown', 'Unknown OS Platform', 'Computer', 'Unknown Browser', 1, '2022-02-28 17:56:08', '2022-02-28 17:55:08'),
(557, 'Bonus', 1, NULL, 'bank', 228.0130, 40.0000, NULL, 1, 'out', NULL, 1, '127.0.0.1', '', 'Unknown', 'Unknown', 'Unknown OS Platform', 'Computer', 'Unknown Browser', 1, '2022-02-28 17:56:09', '2022-02-28 17:55:09'),
(558, 'Slots', 1, NULL, 'bank', 436.9768, 250.0000, NULL, 1, 'out', NULL, 1, '127.0.0.1', '', 'Unknown', 'Unknown', 'Unknown OS Platform', 'Computer', 'Unknown Browser', 1, '2022-02-28 17:56:09', '2022-02-28 17:55:09'),
(559, 'Bonus', 1, NULL, 'bank', 228.0130, 40.0000, NULL, 1, 'out', NULL, 1, '127.0.0.1', '', 'Unknown', 'Unknown', 'Unknown OS Platform', 'Computer', 'Unknown Browser', 1, '2022-02-28 17:56:11', '2022-02-28 17:55:11'),
(560, 'Slots', 1, NULL, 'bank', 442.9768, 260.0000, NULL, 1, 'out', NULL, 1, '127.0.0.1', '', 'Unknown', 'Unknown', 'Unknown OS Platform', 'Computer', 'Unknown Browser', 1, '2022-02-28 17:56:11', '2022-02-28 17:55:11'),
(561, 'Slots', 1, NULL, 'bank', 509.8568, 320.0000, NULL, 1, 'out', NULL, 1, '127.0.0.1', '', 'Unknown', 'Unknown', 'Unknown OS Platform', 'Computer', 'Unknown Browser', 1, '2022-02-28 17:56:15', '2022-02-28 17:55:15'),
(562, 'Slots', 1, NULL, 'bank', 220.2868, 40.0000, NULL, 1, 'out', NULL, 1, '176.52.34.21', 'Mozilla/5.0 (iPhone; CPU iPhone OS 15_3_1 like Mac OS X) AppleWebKit/605.1.15 (KHTML, like Gecko) Version/15.3 Mobile/15E148 Safari/604.1', 'Russia', 'Naberezhnyye Chelny', 'iPhone', 'Mobile', 'Safari Browser', 1, '2022-02-28 19:12:28', '2022-02-28 19:11:28'),
(563, 'Slots', 1, NULL, 'bank', 220.1568, 40.0000, NULL, 1, 'out', NULL, 1, '127.0.0.1', '', 'Unknown', 'Unknown', 'Unknown OS Platform', 'Computer', 'Unknown Browser', 1, '2022-03-01 12:04:01', '2022-03-01 12:03:01'),
(564, 'JPG 14', 1, NULL, 'jpg', 0.2143, 5.0000, NULL, 1, 'add', NULL, 1, '81.129.58.230', 'Mozilla/5.0 (Linux; Android 10; ONEPLUS A5010) AppleWebKit/537.36 (KHTML, like Gecko) Chrome/99.0.4844.48 Mobile Safari/537.36', 'United Kingdom', 'Crewe', 'Android', 'Mobile', 'Safari Browser', 1, '2022-03-03 13:42:28', '2022-03-03 13:42:28'),
(565, 'Slots', 1, NULL, 'bank', 220.0368, 40.0000, NULL, 1, 'out', NULL, 1, '127.0.0.1', '', 'Unknown', 'Unknown', 'Unknown OS Platform', 'Computer', 'Unknown Browser', 1, '2022-03-03 13:45:44', '2022-03-03 13:44:44'),
(566, 'Slots', 1, NULL, 'bank', 220.3468, 40.0000, NULL, 1, 'out', NULL, 1, '170.51.106.33', 'Mozilla/5.0 (Linux; Android 12; SM-G988B) AppleWebKit/537.36 (KHTML, like Gecko) Chrome/99.0.4844.48 Mobile Safari/537.36', 'Argentina', 'San Miguel de Tucumán', 'Android', 'Mobile', 'Safari Browser', 1, '2022-03-04 01:47:27', '2022-03-04 01:46:27'),
(567, 'Slots', 1, NULL, 'bank', 223.6788, 40.0000, NULL, 1, 'out', NULL, 1, '127.0.0.1', '', 'Unknown', 'Unknown', 'Unknown OS Platform', 'Computer', 'Unknown Browser', 1, '2022-03-07 14:36:00', '2022-03-07 14:35:00'),
(568, 'Slots', 1, NULL, 'bank', 224.6388, 40.0000, NULL, 1, 'out', NULL, 1, '127.0.0.1', '', 'Unknown', 'Unknown', 'Unknown OS Platform', 'Computer', 'Unknown Browser', 1, '2022-03-07 14:36:44', '2022-03-07 14:35:44'),
(569, 'Slots', 1, NULL, 'bank', 220.4588, 40.0000, NULL, 1, 'out', NULL, 1, '127.0.0.1', '', 'Unknown', 'Unknown', 'Unknown OS Platform', 'Computer', 'Unknown Browser', 1, '2022-03-07 18:53:08', '2022-03-07 18:52:08'),
(570, 'Slots', 1, NULL, 'bank', 231.7728, 50.0000, NULL, 1, 'out', NULL, 1, '127.0.0.1', '', 'Unknown', 'Unknown', 'Unknown OS Platform', 'Computer', 'Unknown Browser', 1, '2022-03-10 08:54:45', '2022-03-10 08:53:45'),
(571, 'Slots', 1, NULL, 'bank', 245.7728, 60.0000, NULL, 1, 'out', NULL, 1, '127.0.0.1', '', 'Unknown', 'Unknown', 'Unknown OS Platform', 'Computer', 'Unknown Browser', 1, '2022-03-10 08:54:49', '2022-03-10 08:53:49'),
(572, 'Slots', 1, NULL, 'bank', 249.7728, 60.0000, NULL, 1, 'out', NULL, 1, '127.0.0.1', '', 'Unknown', 'Unknown', 'Unknown OS Platform', 'Computer', 'Unknown Browser', 1, '2022-03-10 08:54:58', '2022-03-10 08:53:58'),
(573, 'Slots', 1, NULL, 'bank', 221.7728, 40.0000, NULL, 1, 'out', NULL, 1, '127.0.0.1', '', 'Unknown', 'Unknown', 'Unknown OS Platform', 'Computer', 'Unknown Browser', 1, '2022-03-10 08:55:01', '2022-03-10 08:54:01'),
(574, 'Slots', 1, NULL, 'bank', 245.7728, 60.0000, NULL, 1, 'out', NULL, 1, '127.0.0.1', '', 'Unknown', 'Unknown', 'Unknown OS Platform', 'Computer', 'Unknown Browser', 1, '2022-03-10 08:55:07', '2022-03-10 08:54:07'),
(575, 'Bonus', 1, NULL, 'bank', 220.2230, 40.0000, NULL, 1, 'out', NULL, 1, '127.0.0.1', '', 'Unknown', 'Unknown', 'Unknown OS Platform', 'Computer', 'Unknown Browser', 1, '2022-03-10 08:55:09', '2022-03-10 08:54:09'),
(576, 'Slots', 1, NULL, 'bank', 249.7728, 60.0000, NULL, 1, 'out', NULL, 1, '127.0.0.1', '', 'Unknown', 'Unknown', 'Unknown OS Platform', 'Computer', 'Unknown Browser', 1, '2022-03-10 08:55:12', '2022-03-10 08:54:12'),
(577, 'Slots', 1, NULL, 'bank', 221.7728, 40.0000, NULL, 1, 'out', NULL, 1, '127.0.0.1', '', 'Unknown', 'Unknown', 'Unknown OS Platform', 'Computer', 'Unknown Browser', 1, '2022-03-10 08:55:14', '2022-03-10 08:54:14'),
(578, 'Slots', 1, NULL, 'bank', 245.7728, 60.0000, NULL, 1, 'out', NULL, 1, '127.0.0.1', '', 'Unknown', 'Unknown', 'Unknown OS Platform', 'Computer', 'Unknown Browser', 1, '2022-03-10 08:55:19', '2022-03-10 08:54:19'),
(579, 'Slots', 1, NULL, 'bank', 249.7728, 60.0000, NULL, 1, 'out', NULL, 1, '127.0.0.1', '', 'Unknown', 'Unknown', 'Unknown OS Platform', 'Computer', 'Unknown Browser', 1, '2022-03-10 08:55:24', '2022-03-10 08:54:24'),
(580, 'Slots', 1, NULL, 'bank', 221.7728, 40.0000, NULL, 1, 'out', NULL, 1, '127.0.0.1', '', 'Unknown', 'Unknown', 'Unknown OS Platform', 'Computer', 'Unknown Browser', 1, '2022-03-10 08:55:27', '2022-03-10 08:54:27'),
(581, 'Bonus', 1, NULL, 'bank', 220.2230, 40.0000, NULL, 1, 'out', NULL, 1, '127.0.0.1', '', 'Unknown', 'Unknown', 'Unknown OS Platform', 'Computer', 'Unknown Browser', 1, '2022-03-10 08:55:31', '2022-03-10 08:54:31'),
(582, 'Slots', 1, NULL, 'bank', 245.7728, 60.0000, NULL, 1, 'out', NULL, 1, '127.0.0.1', '', 'Unknown', 'Unknown', 'Unknown OS Platform', 'Computer', 'Unknown Browser', 1, '2022-03-10 08:55:36', '2022-03-10 08:54:36'),
(583, 'Slots', 1, NULL, 'bank', 249.7728, 60.0000, NULL, 1, 'out', NULL, 1, '127.0.0.1', '', 'Unknown', 'Unknown', 'Unknown OS Platform', 'Computer', 'Unknown Browser', 1, '2022-03-10 08:55:41', '2022-03-10 08:54:41'),
(584, 'Slots', 1, NULL, 'bank', 221.7728, 40.0000, NULL, 1, 'out', NULL, 1, '127.0.0.1', '', 'Unknown', 'Unknown', 'Unknown OS Platform', 'Computer', 'Unknown Browser', 1, '2022-03-10 08:55:45', '2022-03-10 08:54:45'),
(585, 'Slots', 1, NULL, 'bank', 245.7728, 60.0000, NULL, 1, 'out', NULL, 1, '127.0.0.1', '', 'Unknown', 'Unknown', 'Unknown OS Platform', 'Computer', 'Unknown Browser', 1, '2022-03-10 08:55:50', '2022-03-10 08:54:50'),
(586, 'Bonus', 1, NULL, 'bank', 220.2230, 40.0000, NULL, 1, 'out', NULL, 1, '127.0.0.1', '', 'Unknown', 'Unknown', 'Unknown OS Platform', 'Computer', 'Unknown Browser', 1, '2022-03-10 08:55:55', '2022-03-10 08:54:55'),
(587, 'Slots', 1, NULL, 'bank', 249.7728, 60.0000, NULL, 1, 'out', NULL, 1, '127.0.0.1', '', 'Unknown', 'Unknown', 'Unknown OS Platform', 'Computer', 'Unknown Browser', 1, '2022-03-10 08:55:55', '2022-03-10 08:54:55'),
(588, 'Slots', 1, NULL, 'bank', 221.7728, 40.0000, NULL, 1, 'out', NULL, 1, '127.0.0.1', '', 'Unknown', 'Unknown', 'Unknown OS Platform', 'Computer', 'Unknown Browser', 1, '2022-03-10 08:55:57', '2022-03-10 08:54:57'),
(589, 'Slots', 1, NULL, 'bank', 245.7728, 60.0000, NULL, 1, 'out', NULL, 1, '127.0.0.1', '', 'Unknown', 'Unknown', 'Unknown OS Platform', 'Computer', 'Unknown Browser', 1, '2022-03-10 08:56:02', '2022-03-10 08:55:02'),
(590, 'Slots', 1, NULL, 'bank', 249.7728, 60.0000, NULL, 1, 'out', NULL, 1, '127.0.0.1', '', 'Unknown', 'Unknown', 'Unknown OS Platform', 'Computer', 'Unknown Browser', 1, '2022-03-10 08:56:07', '2022-03-10 08:55:07'),
(591, 'Slots', 1, NULL, 'bank', 221.7728, 40.0000, NULL, 1, 'out', NULL, 1, '127.0.0.1', '', 'Unknown', 'Unknown', 'Unknown OS Platform', 'Computer', 'Unknown Browser', 1, '2022-03-10 08:56:09', '2022-03-10 08:55:09'),
(592, 'Bonus', 1, NULL, 'bank', 220.2230, 40.0000, NULL, 1, 'out', NULL, 1, '127.0.0.1', '', 'Unknown', 'Unknown', 'Unknown OS Platform', 'Computer', 'Unknown Browser', 1, '2022-03-10 08:56:14', '2022-03-10 08:55:14'),
(593, 'Slots', 1, NULL, 'bank', 245.7728, 60.0000, NULL, 1, 'out', NULL, 1, '127.0.0.1', '', 'Unknown', 'Unknown', 'Unknown OS Platform', 'Computer', 'Unknown Browser', 1, '2022-03-10 08:56:14', '2022-03-10 08:55:14'),
(594, 'Slots', 1, NULL, 'bank', 249.7728, 60.0000, NULL, 1, 'out', NULL, 1, '127.0.0.1', '', 'Unknown', 'Unknown', 'Unknown OS Platform', 'Computer', 'Unknown Browser', 1, '2022-03-10 08:56:20', '2022-03-10 08:55:20'),
(595, 'Slots', 1, NULL, 'bank', 221.7728, 40.0000, NULL, 1, 'out', NULL, 1, '127.0.0.1', '', 'Unknown', 'Unknown', 'Unknown OS Platform', 'Computer', 'Unknown Browser', 1, '2022-03-10 08:56:22', '2022-03-10 08:55:22'),
(596, 'Slots', 1, NULL, 'bank', 245.7728, 60.0000, NULL, 1, 'out', NULL, 1, '127.0.0.1', '', 'Unknown', 'Unknown', 'Unknown OS Platform', 'Computer', 'Unknown Browser', 1, '2022-03-10 08:56:27', '2022-03-10 08:55:27'),
(597, 'Slots', 1, NULL, 'bank', 249.7728, 60.0000, NULL, 1, 'out', NULL, 1, '127.0.0.1', '', 'Unknown', 'Unknown', 'Unknown OS Platform', 'Computer', 'Unknown Browser', 1, '2022-03-10 08:56:32', '2022-03-10 08:55:32'),
(598, 'Bonus', 1, NULL, 'bank', 220.2230, 40.0000, NULL, 1, 'out', NULL, 1, '127.0.0.1', '', 'Unknown', 'Unknown', 'Unknown OS Platform', 'Computer', 'Unknown Browser', 1, '2022-03-10 08:56:35', '2022-03-10 08:55:35'),
(599, 'Slots', 1, NULL, 'bank', 221.7728, 40.0000, NULL, 1, 'out', NULL, 1, '127.0.0.1', '', 'Unknown', 'Unknown', 'Unknown OS Platform', 'Computer', 'Unknown Browser', 1, '2022-03-10 08:56:35', '2022-03-10 08:55:35'),
(600, 'Slots', 1, NULL, 'bank', 232.6828, 50.0000, NULL, 1, 'out', NULL, 1, '127.0.0.1', '', 'Unknown', 'Unknown', 'Unknown OS Platform', 'Computer', 'Unknown Browser', 1, '2022-03-11 03:18:29', '2022-03-11 03:17:29'),
(609, 'Slots', 1, NULL, 'bank', 220.8744, 40.0000, NULL, 1, 'out', NULL, 1, '93.176.156.210', 'Mozilla/5.0 (Windows NT 10.0; Win64; x64) AppleWebKit/537.36 (KHTML, like Gecko) Chrome/100.0.4896.127 Safari/537.36', 'Spain', 'Barcelona', 'Windows 10', 'Computer', 'Chrome', 1, '2022-04-20 18:02:02', '2022-04-20 18:01:02'),
(626, NULL, 3, NULL, 'shop', 0.0000, 2000.0000, NULL, 1, 'add', NULL, 1, '93.176.156.210', 'Mozilla/5.0 (Windows NT 10.0; Win64; x64) AppleWebKit/537.36 (KHTML, like Gecko) Chrome/100.0.4896.127 Safari/537.36', 'Spain', 'Barcelona', 'Windows 10', 'Computer', 'Chrome', 1, '2022-04-21 10:13:20', '2022-04-21 10:13:20'),
(629, '', 3, 2, 'user', 0.0000, 10000.0000, NULL, 1, 'add', NULL, 1, '93.176.156.210', 'Mozilla/5.0 (Windows NT 10.0; Win64; x64) AppleWebKit/537.36 (KHTML, like Gecko) Chrome/100.0.4896.127 Safari/537.36', 'Spain', 'Barcelona', 'Windows 10', 'Computer', 'Chrome', 0, '2022-04-21 10:17:21', '2022-04-21 10:17:21'),
(630, NULL, 3, NULL, 'shop', 0.0000, 8000.0000, NULL, 1, 'add', NULL, 1, '93.176.156.210', 'Mozilla/5.0 (Windows NT 10.0; Win64; x64) AppleWebKit/537.36 (KHTML, like Gecko) Chrome/100.0.4896.127 Safari/537.36', 'Spain', 'Barcelona', 'Windows 10', 'Computer', 'Chrome', 1, '2022-04-21 10:18:23', '2022-04-21 10:18:23'),
(1890, '', 465, 464, 'user', 0.0000, 5000.0000, NULL, 1, 'add', NULL, 1, '41.13.19.121', 'Mozilla/5.0 (iPhone; CPU iPhone OS 15_6_1 like Mac OS X) AppleWebKit/605.1.15 (KHTML, like Gecko) Version/15.6.1 Mobile/15E148 Safari/604.1', 'South Africa', 'Johannesburg', 'iPhone', 'Mobile', 'Safari Browser', 0, '2022-09-20 08:17:28', '2022-09-20 08:17:28'),
(1892, 'HP', 459, 1, 'handpay', 0.0000, 1000000.0000, NULL, 1, 'add', NULL, 1, '102.132.172.207', 'Mozilla/5.0 (Windows NT 10.0; Win64; x64) AppleWebKit/537.36 (KHTML, like Gecko) Chrome/105.0.0.0 Safari/537.36', 'South Africa', 'Kempton Park', 'Windows 10', 'Computer', 'Chrome', 0, '2022-09-20 11:41:24', '2022-09-20 11:41:24'),
(1893, '', 460, 459, 'user', 0.0000, 10000.0000, NULL, 1, 'add', NULL, 1, '102.132.172.207', 'Mozilla/5.0 (Windows NT 10.0; Win64; x64) AppleWebKit/537.36 (KHTML, like Gecko) Chrome/105.0.0.0 Safari/537.36', 'South Africa', 'Kempton Park', 'Windows 10', 'Computer', 'Chrome', 0, '2022-09-20 11:42:03', '2022-09-20 11:42:03'),
(1889, 'HP', 464, 1, 'handpay', 0.0000, 10000.0000, NULL, 1, 'add', NULL, 1, '41.13.19.121', 'Mozilla/5.0 (iPhone; CPU iPhone OS 15_6_1 like Mac OS X) AppleWebKit/605.1.15 (KHTML, like Gecko) Version/15.6.1 Mobile/15E148 Safari/604.1', 'South Africa', 'Johannesburg', 'iPhone', 'Mobile', 'Safari Browser', 0, '2022-09-20 08:17:02', '2022-09-20 08:17:02'),
(758, 'HP', 210, 1, 'handpay', 0.0000, 1000000.0000, NULL, 1, 'add', NULL, 1, '1.43.38.176', 'Mozilla/5.0 (Windows NT 10.0; Win64; x64) AppleWebKit/537.36 (KHTML, like Gecko) Chrome/104.0.0.0 Safari/537.36', 'Australia', 'Sydney', 'Windows 10', 'Computer', 'Chrome', 0, '2022-08-06 22:41:05', '2022-08-06 22:41:05'),
(759, '', 211, 210, 'user', 0.0000, 100000.0000, NULL, 1, 'add', NULL, 1, '1.43.38.176', 'Mozilla/5.0 (Windows NT 10.0; Win64; x64) AppleWebKit/537.36 (KHTML, like Gecko) Chrome/104.0.0.0 Safari/537.36', 'Australia', 'Sydney', 'Windows 10', 'Computer', 'Chrome', 0, '2022-08-06 22:41:05', '2022-08-06 22:41:05'),
(787, 'HP', 218, 1, 'handpay', 0.0000, 10000000.0000, NULL, 1, 'add', NULL, 1, '1.43.38.176', 'Mozilla/5.0 (Windows NT 10.0; Win64; x64) AppleWebKit/537.36 (KHTML, like Gecko) Chrome/104.0.0.0 Safari/537.36', 'Australia', 'Sydney', 'Windows 10', 'Computer', 'Chrome', 0, '2022-08-09 01:56:05', '2022-08-09 01:56:05'),
(788, '', 219, 218, 'user', 0.0000, 1000000.0000, NULL, 1, 'add', NULL, 1, '1.43.38.176', 'Mozilla/5.0 (Windows NT 10.0; Win64; x64) AppleWebKit/537.36 (KHTML, like Gecko) Chrome/104.0.0.0 Safari/537.36', 'Australia', 'Sydney', 'Windows 10', 'Computer', 'Chrome', 0, '2022-08-09 01:56:05', '2022-08-09 01:56:05'),
(1009, '', 219, 218, 'user', 0.0000, 500000.0000, NULL, 1, 'add', NULL, 1, '49.181.222.88', 'Mozilla/5.0 (Windows NT 10.0; Win64; x64) AppleWebKit/537.36 (KHTML, like Gecko) Chrome/104.0.0.0 Safari/537.36', 'Australia', 'Sydney', 'Windows 10', 'Computer', 'Chrome', 0, '2022-08-19 01:06:06', '2022-08-19 01:06:06'),
(1966, 'Slots', 1, NULL, 'bank', 170.3584, 80.0000, NULL, 1, 'out', NULL, 1, '46.10.148.167', 'Mozilla/5.0 (Macintosh; Intel Mac OS X 10_15_7) AppleWebKit/537.36 (KHTML, like Gecko) Chrome/114.0.0.0 Safari/537.36', 'Bulgaria', 'Sofia', 'Mac OS X', 'Computer', 'Chrome', 1, '2023-08-13 14:20:12', '2023-08-13 14:19:12'),
(1965, 'Slots', 1, NULL, 'bank', 170.3584, 80.0000, NULL, 1, 'out', NULL, 1, '46.10.148.167', 'Mozilla/5.0 (Macintosh; Intel Mac OS X 10_15_7) AppleWebKit/537.36 (KHTML, like Gecko) Chrome/114.0.0.0 Safari/537.36', 'Bulgaria', 'Sofia', 'Mac OS X', 'Computer', 'Chrome', 1, '2023-08-13 14:20:12', '2023-08-13 14:19:12'),
(1964, 'Slots', 1, NULL, 'bank', 170.3584, 80.0000, NULL, 1, 'out', NULL, 1, '46.10.148.167', 'Mozilla/5.0 (Macintosh; Intel Mac OS X 10_15_7) AppleWebKit/537.36 (KHTML, like Gecko) Chrome/114.0.0.0 Safari/537.36', 'Bulgaria', 'Sofia', 'Mac OS X', 'Computer', 'Chrome', 1, '2023-08-13 14:20:12', '2023-08-13 14:19:12'),
(1963, 'HP', 491, 491, 'handpay', 0.0000, 100.0000, NULL, 1, 'out', NULL, 1, '46.10.148.167', 'Mozilla/5.0 (Macintosh; Intel Mac OS X 10_15_7) AppleWebKit/537.36 (KHTML, like Gecko) Chrome/114.0.0.0 Safari/537.36', 'Bulgaria', 'Sofia', 'Mac OS X', 'Computer', 'Chrome', 1, '2023-08-10 15:23:01', '2023-08-10 15:23:01'),
(1962, 'HP', 491, 441, 'handpay', 0.0000, 100.0000, NULL, 1, 'add', NULL, 1, '46.10.148.167', 'Mozilla/5.0 (Macintosh; Intel Mac OS X 10_15_7) AppleWebKit/537.36 (KHTML, like Gecko) Chrome/114.0.0.0 Safari/537.36', 'Bulgaria', 'Sofia', 'Mac OS X', 'Computer', 'Chrome', 1, '2023-08-10 15:22:16', '2023-08-10 15:22:16'),
(1961, 'JPG 1', 1, NULL, 'jpg', 0.0000, 100.0000, NULL, 1, 'add', NULL, 1, '46.10.148.167', 'Mozilla/5.0 (Macintosh; Intel Mac OS X 10_15_7) AppleWebKit/537.36 (KHTML, like Gecko) Chrome/114.0.0.0 Safari/537.36', 'Bulgaria', 'Sofia', 'Mac OS X', 'Computer', 'Chrome', 2, '2023-08-07 11:54:38', '2023-08-07 11:54:38'),
(1960, 'JPG 1', 1, NULL, 'jpg', 50.0000, 50.0000, NULL, 1, 'out', NULL, 1, '46.10.148.167', 'Mozilla/5.0 (Macintosh; Intel Mac OS X 10_15_7) AppleWebKit/537.36 (KHTML, like Gecko) Chrome/114.0.0.0 Safari/537.36', 'Bulgaria', 'Sofia', 'Mac OS X', 'Computer', 'Chrome', 2, '2023-08-07 11:54:21', '2023-08-07 11:54:21'),
(1959, 'JPG 1', 1, NULL, 'jpg', 6.0738, 93.0000, NULL, 1, 'add', NULL, 1, '46.10.148.167', 'Mozilla/5.0 (Macintosh; Intel Mac OS X 10_15_7) AppleWebKit/537.36 (KHTML, like Gecko) Chrome/114.0.0.0 Safari/537.36', 'Bulgaria', 'Sofia', 'Mac OS X', 'Computer', 'Chrome', 1, '2023-08-07 11:53:33', '2023-08-07 11:53:33'),
(1958, 'JPG 10', 1, NULL, 'jpg', 0.0000, 68.0000, NULL, 1, 'add', NULL, 1, '42.241.166.69', 'Mozilla/5.0 (Windows NT 10.0; Win64; x64) AppleWebKit/537.36 (KHTML, like Gecko) Chrome/115.0.0.0 Safari/537.36', 'Australia', 'Adelaide', 'Windows 10', 'Computer', 'Chrome', 2, '2023-08-07 08:11:34', '2023-08-07 08:11:34'),
(1957, 'JPG 9', 1, NULL, 'jpg', 0.0000, 35.0000, NULL, 1, 'add', NULL, 1, '42.241.166.69', 'Mozilla/5.0 (Windows NT 10.0; Win64; x64) AppleWebKit/537.36 (KHTML, like Gecko) Chrome/115.0.0.0 Safari/537.36', 'Australia', 'Adelaide', 'Windows 10', 'Computer', 'Chrome', 2, '2023-08-07 08:11:26', '2023-08-07 08:11:26'),
(1956, 'JPG 8', 1, NULL, 'jpg', 0.0000, 9500.0000, NULL, 1, 'add', NULL, 1, '42.241.166.69', 'Mozilla/5.0 (Windows NT 10.0; Win64; x64) AppleWebKit/537.36 (KHTML, like Gecko) Chrome/115.0.0.0 Safari/537.36', 'Australia', 'Adelaide', 'Windows 10', 'Computer', 'Chrome', 2, '2023-08-07 08:11:19', '2023-08-07 08:11:19'),
(1955, 'JPG 7', 1, NULL, 'jpg', 0.0000, 8000.0000, NULL, 1, 'add', NULL, 1, '42.241.166.69', 'Mozilla/5.0 (Windows NT 10.0; Win64; x64) AppleWebKit/537.36 (KHTML, like Gecko) Chrome/115.0.0.0 Safari/537.36', 'Australia', 'Adelaide', 'Windows 10', 'Computer', 'Chrome', 2, '2023-08-07 08:11:11', '2023-08-07 08:11:11'),
(1954, 'JPG 6', 1, NULL, 'jpg', 0.0000, 6000.0000, NULL, 1, 'add', NULL, 1, '42.241.166.69', 'Mozilla/5.0 (Windows NT 10.0; Win64; x64) AppleWebKit/537.36 (KHTML, like Gecko) Chrome/115.0.0.0 Safari/537.36', 'Australia', 'Adelaide', 'Windows 10', 'Computer', 'Chrome', 2, '2023-08-07 08:11:05', '2023-08-07 08:11:05'),
(1953, 'JPG 5', 1, NULL, 'jpg', 0.0000, 800.0000, NULL, 1, 'add', NULL, 1, '42.241.166.69', 'Mozilla/5.0 (Windows NT 10.0; Win64; x64) AppleWebKit/537.36 (KHTML, like Gecko) Chrome/115.0.0.0 Safari/537.36', 'Australia', 'Adelaide', 'Windows 10', 'Computer', 'Chrome', 2, '2023-08-07 08:10:57', '2023-08-07 08:10:57'),
(1952, 'JPG 4', 1, NULL, 'jpg', 0.0000, 750.0000, NULL, 1, 'add', NULL, 1, '42.241.166.69', 'Mozilla/5.0 (Windows NT 10.0; Win64; x64) AppleWebKit/537.36 (KHTML, like Gecko) Chrome/115.0.0.0 Safari/537.36', 'Australia', 'Adelaide', 'Windows 10', 'Computer', 'Chrome', 2, '2023-08-07 08:10:48', '2023-08-07 08:10:48'),
(1951, 'JPG 3', 1, NULL, 'jpg', 0.0000, 650.0000, NULL, 1, 'add', NULL, 1, '42.241.166.69', 'Mozilla/5.0 (Windows NT 10.0; Win64; x64) AppleWebKit/537.36 (KHTML, like Gecko) Chrome/115.0.0.0 Safari/537.36', 'Australia', 'Adelaide', 'Windows 10', 'Computer', 'Chrome', 2, '2023-08-07 08:10:41', '2023-08-07 08:10:41'),
(1950, 'JPG 2', 1, NULL, 'jpg', 0.0000, 100.0000, NULL, 1, 'add', NULL, 1, '46.10.148.167', 'Mozilla/5.0 (Macintosh; Intel Mac OS X 10_15_7) AppleWebKit/537.36 (KHTML, like Gecko) Chrome/114.0.0.0 Safari/537.36', 'Bulgaria', 'Sofia', 'Mac OS X', 'Computer', 'Chrome', 2, '2023-08-07 08:04:50', '2023-08-07 08:04:50'),
(1949, 'JPG 1', 1, NULL, 'jpg', 0.0000, 50.0000, NULL, 1, 'add', NULL, 1, '46.10.148.167', 'Mozilla/5.0 (Macintosh; Intel Mac OS X 10_15_7) AppleWebKit/537.36 (KHTML, like Gecko) Chrome/114.0.0.0 Safari/537.36', 'Bulgaria', 'Sofia', 'Mac OS X', 'Computer', 'Chrome', 2, '2023-08-07 08:04:21', '2023-08-07 08:04:21'),
(1948, 'HP', 481, 481, 'handpay', 0.0000, 100.0000, NULL, 1, 'out', NULL, 1, '42.241.166.69', 'Mozilla/5.0 (Windows NT 10.0; Win64; x64) AppleWebKit/537.36 (KHTML, like Gecko) Chrome/115.0.0.0 Safari/537.36', 'Australia', 'Adelaide', 'Windows 10', 'Computer', 'Chrome', 1, '2023-08-07 07:31:02', '2023-08-07 07:31:02'),
(1947, 'HP', 479, 479, 'handpay', 0.0000, 100.0000, NULL, 1, 'out', NULL, 1, '46.10.148.167', 'Mozilla/5.0 (Macintosh; Intel Mac OS X 10_15_7) AppleWebKit/537.36 (KHTML, like Gecko) Chrome/114.0.0.0 Safari/537.36', 'Bulgaria', 'Sofia', 'Mac OS X', 'Computer', 'Chrome', 1, '2023-08-07 07:28:04', '2023-08-07 07:28:04'),
(1946, 'HP', 481, 481, 'handpay', 0.0000, 100.0000, NULL, 1, 'out', NULL, 1, '42.241.166.69', 'Mozilla/5.0 (Windows NT 10.0; Win64; x64) AppleWebKit/537.36 (KHTML, like Gecko) Chrome/115.0.0.0 Safari/537.36', 'Australia', 'Adelaide', 'Windows 10', 'Computer', 'Chrome', 1, '2023-08-07 04:20:45', '2023-08-07 04:20:45'),
(1945, 'HP', 480, 480, 'handpay', 0.0000, 100.0000, NULL, 1, 'out', NULL, 1, '2a01:5a8:304:17c2:61de:50c:3c71:9510', 'Mozilla/5.0 (Windows NT 10.0; Win64; x64) AppleWebKit/537.36 (KHTML, like Gecko) Chrome/115.0.0.0 Safari/537.36', 'Bulgaria', '', 'Windows 10', 'Computer', 'Chrome', 1, '2023-08-06 21:34:06', '2023-08-06 21:34:06'),
(1944, 'HP', 480, 480, 'handpay', 0.0000, 100.0000, NULL, 1, 'out', NULL, 1, '2a01:5a8:304:17c2:61de:50c:3c71:9510', 'Mozilla/5.0 (Windows NT 10.0; Win64; x64) AppleWebKit/537.36 (KHTML, like Gecko) Chrome/115.0.0.0 Safari/537.36', 'Bulgaria', '', 'Windows 10', 'Computer', 'Chrome', 1, '2023-08-06 21:31:33', '2023-08-06 21:31:33'),
(1943, 'WB 1', 479, 441, 'welcome_bonus', 0.0000, 10.0000, NULL, 1, 'add', '4', 1, '84.17.46.242', 'Mozilla/5.0 (Macintosh; Intel Mac OS X 10_15_7) AppleWebKit/537.36 (KHTML, like Gecko) Chrome/114.0.0.0 Safari/537.36', 'Netherlands', 'Amsterdam', 'Mac OS X', 'Computer', 'Chrome', 1, '2023-08-06 15:41:52', '2023-08-06 15:41:52'),
(1942, 'HP', 479, 441, 'handpay', 0.0000, 100.0000, NULL, 1, 'add', NULL, 1, '84.17.46.242', 'Mozilla/5.0 (Macintosh; Intel Mac OS X 10_15_7) AppleWebKit/537.36 (KHTML, like Gecko) Chrome/114.0.0.0 Safari/537.36', 'Netherlands', 'Amsterdam', 'Mac OS X', 'Computer', 'Chrome', 1, '2023-08-06 15:41:52', '2023-08-06 15:41:52'),
(1941, 'HP', 480, 441, 'handpay', 0.0000, 190.0000, NULL, 1, 'add', NULL, 1, '2a01:5a8:304:17c2:bcbd:8238:a03f:d279', 'Mozilla/5.0 (Macintosh; Intel Mac OS X 10_15_7) AppleWebKit/537.36 (KHTML, like Gecko) Chrome/114.0.0.0 Safari/537.36', 'Bulgaria', '', 'Mac OS X', 'Computer', 'Chrome', 1, '2023-08-06 13:03:46', '2023-08-06 13:03:46'),
(1940, 'HP', 480, 441, 'handpay', 0.0000, 10.0000, NULL, 1, 'add', NULL, 1, '2a01:5a8:304:17c2:bcbd:8238:a03f:d279', 'Mozilla/5.0 (Macintosh; Intel Mac OS X 10_15_7) AppleWebKit/537.36 (KHTML, like Gecko) Chrome/114.0.0.0 Safari/537.36', 'Bulgaria', '', 'Mac OS X', 'Computer', 'Chrome', 1, '2023-08-06 13:03:37', '2023-08-06 13:03:37'),
(1939, 'HP', 481, 441, 'handpay', 0.0000, 10.0000, NULL, 1, 'add', NULL, 1, '2a01:5a8:304:17c2:bcbd:8238:a03f:d279', 'Mozilla/5.0 (Macintosh; Intel Mac OS X 10_15_7) AppleWebKit/537.36 (KHTML, like Gecko) Chrome/114.0.0.0 Safari/537.36', 'Bulgaria', '', 'Mac OS X', 'Computer', 'Chrome', 1, '2023-08-06 13:03:14', '2023-08-06 13:03:14'),
(1938, 'HP', 481, 441, 'handpay', 0.0000, 80.0000, NULL, 1, 'add', NULL, 1, '2a01:5a8:304:17c2:bcbd:8238:a03f:d279', 'Mozilla/5.0 (Macintosh; Intel Mac OS X 10_15_7) AppleWebKit/537.36 (KHTML, like Gecko) Chrome/114.0.0.0 Safari/537.36', 'Bulgaria', '', 'Mac OS X', 'Computer', 'Chrome', 1, '2023-08-06 13:03:06', '2023-08-06 13:03:06'),
(1937, 'WB 1', 481, 441, 'welcome_bonus', 0.0000, 10.0000, NULL, 1, 'add', '4', 1, '2a01:5a8:304:17c2:bcbd:8238:a03f:d279', 'Mozilla/5.0 (Macintosh; Intel Mac OS X 10_15_7) AppleWebKit/537.36 (KHTML, like Gecko) Chrome/114.0.0.0 Safari/537.36', 'Bulgaria', '', 'Mac OS X', 'Computer', 'Chrome', 1, '2023-08-06 13:02:56', '2023-08-06 13:02:56'),
(1936, 'HP', 481, 441, 'handpay', 0.0000, 100.0000, NULL, 1, 'add', NULL, 1, '2a01:5a8:304:17c2:bcbd:8238:a03f:d279', 'Mozilla/5.0 (Macintosh; Intel Mac OS X 10_15_7) AppleWebKit/537.36 (KHTML, like Gecko) Chrome/114.0.0.0 Safari/537.36', 'Bulgaria', '', 'Mac OS X', 'Computer', 'Chrome', 1, '2023-08-06 13:02:56', '2023-08-06 13:02:56'),
(1935, 'Bonus', 1, NULL, 'bank', 263.4830, 170.0000, NULL, 1, 'out', NULL, 1, '46.10.148.167', 'Mozilla/5.0 (Macintosh; Intel Mac OS X 10_15_7) AppleWebKit/537.36 (KHTML, like Gecko) Chrome/114.0.0.0 Safari/537.36', 'Bulgaria', 'Sofia', 'Mac OS X', 'Computer', 'Chrome', 1, '2023-08-05 17:27:45', '2023-08-05 17:26:45'),
(1934, 'Bonus', 1, NULL, 'bank', 263.4830, 170.0000, NULL, 1, 'out', NULL, 1, '46.10.148.167', 'Mozilla/5.0 (Macintosh; Intel Mac OS X 10_15_7) AppleWebKit/537.36 (KHTML, like Gecko) Chrome/114.0.0.0 Safari/537.36', 'Bulgaria', 'Sofia', 'Mac OS X', 'Computer', 'Chrome', 1, '2023-08-05 17:27:45', '2023-08-05 17:26:45'),
(1933, 'Bonus', 1, NULL, 'bank', 152.0690, 60.0000, NULL, 1, 'out', NULL, 1, '46.10.148.167', 'Mozilla/5.0 (Macintosh; Intel Mac OS X 10_15_7) AppleWebKit/537.36 (KHTML, like Gecko) Chrome/114.0.0.0 Safari/537.36', 'Bulgaria', 'Sofia', 'Mac OS X', 'Computer', 'Chrome', 1, '2023-08-05 17:27:15', '2023-08-05 17:26:15'),
(1932, 'Slots', 1, NULL, 'bank', 193.2524, 100.0000, NULL, 1, 'out', NULL, 1, '46.10.148.167', 'Mozilla/5.0 (Macintosh; Intel Mac OS X 10_15_7) AppleWebKit/537.36 (KHTML, like Gecko) Chrome/114.0.0.0 Safari/537.36', 'Bulgaria', 'Sofia', 'Mac OS X', 'Computer', 'Chrome', 1, '2023-08-05 17:27:15', '2023-08-05 17:26:15'),
(1931, 'Bonus', 1, NULL, 'bank', 152.0690, 60.0000, NULL, 1, 'out', NULL, 1, '46.10.148.167', 'Mozilla/5.0 (Macintosh; Intel Mac OS X 10_15_7) AppleWebKit/537.36 (KHTML, like Gecko) Chrome/114.0.0.0 Safari/537.36', 'Bulgaria', 'Sofia', 'Mac OS X', 'Computer', 'Chrome', 1, '2023-08-05 17:27:15', '2023-08-05 17:26:15'),
(1930, 'Slots', 1, NULL, 'bank', 193.2524, 100.0000, NULL, 1, 'out', NULL, 1, '46.10.148.167', 'Mozilla/5.0 (Macintosh; Intel Mac OS X 10_15_7) AppleWebKit/537.36 (KHTML, like Gecko) Chrome/114.0.0.0 Safari/537.36', 'Bulgaria', 'Sofia', 'Mac OS X', 'Computer', 'Chrome', 1, '2023-08-05 17:27:15', '2023-08-05 17:26:15'),
(1929, 'Bonus', 1, NULL, 'bank', 150.4670, 60.0000, NULL, 1, 'out', NULL, 1, '46.10.148.167', 'Mozilla/5.0 (Macintosh; Intel Mac OS X 10_15_7) AppleWebKit/537.36 (KHTML, like Gecko) Chrome/114.0.0.0 Safari/537.36', 'Bulgaria', 'Sofia', 'Mac OS X', 'Computer', 'Chrome', 1, '2023-08-05 17:27:15', '2023-08-05 17:26:15'),
(1928, 'Slots', 1, NULL, 'bank', 193.2524, 100.0000, NULL, 1, 'out', NULL, 1, '46.10.148.167', 'Mozilla/5.0 (Macintosh; Intel Mac OS X 10_15_7) AppleWebKit/537.36 (KHTML, like Gecko) Chrome/114.0.0.0 Safari/537.36', 'Bulgaria', 'Sofia', 'Mac OS X', 'Computer', 'Chrome', 1, '2023-08-05 17:27:15', '2023-08-05 17:26:15'),
(1927, 'WB 1', 478, 441, 'welcome_bonus', 0.0000, 10.0000, NULL, 1, 'add', '4', 1, '46.10.148.167', 'Mozilla/5.0 (Macintosh; Intel Mac OS X 10_15_7) AppleWebKit/537.36 (KHTML, like Gecko) Chrome/114.0.0.0 Safari/537.36', 'Bulgaria', 'Sofia', 'Mac OS X', 'Computer', 'Chrome', 1, '2023-08-05 17:25:36', '2023-08-05 17:25:36'),
(1926, 'HP', 478, 441, 'handpay', 0.0000, 500.0000, NULL, 1, 'add', NULL, 1, '46.10.148.167', 'Mozilla/5.0 (Macintosh; Intel Mac OS X 10_15_7) AppleWebKit/537.36 (KHTML, like Gecko) Chrome/114.0.0.0 Safari/537.36', 'Bulgaria', 'Sofia', 'Mac OS X', 'Computer', 'Chrome', 1, '2023-08-05 17:25:36', '2023-08-05 17:25:36'),
(1925, 'JPG 555', 1, NULL, 'jpg', 0.0001, 4.0000, NULL, 1, 'add', NULL, 1, '5.180.182.217', '', 'Germany', '', 'Unknown OS Platform', 'Computer', 'Unknown Browser', 42, '2023-07-31 07:47:08', '2023-07-31 07:47:08');
INSERT INTO `w_statistics` (`id`, `title`, `user_id`, `payeer_id`, `system`, `old`, `sum`, `sum2`, `hh_multiplier`, `type`, `item_id`, `status`, `ip_address`, `user_agent`, `country`, `city`, `os`, `device`, `browser`, `shop_id`, `created_at`, `updated_at`) VALUES
(1924, 'JPG 554', 1, NULL, 'jpg', 0.0001, 1.0000, NULL, 1, 'add', NULL, 1, '5.180.182.217', '', 'Germany', '', 'Unknown OS Platform', 'Computer', 'Unknown Browser', 42, '2023-07-31 07:47:08', '2023-07-31 07:47:08'),
(1923, 'JPG 553', 1, NULL, 'jpg', 0.0001, 2.0000, NULL, 1, 'add', NULL, 1, '5.180.182.217', '', 'Germany', '', 'Unknown OS Platform', 'Computer', 'Unknown Browser', 42, '2023-07-31 07:47:08', '2023-07-31 07:47:08'),
(1922, 'JPG 552', 1, NULL, 'jpg', 0.0001, 3.0000, NULL, 1, 'add', NULL, 1, '5.180.182.217', '', 'Germany', '', 'Unknown OS Platform', 'Computer', 'Unknown Browser', 42, '2023-07-31 07:47:08', '2023-07-31 07:47:08'),
(1921, 'JPG 551', 1, NULL, 'jpg', 0.0001, 4.0000, NULL, 1, 'add', NULL, 1, '5.180.182.217', '', 'Germany', '', 'Unknown OS Platform', 'Computer', 'Unknown Browser', 42, '2023-07-31 07:47:08', '2023-07-31 07:47:08'),
(1920, 'JPG 550', 1, NULL, 'jpg', 0.0001, 2.0000, NULL, 1, 'add', NULL, 1, '5.180.182.217', '', 'Germany', '', 'Unknown OS Platform', 'Computer', 'Unknown Browser', 42, '2023-07-31 07:47:08', '2023-07-31 07:47:08'),
(1919, 'JPG 549', 1, NULL, 'jpg', 0.0001, 3.0000, NULL, 1, 'add', NULL, 1, '5.180.182.217', '', 'Germany', '', 'Unknown OS Platform', 'Computer', 'Unknown Browser', 42, '2023-07-31 07:47:08', '2023-07-31 07:47:08'),
(1918, 'JPG 548', 1, NULL, 'jpg', 0.0001, 1.0000, NULL, 1, 'add', NULL, 1, '5.180.182.217', '', 'Germany', '', 'Unknown OS Platform', 'Computer', 'Unknown Browser', 42, '2023-07-31 07:47:08', '2023-07-31 07:47:08'),
(1917, 'JPG 547', 1, NULL, 'jpg', 0.0001, 2.0000, NULL, 1, 'add', NULL, 1, '5.180.182.217', '', 'Germany', '', 'Unknown OS Platform', 'Computer', 'Unknown Browser', 42, '2023-07-31 07:47:08', '2023-07-31 07:47:08'),
(1916, 'JPG 546', 1, NULL, 'jpg', 0.0001, 4.0000, NULL, 1, 'add', NULL, 1, '5.180.182.217', '', 'Germany', '', 'Unknown OS Platform', 'Computer', 'Unknown Browser', 42, '2023-07-31 07:47:08', '2023-07-31 07:47:08'),
(1915, 'WB 1', 476, 475, 'welcome_bonus', 0.0000, 10.0000, NULL, 1, 'add', '121', 1, '42.241.166.69', 'Mozilla/5.0 (Windows NT 10.0; Win64; x64) AppleWebKit/537.36 (KHTML, like Gecko) Chrome/115.0.0.0 Safari/537.36 Edg/115.0.1901.188', 'Australia', 'Adelaide', 'Windows 10', 'Computer', 'Chrome', 42, '2023-07-31 07:40:59', '2023-07-31 07:40:59'),
(1914, 'HP', 476, 475, 'handpay', 0.0000, 333.0000, NULL, 1, 'add', NULL, 1, '42.241.166.69', 'Mozilla/5.0 (Windows NT 10.0; Win64; x64) AppleWebKit/537.36 (KHTML, like Gecko) Chrome/115.0.0.0 Safari/537.36 Edg/115.0.1901.188', 'Australia', 'Adelaide', 'Windows 10', 'Computer', 'Chrome', 42, '2023-07-31 07:40:59', '2023-07-31 07:40:59'),
(1913, NULL, 474, NULL, 'shop', 0.0000, 100000.0000, NULL, 1, 'add', NULL, 1, '42.241.166.69', 'Mozilla/5.0 (Windows NT 10.0; Win64; x64) AppleWebKit/537.36 (KHTML, like Gecko) Chrome/115.0.0.0 Safari/537.36 Edg/115.0.1901.188', 'Australia', 'Adelaide', 'Windows 10', 'Computer', 'Chrome', 42, '2023-07-31 07:40:58', '2023-07-31 07:40:58'),
(1912, '', 474, 473, 'user', 0.0000, 1000000.0000, NULL, 1, 'add', NULL, 1, '42.241.166.69', 'Mozilla/5.0 (Windows NT 10.0; Win64; x64) AppleWebKit/537.36 (KHTML, like Gecko) Chrome/115.0.0.0 Safari/537.36 Edg/115.0.1901.188', 'Australia', 'Adelaide', 'Windows 10', 'Computer', 'Chrome', 0, '2023-07-31 07:40:58', '2023-07-31 07:40:58'),
(1810, 'WB 1', 442, 441, 'welcome_bonus', 0.0000, 10.0000, NULL, 1, 'add', '4', 1, '41.13.28.231', 'Mozilla/5.0 (Linux; Android 11; SM-A032F) AppleWebKit/537.36 (KHTML, like Gecko) Chrome/104.0.0.0 Mobile Safari/537.36', 'South Africa', 'Johannesburg', 'Android', 'Mobile', 'Safari Browser', 1, '2022-09-08 18:22:36', '2022-09-08 18:22:36'),
(1809, 'HP', 442, 441, 'handpay', 0.0000, 100.0000, NULL, 1, 'add', NULL, 1, '41.13.28.231', 'Mozilla/5.0 (Linux; Android 11; SM-A032F) AppleWebKit/537.36 (KHTML, like Gecko) Chrome/104.0.0.0 Mobile Safari/537.36', 'South Africa', 'Johannesburg', 'Android', 'Mobile', 'Safari Browser', 1, '2022-09-08 18:22:36', '2022-09-08 18:22:36'),
(1805, NULL, 425, NULL, 'shop', 0.0000, 1000000.0000, NULL, 1, 'add', NULL, 1, '41.13.28.231', 'Mozilla/5.0 (Linux; Android 11; SM-A032F) AppleWebKit/537.36 (KHTML, like Gecko) Chrome/104.0.0.0 Mobile Safari/537.36', 'South Africa', 'Johannesburg', 'Android', 'Mobile', 'Safari Browser', 1, '2022-09-08 17:49:13', '2022-09-08 17:49:13'),
(1804, '', 425, 424, 'user', 0.0000, 1000000.0000, NULL, 1, 'add', NULL, 1, '41.13.28.231', 'Mozilla/5.0 (Linux; Android 11; SM-A032F) AppleWebKit/537.36 (KHTML, like Gecko) Chrome/104.0.0.0 Mobile Safari/537.36', 'South Africa', 'Johannesburg', 'Android', 'Mobile', 'Safari Browser', 0, '2022-09-08 17:47:03', '2022-09-08 17:47:03'),
(1799, 'HP', 424, 1, 'handpay', 0.0000, 1000000.0000, NULL, 1, 'add', NULL, 1, '105.245.44.252', 'Mozilla/5.0 (Linux; Android 11; SM-A032F) AppleWebKit/537.36 (KHTML, like Gecko) Chrome/104.0.0.0 Mobile Safari/537.36', 'South Africa', '', 'Android', 'Mobile', 'Safari Browser', 0, '2022-09-08 13:14:48', '2022-09-08 13:14:48'),
(1911, 'HP', 473, 1, 'handpay', 0.0000, 10000000.0000, NULL, 1, 'add', NULL, 1, '42.241.166.69', 'Mozilla/5.0 (Windows NT 10.0; Win64; x64) AppleWebKit/537.36 (KHTML, like Gecko) Chrome/115.0.0.0 Safari/537.36 Edg/115.0.1901.188', 'Australia', 'Adelaide', 'Windows 10', 'Computer', 'Chrome', 0, '2023-07-31 07:40:58', '2023-07-31 07:40:58'),
(1967, 'HP', 492, 441, 'handpay', 0.0000, 100.0000, NULL, 1, 'add', NULL, 1, '46.10.148.167', 'Mozilla/5.0 (Macintosh; Intel Mac OS X 10_15_7) AppleWebKit/537.36 (KHTML, like Gecko) Chrome/114.0.0.0 Safari/537.36', 'Bulgaria', 'Sofia', 'Mac OS X', 'Computer', 'Chrome', 1, '2023-08-14 17:44:41', '2023-08-14 17:44:41'),
(1968, 'HP', 511, 441, 'handpay', 0.0000, 500.0000, NULL, 1, 'add', NULL, 1, '46.10.148.167', 'Mozilla/5.0 (Macintosh; Intel Mac OS X 10_15_7) AppleWebKit/537.36 (KHTML, like Gecko) Chrome/114.0.0.0 Safari/537.36', 'Bulgaria', 'Sofia', 'Mac OS X', 'Computer', 'Chrome', 1, '2023-08-16 17:04:30', '2023-08-16 17:04:30');

-- --------------------------------------------------------

--
-- Table structure for table `w_statistics_add`
--

CREATE TABLE `w_statistics_add` (
  `id` int(55) NOT NULL,
  `agent_in` decimal(20,4) DEFAULT NULL,
  `agent_out` decimal(20,4) DEFAULT NULL,
  `distributor_in` decimal(20,4) DEFAULT NULL,
  `distributor_out` decimal(20,4) DEFAULT NULL,
  `type_in` decimal(20,4) DEFAULT NULL,
  `type_out` decimal(20,4) DEFAULT NULL,
  `credit_in` decimal(20,4) DEFAULT NULL,
  `credit_out` decimal(20,4) DEFAULT NULL,
  `money_in` decimal(20,4) DEFAULT NULL,
  `money_out` decimal(20,4) DEFAULT NULL,
  `statistic_id` int(55) NOT NULL,
  `user_id` int(55) NOT NULL,
  `shop_id` int(55) NOT NULL
) ENGINE=MyISAM DEFAULT CHARSET=utf8mb4 COLLATE=utf8mb4_unicode_ci ROW_FORMAT=DYNAMIC;

--
-- Dumping data for table `w_statistics_add`
--

INSERT INTO `w_statistics_add` (`id`, `agent_in`, `agent_out`, `distributor_in`, `distributor_out`, `type_in`, `type_out`, `credit_in`, `credit_out`, `money_in`, `money_out`, `statistic_id`, `user_id`, `shop_id`) VALUES
(1, NULL, NULL, NULL, NULL, 10.0000, NULL, NULL, NULL, NULL, NULL, 1, 1, 1),
(2, NULL, NULL, NULL, NULL, 10.0000, NULL, NULL, NULL, NULL, NULL, 2, 1, 1),
(3, NULL, NULL, NULL, NULL, 10.0000, NULL, NULL, NULL, NULL, NULL, 3, 1, 1),
(4, NULL, NULL, NULL, NULL, 10.0000, NULL, NULL, NULL, NULL, NULL, 4, 1, 1),
(5, NULL, NULL, NULL, NULL, 10.0000, NULL, NULL, NULL, NULL, NULL, 5, 1, 1),
(6, 20000.0000, NULL, NULL, NULL, NULL, NULL, NULL, NULL, NULL, NULL, 6, 2, 0),
(7, NULL, 10000.0000, 10000.0000, NULL, NULL, NULL, NULL, NULL, NULL, NULL, 7, 3, 0),
(8, NULL, NULL, NULL, 8000.0000, NULL, NULL, 8000.0000, NULL, NULL, NULL, 8, 3, 1),
(11, NULL, NULL, NULL, NULL, NULL, NULL, NULL, 1000.0000, 1000.0000, NULL, 11, 7, 1),
(12, NULL, NULL, NULL, NULL, NULL, NULL, NULL, NULL, 10.0000, NULL, 12, 7, 1),
(13, NULL, NULL, NULL, NULL, NULL, NULL, NULL, 1000.0000, 1000.0000, NULL, 13, 8, 1),
(14, NULL, NULL, NULL, NULL, NULL, NULL, NULL, NULL, 10.0000, NULL, 14, 8, 1),
(35, NULL, NULL, NULL, NULL, NULL, NULL, NULL, NULL, 10.0000, NULL, 38, 52, 1),
(34, NULL, NULL, NULL, NULL, NULL, NULL, NULL, 1000.0000, 1000.0000, NULL, 37, 52, 1),
(33, NULL, NULL, NULL, NULL, NULL, NULL, NULL, NULL, 10.0000, NULL, 36, 50, 1),
(28, NULL, NULL, NULL, NULL, NULL, NULL, NULL, 1000.0000, 1000.0000, NULL, 28, 37, 1),
(29, NULL, NULL, NULL, NULL, NULL, NULL, NULL, NULL, 10.0000, NULL, 29, 37, 1),
(39, NULL, NULL, NULL, NULL, NULL, 60.0000, NULL, NULL, NULL, NULL, 43, 1, 1),
(40, NULL, NULL, NULL, NULL, NULL, 50.0000, NULL, NULL, NULL, NULL, 44, 1, 1),
(41, NULL, NULL, NULL, NULL, NULL, 50.0000, NULL, NULL, NULL, NULL, 45, 1, 1),
(42, NULL, NULL, NULL, NULL, NULL, 50.0000, NULL, NULL, NULL, NULL, 46, 1, 1),
(43, NULL, NULL, NULL, NULL, NULL, 50.0000, NULL, NULL, NULL, NULL, 47, 1, 1),
(44, NULL, NULL, NULL, NULL, NULL, 60.0000, NULL, NULL, NULL, NULL, 48, 1, 1),
(45, NULL, NULL, NULL, NULL, NULL, 50.0000, NULL, NULL, NULL, NULL, 49, 1, 1),
(46, NULL, NULL, NULL, NULL, NULL, 50.0000, NULL, NULL, NULL, NULL, 50, 1, 1),
(47, NULL, NULL, NULL, NULL, NULL, 50.0000, NULL, NULL, NULL, NULL, 51, 1, 1),
(48, NULL, NULL, NULL, NULL, NULL, 50.0000, NULL, NULL, NULL, NULL, 52, 1, 1),
(49, NULL, NULL, NULL, NULL, NULL, 50.0000, NULL, NULL, NULL, NULL, 53, 1, 1),
(50, NULL, NULL, NULL, NULL, NULL, 50.0000, NULL, NULL, NULL, NULL, 54, 1, 1),
(51, NULL, NULL, NULL, NULL, NULL, 50.0000, NULL, NULL, NULL, NULL, 55, 1, 1),
(52, NULL, NULL, NULL, NULL, NULL, 50.0000, NULL, NULL, NULL, NULL, 56, 1, 1),
(53, NULL, NULL, NULL, NULL, NULL, 60.0000, NULL, NULL, NULL, NULL, 57, 1, 1),
(54, NULL, NULL, NULL, NULL, NULL, 50.0000, NULL, NULL, NULL, NULL, 58, 1, 1),
(55, NULL, NULL, NULL, NULL, NULL, 50.0000, NULL, NULL, NULL, NULL, 59, 1, 1),
(56, NULL, NULL, NULL, NULL, NULL, 50.0000, NULL, NULL, NULL, NULL, 60, 1, 1),
(57, NULL, NULL, NULL, NULL, NULL, 50.0000, NULL, NULL, NULL, NULL, 61, 1, 1),
(58, NULL, NULL, NULL, NULL, NULL, 50.0000, NULL, NULL, NULL, NULL, 62, 1, 1),
(59, NULL, NULL, NULL, NULL, NULL, 50.0000, NULL, NULL, NULL, NULL, 63, 1, 1),
(60, NULL, NULL, NULL, NULL, NULL, 50.0000, NULL, NULL, NULL, NULL, 64, 1, 1),
(61, NULL, NULL, NULL, NULL, NULL, 60.0000, NULL, NULL, NULL, NULL, 65, 1, 1),
(62, NULL, NULL, NULL, NULL, NULL, 50.0000, NULL, NULL, NULL, NULL, 66, 1, 1),
(63, NULL, NULL, NULL, NULL, NULL, 50.0000, NULL, NULL, NULL, NULL, 67, 1, 1),
(64, NULL, NULL, NULL, NULL, NULL, 50.0000, NULL, NULL, NULL, NULL, 68, 1, 1),
(65, NULL, NULL, NULL, NULL, NULL, 50.0000, NULL, NULL, NULL, NULL, 69, 1, 1),
(66, NULL, NULL, NULL, NULL, NULL, 50.0000, NULL, NULL, NULL, NULL, 70, 1, 1),
(67, NULL, NULL, NULL, NULL, NULL, 50.0000, NULL, NULL, NULL, NULL, 71, 1, 1),
(68, NULL, NULL, NULL, NULL, NULL, 50.0000, NULL, NULL, NULL, NULL, 72, 1, 1),
(69, NULL, NULL, NULL, NULL, NULL, 60.0000, NULL, NULL, NULL, NULL, 73, 1, 1),
(70, NULL, NULL, NULL, NULL, NULL, 50.0000, NULL, NULL, NULL, NULL, 74, 1, 1),
(71, NULL, NULL, NULL, NULL, NULL, 50.0000, NULL, NULL, NULL, NULL, 75, 1, 1),
(72, NULL, NULL, NULL, NULL, NULL, 40.0000, NULL, NULL, NULL, NULL, 76, 1, 1),
(73, NULL, NULL, NULL, NULL, NULL, 50.0000, NULL, NULL, NULL, NULL, 77, 1, 1),
(74, NULL, NULL, NULL, NULL, NULL, 50.0000, NULL, NULL, NULL, NULL, 78, 1, 1),
(75, NULL, NULL, NULL, NULL, NULL, 50.0000, NULL, NULL, NULL, NULL, 79, 1, 1),
(76, NULL, NULL, NULL, NULL, NULL, 50.0000, NULL, NULL, NULL, NULL, 80, 1, 1),
(77, NULL, NULL, NULL, NULL, NULL, 50.0000, NULL, NULL, NULL, NULL, 81, 1, 1),
(78, NULL, NULL, NULL, NULL, NULL, 40.0000, NULL, NULL, NULL, NULL, 82, 1, 1),
(79, NULL, NULL, NULL, NULL, NULL, 50.0000, NULL, NULL, NULL, NULL, 83, 1, 1),
(80, NULL, NULL, NULL, NULL, NULL, 80.0000, NULL, NULL, NULL, NULL, 84, 1, 1),
(81, NULL, NULL, NULL, NULL, NULL, 50.0000, NULL, NULL, NULL, NULL, 85, 1, 1),
(82, NULL, NULL, NULL, NULL, NULL, 60.0000, NULL, NULL, NULL, NULL, 86, 1, 1),
(83, NULL, NULL, NULL, NULL, NULL, 40.0000, NULL, NULL, NULL, NULL, 87, 1, 1),
(84, NULL, NULL, NULL, NULL, NULL, 50.0000, NULL, NULL, NULL, NULL, 88, 1, 1),
(85, NULL, NULL, NULL, NULL, NULL, 50.0000, NULL, NULL, NULL, NULL, 89, 1, 1),
(86, NULL, NULL, NULL, NULL, NULL, 50.0000, NULL, NULL, NULL, NULL, 90, 1, 1),
(87, NULL, NULL, NULL, NULL, NULL, 70.0000, NULL, NULL, NULL, NULL, 91, 1, 1),
(88, NULL, NULL, NULL, NULL, NULL, 40.0000, NULL, NULL, NULL, NULL, 92, 1, 1),
(89, NULL, NULL, NULL, NULL, NULL, 50.0000, NULL, NULL, NULL, NULL, 93, 1, 1),
(90, NULL, NULL, NULL, NULL, NULL, 50.0000, NULL, NULL, NULL, NULL, 94, 1, 1),
(91, NULL, NULL, NULL, NULL, NULL, 50.0000, NULL, NULL, NULL, NULL, 95, 1, 1),
(92, NULL, NULL, NULL, NULL, NULL, 60.0000, NULL, NULL, NULL, NULL, 96, 1, 1),
(93, NULL, NULL, NULL, NULL, NULL, 40.0000, NULL, NULL, NULL, NULL, 97, 1, 1),
(94, NULL, NULL, NULL, NULL, NULL, 50.0000, NULL, NULL, NULL, NULL, 98, 1, 1),
(95, NULL, NULL, NULL, NULL, NULL, 50.0000, NULL, NULL, NULL, NULL, 99, 1, 1),
(96, NULL, NULL, NULL, NULL, NULL, 50.0000, NULL, NULL, NULL, NULL, 100, 1, 1),
(97, NULL, NULL, NULL, NULL, NULL, 50.0000, NULL, NULL, NULL, NULL, 101, 1, 1),
(98, NULL, NULL, NULL, NULL, NULL, 40.0000, NULL, NULL, NULL, NULL, 102, 1, 1),
(99, NULL, NULL, NULL, NULL, NULL, 50.0000, NULL, NULL, NULL, NULL, 103, 1, 1),
(100, NULL, NULL, NULL, NULL, NULL, 90.0000, NULL, NULL, NULL, NULL, 104, 1, 1),
(101, NULL, NULL, NULL, NULL, NULL, 50.0000, NULL, NULL, NULL, NULL, 105, 1, 1),
(102, NULL, NULL, NULL, NULL, NULL, 50.0000, NULL, NULL, NULL, NULL, 106, 1, 1),
(103, NULL, NULL, NULL, NULL, NULL, 40.0000, NULL, NULL, NULL, NULL, 107, 1, 1),
(104, NULL, NULL, NULL, NULL, NULL, 50.0000, NULL, NULL, NULL, NULL, 108, 1, 1),
(105, NULL, NULL, NULL, NULL, NULL, 50.0000, NULL, NULL, NULL, NULL, 109, 1, 1),
(106, NULL, NULL, NULL, NULL, NULL, 50.0000, NULL, NULL, NULL, NULL, 110, 1, 1),
(107, NULL, NULL, NULL, NULL, NULL, 50.0000, NULL, NULL, NULL, NULL, 111, 1, 1),
(108, NULL, NULL, NULL, NULL, NULL, 50.0000, NULL, NULL, NULL, NULL, 112, 1, 1),
(109, NULL, NULL, NULL, NULL, NULL, 40.0000, NULL, NULL, NULL, NULL, 113, 1, 1),
(110, NULL, NULL, NULL, NULL, NULL, 50.0000, NULL, NULL, NULL, NULL, 114, 1, 1),
(111, NULL, NULL, NULL, NULL, NULL, 80.0000, NULL, NULL, NULL, NULL, 115, 1, 1),
(112, NULL, NULL, NULL, NULL, NULL, 50.0000, NULL, NULL, NULL, NULL, 116, 1, 1),
(113, NULL, NULL, NULL, NULL, NULL, 60.0000, NULL, NULL, NULL, NULL, 117, 1, 1),
(114, NULL, NULL, NULL, NULL, NULL, 40.0000, NULL, NULL, NULL, NULL, 118, 1, 1),
(115, NULL, NULL, NULL, NULL, NULL, 50.0000, NULL, NULL, NULL, NULL, 119, 1, 1),
(116, NULL, NULL, NULL, NULL, NULL, 50.0000, NULL, NULL, NULL, NULL, 120, 1, 1),
(117, NULL, NULL, NULL, NULL, NULL, 40.0000, NULL, NULL, NULL, NULL, 121, 1, 1),
(118, NULL, NULL, NULL, NULL, NULL, 50.0000, NULL, NULL, NULL, NULL, 122, 1, 1),
(119, NULL, NULL, NULL, NULL, NULL, 50.0000, NULL, NULL, NULL, NULL, 123, 1, 1),
(120, NULL, NULL, NULL, NULL, NULL, 60.0000, NULL, NULL, NULL, NULL, 124, 1, 1),
(121, NULL, NULL, NULL, NULL, NULL, 40.0000, NULL, NULL, NULL, NULL, 125, 1, 1),
(122, NULL, NULL, NULL, NULL, NULL, 50.0000, NULL, NULL, NULL, NULL, 126, 1, 1),
(123, NULL, NULL, NULL, NULL, NULL, 50.0000, NULL, NULL, NULL, NULL, 127, 1, 1),
(124, NULL, NULL, NULL, NULL, NULL, 50.0000, NULL, NULL, NULL, NULL, 128, 1, 1),
(125, NULL, NULL, NULL, NULL, NULL, 50.0000, NULL, NULL, NULL, NULL, 129, 1, 1),
(126, NULL, NULL, NULL, NULL, NULL, 50.0000, NULL, NULL, NULL, NULL, 130, 1, 1),
(127, NULL, NULL, NULL, NULL, NULL, 40.0000, NULL, NULL, NULL, NULL, 131, 1, 1),
(128, NULL, NULL, NULL, NULL, NULL, 50.0000, NULL, NULL, NULL, NULL, 132, 1, 1),
(129, NULL, NULL, NULL, NULL, NULL, 50.0000, NULL, NULL, NULL, NULL, 133, 1, 1),
(130, NULL, NULL, NULL, NULL, NULL, 60.0000, NULL, NULL, NULL, NULL, 134, 1, 1),
(131, NULL, NULL, NULL, NULL, NULL, 50.0000, NULL, NULL, NULL, NULL, 135, 1, 1),
(132, NULL, NULL, NULL, NULL, NULL, 50.0000, NULL, NULL, NULL, NULL, 136, 1, 1),
(133, NULL, NULL, NULL, NULL, NULL, 40.0000, NULL, NULL, NULL, NULL, 137, 1, 1),
(134, NULL, NULL, NULL, NULL, NULL, 50.0000, NULL, NULL, NULL, NULL, 138, 1, 1),
(135, NULL, NULL, NULL, NULL, NULL, 50.0000, NULL, NULL, NULL, NULL, 139, 1, 1),
(136, NULL, NULL, NULL, NULL, NULL, 50.0000, NULL, NULL, NULL, NULL, 140, 1, 1),
(137, NULL, NULL, NULL, NULL, NULL, 50.0000, NULL, NULL, NULL, NULL, 141, 1, 1),
(138, NULL, NULL, NULL, NULL, NULL, 50.0000, NULL, NULL, NULL, NULL, 142, 1, 1),
(139, NULL, NULL, NULL, NULL, NULL, 40.0000, NULL, NULL, NULL, NULL, 143, 1, 1),
(140, NULL, NULL, NULL, NULL, NULL, 50.0000, NULL, NULL, NULL, NULL, 144, 1, 1),
(141, NULL, NULL, NULL, NULL, NULL, 60.0000, NULL, NULL, NULL, NULL, 145, 1, 1),
(142, NULL, NULL, NULL, NULL, NULL, 50.0000, NULL, NULL, NULL, NULL, 146, 1, 1),
(143, NULL, NULL, NULL, NULL, NULL, 50.0000, NULL, NULL, NULL, NULL, 147, 1, 1),
(144, NULL, NULL, NULL, NULL, NULL, 50.0000, NULL, NULL, NULL, NULL, 148, 1, 1),
(145, NULL, NULL, NULL, NULL, NULL, 40.0000, NULL, NULL, NULL, NULL, 149, 1, 1),
(146, NULL, NULL, NULL, NULL, NULL, 50.0000, NULL, NULL, NULL, NULL, 150, 1, 1),
(147, NULL, NULL, NULL, NULL, NULL, 50.0000, NULL, NULL, NULL, NULL, 151, 1, 1),
(148, NULL, NULL, NULL, NULL, NULL, 50.0000, NULL, NULL, NULL, NULL, 152, 1, 1),
(149, NULL, NULL, NULL, NULL, NULL, 50.0000, NULL, NULL, NULL, NULL, 153, 1, 1),
(150, NULL, NULL, NULL, NULL, NULL, 60.0000, NULL, NULL, NULL, NULL, 154, 1, 1),
(151, NULL, NULL, NULL, NULL, NULL, 40.0000, NULL, NULL, NULL, NULL, 155, 1, 1),
(152, NULL, NULL, NULL, NULL, NULL, 50.0000, NULL, NULL, NULL, NULL, 156, 1, 1),
(153, NULL, NULL, NULL, NULL, NULL, 50.0000, NULL, NULL, NULL, NULL, 157, 1, 1),
(154, NULL, NULL, NULL, NULL, NULL, 60.0000, NULL, NULL, NULL, NULL, 158, 1, 1),
(155, NULL, NULL, NULL, NULL, NULL, 60.0000, NULL, NULL, NULL, NULL, 159, 1, 1),
(156, NULL, NULL, NULL, NULL, NULL, 40.0000, NULL, NULL, NULL, NULL, 160, 1, 1),
(157, NULL, NULL, NULL, NULL, NULL, 50.0000, NULL, NULL, NULL, NULL, 161, 1, 1),
(158, NULL, NULL, NULL, NULL, NULL, 50.0000, NULL, NULL, NULL, NULL, 162, 1, 1),
(159, NULL, NULL, NULL, NULL, NULL, 50.0000, NULL, NULL, NULL, NULL, 163, 1, 1),
(160, NULL, NULL, NULL, NULL, NULL, 50.0000, NULL, NULL, NULL, NULL, 164, 1, 1),
(161, NULL, NULL, NULL, NULL, NULL, 50.0000, NULL, NULL, NULL, NULL, 165, 1, 1),
(162, NULL, NULL, NULL, NULL, NULL, 40.0000, NULL, NULL, NULL, NULL, 166, 1, 1),
(163, NULL, NULL, NULL, NULL, NULL, 50.0000, NULL, NULL, NULL, NULL, 167, 1, 1),
(164, NULL, NULL, NULL, NULL, NULL, 50.0000, NULL, NULL, NULL, NULL, 168, 1, 1),
(165, NULL, NULL, NULL, NULL, NULL, 60.0000, NULL, NULL, NULL, NULL, 169, 1, 1),
(166, NULL, NULL, NULL, NULL, NULL, 50.0000, NULL, NULL, NULL, NULL, 170, 1, 1),
(167, NULL, NULL, NULL, NULL, NULL, 50.0000, NULL, NULL, NULL, NULL, 171, 1, 1),
(168, NULL, NULL, NULL, NULL, NULL, 40.0000, NULL, NULL, NULL, NULL, 172, 1, 1),
(169, NULL, NULL, NULL, NULL, NULL, 50.0000, NULL, NULL, NULL, NULL, 173, 1, 1),
(170, NULL, NULL, NULL, NULL, NULL, 50.0000, NULL, NULL, NULL, NULL, 174, 1, 1),
(171, NULL, NULL, NULL, NULL, NULL, 50.0000, NULL, NULL, NULL, NULL, 175, 1, 1),
(172, NULL, NULL, NULL, NULL, NULL, 50.0000, NULL, NULL, NULL, NULL, 176, 1, 1),
(173, NULL, NULL, NULL, NULL, NULL, 40.0000, NULL, NULL, NULL, NULL, 177, 1, 1),
(174, NULL, NULL, NULL, NULL, NULL, 50.0000, NULL, NULL, NULL, NULL, 178, 1, 1),
(175, NULL, NULL, NULL, NULL, NULL, 50.0000, NULL, NULL, NULL, NULL, 179, 1, 1),
(176, NULL, NULL, NULL, NULL, NULL, 90.0000, NULL, NULL, NULL, NULL, 180, 1, 1),
(177, NULL, NULL, NULL, NULL, NULL, 40.0000, NULL, NULL, NULL, NULL, 181, 1, 1),
(178, NULL, NULL, NULL, NULL, NULL, 50.0000, NULL, NULL, NULL, NULL, 182, 1, 1),
(179, NULL, NULL, NULL, NULL, NULL, 50.0000, NULL, NULL, NULL, NULL, 183, 1, 1),
(180, NULL, NULL, NULL, NULL, NULL, 50.0000, NULL, NULL, NULL, NULL, 184, 1, 1),
(181, NULL, NULL, NULL, NULL, NULL, 50.0000, NULL, NULL, NULL, NULL, 185, 1, 1),
(182, NULL, NULL, NULL, NULL, NULL, 50.0000, NULL, NULL, NULL, NULL, 186, 1, 1),
(183, NULL, NULL, NULL, NULL, NULL, 40.0000, NULL, NULL, NULL, NULL, 187, 1, 1),
(184, NULL, NULL, NULL, NULL, NULL, 50.0000, NULL, NULL, NULL, NULL, 188, 1, 1),
(185, NULL, NULL, NULL, NULL, NULL, 50.0000, NULL, NULL, NULL, NULL, 189, 1, 1),
(186, NULL, NULL, NULL, NULL, NULL, 60.0000, NULL, NULL, NULL, NULL, 190, 1, 1),
(187, NULL, NULL, NULL, NULL, NULL, 50.0000, NULL, NULL, NULL, NULL, 191, 1, 1),
(188, NULL, NULL, NULL, NULL, NULL, 40.0000, NULL, NULL, NULL, NULL, 192, 1, 1),
(189, NULL, NULL, NULL, NULL, NULL, 50.0000, NULL, NULL, NULL, NULL, 193, 1, 1),
(190, NULL, NULL, NULL, NULL, NULL, 50.0000, NULL, NULL, NULL, NULL, 194, 1, 1),
(191, NULL, NULL, NULL, NULL, NULL, 80.0000, NULL, NULL, NULL, NULL, 195, 1, 1),
(192, NULL, NULL, NULL, NULL, NULL, 80.0000, NULL, NULL, NULL, NULL, 196, 1, 1),
(193, NULL, NULL, NULL, NULL, NULL, 80.0000, NULL, NULL, NULL, NULL, 197, 1, 1),
(194, NULL, NULL, NULL, NULL, NULL, 80.0000, NULL, NULL, NULL, NULL, 198, 1, 1),
(195, NULL, NULL, NULL, NULL, NULL, 80.0000, NULL, NULL, NULL, NULL, 199, 1, 1),
(196, NULL, NULL, NULL, NULL, NULL, 80.0000, NULL, NULL, NULL, NULL, 200, 1, 1),
(197, NULL, NULL, NULL, NULL, NULL, 80.0000, NULL, NULL, NULL, NULL, 201, 1, 1),
(198, NULL, NULL, NULL, NULL, NULL, 80.0000, NULL, NULL, NULL, NULL, 202, 1, 1),
(200, NULL, NULL, NULL, NULL, NULL, 60.0000, NULL, NULL, NULL, NULL, 204, 1, 1),
(201, NULL, NULL, NULL, NULL, NULL, 50.0000, NULL, NULL, NULL, NULL, 205, 1, 1),
(202, NULL, NULL, NULL, NULL, NULL, 40.0000, NULL, NULL, NULL, NULL, 206, 1, 1),
(203, NULL, NULL, NULL, NULL, NULL, 50.0000, NULL, NULL, NULL, NULL, 207, 1, 1),
(204, NULL, NULL, NULL, NULL, NULL, 80.0000, NULL, NULL, NULL, NULL, 208, 1, 1),
(205, NULL, NULL, NULL, NULL, NULL, 50.0000, NULL, NULL, NULL, NULL, 209, 1, 1),
(206, NULL, NULL, NULL, NULL, NULL, 40.0000, NULL, NULL, NULL, NULL, 210, 1, 1),
(207, NULL, NULL, NULL, NULL, NULL, 50.0000, NULL, NULL, NULL, NULL, 211, 1, 1),
(208, NULL, NULL, NULL, NULL, NULL, 50.0000, NULL, NULL, NULL, NULL, 212, 1, 1),
(209, NULL, NULL, NULL, NULL, NULL, 50.0000, NULL, NULL, NULL, NULL, 213, 1, 1),
(210, NULL, NULL, NULL, NULL, NULL, 40.0000, NULL, NULL, NULL, NULL, 214, 1, 1),
(211, NULL, NULL, NULL, NULL, NULL, 50.0000, NULL, NULL, NULL, NULL, 215, 1, 1),
(212, NULL, NULL, NULL, NULL, NULL, 60.0000, NULL, NULL, NULL, NULL, 216, 1, 1),
(213, NULL, NULL, NULL, NULL, NULL, 50.0000, NULL, NULL, NULL, NULL, 217, 1, 1),
(214, NULL, NULL, NULL, NULL, NULL, 50.0000, NULL, NULL, NULL, NULL, 218, 1, 1),
(215, NULL, NULL, NULL, NULL, NULL, 40.0000, NULL, NULL, NULL, NULL, 219, 1, 1),
(216, NULL, NULL, NULL, NULL, NULL, 60.0000, NULL, NULL, NULL, NULL, 220, 1, 1),
(217, NULL, NULL, NULL, NULL, NULL, 50.0000, NULL, NULL, NULL, NULL, 221, 1, 1),
(218, NULL, NULL, NULL, NULL, NULL, 50.0000, NULL, NULL, NULL, NULL, 222, 1, 1),
(219, NULL, NULL, NULL, NULL, NULL, 50.0000, NULL, NULL, NULL, NULL, 223, 1, 1),
(220, NULL, NULL, NULL, NULL, NULL, 50.0000, NULL, NULL, NULL, NULL, 224, 1, 1),
(222, NULL, NULL, NULL, NULL, NULL, 40.0000, NULL, NULL, NULL, NULL, 226, 1, 1),
(223, NULL, NULL, NULL, NULL, NULL, 40.0000, NULL, NULL, NULL, NULL, 227, 1, 1),
(224, NULL, NULL, NULL, NULL, NULL, 40.0000, NULL, NULL, NULL, NULL, 228, 1, 1),
(225, NULL, NULL, NULL, NULL, NULL, 40.0000, NULL, NULL, NULL, NULL, 230, 1, 1),
(226, NULL, NULL, NULL, NULL, NULL, 40.0000, NULL, NULL, NULL, NULL, 231, 1, 1),
(227, NULL, NULL, NULL, NULL, NULL, 40.0000, NULL, NULL, NULL, NULL, 232, 1, 1),
(228, NULL, NULL, NULL, NULL, NULL, 40.0000, NULL, NULL, NULL, NULL, 233, 1, 1),
(229, NULL, NULL, NULL, NULL, NULL, 40.0000, NULL, NULL, NULL, NULL, 234, 1, 1),
(230, NULL, NULL, NULL, NULL, NULL, 40.0000, NULL, NULL, NULL, NULL, 235, 1, 1),
(231, NULL, NULL, NULL, NULL, NULL, 40.0000, NULL, NULL, NULL, NULL, 236, 1, 1),
(232, NULL, NULL, NULL, NULL, NULL, 40.0000, NULL, NULL, NULL, NULL, 237, 1, 1),
(233, NULL, NULL, NULL, NULL, NULL, 40.0000, NULL, NULL, NULL, NULL, 238, 1, 1),
(234, NULL, NULL, NULL, NULL, NULL, 40.0000, NULL, NULL, NULL, NULL, 239, 1, 1),
(235, NULL, NULL, NULL, NULL, NULL, 40.0000, NULL, NULL, NULL, NULL, 240, 1, 1),
(236, NULL, NULL, NULL, NULL, NULL, 40.0000, NULL, NULL, NULL, NULL, 241, 1, 1),
(237, NULL, NULL, NULL, NULL, NULL, 40.0000, NULL, NULL, NULL, NULL, 242, 1, 1),
(238, NULL, NULL, NULL, NULL, NULL, 40.0000, NULL, NULL, NULL, NULL, 243, 1, 1),
(239, NULL, NULL, NULL, NULL, NULL, 40.0000, NULL, NULL, NULL, NULL, 244, 1, 1),
(240, NULL, NULL, NULL, NULL, NULL, 40.0000, NULL, NULL, NULL, NULL, 245, 1, 1),
(241, NULL, NULL, NULL, NULL, NULL, 40.0000, NULL, NULL, NULL, NULL, 246, 1, 1),
(242, NULL, NULL, NULL, NULL, NULL, 40.0000, NULL, NULL, NULL, NULL, 247, 1, 1),
(243, NULL, NULL, NULL, NULL, NULL, 40.0000, NULL, NULL, NULL, NULL, 248, 1, 1),
(244, NULL, NULL, NULL, NULL, NULL, 40.0000, NULL, NULL, NULL, NULL, 249, 1, 1),
(245, NULL, NULL, NULL, NULL, NULL, 40.0000, NULL, NULL, NULL, NULL, 250, 1, 1),
(246, NULL, NULL, NULL, NULL, NULL, 40.0000, NULL, NULL, NULL, NULL, 251, 1, 1),
(247, NULL, NULL, NULL, NULL, NULL, 40.0000, NULL, NULL, NULL, NULL, 252, 1, 1),
(248, NULL, NULL, NULL, NULL, NULL, 40.0000, NULL, NULL, NULL, NULL, 253, 1, 1),
(249, NULL, NULL, NULL, NULL, NULL, 40.0000, NULL, NULL, NULL, NULL, 254, 1, 1),
(250, NULL, NULL, NULL, NULL, NULL, 40.0000, NULL, NULL, NULL, NULL, 255, 1, 1),
(251, NULL, NULL, NULL, NULL, NULL, 40.0000, NULL, NULL, NULL, NULL, 256, 1, 1),
(252, NULL, NULL, NULL, NULL, NULL, 40.0000, NULL, NULL, NULL, NULL, 257, 1, 1),
(253, NULL, NULL, NULL, NULL, NULL, 40.0000, NULL, NULL, NULL, NULL, 258, 1, 1),
(254, NULL, NULL, NULL, NULL, NULL, 40.0000, NULL, NULL, NULL, NULL, 259, 1, 1),
(255, NULL, NULL, NULL, NULL, NULL, 40.0000, NULL, NULL, NULL, NULL, 260, 1, 1),
(256, NULL, NULL, NULL, NULL, NULL, 40.0000, NULL, NULL, NULL, NULL, 261, 1, 1),
(257, NULL, NULL, NULL, NULL, NULL, 40.0000, NULL, NULL, NULL, NULL, 262, 1, 1),
(258, NULL, NULL, NULL, NULL, NULL, 40.0000, NULL, NULL, NULL, NULL, 263, 1, 1),
(259, NULL, NULL, NULL, NULL, NULL, 40.0000, NULL, NULL, NULL, NULL, 264, 1, 1),
(260, NULL, NULL, NULL, NULL, NULL, 40.0000, NULL, NULL, NULL, NULL, 265, 1, 1),
(261, NULL, NULL, NULL, NULL, NULL, 40.0000, NULL, NULL, NULL, NULL, 266, 1, 1),
(262, NULL, NULL, NULL, NULL, NULL, 40.0000, NULL, NULL, NULL, NULL, 267, 1, 1),
(263, NULL, NULL, NULL, NULL, NULL, 40.0000, NULL, NULL, NULL, NULL, 268, 1, 1),
(264, NULL, NULL, NULL, NULL, NULL, 40.0000, NULL, NULL, NULL, NULL, 269, 1, 1),
(265, NULL, NULL, NULL, NULL, NULL, 40.0000, NULL, NULL, NULL, NULL, 270, 1, 1),
(266, NULL, NULL, NULL, NULL, NULL, 40.0000, NULL, NULL, NULL, NULL, 271, 1, 1),
(267, NULL, NULL, NULL, NULL, NULL, 40.0000, NULL, NULL, NULL, NULL, 272, 1, 1),
(268, NULL, NULL, NULL, NULL, NULL, 40.0000, NULL, NULL, NULL, NULL, 273, 1, 1),
(269, NULL, NULL, NULL, NULL, NULL, 40.0000, NULL, NULL, NULL, NULL, 274, 1, 1),
(270, NULL, NULL, NULL, NULL, NULL, 40.0000, NULL, NULL, NULL, NULL, 275, 1, 1),
(271, NULL, NULL, NULL, NULL, NULL, 40.0000, NULL, NULL, NULL, NULL, 276, 1, 1),
(272, NULL, NULL, NULL, NULL, NULL, 40.0000, NULL, NULL, NULL, NULL, 277, 1, 1),
(273, NULL, NULL, NULL, NULL, NULL, 40.0000, NULL, NULL, NULL, NULL, 278, 1, 1),
(274, NULL, NULL, NULL, NULL, NULL, 40.0000, NULL, NULL, NULL, NULL, 279, 1, 1),
(275, NULL, NULL, NULL, NULL, NULL, 40.0000, NULL, NULL, NULL, NULL, 280, 1, 1),
(276, NULL, NULL, NULL, NULL, NULL, 40.0000, NULL, NULL, NULL, NULL, 281, 1, 1),
(277, NULL, NULL, NULL, NULL, NULL, 40.0000, NULL, NULL, NULL, NULL, 282, 1, 1),
(278, NULL, NULL, NULL, NULL, NULL, 40.0000, NULL, NULL, NULL, NULL, 283, 1, 1),
(279, NULL, NULL, NULL, NULL, NULL, 50.0000, NULL, NULL, NULL, NULL, 284, 1, 1),
(281, NULL, NULL, NULL, NULL, NULL, 40.0000, NULL, NULL, NULL, NULL, 287, 1, 1),
(282, NULL, NULL, NULL, NULL, NULL, 40.0000, NULL, NULL, NULL, NULL, 288, 1, 1),
(283, NULL, NULL, NULL, NULL, NULL, 40.0000, NULL, NULL, NULL, NULL, 289, 1, 1),
(284, NULL, NULL, NULL, NULL, NULL, 40.0000, NULL, NULL, NULL, NULL, 290, 1, 1),
(285, NULL, NULL, NULL, NULL, NULL, 40.0000, NULL, NULL, NULL, NULL, 291, 1, 1),
(286, NULL, NULL, NULL, NULL, NULL, 40.0000, NULL, NULL, NULL, NULL, 292, 1, 1),
(287, NULL, NULL, NULL, NULL, NULL, 40.0000, NULL, NULL, NULL, NULL, 293, 1, 1),
(288, NULL, NULL, NULL, NULL, NULL, 40.0000, NULL, NULL, NULL, NULL, 294, 1, 1),
(289, NULL, NULL, NULL, NULL, NULL, 40.0000, NULL, NULL, NULL, NULL, 295, 1, 1),
(290, NULL, NULL, NULL, NULL, NULL, 40.0000, NULL, NULL, NULL, NULL, 296, 1, 1),
(291, NULL, NULL, NULL, NULL, NULL, 40.0000, NULL, NULL, NULL, NULL, 297, 1, 1),
(292, NULL, NULL, NULL, NULL, NULL, 40.0000, NULL, NULL, NULL, NULL, 298, 1, 1),
(293, NULL, NULL, NULL, NULL, NULL, 40.0000, NULL, NULL, NULL, NULL, 299, 1, 1),
(294, NULL, NULL, NULL, NULL, NULL, 40.0000, NULL, NULL, NULL, NULL, 300, 1, 1),
(295, NULL, NULL, NULL, NULL, NULL, 40.0000, NULL, NULL, NULL, NULL, 301, 1, 1),
(296, NULL, NULL, NULL, NULL, NULL, 40.0000, NULL, NULL, NULL, NULL, 302, 1, 1),
(297, NULL, NULL, NULL, NULL, NULL, 40.0000, NULL, NULL, NULL, NULL, 303, 1, 1),
(298, NULL, NULL, NULL, NULL, NULL, 40.0000, NULL, NULL, NULL, NULL, 304, 1, 1),
(299, NULL, NULL, NULL, NULL, NULL, 40.0000, NULL, NULL, NULL, NULL, 305, 1, 1),
(300, NULL, NULL, NULL, NULL, NULL, 40.0000, NULL, NULL, NULL, NULL, 306, 1, 1),
(301, NULL, NULL, NULL, NULL, NULL, 40.0000, NULL, NULL, NULL, NULL, 307, 1, 1),
(302, NULL, NULL, NULL, NULL, NULL, 40.0000, NULL, NULL, NULL, NULL, 308, 1, 1),
(303, NULL, NULL, NULL, NULL, NULL, 40.0000, NULL, NULL, NULL, NULL, 309, 1, 1),
(304, NULL, NULL, NULL, NULL, NULL, 40.0000, NULL, NULL, NULL, NULL, 310, 1, 1),
(305, NULL, NULL, NULL, NULL, NULL, 40.0000, NULL, NULL, NULL, NULL, 311, 1, 1),
(306, NULL, NULL, NULL, NULL, NULL, 40.0000, NULL, NULL, NULL, NULL, 312, 1, 1),
(307, NULL, NULL, NULL, NULL, NULL, 40.0000, NULL, NULL, NULL, NULL, 313, 1, 1),
(308, NULL, NULL, NULL, NULL, NULL, 40.0000, NULL, NULL, NULL, NULL, 314, 1, 1),
(309, NULL, NULL, NULL, NULL, NULL, 40.0000, NULL, NULL, NULL, NULL, 315, 1, 1),
(310, NULL, NULL, NULL, NULL, NULL, 40.0000, NULL, NULL, NULL, NULL, 316, 1, 1),
(311, NULL, NULL, NULL, NULL, NULL, 40.0000, NULL, NULL, NULL, NULL, 317, 1, 1),
(312, NULL, NULL, NULL, NULL, NULL, 40.0000, NULL, NULL, NULL, NULL, 318, 1, 1),
(313, NULL, NULL, NULL, NULL, NULL, 40.0000, NULL, NULL, NULL, NULL, 319, 1, 1),
(314, NULL, NULL, NULL, NULL, NULL, 40.0000, NULL, NULL, NULL, NULL, 320, 1, 1),
(315, NULL, NULL, NULL, NULL, NULL, 40.0000, NULL, NULL, NULL, NULL, 321, 1, 1),
(316, NULL, NULL, NULL, NULL, NULL, 40.0000, NULL, NULL, NULL, NULL, 322, 1, 1),
(317, NULL, NULL, NULL, NULL, NULL, 40.0000, NULL, NULL, NULL, NULL, 323, 1, 1),
(318, NULL, NULL, NULL, NULL, NULL, 40.0000, NULL, NULL, NULL, NULL, 324, 1, 1),
(319, NULL, NULL, NULL, NULL, NULL, 40.0000, NULL, NULL, NULL, NULL, 325, 1, 1),
(320, NULL, NULL, NULL, NULL, NULL, 40.0000, NULL, NULL, NULL, NULL, 326, 1, 1),
(321, NULL, NULL, NULL, NULL, NULL, 40.0000, NULL, NULL, NULL, NULL, 327, 1, 1),
(322, NULL, NULL, NULL, NULL, NULL, 40.0000, NULL, NULL, NULL, NULL, 328, 1, 1),
(323, NULL, NULL, NULL, NULL, NULL, 40.0000, NULL, NULL, NULL, NULL, 329, 1, 1),
(324, NULL, NULL, NULL, NULL, NULL, 40.0000, NULL, NULL, NULL, NULL, 330, 1, 1),
(325, NULL, NULL, NULL, NULL, NULL, 40.0000, NULL, NULL, NULL, NULL, 331, 1, 1),
(326, NULL, NULL, NULL, NULL, NULL, 40.0000, NULL, NULL, NULL, NULL, 332, 1, 1),
(327, NULL, NULL, NULL, NULL, NULL, 40.0000, NULL, NULL, NULL, NULL, 333, 1, 1),
(328, NULL, NULL, NULL, NULL, NULL, 40.0000, NULL, NULL, NULL, NULL, 334, 1, 1),
(329, NULL, NULL, NULL, NULL, NULL, 40.0000, NULL, NULL, NULL, NULL, 335, 1, 1),
(330, NULL, NULL, NULL, NULL, NULL, 40.0000, NULL, NULL, NULL, NULL, 336, 1, 1),
(331, NULL, NULL, NULL, NULL, NULL, 40.0000, NULL, NULL, NULL, NULL, 337, 1, 1),
(332, NULL, NULL, NULL, NULL, NULL, 40.0000, NULL, NULL, NULL, NULL, 338, 1, 1),
(333, NULL, NULL, NULL, NULL, NULL, 40.0000, NULL, NULL, NULL, NULL, 339, 1, 1),
(334, NULL, NULL, NULL, NULL, NULL, 40.0000, NULL, NULL, NULL, NULL, 340, 1, 1),
(335, NULL, NULL, NULL, NULL, NULL, 40.0000, NULL, NULL, NULL, NULL, 341, 1, 1),
(336, NULL, NULL, NULL, NULL, NULL, 40.0000, NULL, NULL, NULL, NULL, 342, 1, 1),
(337, NULL, NULL, NULL, NULL, NULL, 40.0000, NULL, NULL, NULL, NULL, 343, 1, 1),
(338, NULL, NULL, NULL, NULL, NULL, 40.0000, NULL, NULL, NULL, NULL, 344, 1, 1),
(339, NULL, NULL, NULL, NULL, NULL, 40.0000, NULL, NULL, NULL, NULL, 345, 1, 1),
(340, NULL, NULL, NULL, NULL, NULL, 40.0000, NULL, NULL, NULL, NULL, 346, 1, 1),
(341, NULL, NULL, NULL, NULL, NULL, 40.0000, NULL, NULL, NULL, NULL, 347, 1, 1),
(342, NULL, NULL, NULL, NULL, NULL, 70.0000, NULL, NULL, NULL, NULL, 348, 1, 1),
(343, NULL, NULL, NULL, NULL, NULL, 50.0000, NULL, NULL, NULL, NULL, 349, 1, 1),
(344, NULL, NULL, NULL, NULL, NULL, 50.0000, NULL, NULL, NULL, NULL, 350, 1, 1),
(345, NULL, NULL, NULL, NULL, NULL, 60.0000, NULL, NULL, NULL, NULL, 351, 1, 1),
(346, NULL, NULL, NULL, NULL, NULL, 50.0000, NULL, NULL, NULL, NULL, 352, 1, 1),
(347, NULL, NULL, NULL, NULL, NULL, 50.0000, NULL, NULL, NULL, NULL, 353, 1, 1),
(348, NULL, NULL, NULL, NULL, NULL, 50.0000, NULL, NULL, NULL, NULL, 354, 1, 1),
(349, NULL, NULL, NULL, NULL, NULL, 50.0000, NULL, NULL, NULL, NULL, 355, 1, 1),
(350, NULL, NULL, NULL, NULL, NULL, 50.0000, NULL, NULL, NULL, NULL, 356, 1, 1),
(351, NULL, NULL, NULL, NULL, NULL, 50.0000, NULL, NULL, NULL, NULL, 357, 1, 1),
(352, NULL, NULL, NULL, NULL, NULL, 50.0000, NULL, NULL, NULL, NULL, 358, 1, 1),
(353, NULL, NULL, NULL, NULL, NULL, 60.0000, NULL, NULL, NULL, NULL, 359, 1, 1),
(354, NULL, NULL, NULL, NULL, NULL, 50.0000, NULL, NULL, NULL, NULL, 360, 1, 1),
(355, NULL, NULL, NULL, NULL, NULL, 70.0000, NULL, NULL, NULL, NULL, 361, 1, 1),
(356, NULL, NULL, NULL, NULL, NULL, 50.0000, NULL, NULL, NULL, NULL, 362, 1, 1),
(357, NULL, NULL, NULL, NULL, NULL, 50.0000, NULL, NULL, NULL, NULL, 363, 1, 1),
(358, NULL, NULL, NULL, NULL, NULL, 50.0000, NULL, NULL, NULL, NULL, 364, 1, 1),
(359, NULL, NULL, NULL, NULL, NULL, 50.0000, NULL, NULL, NULL, NULL, 365, 1, 1),
(360, NULL, NULL, NULL, NULL, NULL, 50.0000, NULL, NULL, NULL, NULL, 366, 1, 1),
(361, NULL, NULL, NULL, NULL, NULL, 60.0000, NULL, NULL, NULL, NULL, 367, 1, 1),
(362, NULL, NULL, NULL, NULL, NULL, 50.0000, NULL, NULL, NULL, NULL, 368, 1, 1),
(363, NULL, NULL, NULL, NULL, NULL, 50.0000, NULL, NULL, NULL, NULL, 369, 1, 1),
(364, NULL, NULL, NULL, NULL, NULL, 50.0000, NULL, NULL, NULL, NULL, 370, 1, 1),
(365, NULL, NULL, NULL, NULL, NULL, 50.0000, NULL, NULL, NULL, NULL, 371, 1, 1),
(366, NULL, NULL, NULL, NULL, NULL, 50.0000, NULL, NULL, NULL, NULL, 372, 1, 1),
(367, NULL, NULL, NULL, NULL, NULL, 50.0000, NULL, NULL, NULL, NULL, 373, 1, 1),
(368, NULL, NULL, NULL, NULL, NULL, 40.0000, NULL, NULL, NULL, NULL, 374, 1, 1),
(369, NULL, NULL, NULL, NULL, NULL, 60.0000, NULL, NULL, NULL, NULL, 375, 1, 1),
(370, NULL, NULL, NULL, NULL, NULL, 40.0000, NULL, NULL, NULL, NULL, 376, 1, 1),
(371, NULL, NULL, NULL, NULL, NULL, 50.0000, NULL, NULL, NULL, NULL, 377, 1, 1),
(372, NULL, NULL, NULL, NULL, NULL, 50.0000, NULL, NULL, NULL, NULL, 378, 1, 1),
(373, NULL, NULL, NULL, NULL, NULL, 50.0000, NULL, NULL, NULL, NULL, 379, 1, 1),
(374, NULL, NULL, NULL, NULL, NULL, 40.0000, NULL, NULL, NULL, NULL, 380, 1, 1),
(375, NULL, NULL, NULL, NULL, NULL, 60.0000, NULL, NULL, NULL, NULL, 381, 1, 1),
(376, NULL, NULL, NULL, NULL, NULL, 40.0000, NULL, NULL, NULL, NULL, 382, 1, 1),
(377, NULL, NULL, NULL, NULL, NULL, 50.0000, NULL, NULL, NULL, NULL, 383, 1, 1),
(378, NULL, NULL, NULL, NULL, NULL, 50.0000, NULL, NULL, NULL, NULL, 384, 1, 1),
(379, NULL, NULL, NULL, NULL, NULL, 50.0000, NULL, NULL, NULL, NULL, 385, 1, 1),
(380, NULL, NULL, NULL, NULL, NULL, 40.0000, NULL, NULL, NULL, NULL, 386, 1, 1),
(381, NULL, NULL, NULL, NULL, NULL, 50.0000, NULL, NULL, NULL, NULL, 387, 1, 1),
(382, NULL, NULL, NULL, NULL, NULL, 50.0000, NULL, NULL, NULL, NULL, 388, 1, 1),
(383, NULL, NULL, NULL, NULL, NULL, 50.0000, NULL, NULL, NULL, NULL, 389, 1, 1),
(384, NULL, NULL, NULL, NULL, NULL, 60.0000, NULL, NULL, NULL, NULL, 390, 1, 1),
(385, NULL, NULL, NULL, NULL, NULL, 50.0000, NULL, NULL, NULL, NULL, 391, 1, 1),
(386, NULL, NULL, NULL, NULL, NULL, 40.0000, NULL, NULL, NULL, NULL, 392, 1, 1),
(387, NULL, NULL, NULL, NULL, NULL, 50.0000, NULL, NULL, NULL, NULL, 393, 1, 1),
(388, NULL, NULL, NULL, NULL, NULL, 50.0000, NULL, NULL, NULL, NULL, 394, 1, 1),
(389, NULL, NULL, NULL, NULL, NULL, 50.0000, NULL, NULL, NULL, NULL, 395, 1, 1),
(390, NULL, NULL, NULL, NULL, NULL, 50.0000, NULL, NULL, NULL, NULL, 396, 1, 1),
(391, NULL, NULL, NULL, NULL, NULL, 50.0000, NULL, NULL, NULL, NULL, 397, 1, 1),
(392, NULL, NULL, NULL, NULL, NULL, 40.0000, NULL, NULL, NULL, NULL, 398, 1, 1),
(393, NULL, NULL, NULL, NULL, NULL, 50.0000, NULL, NULL, NULL, NULL, 399, 1, 1),
(394, NULL, NULL, NULL, NULL, NULL, 60.0000, NULL, NULL, NULL, NULL, 400, 1, 1),
(395, NULL, NULL, NULL, NULL, NULL, 50.0000, NULL, NULL, NULL, NULL, 401, 1, 1),
(396, NULL, NULL, NULL, NULL, NULL, 60.0000, NULL, NULL, NULL, NULL, 402, 1, 1),
(397, NULL, NULL, NULL, NULL, NULL, 40.0000, NULL, NULL, NULL, NULL, 403, 1, 1),
(398, NULL, NULL, NULL, NULL, NULL, 50.0000, NULL, NULL, NULL, NULL, 404, 1, 1),
(399, NULL, NULL, NULL, NULL, NULL, 50.0000, NULL, NULL, NULL, NULL, 405, 1, 1),
(400, NULL, NULL, NULL, NULL, NULL, 60.0000, NULL, NULL, NULL, NULL, 406, 1, 1),
(401, NULL, NULL, NULL, NULL, NULL, 40.0000, NULL, NULL, NULL, NULL, 407, 1, 1),
(402, NULL, NULL, NULL, NULL, NULL, 50.0000, NULL, NULL, NULL, NULL, 408, 1, 1),
(403, NULL, NULL, NULL, NULL, NULL, 50.0000, NULL, NULL, NULL, NULL, 409, 1, 1),
(404, NULL, NULL, NULL, NULL, NULL, 80.0000, NULL, NULL, NULL, NULL, 410, 1, 1),
(405, NULL, NULL, NULL, NULL, NULL, 40.0000, NULL, NULL, NULL, NULL, 411, 1, 1),
(406, NULL, NULL, NULL, NULL, NULL, 40.0000, NULL, NULL, NULL, NULL, 412, 1, 1),
(407, NULL, NULL, NULL, NULL, NULL, 40.0000, NULL, NULL, NULL, NULL, 413, 1, 1),
(408, NULL, NULL, NULL, NULL, NULL, 40.0000, NULL, NULL, NULL, NULL, 414, 1, 1),
(409, NULL, NULL, NULL, NULL, 2.0000, NULL, NULL, NULL, NULL, NULL, 415, 1, 1),
(410, NULL, NULL, NULL, NULL, 1.0000, NULL, NULL, NULL, NULL, NULL, 416, 1, 1),
(411, NULL, NULL, NULL, NULL, 5.0000, NULL, NULL, NULL, NULL, NULL, 417, 1, 1),
(412, NULL, NULL, NULL, NULL, 4.0000, NULL, NULL, NULL, NULL, NULL, 418, 1, 1),
(413, NULL, NULL, NULL, NULL, NULL, 40.0000, NULL, NULL, NULL, NULL, 419, 1, 1),
(414, NULL, NULL, NULL, NULL, NULL, 40.0000, NULL, NULL, NULL, NULL, 420, 1, 1),
(415, NULL, NULL, NULL, NULL, NULL, 50.0000, NULL, NULL, NULL, NULL, 421, 1, 1),
(416, NULL, NULL, NULL, NULL, NULL, 40.0000, NULL, NULL, NULL, NULL, 422, 1, 1),
(417, NULL, NULL, NULL, NULL, NULL, 40.0000, NULL, NULL, NULL, NULL, 423, 1, 1),
(418, NULL, NULL, NULL, NULL, NULL, 50.0000, NULL, NULL, NULL, NULL, 424, 1, 1),
(419, NULL, NULL, NULL, NULL, NULL, 40.0000, NULL, NULL, NULL, NULL, 425, 1, 1),
(420, NULL, NULL, NULL, NULL, 4.0000, NULL, NULL, NULL, NULL, NULL, 426, 1, 1),
(421, NULL, NULL, NULL, NULL, 2.0000, NULL, NULL, NULL, NULL, NULL, 427, 1, 1),
(422, NULL, NULL, NULL, NULL, NULL, 40.0000, NULL, NULL, NULL, NULL, 428, 1, 1),
(423, NULL, NULL, NULL, NULL, NULL, 60.0000, NULL, NULL, NULL, NULL, 429, 1, 1),
(424, NULL, NULL, NULL, NULL, NULL, 40.0000, NULL, NULL, NULL, NULL, 430, 1, 1),
(425, NULL, NULL, NULL, NULL, NULL, 40.0000, NULL, NULL, NULL, NULL, 431, 1, 1),
(426, NULL, NULL, NULL, NULL, NULL, 40.0000, NULL, NULL, NULL, NULL, 432, 1, 1),
(427, NULL, NULL, NULL, NULL, NULL, 40.0000, NULL, NULL, NULL, NULL, 433, 1, 1),
(428, NULL, NULL, NULL, NULL, NULL, 70.0000, NULL, NULL, NULL, NULL, 434, 1, 1),
(429, NULL, NULL, NULL, NULL, NULL, 40.0000, NULL, NULL, NULL, NULL, 435, 1, 1),
(430, NULL, NULL, NULL, NULL, NULL, 40.0000, NULL, NULL, NULL, NULL, 436, 1, 1),
(431, NULL, NULL, NULL, NULL, NULL, 40.0000, NULL, NULL, NULL, NULL, 437, 1, 1),
(432, NULL, NULL, NULL, NULL, NULL, 40.0000, NULL, NULL, NULL, NULL, 438, 1, 1),
(433, NULL, NULL, NULL, NULL, NULL, 40.0000, NULL, NULL, NULL, NULL, 439, 1, 1),
(434, NULL, NULL, NULL, NULL, NULL, 70.0000, NULL, NULL, NULL, NULL, 440, 1, 1),
(435, NULL, NULL, NULL, NULL, NULL, 40.0000, NULL, NULL, NULL, NULL, 441, 1, 1),
(436, NULL, NULL, NULL, NULL, NULL, 40.0000, NULL, NULL, NULL, NULL, 442, 1, 1),
(437, NULL, NULL, NULL, NULL, NULL, 40.0000, NULL, NULL, NULL, NULL, 443, 1, 1),
(438, NULL, NULL, NULL, NULL, NULL, 40.0000, NULL, NULL, NULL, NULL, 444, 1, 1),
(439, NULL, NULL, NULL, NULL, NULL, 40.0000, NULL, NULL, NULL, NULL, 445, 1, 1),
(440, NULL, NULL, NULL, NULL, NULL, 40.0000, NULL, NULL, NULL, NULL, 446, 1, 1),
(441, NULL, NULL, NULL, NULL, NULL, 70.0000, NULL, NULL, NULL, NULL, 447, 1, 1),
(442, NULL, NULL, NULL, NULL, NULL, 40.0000, NULL, NULL, NULL, NULL, 448, 1, 1),
(443, NULL, NULL, NULL, NULL, NULL, 40.0000, NULL, NULL, NULL, NULL, 449, 1, 1),
(444, NULL, NULL, NULL, NULL, NULL, 40.0000, NULL, NULL, NULL, NULL, 450, 1, 1),
(445, NULL, NULL, NULL, NULL, NULL, 40.0000, NULL, NULL, NULL, NULL, 451, 1, 1),
(446, NULL, NULL, NULL, NULL, NULL, 70.0000, NULL, NULL, NULL, NULL, 452, 1, 1),
(447, NULL, NULL, NULL, NULL, NULL, 40.0000, NULL, NULL, NULL, NULL, 453, 1, 1),
(448, NULL, NULL, NULL, NULL, NULL, 40.0000, NULL, NULL, NULL, NULL, 454, 1, 1),
(449, NULL, NULL, NULL, NULL, NULL, 40.0000, NULL, NULL, NULL, NULL, 455, 1, 1),
(450, NULL, NULL, NULL, NULL, NULL, 40.0000, NULL, NULL, NULL, NULL, 456, 1, 1),
(451, NULL, NULL, NULL, NULL, NULL, 40.0000, NULL, NULL, NULL, NULL, 457, 1, 1),
(452, NULL, NULL, NULL, NULL, NULL, 70.0000, NULL, NULL, NULL, NULL, 458, 1, 1),
(453, NULL, NULL, NULL, NULL, NULL, 40.0000, NULL, NULL, NULL, NULL, 459, 1, 1),
(454, NULL, NULL, NULL, NULL, NULL, 60.0000, NULL, NULL, NULL, NULL, 460, 1, 1),
(455, NULL, NULL, NULL, NULL, NULL, 70.0000, NULL, NULL, NULL, NULL, 461, 1, 1),
(456, NULL, NULL, NULL, NULL, NULL, 40.0000, NULL, NULL, NULL, NULL, 462, 1, 1),
(457, NULL, NULL, NULL, NULL, NULL, 60.0000, NULL, NULL, NULL, NULL, 463, 1, 1),
(458, NULL, NULL, NULL, NULL, NULL, 50.0000, NULL, NULL, NULL, NULL, 464, 1, 1),
(459, NULL, NULL, NULL, NULL, NULL, 50.0000, NULL, NULL, NULL, NULL, 465, 1, 1),
(460, NULL, NULL, NULL, NULL, NULL, 50.0000, NULL, NULL, NULL, NULL, 466, 1, 1),
(461, NULL, NULL, NULL, NULL, NULL, 50.0000, NULL, NULL, NULL, NULL, 467, 1, 1),
(462, NULL, NULL, NULL, NULL, NULL, 40.0000, NULL, NULL, NULL, NULL, 468, 1, 1),
(463, NULL, NULL, NULL, NULL, NULL, 50.0000, NULL, NULL, NULL, NULL, 469, 1, 1),
(464, NULL, NULL, NULL, NULL, NULL, 50.0000, NULL, NULL, NULL, NULL, 470, 1, 1),
(465, NULL, NULL, NULL, NULL, NULL, 50.0000, NULL, NULL, NULL, NULL, 471, 1, 1),
(466, NULL, NULL, NULL, NULL, NULL, 90.0000, NULL, NULL, NULL, NULL, 472, 1, 1),
(467, NULL, NULL, NULL, NULL, NULL, 40.0000, NULL, NULL, NULL, NULL, 473, 1, 1),
(468, NULL, NULL, NULL, NULL, NULL, 50.0000, NULL, NULL, NULL, NULL, 474, 1, 1),
(469, NULL, NULL, NULL, NULL, NULL, 50.0000, NULL, NULL, NULL, NULL, 475, 1, 1),
(470, NULL, NULL, NULL, NULL, NULL, 50.0000, NULL, NULL, NULL, NULL, 476, 1, 1),
(471, NULL, NULL, NULL, NULL, NULL, 50.0000, NULL, NULL, NULL, NULL, 477, 1, 1),
(472, NULL, NULL, NULL, NULL, NULL, 40.0000, NULL, NULL, NULL, NULL, 478, 1, 1),
(473, NULL, NULL, NULL, NULL, NULL, 40.0000, NULL, NULL, NULL, NULL, 479, 1, 1),
(474, NULL, NULL, NULL, NULL, NULL, 90.0000, NULL, NULL, NULL, NULL, 480, 1, 1),
(475, NULL, NULL, NULL, NULL, NULL, 50.0000, NULL, NULL, NULL, NULL, 481, 1, 1),
(476, NULL, NULL, NULL, NULL, NULL, 60.0000, NULL, NULL, NULL, NULL, 482, 1, 1),
(477, NULL, NULL, NULL, NULL, NULL, 60.0000, NULL, NULL, NULL, NULL, 483, 1, 1),
(478, NULL, NULL, NULL, NULL, NULL, 60.0000, NULL, NULL, NULL, NULL, 484, 1, 1),
(479, NULL, NULL, NULL, NULL, NULL, 40.0000, NULL, NULL, NULL, NULL, 485, 1, 1),
(480, NULL, NULL, NULL, NULL, NULL, 50.0000, NULL, NULL, NULL, NULL, 486, 1, 1),
(481, NULL, NULL, NULL, NULL, NULL, 60.0000, NULL, NULL, NULL, NULL, 487, 1, 1),
(482, NULL, NULL, NULL, NULL, NULL, 60.0000, NULL, NULL, NULL, NULL, 488, 1, 1),
(483, NULL, NULL, NULL, NULL, NULL, 40.0000, NULL, NULL, NULL, NULL, 489, 1, 1),
(484, NULL, NULL, NULL, NULL, NULL, 60.0000, NULL, NULL, NULL, NULL, 490, 1, 1),
(485, NULL, NULL, NULL, NULL, NULL, 60.0000, NULL, NULL, NULL, NULL, 491, 1, 1),
(486, NULL, NULL, NULL, NULL, NULL, 90.0000, NULL, NULL, NULL, NULL, 492, 1, 1),
(487, NULL, NULL, NULL, NULL, NULL, 40.0000, NULL, NULL, NULL, NULL, 493, 1, 1),
(488, NULL, NULL, NULL, NULL, NULL, 60.0000, NULL, NULL, NULL, NULL, 494, 1, 1),
(489, NULL, NULL, NULL, NULL, NULL, 50.0000, NULL, NULL, NULL, NULL, 495, 1, 1),
(490, NULL, NULL, NULL, NULL, NULL, 60.0000, NULL, NULL, NULL, NULL, 496, 1, 1),
(491, NULL, NULL, NULL, NULL, NULL, 60.0000, NULL, NULL, NULL, NULL, 497, 1, 1),
(492, NULL, NULL, NULL, NULL, NULL, 40.0000, NULL, NULL, NULL, NULL, 498, 1, 1),
(493, NULL, NULL, NULL, NULL, NULL, 60.0000, NULL, NULL, NULL, NULL, 499, 1, 1),
(494, NULL, NULL, NULL, NULL, NULL, 60.0000, NULL, NULL, NULL, NULL, 500, 1, 1),
(495, NULL, NULL, NULL, NULL, NULL, 50.0000, NULL, NULL, NULL, NULL, 501, 1, 1),
(496, NULL, NULL, NULL, NULL, NULL, 40.0000, NULL, NULL, NULL, NULL, 502, 1, 1),
(497, NULL, NULL, NULL, NULL, NULL, 70.0000, NULL, NULL, NULL, NULL, 503, 1, 1),
(498, NULL, NULL, NULL, NULL, NULL, 60.0000, NULL, NULL, NULL, NULL, 504, 1, 1),
(499, NULL, NULL, NULL, NULL, NULL, 40.0000, NULL, NULL, NULL, NULL, 505, 1, 1),
(500, NULL, NULL, NULL, NULL, NULL, 90.0000, NULL, NULL, NULL, NULL, 506, 1, 1),
(501, NULL, NULL, NULL, NULL, NULL, 60.0000, NULL, NULL, NULL, NULL, 507, 1, 1),
(502, NULL, NULL, NULL, NULL, NULL, 60.0000, NULL, NULL, NULL, NULL, 508, 1, 1),
(503, NULL, NULL, NULL, NULL, NULL, 40.0000, NULL, NULL, NULL, NULL, 509, 1, 1),
(504, NULL, NULL, NULL, NULL, NULL, 40.0000, NULL, NULL, NULL, NULL, 510, 1, 1),
(505, NULL, NULL, NULL, NULL, NULL, 40.0000, NULL, NULL, NULL, NULL, 511, 1, 1),
(506, NULL, NULL, NULL, NULL, NULL, 50.0000, NULL, NULL, NULL, NULL, 512, 1, 1),
(507, NULL, NULL, NULL, NULL, NULL, 50.0000, NULL, NULL, NULL, NULL, 513, 1, 1),
(508, NULL, NULL, NULL, NULL, NULL, 230.0000, NULL, NULL, NULL, NULL, 514, 1, 1),
(509, NULL, NULL, NULL, NULL, NULL, 40.0000, NULL, NULL, NULL, NULL, 515, 1, 1),
(510, NULL, NULL, NULL, NULL, NULL, 220.0000, NULL, NULL, NULL, NULL, 516, 1, 1),
(511, NULL, NULL, NULL, NULL, NULL, 40.0000, NULL, NULL, NULL, NULL, 517, 1, 1),
(512, NULL, NULL, NULL, NULL, NULL, 250.0000, NULL, NULL, NULL, NULL, 518, 1, 1),
(513, NULL, NULL, NULL, NULL, NULL, 40.0000, NULL, NULL, NULL, NULL, 519, 1, 1),
(514, NULL, NULL, NULL, NULL, NULL, 260.0000, NULL, NULL, NULL, NULL, 520, 1, 1),
(515, NULL, NULL, NULL, NULL, NULL, 40.0000, NULL, NULL, NULL, NULL, 521, 1, 1),
(516, NULL, NULL, NULL, NULL, NULL, 170.0000, NULL, NULL, NULL, NULL, 522, 1, 1),
(517, NULL, NULL, NULL, NULL, NULL, 40.0000, NULL, NULL, NULL, NULL, 523, 1, 1),
(518, NULL, NULL, NULL, NULL, NULL, 260.0000, NULL, NULL, NULL, NULL, 524, 1, 1),
(519, NULL, NULL, NULL, NULL, NULL, 40.0000, NULL, NULL, NULL, NULL, 525, 1, 1),
(520, NULL, NULL, NULL, NULL, NULL, 260.0000, NULL, NULL, NULL, NULL, 526, 1, 1),
(521, NULL, NULL, NULL, NULL, NULL, 40.0000, NULL, NULL, NULL, NULL, 527, 1, 1),
(522, NULL, NULL, NULL, NULL, NULL, 250.0000, NULL, NULL, NULL, NULL, 528, 1, 1),
(523, NULL, NULL, NULL, NULL, NULL, 40.0000, NULL, NULL, NULL, NULL, 529, 1, 1),
(524, NULL, NULL, NULL, NULL, NULL, 180.0000, NULL, NULL, NULL, NULL, 530, 1, 1),
(525, NULL, NULL, NULL, NULL, NULL, 40.0000, NULL, NULL, NULL, NULL, 531, 1, 1),
(526, NULL, NULL, NULL, NULL, NULL, 250.0000, NULL, NULL, NULL, NULL, 532, 1, 1),
(527, NULL, NULL, NULL, NULL, NULL, 40.0000, NULL, NULL, NULL, NULL, 533, 1, 1),
(528, NULL, NULL, NULL, NULL, NULL, 260.0000, NULL, NULL, NULL, NULL, 534, 1, 1),
(529, NULL, NULL, NULL, NULL, NULL, 40.0000, NULL, NULL, NULL, NULL, 535, 1, 1),
(530, NULL, NULL, NULL, NULL, NULL, 260.0000, NULL, NULL, NULL, NULL, 536, 1, 1),
(531, NULL, NULL, NULL, NULL, NULL, 40.0000, NULL, NULL, NULL, NULL, 537, 1, 1),
(532, NULL, NULL, NULL, NULL, NULL, 250.0000, NULL, NULL, NULL, NULL, 538, 1, 1),
(533, NULL, NULL, NULL, NULL, NULL, 40.0000, NULL, NULL, NULL, NULL, 539, 1, 1),
(534, NULL, NULL, NULL, NULL, NULL, 260.0000, NULL, NULL, NULL, NULL, 540, 1, 1),
(535, NULL, NULL, NULL, NULL, NULL, 40.0000, NULL, NULL, NULL, NULL, 541, 1, 1),
(536, NULL, NULL, NULL, NULL, NULL, 170.0000, NULL, NULL, NULL, NULL, 542, 1, 1),
(537, NULL, NULL, NULL, NULL, NULL, 40.0000, NULL, NULL, NULL, NULL, 543, 1, 1),
(538, NULL, NULL, NULL, NULL, NULL, 260.0000, NULL, NULL, NULL, NULL, 544, 1, 1),
(539, NULL, NULL, NULL, NULL, NULL, 40.0000, NULL, NULL, NULL, NULL, 545, 1, 1),
(540, NULL, NULL, NULL, NULL, NULL, 260.0000, NULL, NULL, NULL, NULL, 546, 1, 1),
(541, NULL, NULL, NULL, NULL, NULL, 40.0000, NULL, NULL, NULL, NULL, 547, 1, 1),
(542, NULL, NULL, NULL, NULL, NULL, 250.0000, NULL, NULL, NULL, NULL, 548, 1, 1),
(543, NULL, NULL, NULL, NULL, NULL, 40.0000, NULL, NULL, NULL, NULL, 549, 1, 1),
(544, NULL, NULL, NULL, NULL, NULL, 260.0000, NULL, NULL, NULL, NULL, 550, 1, 1),
(545, NULL, NULL, NULL, NULL, NULL, 40.0000, NULL, NULL, NULL, NULL, 551, 1, 1),
(546, NULL, NULL, NULL, NULL, NULL, 250.0000, NULL, NULL, NULL, NULL, 552, 1, 1),
(547, NULL, NULL, NULL, NULL, NULL, 40.0000, NULL, NULL, NULL, NULL, 553, 1, 1),
(548, NULL, NULL, NULL, NULL, NULL, 260.0000, NULL, NULL, NULL, NULL, 554, 1, 1),
(549, NULL, NULL, NULL, NULL, NULL, 40.0000, NULL, NULL, NULL, NULL, 555, 1, 1),
(550, NULL, NULL, NULL, NULL, NULL, 260.0000, NULL, NULL, NULL, NULL, 556, 1, 1),
(551, NULL, NULL, NULL, NULL, NULL, 40.0000, NULL, NULL, NULL, NULL, 557, 1, 1),
(552, NULL, NULL, NULL, NULL, NULL, 250.0000, NULL, NULL, NULL, NULL, 558, 1, 1),
(553, NULL, NULL, NULL, NULL, NULL, 40.0000, NULL, NULL, NULL, NULL, 559, 1, 1),
(554, NULL, NULL, NULL, NULL, NULL, 260.0000, NULL, NULL, NULL, NULL, 560, 1, 1),
(555, NULL, NULL, NULL, NULL, NULL, 320.0000, NULL, NULL, NULL, NULL, 561, 1, 1),
(556, NULL, NULL, NULL, NULL, NULL, 40.0000, NULL, NULL, NULL, NULL, 562, 1, 1),
(557, NULL, NULL, NULL, NULL, NULL, 40.0000, NULL, NULL, NULL, NULL, 563, 1, 1),
(558, NULL, NULL, NULL, NULL, 5.0000, NULL, NULL, NULL, NULL, NULL, 564, 1, 1),
(559, NULL, NULL, NULL, NULL, NULL, 40.0000, NULL, NULL, NULL, NULL, 565, 1, 1),
(560, NULL, NULL, NULL, NULL, NULL, 40.0000, NULL, NULL, NULL, NULL, 566, 1, 1),
(561, NULL, NULL, NULL, NULL, NULL, 40.0000, NULL, NULL, NULL, NULL, 567, 1, 1),
(562, NULL, NULL, NULL, NULL, NULL, 40.0000, NULL, NULL, NULL, NULL, 568, 1, 1),
(563, NULL, NULL, NULL, NULL, NULL, 40.0000, NULL, NULL, NULL, NULL, 569, 1, 1),
(564, NULL, NULL, NULL, NULL, NULL, 50.0000, NULL, NULL, NULL, NULL, 570, 1, 1),
(565, NULL, NULL, NULL, NULL, NULL, 60.0000, NULL, NULL, NULL, NULL, 571, 1, 1),
(566, NULL, NULL, NULL, NULL, NULL, 60.0000, NULL, NULL, NULL, NULL, 572, 1, 1),
(567, NULL, NULL, NULL, NULL, NULL, 40.0000, NULL, NULL, NULL, NULL, 573, 1, 1),
(568, NULL, NULL, NULL, NULL, NULL, 60.0000, NULL, NULL, NULL, NULL, 574, 1, 1),
(569, NULL, NULL, NULL, NULL, NULL, 40.0000, NULL, NULL, NULL, NULL, 575, 1, 1),
(570, NULL, NULL, NULL, NULL, NULL, 60.0000, NULL, NULL, NULL, NULL, 576, 1, 1),
(571, NULL, NULL, NULL, NULL, NULL, 40.0000, NULL, NULL, NULL, NULL, 577, 1, 1),
(572, NULL, NULL, NULL, NULL, NULL, 60.0000, NULL, NULL, NULL, NULL, 578, 1, 1),
(573, NULL, NULL, NULL, NULL, NULL, 60.0000, NULL, NULL, NULL, NULL, 579, 1, 1),
(574, NULL, NULL, NULL, NULL, NULL, 40.0000, NULL, NULL, NULL, NULL, 580, 1, 1),
(575, NULL, NULL, NULL, NULL, NULL, 40.0000, NULL, NULL, NULL, NULL, 581, 1, 1),
(576, NULL, NULL, NULL, NULL, NULL, 60.0000, NULL, NULL, NULL, NULL, 582, 1, 1),
(577, NULL, NULL, NULL, NULL, NULL, 60.0000, NULL, NULL, NULL, NULL, 583, 1, 1),
(578, NULL, NULL, NULL, NULL, NULL, 40.0000, NULL, NULL, NULL, NULL, 584, 1, 1),
(579, NULL, NULL, NULL, NULL, NULL, 60.0000, NULL, NULL, NULL, NULL, 585, 1, 1),
(580, NULL, NULL, NULL, NULL, NULL, 40.0000, NULL, NULL, NULL, NULL, 586, 1, 1),
(581, NULL, NULL, NULL, NULL, NULL, 60.0000, NULL, NULL, NULL, NULL, 587, 1, 1),
(582, NULL, NULL, NULL, NULL, NULL, 40.0000, NULL, NULL, NULL, NULL, 588, 1, 1),
(583, NULL, NULL, NULL, NULL, NULL, 60.0000, NULL, NULL, NULL, NULL, 589, 1, 1),
(584, NULL, NULL, NULL, NULL, NULL, 60.0000, NULL, NULL, NULL, NULL, 590, 1, 1),
(585, NULL, NULL, NULL, NULL, NULL, 40.0000, NULL, NULL, NULL, NULL, 591, 1, 1),
(586, NULL, NULL, NULL, NULL, NULL, 40.0000, NULL, NULL, NULL, NULL, 592, 1, 1),
(587, NULL, NULL, NULL, NULL, NULL, 60.0000, NULL, NULL, NULL, NULL, 593, 1, 1),
(588, NULL, NULL, NULL, NULL, NULL, 60.0000, NULL, NULL, NULL, NULL, 594, 1, 1),
(589, NULL, NULL, NULL, NULL, NULL, 40.0000, NULL, NULL, NULL, NULL, 595, 1, 1),
(590, NULL, NULL, NULL, NULL, NULL, 60.0000, NULL, NULL, NULL, NULL, 596, 1, 1),
(591, NULL, NULL, NULL, NULL, NULL, 60.0000, NULL, NULL, NULL, NULL, 597, 1, 1),
(592, NULL, NULL, NULL, NULL, NULL, 40.0000, NULL, NULL, NULL, NULL, 598, 1, 1),
(593, NULL, NULL, NULL, NULL, NULL, 40.0000, NULL, NULL, NULL, NULL, 599, 1, 1),
(594, NULL, NULL, NULL, NULL, NULL, 50.0000, NULL, NULL, NULL, NULL, 600, 1, 1),
(598, NULL, NULL, NULL, NULL, NULL, 40.0000, NULL, NULL, NULL, NULL, 609, 1, 1),
(605, NULL, NULL, NULL, 2000.0000, NULL, NULL, 2000.0000, NULL, NULL, NULL, 626, 3, 1),
(607, NULL, 10000.0000, 10000.0000, NULL, NULL, NULL, NULL, NULL, NULL, NULL, 629, 3, 0),
(608, NULL, NULL, NULL, 8000.0000, NULL, NULL, 8000.0000, NULL, NULL, NULL, 630, 3, 1),
(1820, 10000.0000, NULL, NULL, NULL, NULL, NULL, NULL, NULL, NULL, NULL, 1889, 464, 0),
(1821, NULL, 5000.0000, 5000.0000, NULL, NULL, NULL, NULL, NULL, NULL, NULL, 1890, 465, 0),
(1823, 1000000.0000, NULL, NULL, NULL, NULL, NULL, NULL, NULL, NULL, NULL, 1892, 459, 0),
(1824, NULL, 10000.0000, 10000.0000, NULL, NULL, NULL, NULL, NULL, NULL, NULL, 1893, 460, 0),
(705, 1000000.0000, NULL, NULL, NULL, NULL, NULL, NULL, NULL, NULL, NULL, 758, 210, 0),
(706, NULL, 100000.0000, 100000.0000, NULL, NULL, NULL, NULL, NULL, NULL, NULL, 759, 211, 0),
(724, 10000000.0000, NULL, NULL, NULL, NULL, NULL, NULL, NULL, NULL, NULL, 787, 218, 0),
(725, NULL, 1000000.0000, 1000000.0000, NULL, NULL, NULL, NULL, NULL, NULL, NULL, 788, 219, 0),
(940, NULL, 500000.0000, 500000.0000, NULL, NULL, NULL, NULL, NULL, NULL, NULL, 1009, 219, 0),
(1891, NULL, NULL, NULL, NULL, NULL, 80.0000, NULL, NULL, NULL, NULL, 1966, 1, 1),
(1890, NULL, NULL, NULL, NULL, NULL, 80.0000, NULL, NULL, NULL, NULL, 1965, 1, 1),
(1889, NULL, NULL, NULL, NULL, NULL, 80.0000, NULL, NULL, NULL, NULL, 1964, 1, 1),
(1888, NULL, NULL, NULL, NULL, NULL, NULL, NULL, 100.0000, 100.0000, NULL, 1962, 491, 1),
(1887, NULL, NULL, NULL, NULL, 100.0000, NULL, NULL, NULL, NULL, NULL, 1961, 1, 2),
(1886, NULL, NULL, NULL, NULL, NULL, 50.0000, NULL, NULL, NULL, NULL, 1960, 1, 2),
(1885, NULL, NULL, NULL, NULL, 93.0000, NULL, NULL, NULL, NULL, NULL, 1959, 1, 1),
(1740, NULL, NULL, NULL, NULL, NULL, NULL, NULL, 100.0000, 100.0000, NULL, 1809, 442, 1),
(1741, NULL, NULL, NULL, NULL, NULL, NULL, NULL, NULL, 10.0000, NULL, 1810, 442, 1),
(1884, NULL, NULL, NULL, NULL, 68.0000, NULL, NULL, NULL, NULL, NULL, 1958, 1, 2),
(1883, NULL, NULL, NULL, NULL, 35.0000, NULL, NULL, NULL, NULL, NULL, 1957, 1, 2),
(1882, NULL, NULL, NULL, NULL, 9500.0000, NULL, NULL, NULL, NULL, NULL, 1956, 1, 2),
(1881, NULL, NULL, NULL, NULL, 8000.0000, NULL, NULL, NULL, NULL, NULL, 1955, 1, 2),
(1880, NULL, NULL, NULL, NULL, 6000.0000, NULL, NULL, NULL, NULL, NULL, 1954, 1, 2),
(1879, NULL, NULL, NULL, NULL, 800.0000, NULL, NULL, NULL, NULL, NULL, 1953, 1, 2),
(1878, NULL, NULL, NULL, NULL, 750.0000, NULL, NULL, NULL, NULL, NULL, 1952, 1, 2),
(1877, NULL, NULL, NULL, NULL, 650.0000, NULL, NULL, NULL, NULL, NULL, 1951, 1, 2),
(1876, NULL, NULL, NULL, NULL, 100.0000, NULL, NULL, NULL, NULL, NULL, 1950, 1, 2),
(1875, NULL, NULL, NULL, NULL, 50.0000, NULL, NULL, NULL, NULL, NULL, 1949, 1, 2),
(1874, NULL, NULL, NULL, NULL, NULL, NULL, NULL, NULL, 10.0000, NULL, 1943, 479, 1),
(1873, NULL, NULL, NULL, NULL, NULL, NULL, NULL, 100.0000, 100.0000, NULL, 1942, 479, 1),
(1872, NULL, NULL, NULL, NULL, NULL, NULL, NULL, 190.0000, 190.0000, NULL, 1941, 480, 1),
(1871, NULL, NULL, NULL, NULL, NULL, NULL, NULL, 10.0000, 10.0000, NULL, 1940, 480, 1),
(1870, NULL, NULL, NULL, NULL, NULL, NULL, NULL, 10.0000, 10.0000, NULL, 1939, 481, 1),
(1869, NULL, NULL, NULL, NULL, NULL, NULL, NULL, 80.0000, 80.0000, NULL, 1938, 481, 1),
(1868, NULL, NULL, NULL, NULL, NULL, NULL, NULL, NULL, 10.0000, NULL, 1937, 481, 1),
(1867, NULL, NULL, NULL, NULL, NULL, NULL, NULL, 100.0000, 100.0000, NULL, 1936, 481, 1),
(1866, NULL, NULL, NULL, NULL, NULL, 170.0000, NULL, NULL, NULL, NULL, 1935, 1, 1),
(1865, NULL, NULL, NULL, NULL, NULL, 170.0000, NULL, NULL, NULL, NULL, 1934, 1, 1),
(1864, NULL, NULL, NULL, NULL, NULL, 60.0000, NULL, NULL, NULL, NULL, 1933, 1, 1),
(1863, NULL, NULL, NULL, NULL, NULL, 100.0000, NULL, NULL, NULL, NULL, 1932, 1, 1),
(1862, NULL, NULL, NULL, NULL, NULL, 60.0000, NULL, NULL, NULL, NULL, 1931, 1, 1),
(1861, NULL, NULL, NULL, NULL, NULL, 100.0000, NULL, NULL, NULL, NULL, 1930, 1, 1),
(1860, NULL, NULL, NULL, NULL, NULL, 60.0000, NULL, NULL, NULL, NULL, 1929, 1, 1),
(1859, NULL, NULL, NULL, NULL, NULL, 100.0000, NULL, NULL, NULL, NULL, 1928, 1, 1),
(1858, NULL, NULL, NULL, NULL, NULL, NULL, NULL, NULL, 10.0000, NULL, 1927, 478, 1),
(1857, NULL, NULL, NULL, NULL, NULL, NULL, NULL, 500.0000, 500.0000, NULL, 1926, 478, 1),
(1856, NULL, NULL, NULL, NULL, 4.0000, NULL, NULL, NULL, NULL, NULL, 1925, 1, 42),
(1855, NULL, NULL, NULL, NULL, 1.0000, NULL, NULL, NULL, NULL, NULL, 1924, 1, 42),
(1854, NULL, NULL, NULL, NULL, 2.0000, NULL, NULL, NULL, NULL, NULL, 1923, 1, 42),
(1853, NULL, NULL, NULL, NULL, 3.0000, NULL, NULL, NULL, NULL, NULL, 1922, 1, 42),
(1852, NULL, NULL, NULL, NULL, 4.0000, NULL, NULL, NULL, NULL, NULL, 1921, 1, 42),
(1851, NULL, NULL, NULL, NULL, 2.0000, NULL, NULL, NULL, NULL, NULL, 1920, 1, 42),
(1850, NULL, NULL, NULL, NULL, 3.0000, NULL, NULL, NULL, NULL, NULL, 1919, 1, 42);
INSERT INTO `w_statistics_add` (`id`, `agent_in`, `agent_out`, `distributor_in`, `distributor_out`, `type_in`, `type_out`, `credit_in`, `credit_out`, `money_in`, `money_out`, `statistic_id`, `user_id`, `shop_id`) VALUES
(1849, NULL, NULL, NULL, NULL, 1.0000, NULL, NULL, NULL, NULL, NULL, 1918, 1, 42),
(1848, NULL, NULL, NULL, NULL, 2.0000, NULL, NULL, NULL, NULL, NULL, 1917, 1, 42),
(1847, NULL, NULL, NULL, NULL, 4.0000, NULL, NULL, NULL, NULL, NULL, 1916, 1, 42),
(1846, NULL, NULL, NULL, NULL, NULL, NULL, NULL, NULL, 10.0000, NULL, 1915, 476, 42),
(1845, NULL, NULL, NULL, NULL, NULL, NULL, NULL, 333.0000, 333.0000, NULL, 1914, 476, 42),
(1844, NULL, NULL, NULL, 100000.0000, NULL, NULL, 100000.0000, NULL, NULL, NULL, 1913, 474, 42),
(1843, NULL, 1000000.0000, 1000000.0000, NULL, NULL, NULL, NULL, NULL, NULL, NULL, 1912, 474, 0),
(1735, NULL, 1000000.0000, 1000000.0000, NULL, NULL, NULL, NULL, NULL, NULL, NULL, 1804, 425, 0),
(1736, NULL, NULL, NULL, 1000000.0000, NULL, NULL, 1000000.0000, NULL, NULL, NULL, 1805, 425, 1),
(1730, 1000000.0000, NULL, NULL, NULL, NULL, NULL, NULL, NULL, NULL, NULL, 1799, 424, 0),
(1842, 10000000.0000, NULL, NULL, NULL, NULL, NULL, NULL, NULL, NULL, NULL, 1911, 473, 0),
(1892, NULL, NULL, NULL, NULL, NULL, NULL, NULL, 100.0000, 100.0000, NULL, 1967, 492, 1),
(1893, NULL, NULL, NULL, NULL, NULL, NULL, NULL, 500.0000, 500.0000, NULL, 1968, 511, 1);

-- --------------------------------------------------------

--
