-- Table structure for table `game_tournaments`
--

CREATE TABLE `game_tournaments` (
  `id` bigint(20) UNSIGNED NOT NULL,
  `category_id` bigint(20) UNSIGNED NOT NULL,
  `name` varchar(255) NOT NULL,
  `logo` varchar(250) NOT NULL,
  `country` text NOT NULL,
  `status` tinyint(1) NOT NULL DEFAULT 1 COMMENT '0=>deActive, 1=>Active',
  `created_at` timestamp NULL DEFAULT NULL,
  `updated_at` timestamp NULL DEFAULT NULL
) ENGINE=InnoDB DEFAULT CHARSET=utf8mb4 COLLATE=utf8mb4_unicode_ci;

--
-- Dumping data for table `game_tournaments`
--

INSERT INTO `game_tournaments` (`id`, `category_id`, `name`, `logo`, `country`, `status`, `created_at`, `updated_at`) VALUES
(2, 1, 'Champions League', 'https://cdn.sportmonks.com/images/soccer/leagues/2.png', 'Europe', 1, '2023-01-14 05:58:52', NULL),
(5, 1, 'Europa League', 'https://cdn.sportmonks.com/images/soccer/leagues/5.png', 'Europe', 1, '2023-01-14 05:58:52', NULL),
(8, 1, 'Premier League', 'https://cdn.sportmonks.com/images/soccer/leagues/8/8.png', 'England', 1, '2023-01-14 05:58:52', NULL),
(9, 1, 'Championship', 'https://cdn.sportmonks.com/images/soccer/leagues/9/9.png', 'England', 1, '2023-01-14 05:58:53', NULL),
(12, 1, 'League One', 'https://cdn.sportmonks.com/images/soccer/leagues/12/12.png', 'England', 1, '2023-01-14 05:58:53', NULL),
(14, 1, 'League Two', 'https://cdn.sportmonks.com/images/soccer/leagues/14/14.png', 'England', 1, '2023-01-14 05:58:53', NULL),
(17, 1, 'National League', 'https://cdn.sportmonks.com/images/soccer/leagues/17/17.png', 'England', 1, '2023-01-14 05:58:53', NULL),
(23, 1, 'Community Shield', 'https://cdn.sportmonks.com/images/soccer/leagues/23/23.png', 'England', 1, '2023-01-14 05:58:53', NULL),
(24, 1, 'FA Cup', 'https://cdn.sportmonks.com/images//soccer/leagues/24/24.png', 'England', 1, '2023-01-14 05:58:53', NULL),
(27, 1, 'Carabao Cup', 'https://cdn.sportmonks.com/images/soccer/leagues/27/27.png', 'England', 1, '2023-01-14 05:58:53', NULL),
(45, 1, 'Women\'s Super League', 'https://cdn.sportmonks.com/images/soccer/leagues/13/45.png', 'England', 1, '2023-01-14 05:58:53', NULL),
(72, 1, 'Eredivisie', 'https://cdn.sportmonks.com/images/soccer/leagues/72.png', 'Netherlands', 1, '2023-01-14 05:58:53', NULL),
(74, 1, 'Eerste Divisie', 'https://cdn.sportmonks.com/images/soccer/leagues/10/74.png', 'Netherlands', 1, '2023-01-14 05:58:53', NULL),
(78, 1, 'KNVB Beker', 'https://cdn.sportmonks.com/images//soccer/leagues/14/78.png', 'Netherlands', 1, '2023-01-14 05:58:53', NULL),
(82, 1, 'Bundesliga', 'https://cdn.sportmonks.com/images/soccer/leagues/82.png', 'Germany', 1, '2023-01-14 05:58:53', NULL),
(85, 1, '2. Bundesliga', 'https://cdn.sportmonks.com/images/soccer/leagues/21/85.png', 'Germany', 1, '2023-01-14 05:58:53', NULL),
(109, 1, 'DFB Pokal', 'https://cdn.sportmonks.com/images/soccer/leagues/13/109.png', 'Germany', 1, '2023-01-14 05:58:54', NULL),
(181, 1, 'Admiral Bundesliga', 'https://cdn.sportmonks.com/images//soccer/leagues/21/181.png', 'Austria', 1, '2023-01-14 05:58:54', NULL),
(208, 1, 'Pro League', 'https://cdn.sportmonks.com/images/soccer/leagues/16/208.png', 'Belgium', 1, '2023-01-14 05:58:54', NULL),
(211, 1, 'First Division B', 'https://cdn.sportmonks.com/images/soccer/leagues/19/211.png', 'Belgium', 1, '2023-01-14 05:58:54', NULL),
(229, 1, 'Parva Liga', 'https://cdn.sportmonks.com/images/soccer/leagues/5/229.png', 'Bulgaria', 1, '2023-01-14 05:58:54', NULL),
(244, 1, '1. HNL', 'https://cdn.sportmonks.com/images/soccer/leagues/20/244.png', 'Croatia', 1, '2023-01-14 05:58:54', NULL),
(262, 1, 'Fortuna Liga', 'https://cdn.sportmonks.com/images//soccer/leagues/6/262.png', 'Czech Republic', 1, '2023-01-14 05:58:54', NULL),
(271, 1, 'Superliga', 'https://cdn.sportmonks.com/images/soccer/leagues/271.png', 'Denmark', 1, '2023-01-14 05:58:54', NULL),
(274, 1, 'First Division', 'https://cdn.sportmonks.com/images/soccer/leagues/18/274.png', 'Denmark', 1, '2023-01-14 05:58:54', NULL),
(292, 1, 'Veikkausliiga', 'https://cdn.sportmonks.com/images//soccer/leagues/4/292.png', 'Finland', 1, '2023-01-14 05:58:54', NULL),
(301, 1, 'Ligue 1', 'https://cdn.sportmonks.com/images//soccer/leagues/13/301.png', 'France', 1, '2023-01-14 05:58:54', NULL),
(304, 1, 'Ligue 2', 'https://cdn.sportmonks.com/images/soccer/leagues/16/304.png', 'France', 1, '2023-01-14 05:58:54', NULL),
(307, 1, 'Coupe de France', 'https://cdn.sportmonks.com/images/soccer/leagues/19/307.png', 'France', 1, '2023-01-14 05:58:54', NULL),
(310, 1, 'Coupe de la Ligue', 'https://cdn.sportmonks.com/images/soccer/leagues/22/310.png', 'France', 1, '2023-01-14 05:58:55', NULL),
(325, 1, 'Super League', 'https://cdn.sportmonks.com/images/soccer/leagues/5/325.png', 'Greece', 1, '2023-01-14 05:58:55', NULL),
(372, 1, 'Ligat ha\'Al', 'https://cdn.sportmonks.com/images/soccer/leagues/20/372.png', 'Israel', 1, '2023-01-14 05:58:55', NULL),
(384, 1, 'Serie A', 'https://cdn.sportmonks.com/images//soccer/leagues/0/384.png', 'Italy', 1, '2023-01-14 05:58:55', NULL),
(387, 1, 'Serie B', 'https://cdn.sportmonks.com/images/soccer/leagues/3/387.png', 'Italy', 1, '2023-01-14 05:58:55', NULL),
(390, 1, 'Coppa Italia', 'https://cdn.sportmonks.com/images/soccer/leagues/6/390.png', 'Italy', 1, '2023-01-14 05:58:55', NULL),
(444, 1, 'Eliteserien', 'https://cdn.sportmonks.com/images/soccer/leagues/28/444.png', 'Norway', 1, '2023-01-14 05:58:55', NULL),
(453, 1, 'Ekstraklasa', 'https://cdn.sportmonks.com/images/soccer/leagues/5/453.png', 'Poland', 1, '2023-01-14 05:58:55', NULL),
(462, 1, 'Liga Portugal', 'https://cdn.sportmonks.com/images//soccer/leagues/14/462.png', 'Portugal', 1, '2023-01-14 05:58:55', NULL),
(468, 1, 'Taça De Portugal', 'https://cdn.sportmonks.com/images/soccer/leagues/20/468.png', 'Portugal', 1, '2023-01-14 05:58:55', NULL),
(474, 1, 'Liga 1', 'https://cdn.sportmonks.com/images/soccer/leagues/26/474.png', 'Romania', 1, '2023-01-14 05:58:55', NULL),
(486, 1, 'Premier League', 'https://cdn.sportmonks.com/images/soccer/leagues/6/486.png', 'Russia', 1, '2023-01-14 05:58:55', NULL),
(489, 1, 'FNL', 'https://cdn.sportmonks.com/images/soccer/leagues/9/489.png', 'Russia', 1, '2023-01-14 05:58:56', NULL),
(492, 1, 'Russian Cup', 'https://cdn.sportmonks.com/images/soccer/leagues/12/492.png', 'Russia', 1, '2023-01-14 05:58:56', NULL),
(498, 1, 'Youth League', 'https://cdn.sportmonks.com/images/soccer/leagues/18/498.png', 'Russia', 1, '2023-01-14 05:58:56', NULL),
(501, 1, 'Premiership', 'https://cdn.sportmonks.com/images/soccer/leagues/501.png', 'Scotland', 1, '2023-01-14 05:58:56', NULL),
(513, 1, 'Premiership Play-Offs', 'https://cdn.sportmonks.com/images/soccer/leagues/1/513.png', 'Scotland', 1, '2023-01-14 05:58:56', NULL),
(564, 1, 'La Liga', 'https://cdn.sportmonks.com/images/soccer/leagues/564.png', 'Spain', 1, '2023-01-14 05:58:56', NULL),
(567, 1, 'La Liga 2', 'https://cdn.sportmonks.com/images/soccer/leagues/23/567.png', 'Spain', 1, '2023-01-14 05:58:56', NULL),
(570, 1, 'Copa Del Rey', 'https://cdn.sportmonks.com/images/soccer/leagues/26/570.png', 'Spain', 1, '2023-01-14 05:58:56', NULL),
(573, 1, 'Allsvenskan', 'https://cdn.sportmonks.com/images/soccer/leagues/29/573.png', 'Sweden', 1, '2023-01-14 05:58:56', NULL),
(591, 1, 'Super League', 'https://cdn.sportmonks.com/images/soccer/leagues/15/591.png', 'Switzerland', 1, '2023-01-14 05:58:56', NULL),
(600, 1, 'Super Lig', 'https://cdn.sportmonks.com/images/soccer/leagues/24/600.png', 'Turkey', 1, '2023-01-14 05:58:56', NULL),
(603, 1, '1. Lig', 'https://cdn.sportmonks.com/images/soccer/leagues/27/603.png', 'Turkey', 1, '2023-01-14 05:58:56', NULL),
(609, 1, 'Premier League', 'https://cdn.sportmonks.com/images/soccer/leagues/1/609.png', 'Ukraine', 1, '2023-01-14 05:58:56', NULL),
(636, 1, 'Superliga', 'https://cdn.sportmonks.com/images/soccer/leagues/28/636.png', 'Argentina', 1, '2023-01-14 05:58:57', NULL),
(648, 1, 'Serie A', 'https://cdn.sportmonks.com/images/soccer/leagues/648.png', 'Brazil', 1, '2023-01-14 05:58:57', NULL),
(651, 1, 'Serie B', 'https://cdn.sportmonks.com/images/soccer/leagues/11/651.png', 'Brazil', 1, '2023-01-14 05:58:57', NULL),
(654, 1, 'Copa do Brasil', 'https://cdn.sportmonks.com/images/soccer/leagues/14/654.png', 'Brazil', 1, '2023-01-14 05:58:57', NULL),
(711, 1, 'WC Qualification Africa', 'https://cdn.sportmonks.com/images/soccer/leagues/7/711.png', 'Africa', 1, '2023-01-14 05:58:57', NULL),
(714, 1, 'WC Qualification Asia', 'https://cdn.sportmonks.com/images/soccer/leagues/10/714.png', 'World', 1, '2023-01-14 05:58:57', NULL),
(717, 1, 'WC Qualification Concacaf', 'https://cdn.sportmonks.com/images/soccer/leagues/13/717.png', 'World', 1, '2023-01-14 05:58:57', NULL),
(720, 1, 'WC Qualification Europe', 'https://cdn.sportmonks.com/images//soccer/leagues/16/720.png', 'Europe', 1, '2023-01-14 05:58:57', NULL),
(723, 1, 'WC Qualification Oceania', 'https://cdn.sportmonks.com/images/soccer/leagues/19/723.png', 'World', 1, '2023-01-14 05:58:57', NULL),
(726, 1, 'WC Qualification South America', 'https://cdn.sportmonks.com/images/soccer/leagues/22/726.png', 'World', 1, '2023-01-14 05:58:57', NULL),
(729, 1, 'WC Qualification Intercontinental Playoffs', 'https://cdn.sportmonks.com/images/soccer/leagues/25/729.png', 'World', 1, '2023-01-14 05:58:57', NULL),
(743, 1, 'Liga MX', 'https://cdn.sportmonks.com/images/soccer/leagues/7/743.png', 'Mexico', 1, '2023-01-14 05:58:57', NULL),
(770, 1, 'Primera Division', 'https://cdn.sportmonks.com/images/soccer/leagues/2/770.png', 'Uruguay', 1, '2023-01-14 05:58:57', NULL),
(779, 1, 'Major League Soccer', 'https://cdn.sportmonks.com/images/soccer/leagues/11/779.png', 'USA', 1, '2023-01-14 05:58:58', NULL),
(788, 1, 'NASL', 'https://cdn.sportmonks.com/images/soccer/leagues/20/788.png', 'USA', 1, '2023-01-14 05:58:58', NULL),
(806, 1, 'Premier League', 'https://cdn.sportmonks.com/images/soccer/leagues/6/806.png', 'South Africa', 1, '2023-01-14 05:58:58', NULL),
(827, 1, 'Ligue 1', 'https://cdn.sportmonks.com/images/soccer/leagues/27/827.png', 'Côte d\'Ivoire', 1, '2023-01-14 05:58:58', NULL),
(830, 1, 'Premier League', 'https://cdn.sportmonks.com/images//soccer/leagues/30/830.png', 'Egypt', 1, '2023-01-14 05:58:58', NULL),
(860, 1, 'Botola Pro', 'https://cdn.sportmonks.com/images/soccer/leagues/28/860.png', 'Morocco', 1, '2023-01-14 05:58:58', NULL),
(902, 1, 'Persian Gulf Pro League', 'https://cdn.sportmonks.com/images/soccer/leagues/6/902.png', 'Iran', 1, '2023-01-14 05:58:58', NULL),
(938, 1, 'Premier League', 'https://cdn.sportmonks.com/images/soccer/leagues/10/938.png', 'Qatar', 1, '2023-01-14 05:58:58', NULL),
(944, 1, 'Pro League', 'https://cdn.sportmonks.com/images/soccer/leagues/16/944.png', 'Saudi Arabia', 1, '2023-01-14 05:58:58', NULL),
(950, 1, 'Kings Cup', 'https://cdn.sportmonks.com/images/soccer/leagues/22/950.png', 'Saudi Arabia', 1, '2023-01-14 05:58:58', NULL),
(959, 1, 'Uae League', 'https://cdn.sportmonks.com/images/soccer/leagues/31/959.png', 'United Arab Emirates', 1, '2023-01-14 05:58:58', NULL),
(968, 1, 'J-League', 'https://cdn.sportmonks.com/images/soccer/leagues/8/968.png', 'Japan', 1, '2023-01-14 05:58:58', NULL),
(983, 1, 'Canadian Soccer League', 'https://cdn.sportmonks.com/images/soccer/leagues/23/983.png', 'Canada', 1, '2023-01-14 05:58:58', NULL),
(989, 1, 'Super League', 'https://cdn.sportmonks.com/images/soccer/leagues/29/989.png', 'China PR', 1, '2023-01-14 05:58:59', NULL),
(1007, 1, 'Indian Super League', 'https://cdn.sportmonks.com/images/soccer/leagues/15/1007.png', 'India', 1, '2023-01-14 05:58:59', NULL),
(1034, 1, 'K-League 1', 'https://cdn.sportmonks.com/images//soccer/leagues/10/1034.png', 'Korea Republic', 1, '2023-01-14 05:58:59', NULL),
(1073, 1, 'V-League', 'https://cdn.sportmonks.com/images//soccer/leagues/17/1073.png', 'Vietnam', 1, '2023-01-14 05:58:59', NULL),
(1082, 1, 'Friendly International', 'https://cdn.sportmonks.com/images//soccer/leagues/26/1082.png', 'World', 1, '2023-01-14 05:58:59', NULL),
(1101, 1, 'Club Friendlies 1', 'https://cdn.sportmonks.com/images//soccer/leagues/13/1101.png', 'World', 1, '2023-01-14 05:58:59', NULL),
(1107, 1, 'CAF Champions League', 'https://cdn.sportmonks.com/images/soccer/leagues/19/1107.png', 'Africa', 1, '2023-01-14 05:58:59', NULL),
(1116, 1, 'Copa Sudamericana', 'https://cdn.sportmonks.com/images/soccer/leagues/28/1116.png', 'South America', 1, '2023-01-14 05:58:59', NULL),
(1118, 1, 'Africa Cup of Nations Qualifications', 'https://cdn.sportmonks.com/images/soccer/leagues/1118.png', 'Africa', 1, '2023-01-14 05:58:59', NULL),
(1122, 1, 'Copa Libertadores', 'https://cdn.sportmonks.com/images/soccer/leagues/2/1122.png', 'South America', 1, '2023-01-14 05:58:59', NULL),
(1128, 1, 'Super Cup', 'https://cdn.sportmonks.com/images//soccer/leagues/8/1128.png', 'Belgium', 1, '2023-01-14 05:58:59', NULL),
(1325, 1, 'Euro Qualification', 'https://cdn.sportmonks.com/images//soccer/leagues/13/1325.png', 'Europe', 1, '2023-01-14 05:58:59', NULL),
(1356, 1, 'A-League', 'https://cdn.sportmonks.com/images/soccer/leagues/12/1356.png', 'Australia', 1, '2023-01-14 05:58:59', NULL),
(1364, 1, 'World Cup U20', 'https://cdn.sportmonks.com/images//soccer/leagues/20/1364.png', 'World', 1, '2023-01-14 05:59:00', NULL),
(1371, 1, 'UEFA Europa League Play-offs', 'https://cdn.sportmonks.com/images//soccer/leagues/27/1371.png', 'Belgium', 1, '2023-01-14 05:59:00', NULL),
(1502, 1, 'Super Cup', 'https://cdn.sportmonks.com/images//soccer/leagues/30/1502.png', 'Argentina', 1, '2023-01-14 05:59:00', NULL),
(1583, 1, 'W-League', 'https://cdn.sportmonks.com/images//soccer/leagues/15/1583.png', 'Australia', 1, '2023-01-14 05:59:00', NULL),
(1631, 1, 'Brasileiro Women', 'https://cdn.sportmonks.com/images/soccer/leagues/31/1631.png', 'Brazil', 1, '2023-01-14 05:59:00', NULL),
(1659, 1, 'Superliga Play-offs', 'https://cdn.sportmonks.com/images//soccer/leagues/27/1659.png', 'Denmark', 1, '2023-01-14 05:59:00', NULL),
(1673, 1, 'Ligue 1 Play-offs', 'https://cdn.sportmonks.com/images//soccer/leagues/9/1673.png', 'France', 1, '2023-01-14 05:59:00', NULL);

-- --------------------------------------------------------

--
-- Table structure for table `sp_bet_invests`
--

CREATE TABLE `sp_bet_invests` (
  `id` bigint(20) UNSIGNED NOT NULL,
  `transaction_id` varchar(30) DEFAULT NULL,
  `user_id` bigint(20) UNSIGNED NOT NULL,
  `creator_id` bigint(20) UNSIGNED DEFAULT NULL,
  `invest_amount` decimal(8,2) NOT NULL DEFAULT 0.00,
  `return_amount` decimal(8,2) NOT NULL DEFAULT 0.00,
  `charge` decimal(8,2) NOT NULL DEFAULT 0.00,
  `remaining_balance` decimal(8,2) NOT NULL DEFAULT 0.00,
  `ratio` varchar(255) DEFAULT NULL,
  `status` tinyint(4) NOT NULL DEFAULT 0 COMMENT 'default 0, win 1, lose -1, refund 2',
  `isMultiBet` tinyint(4) NOT NULL DEFAULT 0,
  `created_at` timestamp NULL DEFAULT NULL,
  `updated_at` timestamp NULL DEFAULT NULL
) ENGINE=InnoDB DEFAULT CHARSET=utf8mb4 COLLATE=utf8mb4_unicode_ci;

--
-- Dumping data for table `sp_bet_invests`
--

INSERT INTO `sp_bet_invests` (`id`, `transaction_id`, `user_id`, `creator_id`, `invest_amount`, `return_amount`, `charge`, `remaining_balance`, `ratio`, `status`, `isMultiBet`, `created_at`, `updated_at`) VALUES
(1, 'HQNBGCQS9SZE', 411, NULL, 10.00, 16.50, 0.00, 2842.35, '1.65', -1, 0, '2023-02-03 18:12:57', '2023-02-04 21:24:57'),
(2, '6F8CC5NG4GB6', 411, NULL, 10.00, 38.00, 0.00, 2832.35, '3.8', 1, 0, '2023-02-03 18:12:58', '2023-02-04 21:24:57'),
(3, 'TD897Q9NA6AE', 411, NULL, 10.00, 52.50, 0.00, 2822.35, '5.25', -1, 0, '2023-02-03 18:13:00', '2023-02-04 21:24:57'),
(4, 'MBQG68QRPX49', 411, NULL, 10.00, 43.33, 0.00, 2812.35, '4.333', 1, 0, '2023-02-03 18:13:02', '2023-02-04 21:24:57'),
(5, '9NTSRJ3ETZVX', 411, NULL, 10.00, 38.00, 0.00, 2802.35, '3.8', -1, 0, '2023-02-03 18:13:03', '2023-02-04 21:24:57'),
(6, 'JFYRCXNHJGZU', 411, NULL, 10.00, 18.00, 0.00, 2792.35, '1.8', -1, 0, '2023-02-03 18:13:04', '2023-02-04 21:24:57'),
(7, 'FUWB2RGP88NQ', 411, NULL, 10.00, 71.49, 0.00, 2782.35, '7.149', -1, 1, '2023-02-03 18:13:09', '2023-02-04 21:24:57'),
(8, 'WCEWSZZ6SYKC', 411, NULL, 10.00, 62.70, 0.00, 2772.35, '6.27', -1, 1, '2023-02-03 18:13:11', '2023-02-04 21:24:57'),
(9, 'A64XP1MVOOVD', 411, NULL, 10.00, 29.70, 0.00, 2762.35, '2.97', -1, 1, '2023-02-03 18:13:13', '2023-02-04 21:24:57'),
(10, '5983NRJHP1XE', 411, NULL, 10.00, 164.65, 0.00, 2752.35, '16.465', 1, 1, '2023-02-03 18:13:16', '2023-02-04 21:24:57'),
(11, 'YXR78MPVD8QG', 411, NULL, 10.00, 144.40, 0.00, 2742.35, '14.44', -1, 1, '2023-02-03 18:13:18', '2023-02-04 21:24:57'),
(12, 'Z6A1F8A5HEP4', 411, NULL, 10.00, 68.40, 0.00, 2732.35, '6.84', -1, 1, '2023-02-03 18:13:20', '2023-02-04 21:24:57'),
(13, '2QTNJM7A8DF4', 411, NULL, 10.00, 227.48, 0.00, 2722.35, '22.748', -1, 1, '2023-02-03 18:13:22', '2023-02-04 21:24:57'),
(14, 'JW2URR57YCBE', 411, NULL, 10.00, 199.50, 0.00, 2712.35, '19.95', -1, 1, '2023-02-03 18:13:25', '2023-02-04 21:24:57'),
(15, '81PMCO56JH3F', 411, NULL, 10.00, 94.50, 0.00, 2702.35, '9.45', -1, 1, '2023-02-03 18:13:27', '2023-02-04 21:24:57'),
(16, 'N4DGRO1YXPEF', 1, NULL, 6.00, 14.25, 0.00, 64.00, '2.375', -1, 0, '2023-02-24 03:38:01', '2023-03-09 19:40:02'),
(17, 'QNDK7X8V4SDC', 1, NULL, 6.00, 19.80, 0.00, 58.00, '3.3', 1, 0, '2023-02-24 03:38:04', '2023-03-09 19:40:02'),
(18, 'BRVP1724VYS9', 1, NULL, 6.00, 18.60, 0.00, 52.00, '3.1', -1, 0, '2023-02-24 03:38:06', '2023-03-09 19:40:02'),
(19, '2224XEA1GNYJ', 1, NULL, 6.00, 12.00, 0.00, 46.00, '2', 1, 0, '2023-02-24 03:38:08', '2023-03-09 19:40:02'),
(20, 'PTBZ57X9MWU9', 1, NULL, 6.00, 21.00, 0.00, 40.00, '3.5', -1, 0, '2023-02-24 03:38:10', '2023-03-09 19:40:02'),
(21, 'XOXZ2TARXH3N', 1, NULL, 6.00, 22.80, 0.00, 34.00, '3.8', -1, 0, '2023-02-24 03:38:11', '2023-03-09 19:40:02'),
(22, '62V8C5RXB1KZ', 1, NULL, 5.00, 23.75, 0.00, 29.00, '4.75', -1, 1, '2023-02-24 03:38:17', '2023-03-09 19:40:02'),
(23, 'CFDK21YEKFQO', 1, NULL, 5.00, 41.56, 0.00, 24.00, '8.313', -1, 1, '2023-02-24 03:38:19', '2023-03-09 19:40:02'),
(24, 'BTJJJOBM77T8', 1, NULL, 5.00, 45.13, 0.00, 19.00, '9.025', -1, 1, '2023-02-24 03:38:22', '2023-03-09 19:40:02'),
(25, 'J8OP15XARTWV', 1, NULL, 5.00, 33.00, 0.00, 14.00, '6.6', 1, 1, '2023-02-24 03:38:24', '2023-03-09 19:40:02'),
(26, 'VZ88DJ51OM9V', 1, NULL, 5.00, 57.75, 0.00, 9.00, '11.55', -1, 1, '2023-02-24 03:38:26', '2023-03-09 19:40:02'),
(27, '6VR6QV4D16WP', 1, NULL, 5.00, 62.70, 0.00, 4.00, '12.54', -1, 1, '2023-02-24 03:38:28', '2023-03-09 19:40:02'),
(28, '5VMXBPNPHSJZ', 410, NULL, 10.00, 27.00, 0.00, 70086.38, '2.7', 1, 0, '2023-03-07 16:50:57', '2023-03-09 19:41:01'),
(29, 'QQ51NZH1SJ4E', 410, NULL, 11.00, 21.45, 0.00, 70075.38, '1.95', -1, 0, '2023-03-07 16:52:47', '2023-03-09 19:41:01'),
(30, 'BUQ3GFURNOOS', 410, NULL, 36.00, 126.00, 0.00, 70039.38, '3.5', -1, 0, '2023-03-07 22:50:09', '2023-03-09 19:41:01'),
(31, '63TOUFZQ2EE1', 441, NULL, 5.00, 9.63, 0.00, 65.00, '1.925', -1, 0, '2023-04-20 01:15:40', '2023-05-02 19:15:02'),
(32, '6UUO4QVYRS4T', 441, NULL, 5.00, 6.43, 0.00, 60.00, '1.285', -1, 0, '2023-04-20 01:15:51', '2023-05-02 19:15:02'),
(33, 'C9653OHFHPFP', 441, NULL, 5.00, 14.00, 0.00, 55.00, '2.8', 1, 0, '2023-04-20 01:33:42', '2023-05-02 19:15:02'),
(34, 'YXTUVYO42CTF', 441, NULL, 7.00, 10.11, 0.00, 48.00, '1.444', -1, 0, '2023-04-20 01:33:49', '2023-05-02 19:15:02'),
(35, 'B3QB3MYR9CU2', 1, NULL, 6.00, 11.10, 0.00, 115.00, '1.85', 1, 0, '2023-05-03 02:47:11', '2023-08-16 18:57:01'),
(36, 'JFP3XSNT7W84', 502, NULL, 5.00, 9.25, 0.00, 495.00, '1.85', 0, 0, '2023-05-03 04:25:52', '2023-05-03 04:25:52'),
(37, 'J3DPXG3M4XJS', 505, NULL, 5.00, 9.17, 0.00, 495.00, '1.833', 0, 0, '2023-05-03 04:53:27', '2023-05-03 04:53:27'),
(38, 'GNOYBAUC6X24', 520, NULL, 3.00, 39.19, 0.00, 201.00, '13.063', 0, 1, '2023-08-16 21:26:50', '2023-08-16 21:26:50'),
(39, '1V2GV9BCZR4W', 520, NULL, 3.00, 48.59, 0.00, 184.80, '16.198', -1, 1, '2023-08-17 19:16:21', '2023-08-18 17:02:01'),
(40, '4UFNW8C5M838', 521, NULL, 222.00, 536.29, 0.00, 778.00, '2.416', -1, 1, '2023-08-20 12:38:31', '2023-08-20 19:02:01'),
(41, 'M8D8HMV5176G', 520, NULL, 5.00, 26.40, 0.00, 234.20, '5.28', -1, 1, '2023-08-27 14:29:50', '2023-08-28 20:02:01');

-- --------------------------------------------------------

--
-- Table structure for table `sp_bet_invest_logs`
--

CREATE TABLE `sp_bet_invest_logs` (
  `id` bigint(20) UNSIGNED NOT NULL,
  `bet_invest_id` bigint(20) UNSIGNED NOT NULL,
  `user_id` bigint(20) DEFAULT NULL,
  `match_id` bigint(20) UNSIGNED NOT NULL,
  `question_id` bigint(20) UNSIGNED NOT NULL,
  `bet_option_id` bigint(20) UNSIGNED NOT NULL,
  `ratio` varchar(30) DEFAULT NULL,
  `category_icon` varchar(255) DEFAULT NULL,
  `category_name` varchar(255) DEFAULT NULL,
  `tournament_name` varchar(191) DEFAULT NULL,
  `match_name` varchar(255) DEFAULT NULL,
  `question_name` varchar(191) DEFAULT NULL,
  `option_name` varchar(191) DEFAULT NULL,
  `status` tinyint(4) NOT NULL DEFAULT 0 COMMENT 'default=>0\r\nwin => 2,\r\nlose=> -2,\r\nrefund=3',
  `created_at` timestamp NULL DEFAULT NULL,
  `updated_at` timestamp NULL DEFAULT NULL
) ENGINE=InnoDB DEFAULT CHARSET=utf8mb4 COLLATE=utf8mb4_unicode_ci;

--
-- Dumping data for table `sp_bet_invest_logs`
--

INSERT INTO `sp_bet_invest_logs` (`id`, `bet_invest_id`, `user_id`, `match_id`, `question_id`, `bet_option_id`, `ratio`, `category_icon`, `category_name`, `tournament_name`, `match_name`, `question_name`, `option_name`, `status`, `created_at`, `updated_at`) VALUES
(1, 1, 411, 18535184, 185351841, 1048616729, '1.65', '<i class=\"far fa-futbol\" aria-hidden=\"true\"></i>', 'Football', 'Premier League', 'Chelsea vs Fulham', 'Full Time Result', ' 1', -2, '2023-02-03 18:12:57', '2023-02-03 18:12:57'),
(2, 2, 411, 18535184, 185351841, 1048616730, '3.8', '<i class=\"far fa-futbol\" aria-hidden=\"true\"></i>', 'Football', 'Premier League', 'Chelsea vs Fulham', 'Full Time Result', ' Draw', 2, '2023-02-03 18:12:58', '2023-02-03 18:12:58'),
(3, 3, 411, 18535184, 185351841, 1048616731, '5.25', '<i class=\"far fa-futbol\" aria-hidden=\"true\"></i>', 'Football', 'Premier League', 'Chelsea vs Fulham', 'Full Time Result', ' 2', -2, '2023-02-03 18:13:00', '2023-02-03 18:13:00'),
(4, 4, 411, 18536824, 185368241, 1048383544, '4.333', '<i class=\"far fa-futbol\" aria-hidden=\"true\"></i>', 'Football', 'Bundesliga', 'FC Augsburg vs Bayer 04 Leverkusen', 'Full Time Result', ' 1', 2, '2023-02-03 18:13:02', '2023-02-03 18:13:02'),
(5, 5, 411, 18536824, 185368241, 1048383545, '3.8', '<i class=\"far fa-futbol\" aria-hidden=\"true\"></i>', 'Football', 'Bundesliga', 'FC Augsburg vs Bayer 04 Leverkusen', 'Full Time Result', ' Draw', -2, '2023-02-03 18:13:03', '2023-02-03 18:13:03'),
(6, 6, 411, 18536824, 185368241, 1048383546, '1.8', '<i class=\"far fa-futbol\" aria-hidden=\"true\"></i>', 'Football', 'Bundesliga', 'FC Augsburg vs Bayer 04 Leverkusen', 'Full Time Result', ' 2', -2, '2023-02-03 18:13:04', '2023-02-03 18:13:04'),
(7, 7, 411, 18535184, 185351841, 1048616729, '1.65', '<i class=\"far fa-futbol\" aria-hidden=\"true\"></i>', 'Football', 'Premier League', 'Chelsea vs Fulham', 'Full Time Result', ' 1', -2, '2023-02-03 18:13:09', '2023-02-03 18:13:09'),
(8, 7, 411, 18536824, 185368241, 1048383544, '4.333', '<i class=\"far fa-futbol\" aria-hidden=\"true\"></i>', 'Football', 'Bundesliga', 'FC Augsburg vs Bayer 04 Leverkusen', 'Full Time Result', ' 1', 2, '2023-02-03 18:13:09', '2023-02-03 18:13:09'),
(9, 8, 411, 18535184, 185351841, 1048616729, '1.65', '<i class=\"far fa-futbol\" aria-hidden=\"true\"></i>', 'Football', 'Premier League', 'Chelsea vs Fulham', 'Full Time Result', ' 1', -2, '2023-02-03 18:13:11', '2023-02-03 18:13:11'),
(10, 8, 411, 18536824, 185368241, 1048383545, '3.8', '<i class=\"far fa-futbol\" aria-hidden=\"true\"></i>', 'Football', 'Bundesliga', 'FC Augsburg vs Bayer 04 Leverkusen', 'Full Time Result', ' Draw', -2, '2023-02-03 18:13:11', '2023-02-03 18:13:11'),
(11, 9, 411, 18535184, 185351841, 1048616729, '1.65', '<i class=\"far fa-futbol\" aria-hidden=\"true\"></i>', 'Football', 'Premier League', 'Chelsea vs Fulham', 'Full Time Result', ' 1', -2, '2023-02-03 18:13:13', '2023-02-03 18:13:13'),
(12, 9, 411, 18536824, 185368241, 1048383546, '1.8', '<i class=\"far fa-futbol\" aria-hidden=\"true\"></i>', 'Football', 'Bundesliga', 'FC Augsburg vs Bayer 04 Leverkusen', 'Full Time Result', ' 2', -2, '2023-02-03 18:13:13', '2023-02-03 18:13:13'),
(13, 10, 411, 18535184, 185351841, 1048616730, '3.8', '<i class=\"far fa-futbol\" aria-hidden=\"true\"></i>', 'Football', 'Premier League', 'Chelsea vs Fulham', 'Full Time Result', ' Draw', 2, '2023-02-03 18:13:16', '2023-02-03 18:13:16'),
(14, 10, 411, 18536824, 185368241, 1048383544, '4.333', '<i class=\"far fa-futbol\" aria-hidden=\"true\"></i>', 'Football', 'Bundesliga', 'FC Augsburg vs Bayer 04 Leverkusen', 'Full Time Result', ' 1', 2, '2023-02-03 18:13:16', '2023-02-03 18:13:16'),
(15, 11, 411, 18535184, 185351841, 1048616730, '3.8', '<i class=\"far fa-futbol\" aria-hidden=\"true\"></i>', 'Football', 'Premier League', 'Chelsea vs Fulham', 'Full Time Result', ' Draw', 2, '2023-02-03 18:13:18', '2023-02-03 18:13:18'),
(16, 11, 411, 18536824, 185368241, 1048383545, '3.8', '<i class=\"far fa-futbol\" aria-hidden=\"true\"></i>', 'Football', 'Bundesliga', 'FC Augsburg vs Bayer 04 Leverkusen', 'Full Time Result', ' Draw', -2, '2023-02-03 18:13:18', '2023-02-03 18:13:18'),
(17, 12, 411, 18535184, 185351841, 1048616730, '3.8', '<i class=\"far fa-futbol\" aria-hidden=\"true\"></i>', 'Football', 'Premier League', 'Chelsea vs Fulham', 'Full Time Result', ' Draw', 2, '2023-02-03 18:13:20', '2023-02-03 18:13:20'),
(18, 12, 411, 18536824, 185368241, 1048383546, '1.8', '<i class=\"far fa-futbol\" aria-hidden=\"true\"></i>', 'Football', 'Bundesliga', 'FC Augsburg vs Bayer 04 Leverkusen', 'Full Time Result', ' 2', -2, '2023-02-03 18:13:20', '2023-02-03 18:13:20'),
(19, 13, 411, 18535184, 185351841, 1048616731, '5.25', '<i class=\"far fa-futbol\" aria-hidden=\"true\"></i>', 'Football', 'Premier League', 'Chelsea vs Fulham', 'Full Time Result', ' 2', -2, '2023-02-03 18:13:22', '2023-02-03 18:13:22'),
(20, 13, 411, 18536824, 185368241, 1048383544, '4.333', '<i class=\"far fa-futbol\" aria-hidden=\"true\"></i>', 'Football', 'Bundesliga', 'FC Augsburg vs Bayer 04 Leverkusen', 'Full Time Result', ' 1', 2, '2023-02-03 18:13:22', '2023-02-03 18:13:22'),
(21, 14, 411, 18535184, 185351841, 1048616731, '5.25', '<i class=\"far fa-futbol\" aria-hidden=\"true\"></i>', 'Football', 'Premier League', 'Chelsea vs Fulham', 'Full Time Result', ' 2', -2, '2023-02-03 18:13:25', '2023-02-03 18:13:25'),
(22, 14, 411, 18536824, 185368241, 1048383545, '3.8', '<i class=\"far fa-futbol\" aria-hidden=\"true\"></i>', 'Football', 'Bundesliga', 'FC Augsburg vs Bayer 04 Leverkusen', 'Full Time Result', ' Draw', -2, '2023-02-03 18:13:25', '2023-02-03 18:13:25'),
(23, 15, 411, 18535184, 185351841, 1048616731, '5.25', '<i class=\"far fa-futbol\" aria-hidden=\"true\"></i>', 'Football', 'Premier League', 'Chelsea vs Fulham', 'Full Time Result', ' 2', -2, '2023-02-03 18:13:27', '2023-02-03 18:13:27'),
(24, 15, 411, 18536824, 185368241, 1048383546, '1.8', '<i class=\"far fa-futbol\" aria-hidden=\"true\"></i>', 'Football', 'Bundesliga', 'FC Augsburg vs Bayer 04 Leverkusen', 'Full Time Result', ' 2', -2, '2023-02-03 18:13:27', '2023-02-03 18:13:27'),
(25, 16, 1, 18535324, 185353241, 1761592157, '2.375', '<i class=\"far fa-futbol\" aria-hidden=\"true\"></i>', 'Football', 'Premier League', 'Fulham vs Wolverhampton Wanderers', 'Full Time Result', ' 1', -2, '2023-02-24 03:38:01', '2023-02-24 03:38:01'),
(26, 17, 1, 18535324, 185353241, 1761592158, '3.3', '<i class=\"far fa-futbol\" aria-hidden=\"true\"></i>', 'Football', 'Premier League', 'Fulham vs Wolverhampton Wanderers', 'Full Time Result', ' Draw', 2, '2023-02-24 03:38:04', '2023-02-24 03:38:04'),
(27, 18, 1, 18535324, 185353241, 1761592159, '3.1', '<i class=\"far fa-futbol\" aria-hidden=\"true\"></i>', 'Football', 'Premier League', 'Fulham vs Wolverhampton Wanderers', 'Full Time Result', ' 2', -2, '2023-02-24 03:38:06', '2023-02-24 03:38:06'),
(28, 19, 1, 18535325, 185353251, 1801425639, '2', '<i class=\"far fa-futbol\" aria-hidden=\"true\"></i>', 'Football', 'Premier League', 'Leeds United vs Southampton', 'Full Time Result', ' 1', 2, '2023-02-24 03:38:08', '2023-02-24 03:38:08'),
(29, 20, 1, 18535325, 185353251, 1801425640, '3.5', '<i class=\"far fa-futbol\" aria-hidden=\"true\"></i>', 'Football', 'Premier League', 'Leeds United vs Southampton', 'Full Time Result', ' Draw', -2, '2023-02-24 03:38:10', '2023-02-24 03:38:10'),
(30, 21, 1, 18535325, 185353251, 1801425642, '3.8', '<i class=\"far fa-futbol\" aria-hidden=\"true\"></i>', 'Football', 'Premier League', 'Leeds United vs Southampton', 'Full Time Result', ' 2', -2, '2023-02-24 03:38:11', '2023-02-24 03:38:11'),
(31, 22, 1, 18535325, 185353251, 1801425639, '2', '<i class=\"far fa-futbol\" aria-hidden=\"true\"></i>', 'Football', 'Premier League', 'Leeds United vs Southampton', 'Full Time Result', ' 1', 2, '2023-02-24 03:38:17', '2023-02-24 03:38:17'),
(32, 22, 1, 18535324, 185353241, 1761592157, '2.375', '<i class=\"far fa-futbol\" aria-hidden=\"true\"></i>', 'Football', 'Premier League', 'Fulham vs Wolverhampton Wanderers', 'Full Time Result', ' 1', -2, '2023-02-24 03:38:17', '2023-02-24 03:38:17'),
(33, 23, 1, 18535325, 185353251, 1801425640, '3.5', '<i class=\"far fa-futbol\" aria-hidden=\"true\"></i>', 'Football', 'Premier League', 'Leeds United vs Southampton', 'Full Time Result', ' Draw', -2, '2023-02-24 03:38:19', '2023-02-24 03:38:19'),
(34, 23, 1, 18535324, 185353241, 1761592157, '2.375', '<i class=\"far fa-futbol\" aria-hidden=\"true\"></i>', 'Football', 'Premier League', 'Fulham vs Wolverhampton Wanderers', 'Full Time Result', ' 1', -2, '2023-02-24 03:38:19', '2023-02-24 03:38:19'),
(35, 24, 1, 18535325, 185353251, 1801425642, '3.8', '<i class=\"far fa-futbol\" aria-hidden=\"true\"></i>', 'Football', 'Premier League', 'Leeds United vs Southampton', 'Full Time Result', ' 2', -2, '2023-02-24 03:38:22', '2023-02-24 03:38:22'),
(36, 24, 1, 18535324, 185353241, 1761592157, '2.375', '<i class=\"far fa-futbol\" aria-hidden=\"true\"></i>', 'Football', 'Premier League', 'Fulham vs Wolverhampton Wanderers', 'Full Time Result', ' 1', -2, '2023-02-24 03:38:22', '2023-02-24 03:38:22'),
(37, 25, 1, 18535325, 185353251, 1801425639, '2', '<i class=\"far fa-futbol\" aria-hidden=\"true\"></i>', 'Football', 'Premier League', 'Leeds United vs Southampton', 'Full Time Result', ' 1', 2, '2023-02-24 03:38:24', '2023-02-24 03:38:24'),
(38, 25, 1, 18535324, 185353241, 1761592158, '3.3', '<i class=\"far fa-futbol\" aria-hidden=\"true\"></i>', 'Football', 'Premier League', 'Fulham vs Wolverhampton Wanderers', 'Full Time Result', ' Draw', 2, '2023-02-24 03:38:24', '2023-02-24 03:38:24'),
(39, 26, 1, 18535325, 185353251, 1801425640, '3.5', '<i class=\"far fa-futbol\" aria-hidden=\"true\"></i>', 'Football', 'Premier League', 'Leeds United vs Southampton', 'Full Time Result', ' Draw', -2, '2023-02-24 03:38:26', '2023-02-24 03:38:26'),
(40, 26, 1, 18535324, 185353241, 1761592158, '3.3', '<i class=\"far fa-futbol\" aria-hidden=\"true\"></i>', 'Football', 'Premier League', 'Fulham vs Wolverhampton Wanderers', 'Full Time Result', ' Draw', 2, '2023-02-24 03:38:26', '2023-02-24 03:38:26'),
(41, 27, 1, 18535325, 185353251, 1801425642, '3.8', '<i class=\"far fa-futbol\" aria-hidden=\"true\"></i>', 'Football', 'Premier League', 'Leeds United vs Southampton', 'Full Time Result', ' 2', -2, '2023-02-24 03:38:28', '2023-02-24 03:38:28'),
(42, 27, 1, 18535324, 185353241, 1761592158, '3.3', '<i class=\"far fa-futbol\" aria-hidden=\"true\"></i>', 'Football', 'Premier League', 'Fulham vs Wolverhampton Wanderers', 'Full Time Result', ' Draw', 2, '2023-02-24 03:38:28', '2023-02-24 03:38:28'),
(43, 28, 410, 18565818, 185658181, 2383370883, '2.7', '<i class=\"far fa-futbol\" aria-hidden=\"true\"></i>', 'Football', 'National League', 'Southend United vs Chesterfield', 'Full Time Result', ' 2', 2, '2023-03-07 16:50:57', '2023-03-07 16:50:57'),
(44, 29, 410, 18723730, 187237301, 2021405728, '1.95', '<i class=\"far fa-futbol\" aria-hidden=\"true\"></i>', 'Football', 'Champions League', 'Tottenham Hotspur vs Milan', 'Full Time Result', ' 1', -2, '2023-03-07 16:52:47', '2023-03-07 16:52:47'),
(45, 30, 410, 18723738, 1872373815, 2021387352, '3.5', '<i class=\"far fa-futbol\" aria-hidden=\"true\"></i>', 'Football', 'Champions League', 'FC Bayern München vs Paris Saint Germain', 'Both Teams to Score in 1st Half', ' Yes', -2, '2023-03-07 22:50:09', '2023-03-07 22:50:09'),
(46, 31, 441, 18561017, 185610176, 9520510825, '1.925', '<i class=\"far fa-futbol\" aria-hidden=\"true\"></i>', 'Football', 'Super Lig', 'Ankaragücü vs Giresunspor', 'Asian Handicap', '2 0.0, +0.5', -2, '2023-04-20 01:15:40', '2023-04-20 01:15:40'),
(47, 32, 441, 18804538, 188045382, 8274606825, '1.285', '<i class=\"far fa-futbol\" aria-hidden=\"true\"></i>', 'Football', 'Europa League', 'Sevilla vs Manchester United', 'Double Chance', ' Sevilla or Man Utd', -2, '2023-04-20 01:15:51', '2023-04-20 01:15:51'),
(48, 33, 441, 18716081, 187160811, 10088551176, '2.8', '<i class=\"far fa-futbol\" aria-hidden=\"true\"></i>', 'Football', 'Premier League', 'Ceramica Cleopatra vs Al Ittihad', 'Full Time Result', ' Draw', 2, '2023-04-20 01:33:42', '2023-04-20 01:33:42'),
(49, 34, 441, 18561013, 185610132, 9520508327, '1.444', '<i class=\"far fa-futbol\" aria-hidden=\"true\"></i>', 'Football', 'Super Lig', 'Sivasspor vs Trabzonspor', 'Double Chance', ' Draw or Trabzonspor', -2, '2023-04-20 01:33:49', '2023-04-20 01:33:49'),
(50, 35, 1, 18809073, 188090731, 15732726213, '1.85', '<i class=\"far fa-futbol\" aria-hidden=\"true\"></i>', 'Football', 'Copa Sudamericana', 'Defensa y Justicia vs Peñarol', 'Full Time Result', ' Home', 2, '2023-05-03 02:47:11', '2023-05-03 02:47:11'),
(51, 36, 502, 18809073, 188090731, 15732726213, '1.85', '<i class=\"far fa-futbol\" aria-hidden=\"true\"></i>', 'Football', 'Copa Sudamericana', 'Defensa y Justicia vs Peñarol', 'Full Time Result', ' Home', 2, '2023-05-03 04:25:52', '2023-05-03 04:25:52'),
(52, 37, 505, 18809073, 188090732, 15743727030, '1.833', '<i class=\"far fa-futbol\" aria-hidden=\"true\"></i>', 'Football', 'Copa Sudamericana', 'Defensa y Justicia vs Peñarol', 'Double Chance', ' Draw or Penarol', -2, '2023-05-03 04:53:27', '2023-05-03 04:53:27'),
(53, 38, 520, 18949345, 189493451, 37986852513, '5.5', '<i class=\"far fa-futbol\" aria-hidden=\"true\"></i>', 'Football', 'Premier League', 'Al Markhiya vs Al Rayyan', 'Full Time Result', ' Home', 0, '2023-08-16 21:26:50', '2023-08-16 21:26:50'),
(54, 38, 520, 18921104, 189211041, 37188154770, '2.375', '<i class=\"far fa-futbol\" aria-hidden=\"true\"></i>', 'Football', 'Europa League', 'HJK vs Qarabağ', 'Full Time Result', ' Away', 2, '2023-08-16 21:26:50', '2023-08-16 21:26:50'),
(55, 39, 520, 18791801, 187918011, 37868286312, '2.2', '<i class=\"far fa-futbol\" aria-hidden=\"true\"></i>', 'Football', 'Serie B', 'Vila Nova vs Mirassol', 'Full Time Result', ' Home', 2, '2023-08-17 19:16:21', '2023-08-17 19:16:21'),
(56, 39, 520, 18772614, 187726141, 37789004811, '2.375', '<i class=\"far fa-futbol\" aria-hidden=\"true\"></i>', 'Football', 'K-League 1', 'Incheon United vs Gwangju', 'Full Time Result', ' Home', -2, '2023-08-17 19:16:21', '2023-08-17 19:16:21'),
(57, 39, 520, 18777591, 187775911, 37557508559, '3.1', '<i class=\"far fa-futbol\" aria-hidden=\"true\"></i>', 'Football', 'J-League', 'Avispa Fukuoka vs Albirex Niigata', 'Full Time Result', ' Draw', -2, '2023-08-17 19:16:21', '2023-08-17 19:16:21'),
(58, 40, 521, 18742304, 187423041, 38260218020, '1.45', '<i class=\"far fa-futbol\" aria-hidden=\"true\"></i>', 'Football', 'Allsvenskan', 'Häcken vs Sirius', 'Full Time Result', ' Home', 2, '2023-08-20 12:38:31', '2023-08-20 12:38:31'),
(59, 40, 521, 18742301, 187423011, 37996297976, '1.666', '<i class=\"far fa-futbol\" aria-hidden=\"true\"></i>', 'Football', 'Allsvenskan', 'Malmö FF vs Djurgården', 'Full Time Result', ' Home', -2, '2023-08-20 12:38:31', '2023-08-20 12:38:31'),
(60, 41, 520, 18869405, 188694051, 41766334247, '2.4', '<i class=\"far fa-futbol\" aria-hidden=\"true\"></i>', 'Football', 'National League', 'Bromley vs Southend United', 'Full Time Result', 'Away 2', -2, '2023-08-27 14:29:50', '2023-08-27 14:29:50'),
(61, 41, 520, 18869403, 188694031, 41766333841, '2.2', '<i class=\"far fa-futbol\" aria-hidden=\"true\"></i>', 'Football', 'National League', 'Fylde vs Altrincham', 'Full Time Result', 'Home 1', -2, '2023-08-27 14:29:50', '2023-08-27 14:29:50');

-- --------------------------------------------------------

--
-- Table structure for table `sp_contents`
--

CREATE TABLE `sp_contents` (
  `id` int(11) UNSIGNED NOT NULL,
  `name` varchar(191) DEFAULT NULL,
  `created_at` timestamp NULL DEFAULT NULL,
  `updated_at` timestamp NULL DEFAULT NULL
) ENGINE=InnoDB DEFAULT CHARSET=utf8mb4 COLLATE=utf8mb4_unicode_ci;

--
-- Dumping data for table `sp_contents`
--

INSERT INTO `sp_contents` (`id`, `name`, `created_at`, `updated_at`) VALUES
(86, 'faq', '2022-08-31 07:19:51', '2022-08-31 07:19:51'),
(87, 'faq', '2022-08-31 07:22:10', '2022-08-31 07:22:10'),
(88, 'faq', '2022-08-31 07:22:56', '2022-08-31 07:22:56'),
(89, 'faq', '2022-08-31 07:23:27', '2022-08-31 07:23:27'),
(90, 'faq', '2022-08-31 07:24:15', '2022-08-31 07:24:15'),
(91, 'faq', '2022-08-31 07:24:55', '2022-08-31 07:24:55'),
(92, 'blog', '2022-08-31 07:56:45', '2022-08-31 07:56:45'),
(93, 'blog', '2022-08-31 07:57:20', '2022-08-31 07:57:20'),
(94, 'blog', '2022-08-31 07:57:52', '2022-08-31 07:57:52'),
(97, 'social', '2022-09-01 00:39:36', '2022-09-01 00:39:36'),
(98, 'social', '2022-09-01 00:40:39', '2022-09-01 00:40:39'),
(99, 'social', '2022-09-01 00:41:48', '2022-09-01 00:41:48'),
(100, 'slider', '2022-09-15 07:01:00', '2022-09-15 07:01:00'),
(101, 'slider', '2022-09-15 07:02:31', '2022-09-15 07:02:31');

-- --------------------------------------------------------

--
-- Table structure for table `sp_content_details`
--

CREATE TABLE `sp_content_details` (
  `id` int(11) UNSIGNED NOT NULL,
  `content_id` int(11) UNSIGNED DEFAULT NULL,
  `language_id` int(11) UNSIGNED DEFAULT NULL,
  `description` longtext DEFAULT NULL,
  `created_at` timestamp NULL DEFAULT NULL,
  `updated_at` timestamp NULL DEFAULT NULL
) ENGINE=InnoDB DEFAULT CHARSET=utf8mb4 COLLATE=utf8mb4_unicode_ci;

--
-- Dumping data for table `sp_content_details`
--

INSERT INTO `sp_content_details` (`id`, `content_id`, `language_id`, `description`, `created_at`, `updated_at`) VALUES
(228, 86, 1, '{\"title\":\"What is Partial status?\",\"description\":\"Partial Status is when we partially refund the remains of an order. Sometimes for some reasons we are unable to deliver a full order, so we refund you the remaining undelivered amount. Example: You bought an order with quantity 10 000 and charges 10$, let\'s say we delivered 9 000 and the remaining 1 000 we couldn\'t deliver, then we will \\\"Partial\\\" the order and refund you the remaining 1000 (1$ in this example.\"}', '2022-08-31 07:19:51', '2022-08-31 07:19:51'),
(229, 87, 1, '{\"title\":\"What is Drip Feed?\",\"description\":\"Drip Feed is a service that we are offering so you would be able to put the same order multiple times automatically. Example: let\'s say you want to get 1000 likes on your Instagram Post but you want to get 100 likes each 30 minutes, you will put Link: Your Post Link Quantity: 100 Runs: 10 (as you want to run this order 10 times, if you want to get 2000 likes, you will run it 20 times, etc\\u2026) Interval: 30 (because you want to get 100 likes on your post each 30 minutes, if you want each hour, you will put 60 because the time is in minutes) P.S: Never order more quantity than the maximum which is written on the service name (Quantity x Runs), Example if the service\'s max is 4000, you don\\u2019t put Quantity: 500 and Run: 10, because total quantity will be 500x10 = 5000 which is bigger than the service max (4000). Also never put the Interval below the actual start time (some services need 60 minutes to start, don\\u2019t put Interval less than the service start time or it will cause a fail in your order\"}', '2022-08-31 07:22:10', '2022-08-31 07:22:10'),
(230, 88, 1, '{\"title\":\"How to get youtube comment link?\",\"description\":\"Find the timestamp that is located next to your username above your comment (for example: \\\"3 days ago\\\") and hover over it then right click and \\\"Copy Link Address\\\". The link will be something like this: https:\\/\\/www.youtube.com\\/watch?v=12345&amp;lc=a1b21etc instead of just https:\\/\\/www.youtube.com\\/watch?v=12345 To be sure that you got the correct link, paste it in your browser\'s address bar and you will see that the comment is now the first one below the video and it says \\\"Highlighted comment\\\".\"}', '2022-08-31 07:22:56', '2022-08-31 07:22:56'),
(231, 89, 1, '{\"title\":\"What is \'Instagram Saves\', and what does it do?\",\"description\":\"Instagram Saves is when a user saves a post to his history on Instagram (by pressing the save button near the like button). A lot of saves for a post increase its impression.\"}', '2022-08-31 07:23:27', '2022-08-31 07:23:27'),
(232, 90, 1, '{\"title\":\"How do I benefit from the ICO Token?\",\"description\":\"This is the third item\'s accordion body. It is hidden by default, until the collapse plugin adds the appropriate classes that we use to style each element. These classes control the overall appearance, as well as the showing and hiding via CSS transitions. You can modify any of this with custom CSS or overriding our default variables. It\'s also worth noting that just about any HTML can go within the accordion-body though the transition does limit overflow.\"}', '2022-08-31 07:24:19', '2022-08-31 07:24:19'),
(233, 91, 1, '{\"title\":\"The link must be added before the user goes live or after?\",\"description\":\"After he goes live, or just 5 second before he goes!\"}', '2022-08-31 07:24:55', '2022-08-31 07:24:55'),
(234, 92, 1, '{\"title\":\"Learn about UI8 coin and earn an All-Access Pass\",\"description\":\"Lorem ipsum dolor sit amet consectetur adipisicing elit. Lorem ipsum dolor sit amet consectetur adipisicing elit. Deserunt quas, asperiores sed itaque officiis quae est nulla dolores voluptatem accusantium quisquam tempore quasi, nihil totam perspiciatis! Dicta nesciunt suscipit maxime. Alias pariatur eum fuga corporis aperiam sit.\"}', '2022-08-31 07:56:45', '2022-08-31 07:56:45'),
(235, 93, 1, '{\"title\":\"Learn about UI8 coin and earn an All-Access Pass\",\"description\":\"Lorem ipsum dolor sit amet consectetur adipisicing elit. Lorem ipsum dolor sit amet consectetur adipisicing elit. Deserunt quas, asperiores sed itaque officiis quae est nulla dolores voluptatem accusantium quisquam tempore quasi, nihil totam perspiciatis! Dicta nesciunt suscipit maxime. Alias pariatur eum fuga corporis aperiam sit.\"}', '2022-08-31 07:57:20', '2022-08-31 07:57:20'),
(236, 94, 1, '{\"title\":\"Learn about UI8 coin and earn an All-Access Pass\",\"description\":\"Lorem ipsum dolor sit amet consectetur adipisicing elit. Lorem ipsum dolor sit amet consectetur adipisicing elit. Deserunt quas, asperiores sed itaque officiis quae est nulla dolores voluptatem accusantium quisquam tempore quasi, nihil totam perspiciatis! Dicta nesciunt suscipit maxime. Alias pariatur eum fuga corporis aperiam sit.\"}', '2022-08-31 07:57:52', '2022-08-31 07:57:52'),
(239, 97, 1, '{\"name\":\"facebook\"}', '2022-09-01 00:39:36', '2022-09-01 00:39:36'),
(240, 98, 1, '{\"name\":\"twitter\"}', '2022-09-01 00:40:39', '2022-09-01 00:40:39'),
(241, 99, 1, '{\"name\":\"linkein\"}', '2022-09-01 00:41:48', '2022-09-01 00:41:48'),
(242, 100, 1, '{\"name\":\"Sports\",\"short_description\":\"Fantasy games with a real feel !\",\"button_name\":\"place a free bet\"}', '2022-09-15 07:01:00', '2022-12-29 04:31:07'),
(243, 101, 1, '{\"name\":\"Free Casino\",\"short_description\":\"Free Casino for more fantasy play!\",\"button_name\":\"Go!!!\"}', '2022-09-15 07:02:31', '2022-12-29 04:34:23'),
(245, 100, 18, '{\"name\":\"F\\u00fatbol\",\"short_description\":\"Lorem ipsum, dolor sit amet consectetur adipisicing elit.Lorem ipsum dolor sit amet consectetur adipisicing elit. Reprehenderit unde.\",\"button_name\":\"hacer una apuesta\"}', '2022-09-18 05:01:39', '2022-09-18 05:01:39'),
(246, 101, 18, '{\"name\":\"Grillo\",\"short_description\":\"Lorem ipsum, dolor sit amet consectetur adipisicing elit. Lorem ipsum dolor sit amet consectetur adipisicing elit. Reprehenderit unde.\",\"button_name\":\"Saber m\\u00e1s\"}', '2022-09-18 05:02:31', '2022-09-18 05:02:31'),
(251, 86, 18, '{\"title\":\"Qu\\u00e9 es el estado parcial?\",\"description\":\"Partial Status is when we partially refund the remains of an order. Sometimes for some reasons we are unable to deliver a full order, so we refund you the remaining undelivered amount. Example: You bought an order with quantity 10 000 and charges 10$, let\'s say we delivered 9 000 and the remaining 1 000 we couldn\'t deliver, then we will \\\"Partial\\\" the order and refund you the remaining 1000 (1$ in this example.\"}', '2022-09-18 05:09:35', '2022-09-18 05:09:35'),
(252, 87, 18, '{\"title\":\"Qu\\u00e9 es la alimentaci\\u00f3n por goteo?\",\"description\":\"Drip Feed is a service that we are offering so you would be able to put the same order multiple times automatically. Example: let\'s say you want to get 1000 likes on your Instagram Post but you want to get 100 likes each 30 minutes, you will put Link: Your Post Link Quantity: 100 Runs: 10 (as you want to run this order 10 times, if you want to get 2000 likes, you will run it 20 times, etc\\u2026) Interval: 30 (because you want to get 100 likes on your post each 30 minutes, if you want each hour, you will put 60 because the time is in minutes) P.S: Never order more quantity than the maximum which is written on the service name (Quantity x Runs), Example if the service\'s max is 4000, you don\\u2019t put Quantity: 500 and Run: 10, because total quantity will be 500x10 = 5000 which is bigger than the service max (4000). Also never put the Interval below the actual start time (some services need 60 minutes to start, don\\u2019t put Interval less than the service start time or it will cause a fail in your order\"}', '2022-09-18 05:10:01', '2022-09-18 05:10:01'),
(253, 88, 18, '{\"title\":\"C\\u00f3mo obtener el enlace de comentario de YouTube?\",\"description\":\"Find the timestamp that is located next to your username above your comment (for example: \\\"3 days ago\\\") and hover over it then right click and \\\"Copy Link Address\\\". The link will be something like this: https:\\/\\/www.youtube.com\\/watch?v=12345&amp;lc=a1b21etc instead of just https:\\/\\/www.youtube.com\\/watch?v=12345 To be sure that you got the correct link, paste it in your browser\'s address bar and you will see that the comment is now the first one below the video and it says \\\"Highlighted comment\\\".\"}', '2022-09-18 05:10:32', '2022-09-18 05:10:32'),
(254, 89, 18, '{\"title\":\"Qu\\u00e9 es \'Instagram Saves\' y qu\\u00e9 hace?\",\"description\":\"Instagram Saves es cuando un usuario guarda una publicaci\\u00f3n en su historial en Instagram (presionando el bot\\u00f3n Guardar cerca del bot\\u00f3n Me gusta). Una gran cantidad de guardados para una publicaci\\u00f3n aumentan su impresi\\u00f3n.\"}', '2022-09-18 05:11:25', '2022-09-18 05:11:25'),
(255, 90, 18, '{\"title\":\"C\\u00f3mo me beneficio del token ICO?\",\"description\":\"This is the third item\'s accordion body. It is hidden by default, until the collapse plugin adds the appropriate classes that we use to style each element. These classes control the overall appearance, as well as the showing and hiding via CSS transitions. You can modify any of this with custom CSS or overriding our default variables. It\'s also worth noting that just about any HTML can go within the accordion-body though the transition does limit overflow.\"}', '2022-09-18 05:12:20', '2022-09-18 05:12:20'),
(256, 91, 18, '{\"title\":\"El enlace debe agregarse antes de que el usuario se active o despu\\u00e9s?\",\"description\":\"Despu\\u00e9s de que salga en vivo, o solo 5 segundos antes de que salga!\"}', '2022-09-18 05:13:12', '2022-09-18 05:13:12'),
(257, 92, 18, '{\"title\":\"Aprenda sobre la moneda UI8 y gane un pase de acceso completo\",\"description\":\"Lorem ipsum dolor sit amet consectetur adipisicing elit. Lorem ipsum dolor sit amet consectetur adipisicing elit. Deserunt quas, asperiores sed itaque officiis quae est nulla dolores voluptatem accusantium quisquam tempore quasi, nihil totam perspiciatis! Dicta nesciunt suscipit maxime. Alias pariatur eum fuga corporis aperiam sit.\"}', '2022-09-18 05:13:55', '2022-09-18 05:13:55'),
(258, 93, 18, '{\"title\":\"Aprenda sobre la moneda UI8 y gane un pase de acceso completo\",\"description\":\"Lorem ipsum dolor sit amet consectetur adipisicing elit. Lorem ipsum dolor sit amet consectetur adipisicing elit. Deserunt quas, asperiores sed itaque officiis quae est nulla dolores voluptatem accusantium quisquam tempore quasi, nihil totam perspiciatis! Dicta nesciunt suscipit maxime. Alias pariatur eum fuga corporis aperiam sit.\"}', '2022-09-18 05:14:42', '2022-09-18 05:14:42'),
(259, 94, 18, '{\"title\":\"Learn about UI8 coin and earn an All-Access Pass\",\"description\":\"Lorem ipsum dolor sit amet consectetur adipisicing elit. Lorem ipsum dolor sit amet consectetur adipisicing elit. Deserunt quas, asperiores sed itaque officiis quae est nulla dolores voluptatem accusantium quisquam tempore quasi, nihil totam perspiciatis! Dicta nesciunt suscipit maxime. Alias pariatur eum fuga corporis aperiam sit.\"}', '2022-09-18 05:15:01', '2022-09-18 05:15:01'),
(260, 97, 18, '{\"name\":\"facebook\"}', '2022-09-18 05:15:21', '2022-09-18 05:15:21'),
(261, 98, 18, '{\"name\":\"gorjeo\"}', '2022-09-18 05:15:37', '2022-09-18 05:15:37'),
(262, 99, 18, '{\"name\":\"linkein\"}', '2022-09-18 05:15:45', '2022-09-18 05:15:45');

-- --------------------------------------------------------

--
-- Table structure for table `sp_content_media`
--

CREATE TABLE `sp_content_media` (
  `id` int(11) UNSIGNED NOT NULL,
  `content_id` int(11) UNSIGNED DEFAULT NULL,
  `description` longtext DEFAULT NULL,
  `created_at` timestamp NULL DEFAULT NULL,
  `updated_at` timestamp NULL DEFAULT NULL
) ENGINE=InnoDB DEFAULT CHARSET=utf8mb4 COLLATE=utf8mb4_unicode_ci;

--
-- Dumping data for table `sp_content_media`
--

INSERT INTO `sp_content_media` (`id`, `content_id`, `description`, `created_at`, `updated_at`) VALUES
(63, 92, '{\"image\":\"630f689d875941661954205.jpg\"}', '2022-08-31 07:56:45', '2022-08-31 07:56:45'),
(64, 93, '{\"image\":\"630f68c0ac95a1661954240.jpg\"}', '2022-08-31 07:57:20', '2022-08-31 07:57:20'),
(65, 94, '{\"image\":\"630f68e06248f1661954272.jpg\"}', '2022-08-31 07:57:52', '2022-08-31 07:57:52'),
(66, 97, '{\"link\":\"https:\\/\\/www.facebook.com\\/\",\"icon\":\"fab fa-facebook\"}', '2022-09-01 00:39:36', '2022-09-01 00:39:36'),
(67, 98, '{\"link\":\"https:\\/\\/twitter.com\\/\",\"icon\":\"fab fa-twitter\"}', '2022-09-01 00:40:39', '2022-09-01 00:40:39'),
(68, 99, '{\"link\":\"https:\\/\\/www.linkedin.com\\/\",\"icon\":\"fab fa-linkedin\"}', '2022-09-01 00:41:48', '2022-09-01 00:41:48'),
(69, 100, '{\"image\":\"63aca78b5ef4b1672259467.png\",\"button_link\":\"https:\\/\\/sports.22x.bet\"}', '2022-09-15 07:01:01', '2023-08-16 22:03:13'),
(70, 101, '{\"image\":\"63aca84fcc69c1672259663.png\",\"button_link\":\"https:\\/\\/22x.bet\"}', '2022-09-15 07:02:32', '2023-08-16 22:03:25');

-- --------------------------------------------------------

--
-- Table structure for table `sp_countries`
--

CREATE TABLE `sp_countries` (
  `name` varchar(191) DEFAULT NULL,
  `code` varchar(191) DEFAULT NULL,
  `flag` varchar(191) DEFAULT NULL,
  `__hevo_id` varchar(191) NOT NULL,
  `__hevo__ingested_at` bigint(20) DEFAULT NULL
) ENGINE=InnoDB DEFAULT CHARSET=latin1 COLLATE=latin1_swedish_ci;

--
-- Dumping data for table `sp_countries`
--

INSERT INTO `sp_countries` (`name`, `code`, `flag`, `__hevo_id`, `__hevo__ingested_at`) VALUES
('Albania', 'AL', 'https://media.api-sports.io/flags/al.svg', '1671870879607-75649-368900', 1671870879614),
('Algeria', 'DZ', 'https://media.api-sports.io/flags/dz.svg', '1671870879626-75649-368901', 1671870879626),
('Andorra', 'AD', 'https://media-1.api-sports.io/flags/ad.svg', '1671870879627-75649-368902', 1671870879627),
('Angola', 'AO', 'https://media.api-sports.io/flags/ao.svg', '1671870879628-75649-368903', 1671870879628),
('Argentina', 'AR', 'https://media-1.api-sports.io/flags/ar.svg', '1671870879629-75649-368904', 1671870879629),
('Armenia', 'AM', 'https://media-2.api-sports.io/flags/am.svg', '1671870879630-75649-368905', 1671870879630),
('Aruba', 'AW', 'https://media.api-sports.io/flags/aw.svg', '1671870879631-75649-368906', 1671870879631),
('Australia', 'AU', 'https://media.api-sports.io/flags/au.svg', '1671870879631-75649-368907', 1671870879631),
('Austria', 'AT', 'https://media-1.api-sports.io/flags/at.svg', '1671870879632-75649-368908', 1671870879632),
('Azerbaidjan', 'AZ', 'https://media-1.api-sports.io/flags/az.svg', '1671870879633-75649-368909', 1671870879633),
('Bahrain', 'BH', 'https://media-2.api-sports.io/flags/bh.svg', '1671870879634-75649-368910', 1671870879634),
('Bangladesh', 'BD', 'https://media.api-sports.io/flags/bd.svg', '1671870879634-75649-368911', 1671870879635),
('Barbados', 'BB', 'https://media-1.api-sports.io/flags/bb.svg', '1671870879635-75649-368912', 1671870879635),
('Belarus', 'BY', 'https://media-2.api-sports.io/flags/by.svg', '1671870879636-75649-368913', 1671870879636),
('Belgium', 'BE', 'https://media-1.api-sports.io/flags/be.svg', '1671870879636-75649-368914', 1671870879636),
('Belize', 'BZ', 'https://media.api-sports.io/flags/bz.svg', '1671870879636-75649-368915', 1671870879637),
('Benin', 'BJ', 'https://media-2.api-sports.io/flags/bj.svg', '1671870879637-75649-368916', 1671870879637),
('Bermuda', 'BM', 'https://media-1.api-sports.io/flags/bm.svg', '1671870879638-75649-368917', 1671870879638),
('Bhutan', 'BT', 'https://media-2.api-sports.io/flags/bt.svg', '1671870879639-75649-368918', 1671870879639),
('Bolivia', 'BO', 'https://media.api-sports.io/flags/bo.svg', '1671870879639-75649-368919', 1671870879640),
('Bosnia', 'BA', 'https://media.api-sports.io/flags/ba.svg', '1671870879640-75649-368920', 1671870879640),
('Botswana', 'BW', 'https://media-2.api-sports.io/flags/bw.svg', '1671870879641-75649-368921', 1671870879641),
('Brazil', 'BR', 'https://media-2.api-sports.io/flags/br.svg', '1671870879642-75649-368922', 1671870879642),
('Bulgaria', 'BG', 'https://media-2.api-sports.io/flags/bg.svg', '1671870879642-75649-368923', 1671870879642),
('Burkina-Faso', 'BF', 'https://media-2.api-sports.io/flags/bf.svg', '1671870879643-75649-368924', 1671870879643),
('Burundi', 'BI', 'https://media-2.api-sports.io/flags/bi.svg', '1671870879643-75649-368925', 1671870879643),
('Cambodia', 'KH', 'https://media-2.api-sports.io/flags/kh.svg', '1671870879643-75649-368926', 1671870879643),
('Cameroon', 'CM', 'https://media.api-sports.io/flags/cm.svg', '1671870879644-75649-368927', 1671870879644),
('Canada', 'CA', 'https://media-1.api-sports.io/flags/ca.svg', '1671870879644-75649-368928', 1671870879644),
('Chile', 'CL', 'https://media.api-sports.io/flags/cl.svg', '1671870879645-75649-368929', 1671870879645),
('China', 'CN', 'https://media-1.api-sports.io/flags/cn.svg', '1671870879646-75649-368930', 1671870879646),
('Chinese-Taipei', 'TW', 'https://media-2.api-sports.io/flags/tw.svg', '1671870879646-75649-368931', 1671870879646),
('Colombia', 'CO', 'https://media-2.api-sports.io/flags/co.svg', '1671870879647-75649-368932', 1671870879647),
('Congo', 'CD', 'https://media-2.api-sports.io/flags/cd.svg', '1671870879647-75649-368933', 1671870879647),
('Congo-DR', 'CG', 'https://media-1.api-sports.io/flags/cg.svg', '1671870879647-75649-368934', 1671870879647),
('Costa-Rica', 'CR', 'https://media-2.api-sports.io/flags/cr.svg', '1671870879648-75649-368935', 1671870879648),
('Crimea', 'UA', 'https://media-2.api-sports.io/flags/ua.svg', '1671870879648-75649-368936', 1671870879648),
('Croatia', 'HR', 'https://media.api-sports.io/flags/hr.svg', '1671870879648-75649-368937', 1671870879648),
('Cuba', 'CU', 'https://media-2.api-sports.io/flags/cu.svg', '1671870879649-75649-368938', 1671870879649),
('Curacao', 'CW', 'https://media.api-sports.io/flags/cw.svg', '1671870879649-75649-368939', 1671870879649),
('Cyprus', 'CY', 'https://media.api-sports.io/flags/cy.svg', '1671870879649-75649-368940', 1671870879650),
('Czech-Republic', 'CZ', 'https://media.api-sports.io/flags/cz.svg', '1671870879650-75649-368941', 1671870879650),
('Denmark', 'DK', 'https://media-2.api-sports.io/flags/dk.svg', '1671870879650-75649-368942', 1671870879650),
('Dominican-Republic', 'DO', 'https://media.api-sports.io/flags/do.svg', '1671870879651-75649-368943', 1671870879651),
('Ecuador', 'EC', 'https://media.api-sports.io/flags/ec.svg', '1671870879651-75649-368944', 1671870879652),
('Egypt', 'EG', 'https://media-1.api-sports.io/flags/eg.svg', '1671870879652-75649-368945', 1671870879652),
('El-Salvador', 'SV', 'https://media-2.api-sports.io/flags/sv.svg', '1671870879653-75649-368946', 1671870879653),
('England', 'GB', 'https://media.api-sports.io/flags/gb.svg', '1671870879653-75649-368947', 1671870879653),
('Estonia', 'EE', 'https://media.api-sports.io/flags/ee.svg', '1671870879653-75649-368948', 1671870879654),
('Eswatini', 'SZ', 'https://media-1.api-sports.io/flags/sz.svg', '1671870879654-75649-368949', 1671870879654),
('Ethiopia', 'ET', 'https://media-1.api-sports.io/flags/et.svg', '1671870879654-75649-368950', 1671870879654),
('Faroe-Islands', 'FO', 'https://media-2.api-sports.io/flags/fo.svg', '1671870879654-75649-368951', 1671870879655),
('Fiji', 'FJ', 'https://media-2.api-sports.io/flags/fj.svg', '1671870879655-75649-368952', 1671870879655),
('Finland', 'FI', 'https://media-1.api-sports.io/flags/fi.svg', '1671870879655-75649-368953', 1671870879655),
('France', 'FR', 'https://media-2.api-sports.io/flags/fr.svg', '1671870879655-75649-368954', 1671870879656),
('Gambia', 'GM', 'https://media-2.api-sports.io/flags/gm.svg', '1671870879656-75649-368955', 1671870879656),
('Georgia', 'GE', 'https://media.api-sports.io/flags/ge.svg', '1671870879656-75649-368956', 1671870879656),
('Germany', 'DE', 'https://media-1.api-sports.io/flags/de.svg', '1671870879656-75649-368957', 1671870879657),
('Ghana', 'GH', 'https://media.api-sports.io/flags/gh.svg', '1671870879657-75649-368958', 1671870879657),
('Gibraltar', 'GI', 'https://media.api-sports.io/flags/gi.svg', '1671870879657-75649-368959', 1671870879657),
('Greece', 'GR', 'https://media-2.api-sports.io/flags/gr.svg', '1671870879658-75649-368960', 1671870879658),
('Guadeloupe', 'GP', 'https://media-1.api-sports.io/flags/gp.svg', '1671870879658-75649-368961', 1671870879658),
('Guatemala', 'GT', 'https://media-1.api-sports.io/flags/gt.svg', '1671870879658-75649-368962', 1671870879658),
('Guinea', 'GN', 'https://media-2.api-sports.io/flags/gn.svg', '1671870879659-75649-368963', 1671870879659),
('Haiti', 'HT', 'https://media.api-sports.io/flags/ht.svg', '1671870879659-75649-368964', 1671870879659),
('Honduras', 'HN', 'https://media-1.api-sports.io/flags/hn.svg', '1671870879659-75649-368965', 1671870879659),
('Hong-Kong', 'HK', 'https://media-1.api-sports.io/flags/hk.svg', '1671870879660-75649-368966', 1671870879660),
('Hungary', 'HU', 'https://media.api-sports.io/flags/hu.svg', '1671870879660-75649-368967', 1671870879660),
('Iceland', 'IS', 'https://media.api-sports.io/flags/is.svg', '1671870879660-75649-368968', 1671870879660),
('India', 'IN', 'https://media-2.api-sports.io/flags/in.svg', '1671870879661-75649-368969', 1671870879661),
('Indonesia', 'ID', 'https://media.api-sports.io/flags/id.svg', '1671870879661-75649-368970', 1671870879661),
('Iran', 'IR', 'https://media-2.api-sports.io/flags/ir.svg', '1671870879661-75649-368971', 1671870879661),
('Iraq', 'IQ', 'https://media.api-sports.io/flags/iq.svg', '1671870879662-75649-368972', 1671870879662),
('Ireland', 'IE', 'https://media-1.api-sports.io/flags/ie.svg', '1671870879663-75649-368973', 1671870879663),
('Israel', 'IL', 'https://media.api-sports.io/flags/il.svg', '1671870879663-75649-368974', 1671870879663),
('Italy', 'IT', 'https://media.api-sports.io/flags/it.svg', '1671870879664-75649-368975', 1671870879664),
('Ivory-Coast', 'CI', 'https://media-2.api-sports.io/flags/ci.svg', '1671870879664-75649-368976', 1671870879664),
('Jamaica', 'JM', 'https://media.api-sports.io/flags/jm.svg', '1671870879665-75649-368977', 1671870879665),
('Japan', 'JP', 'https://media-1.api-sports.io/flags/jp.svg', '1671870879665-75649-368978', 1671870879665),
('Jordan', 'JO', 'https://media-1.api-sports.io/flags/jo.svg', '1671870879665-75649-368979', 1671870879665),
('Kazakhstan', 'KZ', 'https://media.api-sports.io/flags/kz.svg', '1671870879666-75649-368980', 1671870879666),
('Kenya', 'KE', 'https://media-2.api-sports.io/flags/ke.svg', '1671870879666-75649-368981', 1671870879666),
('Kosovo', 'XK', 'https://media-1.api-sports.io/flags/xk.svg', '1671870879666-75649-368982', 1671870879666),
('Kuwait', 'KW', 'https://media-2.api-sports.io/flags/kw.svg', '1671870879667-75649-368983', 1671870879667),
('Kyrgyzstan', 'KG', 'https://media-1.api-sports.io/flags/kg.svg', '1671870879667-75649-368984', 1671870879667),
('Laos', 'LA', 'https://media.api-sports.io/flags/la.svg', '1671870879667-75649-368985', 1671870879667),
('Latvia', 'LV', 'https://media-2.api-sports.io/flags/lv.svg', '1671870879668-75649-368986', 1671870879668),
('Lebanon', 'LB', 'https://media.api-sports.io/flags/lb.svg', '1671870879668-75649-368987', 1671870879668),
('Liberia', 'LR', 'https://media-1.api-sports.io/flags/lr.svg', '1671870879669-75649-368988', 1671870879669),
('Libya', 'LY', 'https://media-2.api-sports.io/flags/ly.svg', '1671870879669-75649-368989', 1671870879669),
('Liechtenstein', 'LI', 'https://media-2.api-sports.io/flags/li.svg', '1671870879670-75649-368990', 1671870879670),
('Lithuania', 'LT', 'https://media.api-sports.io/flags/lt.svg', '1671870879670-75649-368991', 1671870879670),
('Luxembourg', 'LU', 'https://media.api-sports.io/flags/lu.svg', '1671870879670-75649-368992', 1671870879670),
('Macedonia', 'MK', 'https://media-2.api-sports.io/flags/mk.svg', '1671870879671-75649-368993', 1671870879671),
('Malawi', 'MW', 'https://media-2.api-sports.io/flags/mw.svg', '1671870879671-75649-368994', 1671870879671),
('Malaysia', 'MY', 'https://media-2.api-sports.io/flags/my.svg', '1671870879671-75649-368995', 1671870879672),
('Maldives', 'MV', 'https://media.api-sports.io/flags/mv.svg', '1671870879672-75649-368996', 1671870879672),
('Mali', 'ML', 'https://media-2.api-sports.io/flags/ml.svg', '1671870879672-75649-368997', 1671870879672),
('Malta', 'MT', 'https://media-1.api-sports.io/flags/mt.svg', '1671870879672-75649-368998', 1671870879673),
('Mauritania', 'MR', 'https://media-2.api-sports.io/flags/mr.svg', '1671870879673-75649-368999', 1671870879673),
('Mauritius', 'MU', 'https://media-2.api-sports.io/flags/mu.svg', '1671870879673-75649-369000', 1671870879673),
('Mexico', 'MX', 'https://media-2.api-sports.io/flags/mx.svg', '1671870879673-75649-369001', 1671870879673),
('Moldova', 'MD', 'https://media-1.api-sports.io/flags/md.svg', '1671870879674-75649-369002', 1671870879674),
('Mongolia', 'MN', 'https://media-2.api-sports.io/flags/mn.svg', '1671870879674-75649-369003', 1671870879674),
('Montenegro', 'ME', 'https://media.api-sports.io/flags/me.svg', '1671870879674-75649-369004', 1671870879675),
('Morocco', 'MA', 'https://media.api-sports.io/flags/ma.svg', '1671870879675-75649-369005', 1671870879675),
('Myanmar', 'MM', 'https://media.api-sports.io/flags/mm.svg', '1671870879675-75649-369006', 1671870879675),
('Namibia', 'NA', 'https://media.api-sports.io/flags/na.svg', '1671870879675-75649-369007', 1671870879676),
('Nepal', 'NP', 'https://media-1.api-sports.io/flags/np.svg', '1671870879676-75649-369008', 1671870879676),
('Netherlands', 'NL', 'https://media.api-sports.io/flags/nl.svg', '1671870879676-75649-369009', 1671870879676),
('New-Zealand', 'NZ', 'https://media-1.api-sports.io/flags/nz.svg', '1671870879676-75649-369010', 1671870879677),
('Nicaragua', 'NI', 'https://media-2.api-sports.io/flags/ni.svg', '1671870879677-75649-369011', 1671870879677),
('Nigeria', 'NG', 'https://media-2.api-sports.io/flags/ng.svg', '1671870879677-75649-369012', 1671870879677),
('Northern-Ireland', 'GB', 'https://media-2.api-sports.io/flags/gb.svg', '1671870879677-75649-369013', 1671870879677),
('Norway', 'NO', 'https://media-1.api-sports.io/flags/no.svg', '1671870879678-75649-369014', 1671870879678),
('Oman', 'OM', 'https://media.api-sports.io/flags/om.svg', '1671870879678-75649-369015', 1671870879678),
('Pakistan', 'PK', 'https://media.api-sports.io/flags/pk.svg', '1671870879678-75649-369016', 1671870879679),
('Palestine', 'PS', 'https://media-2.api-sports.io/flags/ps.svg', '1671870879679-75649-369017', 1671870879679),
('Panama', 'PA', 'https://media-2.api-sports.io/flags/pa.svg', '1671870879679-75649-369018', 1671870879679),
('Paraguay', 'PY', 'https://media-1.api-sports.io/flags/py.svg', '1671870879679-75649-369019', 1671870879680),
('Peru', 'PE', 'https://media-2.api-sports.io/flags/pe.svg', '1671870879680-75649-369020', 1671870879680),
('Philippines', 'PH', 'https://media.api-sports.io/flags/ph.svg', '1671870879680-75649-369021', 1671870879680),
('Poland', 'PL', 'https://media-2.api-sports.io/flags/pl.svg', '1671870879680-75649-369022', 1671870879681),
('Portugal', 'PT', 'https://media-2.api-sports.io/flags/pt.svg', '1671870879681-75649-369023', 1671870879681),
('Qatar', 'QA', 'https://media.api-sports.io/flags/qa.svg', '1671870879681-75649-369024', 1671870879681),
('Romania', 'RO', 'https://media-1.api-sports.io/flags/ro.svg', '1671870879682-75649-369025', 1671870879682),
('Russia', 'RU', 'https://media.api-sports.io/flags/ru.svg', '1671870879682-75649-369026', 1671870879682),
('Rwanda', 'RW', 'https://media.api-sports.io/flags/rw.svg', '1671870879682-75649-369027', 1671870879682),
('San-Marino', 'SM', 'https://media.api-sports.io/flags/sm.svg', '1671870879683-75649-369028', 1671870879683),
('Saudi-Arabia', 'SA', 'https://media-1.api-sports.io/flags/sa.svg', '1671870879683-75649-369029', 1671870879683),
('Scotland', 'GB', 'https://media-1.api-sports.io/flags/gb.svg', '1671870879683-75649-369030', 1671870879683),
('Senegal', 'SN', 'https://media.api-sports.io/flags/sn.svg', '1671870879684-75649-369031', 1671870879684),
('Serbia', 'RS', 'https://media-2.api-sports.io/flags/rs.svg', '1671870879684-75649-369032', 1671870879684),
('Singapore', 'SG', 'https://media-1.api-sports.io/flags/sg.svg', '1671870879684-75649-369033', 1671870879684),
('Slovakia', 'SK', 'https://media-2.api-sports.io/flags/sk.svg', '1671870879685-75649-369034', 1671870879685),
('Slovenia', 'SI', 'https://media-2.api-sports.io/flags/si.svg', '1671870879685-75649-369035', 1671870879685),
('Somalia', 'SO', 'https://media-2.api-sports.io/flags/so.svg', '1671870879685-75649-369036', 1671870879685),
('South-Africa', 'ZA', 'https://media.api-sports.io/flags/za.svg', '1671870879686-75649-369037', 1671870879686),
('South-Korea', 'KR', 'https://media.api-sports.io/flags/kr.svg', '1671870879686-75649-369038', 1671870879686),
('Spain', 'ES', 'https://media-2.api-sports.io/flags/es.svg', '1671870879686-75649-369039', 1671870879686),
('Sudan', 'SD', 'https://media-2.api-sports.io/flags/sd.svg', '1671870879687-75649-369040', 1671870879687),
('Surinam', 'SR', 'https://media.api-sports.io/flags/sr.svg', '1671870879687-75649-369041', 1671870879687),
('Sweden', 'SE', 'https://media-2.api-sports.io/flags/se.svg', '1671870879687-75649-369042', 1671870879687),
('Switzerland', 'CH', 'https://media.api-sports.io/flags/ch.svg', '1671870879688-75649-369043', 1671870879688),
('Syria', 'SY', 'https://media-2.api-sports.io/flags/sy.svg', '1671870879688-75649-369044', 1671870879688),
('Tajikistan', 'TJ', 'https://media-2.api-sports.io/flags/tj.svg', '1671870879688-75649-369045', 1671870879688),
('Tanzania', 'TZ', 'https://media.api-sports.io/flags/tz.svg', '1671870879689-75649-369046', 1671870879689),
('Thailand', 'TH', 'https://media.api-sports.io/flags/th.svg', '1671870879689-75649-369047', 1671870879689),
('Trinidad-And-Tobago', 'TT', 'https://media-1.api-sports.io/flags/tt.svg', '1671870879689-75649-369048', 1671870879689),
('Tunisia', 'TN', 'https://media-2.api-sports.io/flags/tn.svg', '1671870879690-75649-369049', 1671870879690),
('Turkey', 'TR', 'https://media.api-sports.io/flags/tr.svg', '1671870879690-75649-369050', 1671870879690),
('Turkmenistan', 'TM', 'https://media-2.api-sports.io/flags/tm.svg', '1671870879690-75649-369051', 1671870879690),
('Uganda', 'UG', 'https://media.api-sports.io/flags/ug.svg', '1671870879691-75649-369052', 1671870879691),
('Ukraine', 'UA', 'https://media-1.api-sports.io/flags/ua.svg', '1671870879691-75649-369053', 1671870879691),
('United-Arab-Emirates', 'AE', 'https://media.api-sports.io/flags/ae.svg', '1671870879691-75649-369054', 1671870879691),
('Uruguay', 'UY', 'https://media.api-sports.io/flags/uy.svg', '1671870879692-75649-369055', 1671870879692),
('USA', 'US', 'https://media-2.api-sports.io/flags/us.svg', '1671870879692-75649-369056', 1671870879692),
('Uzbekistan', 'UZ', 'https://media-2.api-sports.io/flags/uz.svg', '1671870879692-75649-369057', 1671870879692),
('Venezuela', 'VE', 'https://media-1.api-sports.io/flags/ve.svg', '1671870879693-75649-369058', 1671870879693),
('Vietnam', 'VN', 'https://media-1.api-sports.io/flags/vn.svg', '1671870879693-75649-369059', 1671870879693),
('Wales', 'GB', 'https://media.api-sports.io/flags/gb.svg', '1671870879693-75649-369060', 1671870879694),
('World', NULL, NULL, '1671870879694-75649-369061', 1671870879694),
('Zambia', 'ZM', 'https://media-1.api-sports.io/flags/zm.svg', '1671870879694-75649-369062', 1671870879694),
('Zimbabwe', 'ZW', 'https://media.api-sports.io/flags/zw.svg', '1671870879694-75649-369063', 1671870879695),
('Albania', 'AL', 'https://media.api-sports.io/flags/al.svg', '1671871778003-59733-616166', 1671871778018),
('Algeria', 'DZ', 'https://media.api-sports.io/flags/dz.svg', '1671871778045-59733-616167', 1671871778045),
('Andorra', 'AD', 'https://media-1.api-sports.io/flags/ad.svg', '1671871778046-59733-616168', 1671871778047),
('Angola', 'AO', 'https://media.api-sports.io/flags/ao.svg', '1671871778048-59733-616169', 1671871778048),
('Argentina', 'AR', 'https://media-1.api-sports.io/flags/ar.svg', '1671871778049-59733-616170', 1671871778049),
('Armenia', 'AM', 'https://media-2.api-sports.io/flags/am.svg', '1671871778050-59733-616171', 1671871778051),
('Aruba', 'AW', 'https://media.api-sports.io/flags/aw.svg', '1671871778052-59733-616172', 1671871778052),
('Australia', 'AU', 'https://media.api-sports.io/flags/au.svg', '1671871778052-59733-616173', 1671871778052),
('Austria', 'AT', 'https://media-1.api-sports.io/flags/at.svg', '1671871778053-59733-616174', 1671871778053),
('Azerbaidjan', 'AZ', 'https://media-1.api-sports.io/flags/az.svg', '1671871778054-59733-616175', 1671871778054),
('Bahrain', 'BH', 'https://media-2.api-sports.io/flags/bh.svg', '1671871778055-59733-616176', 1671871778056),
('Bangladesh', 'BD', 'https://media.api-sports.io/flags/bd.svg', '1671871778057-59733-616177', 1671871778057),
('Barbados', 'BB', 'https://media-1.api-sports.io/flags/bb.svg', '1671871778058-59733-616178', 1671871778058),
('Belarus', 'BY', 'https://media-2.api-sports.io/flags/by.svg', '1671871778058-59733-616179', 1671871778059),
('Belgium', 'BE', 'https://media-1.api-sports.io/flags/be.svg', '1671871778060-59733-616180', 1671871778060),
('Belize', 'BZ', 'https://media.api-sports.io/flags/bz.svg', '1671871778061-59733-616181', 1671871778061),
('Benin', 'BJ', 'https://media-2.api-sports.io/flags/bj.svg', '1671871778061-59733-616182', 1671871778062),
('Bermuda', 'BM', 'https://media-1.api-sports.io/flags/bm.svg', '1671871778062-59733-616183', 1671871778062),
('Bhutan', 'BT', 'https://media-2.api-sports.io/flags/bt.svg', '1671871778062-59733-616184', 1671871778063),
('Bolivia', 'BO', 'https://media.api-sports.io/flags/bo.svg', '1671871778064-59733-616185', 1671871778064),
('Bosnia', 'BA', 'https://media.api-sports.io/flags/ba.svg', '1671871778065-59733-616186', 1671871778065),
('Botswana', 'BW', 'https://media-2.api-sports.io/flags/bw.svg', '1671871778066-59733-616187', 1671871778066),
('Brazil', 'BR', 'https://media-2.api-sports.io/flags/br.svg', '1671871778067-59733-616188', 1671871778067),
('Bulgaria', 'BG', 'https://media-2.api-sports.io/flags/bg.svg', '1671871778067-59733-616189', 1671871778068),
('Burkina-Faso', 'BF', 'https://media-2.api-sports.io/flags/bf.svg', '1671871778068-59733-616190', 1671871778068),
('Burundi', 'BI', 'https://media-2.api-sports.io/flags/bi.svg', '1671871778070-59733-616191', 1671871778070),
('Cambodia', 'KH', 'https://media-2.api-sports.io/flags/kh.svg', '1671871778071-59733-616192', 1671871778071),
('Cameroon', 'CM', 'https://media.api-sports.io/flags/cm.svg', '1671871778072-59733-616193', 1671871778072),
('Canada', 'CA', 'https://media-1.api-sports.io/flags/ca.svg', '1671871778072-59733-616194', 1671871778073),
('Chile', 'CL', 'https://media.api-sports.io/flags/cl.svg', '1671871778074-59733-616195', 1671871778074),
('China', 'CN', 'https://media-1.api-sports.io/flags/cn.svg', '1671871778074-59733-616196', 1671871778074),
('Chinese-Taipei', 'TW', 'https://media-2.api-sports.io/flags/tw.svg', '1671871778075-59733-616197', 1671871778075),
('Colombia', 'CO', 'https://media-2.api-sports.io/flags/co.svg', '1671871778075-59733-616198', 1671871778076),
('Congo', 'CD', 'https://media-2.api-sports.io/flags/cd.svg', '1671871778077-59733-616199', 1671871778077),
('Congo-DR', 'CG', 'https://media-1.api-sports.io/flags/cg.svg', '1671871778077-59733-616200', 1671871778077),
('Costa-Rica', 'CR', 'https://media-2.api-sports.io/flags/cr.svg', '1671871778078-59733-616201', 1671871778079),
('Crimea', 'UA', 'https://media-2.api-sports.io/flags/ua.svg', '1671871778079-59733-616202', 1671871778079),
('Croatia', 'HR', 'https://media.api-sports.io/flags/hr.svg', '1671871778080-59733-616203', 1671871778080),
('Cuba', 'CU', 'https://media-2.api-sports.io/flags/cu.svg', '1671871778080-59733-616204', 1671871778080),
('Curacao', 'CW', 'https://media.api-sports.io/flags/cw.svg', '1671871778081-59733-616205', 1671871778081),
('Cyprus', 'CY', 'https://media.api-sports.io/flags/cy.svg', '1671871778081-59733-616206', 1671871778082),
('Czech-Republic', 'CZ', 'https://media.api-sports.io/flags/cz.svg', '1671871778082-59733-616207', 1671871778083),
('Denmark', 'DK', 'https://media-2.api-sports.io/flags/dk.svg', '1671871778083-59733-616208', 1671871778083),
('Dominican-Republic', 'DO', 'https://media.api-sports.io/flags/do.svg', '1671871778083-59733-616209', 1671871778084),
('Ecuador', 'EC', 'https://media.api-sports.io/flags/ec.svg', '1671871778084-59733-616210', 1671871778084),
('Egypt', 'EG', 'https://media-1.api-sports.io/flags/eg.svg', '1671871778084-59733-616211', 1671871778085),
('El-Salvador', 'SV', 'https://media-2.api-sports.io/flags/sv.svg', '1671871778085-59733-616212', 1671871778085),
('England', 'GB', 'https://media.api-sports.io/flags/gb.svg', '1671871778086-59733-616213', 1671871778086),
('Estonia', 'EE', 'https://media.api-sports.io/flags/ee.svg', '1671871778086-59733-616214', 1671871778086),
('Eswatini', 'SZ', 'https://media-1.api-sports.io/flags/sz.svg', '1671871778087-59733-616215', 1671871778088),
('Ethiopia', 'ET', 'https://media-1.api-sports.io/flags/et.svg', '1671871778088-59733-616216', 1671871778088),
('Faroe-Islands', 'FO', 'https://media-2.api-sports.io/flags/fo.svg', '1671871778088-59733-616217', 1671871778089),
('Fiji', 'FJ', 'https://media-2.api-sports.io/flags/fj.svg', '1671871778090-59733-616218', 1671871778090),
('Finland', 'FI', 'https://media-1.api-sports.io/flags/fi.svg', '1671871778090-59733-616219', 1671871778090),
('France', 'FR', 'https://media-2.api-sports.io/flags/fr.svg', '1671871778091-59733-616220', 1671871778091),
('Gambia', 'GM', 'https://media-2.api-sports.io/flags/gm.svg', '1671871778091-59733-616221', 1671871778091),
('Georgia', 'GE', 'https://media.api-sports.io/flags/ge.svg', '1671871778092-59733-616222', 1671871778092),
('Germany', 'DE', 'https://media-1.api-sports.io/flags/de.svg', '1671871778092-59733-616223', 1671871778092),
('Ghana', 'GH', 'https://media.api-sports.io/flags/gh.svg', '1671871778093-59733-616224', 1671871778093),
('Gibraltar', 'GI', 'https://media.api-sports.io/flags/gi.svg', '1671871778093-59733-616225', 1671871778094),
('Greece', 'GR', 'https://media-2.api-sports.io/flags/gr.svg', '1671871778094-59733-616226', 1671871778094),
('Guadeloupe', 'GP', 'https://media-1.api-sports.io/flags/gp.svg', '1671871778094-59733-616227', 1671871778095),
('Guatemala', 'GT', 'https://media-1.api-sports.io/flags/gt.svg', '1671871778095-59733-616228', 1671871778095),
('Guinea', 'GN', 'https://media-2.api-sports.io/flags/gn.svg', '1671871778095-59733-616229', 1671871778096),
('Haiti', 'HT', 'https://media.api-sports.io/flags/ht.svg', '1671871778096-59733-616230', 1671871778096),
('Honduras', 'HN', 'https://media-1.api-sports.io/flags/hn.svg', '1671871778097-59733-616231', 1671871778097),
('Hong-Kong', 'HK', 'https://media-1.api-sports.io/flags/hk.svg', '1671871778097-59733-616232', 1671871778097),
('Hungary', 'HU', 'https://media.api-sports.io/flags/hu.svg', '1671871778098-59733-616233', 1671871778098),
('Iceland', 'IS', 'https://media.api-sports.io/flags/is.svg', '1671871778098-59733-616234', 1671871778099),
('India', 'IN', 'https://media-2.api-sports.io/flags/in.svg', '1671871778099-59733-616235', 1671871778099),
('Indonesia', 'ID', 'https://media.api-sports.io/flags/id.svg', '1671871778099-59733-616236', 1671871778100),
('Iran', 'IR', 'https://media-2.api-sports.io/flags/ir.svg', '1671871778100-59733-616237', 1671871778100),
('Iraq', 'IQ', 'https://media.api-sports.io/flags/iq.svg', '1671871778100-59733-616238', 1671871778101),
('Ireland', 'IE', 'https://media-1.api-sports.io/flags/ie.svg', '1671871778101-59733-616239', 1671871778101),
('Israel', 'IL', 'https://media.api-sports.io/flags/il.svg', '1671871778102-59733-616240', 1671871778102),
('Italy', 'IT', 'https://media.api-sports.io/flags/it.svg', '1671871778102-59733-616241', 1671871778102),
('Ivory-Coast', 'CI', 'https://media-2.api-sports.io/flags/ci.svg', '1671871778103-59733-616242', 1671871778103),
('Jamaica', 'JM', 'https://media.api-sports.io/flags/jm.svg', '1671871778103-59733-616243', 1671871778104),
('Japan', 'JP', 'https://media-1.api-sports.io/flags/jp.svg', '1671871778104-59733-616244', 1671871778104),
('Jordan', 'JO', 'https://media-1.api-sports.io/flags/jo.svg', '1671871778104-59733-616245', 1671871778105),
('Kazakhstan', 'KZ', 'https://media.api-sports.io/flags/kz.svg', '1671871778105-59733-616246', 1671871778105),
('Kenya', 'KE', 'https://media-2.api-sports.io/flags/ke.svg', '1671871778106-59733-616247', 1671871778106),
('Kosovo', 'XK', 'https://media-1.api-sports.io/flags/xk.svg', '1671871778106-59733-616248', 1671871778106),
('Kuwait', 'KW', 'https://media-2.api-sports.io/flags/kw.svg', '1671871778107-59733-616249', 1671871778107),
('Kyrgyzstan', 'KG', 'https://media-1.api-sports.io/flags/kg.svg', '1671871778107-59733-616250', 1671871778108),
('Laos', 'LA', 'https://media.api-sports.io/flags/la.svg', '1671871778108-59733-616251', 1671871778108),
('Latvia', 'LV', 'https://media-2.api-sports.io/flags/lv.svg', '1671871778108-59733-616252', 1671871778109),
('Lebanon', 'LB', 'https://media.api-sports.io/flags/lb.svg', '1671871778110-59733-616253', 1671871778110),
('Liberia', 'LR', 'https://media-1.api-sports.io/flags/lr.svg', '1671871778110-59733-616254', 1671871778111),
('Libya', 'LY', 'https://media-2.api-sports.io/flags/ly.svg', '1671871778111-59733-616255', 1671871778111),
('Liechtenstein', 'LI', 'https://media-2.api-sports.io/flags/li.svg', '1671871778111-59733-616256', 1671871778112),
('Lithuania', 'LT', 'https://media.api-sports.io/flags/lt.svg', '1671871778112-59733-616257', 1671871778112),
('Luxembourg', 'LU', 'https://media.api-sports.io/flags/lu.svg', '1671871778113-59733-616258', 1671871778113),
('Macedonia', 'MK', 'https://media-2.api-sports.io/flags/mk.svg', '1671871778113-59733-616259', 1671871778113),
('Malawi', 'MW', 'https://media-2.api-sports.io/flags/mw.svg', '1671871778114-59733-616260', 1671871778114),
('Malaysia', 'MY', 'https://media-2.api-sports.io/flags/my.svg', '1671871778114-59733-616261', 1671871778114),
('Maldives', 'MV', 'https://media.api-sports.io/flags/mv.svg', '1671871778115-59733-616262', 1671871778115),
('Mali', 'ML', 'https://media-2.api-sports.io/flags/ml.svg', '1671871778115-59733-616263', 1671871778116),
('Malta', 'MT', 'https://media-1.api-sports.io/flags/mt.svg', '1671871778116-59733-616264', 1671871778116),
('Mauritania', 'MR', 'https://media-2.api-sports.io/flags/mr.svg', '1671871778116-59733-616265', 1671871778117),
('Mauritius', 'MU', 'https://media-2.api-sports.io/flags/mu.svg', '1671871778117-59733-616266', 1671871778117),
('Mexico', 'MX', 'https://media-2.api-sports.io/flags/mx.svg', '1671871778118-59733-616267', 1671871778118),
('Moldova', 'MD', 'https://media-1.api-sports.io/flags/md.svg', '1671871778118-59733-616268', 1671871778118),
('Mongolia', 'MN', 'https://media-2.api-sports.io/flags/mn.svg', '1671871778119-59733-616269', 1671871778119),
('Montenegro', 'ME', 'https://media.api-sports.io/flags/me.svg', '1671871778119-59733-616270', 1671871778120),
('Morocco', 'MA', 'https://media.api-sports.io/flags/ma.svg', '1671871778120-59733-616271', 1671871778120),
('Myanmar', 'MM', 'https://media.api-sports.io/flags/mm.svg', '1671871778121-59733-616272', 1671871778121),
('Namibia', 'NA', 'https://media.api-sports.io/flags/na.svg', '1671871778121-59733-616273', 1671871778121),
('Nepal', 'NP', 'https://media-1.api-sports.io/flags/np.svg', '1671871778122-59733-616274', 1671871778122),
('Netherlands', 'NL', 'https://media.api-sports.io/flags/nl.svg', '1671871778122-59733-616275', 1671871778123),
('New-Zealand', 'NZ', 'https://media-1.api-sports.io/flags/nz.svg', '1671871778123-59733-616276', 1671871778123),
('Nicaragua', 'NI', 'https://media-2.api-sports.io/flags/ni.svg', '1671871778124-59733-616277', 1671871778124),
('Nigeria', 'NG', 'https://media-2.api-sports.io/flags/ng.svg', '1671871778125-59733-616278', 1671871778125),
('Northern-Ireland', 'GB', 'https://media-2.api-sports.io/flags/gb.svg', '1671871778125-59733-616279', 1671871778126),
('Norway', 'NO', 'https://media-1.api-sports.io/flags/no.svg', '1671871778126-59733-616280', 1671871778126),
('Oman', 'OM', 'https://media.api-sports.io/flags/om.svg', '1671871778126-59733-616281', 1671871778127),
('Pakistan', 'PK', 'https://media.api-sports.io/flags/pk.svg', '1671871778127-59733-616282', 1671871778127),
('Palestine', 'PS', 'https://media-2.api-sports.io/flags/ps.svg', '1671871778127-59733-616283', 1671871778128),
('Panama', 'PA', 'https://media-2.api-sports.io/flags/pa.svg', '1671871778128-59733-616284', 1671871778128),
('Paraguay', 'PY', 'https://media-1.api-sports.io/flags/py.svg', '1671871778129-59733-616285', 1671871778129),
('Peru', 'PE', 'https://media-2.api-sports.io/flags/pe.svg', '1671871778129-59733-616286', 1671871778129),
('Philippines', 'PH', 'https://media.api-sports.io/flags/ph.svg', '1671871778130-59733-616287', 1671871778130),
('Poland', 'PL', 'https://media-2.api-sports.io/flags/pl.svg', '1671871778130-59733-616288', 1671871778131),
('Portugal', 'PT', 'https://media-2.api-sports.io/flags/pt.svg', '1671871778131-59733-616289', 1671871778131),
('Qatar', 'QA', 'https://media.api-sports.io/flags/qa.svg', '1671871778131-59733-616290', 1671871778132),
('Romania', 'RO', 'https://media-1.api-sports.io/flags/ro.svg', '1671871778132-59733-616291', 1671871778132),
('Russia', 'RU', 'https://media.api-sports.io/flags/ru.svg', '1671871778133-59733-616292', 1671871778133),
('Rwanda', 'RW', 'https://media.api-sports.io/flags/rw.svg', '1671871778133-59733-616293', 1671871778133),
('San-Marino', 'SM', 'https://media.api-sports.io/flags/sm.svg', '1671871778134-59733-616294', 1671871778134),
('Saudi-Arabia', 'SA', 'https://media-1.api-sports.io/flags/sa.svg', '1671871778134-59733-616295', 1671871778134),
('Scotland', 'GB', 'https://media-1.api-sports.io/flags/gb.svg', '1671871778135-59733-616296', 1671871778135),
('Senegal', 'SN', 'https://media.api-sports.io/flags/sn.svg', '1671871778135-59733-616297', 1671871778136),
('Serbia', 'RS', 'https://media-2.api-sports.io/flags/rs.svg', '1671871778136-59733-616298', 1671871778136),
('Singapore', 'SG', 'https://media-1.api-sports.io/flags/sg.svg', '1671871778136-59733-616299', 1671871778137),
('Slovakia', 'SK', 'https://media-2.api-sports.io/flags/sk.svg', '1671871778137-59733-616300', 1671871778137),
('Slovenia', 'SI', 'https://media-2.api-sports.io/flags/si.svg', '1671871778138-59733-616301', 1671871778138),
('Somalia', 'SO', 'https://media-2.api-sports.io/flags/so.svg', '1671871778138-59733-616302', 1671871778138),
('South-Africa', 'ZA', 'https://media.api-sports.io/flags/za.svg', '1671871778139-59733-616303', 1671871778139),
('South-Korea', 'KR', 'https://media.api-sports.io/flags/kr.svg', '1671871778139-59733-616304', 1671871778139),
('Spain', 'ES', 'https://media-2.api-sports.io/flags/es.svg', '1671871778140-59733-616305', 1671871778140),
('Sudan', 'SD', 'https://media-2.api-sports.io/flags/sd.svg', '1671871778140-59733-616306', 1671871778141),
('Surinam', 'SR', 'https://media.api-sports.io/flags/sr.svg', '1671871778141-59733-616307', 1671871778141),
('Sweden', 'SE', 'https://media-2.api-sports.io/flags/se.svg', '1671871778141-59733-616308', 1671871778142),
('Switzerland', 'CH', 'https://media.api-sports.io/flags/ch.svg', '1671871778142-59733-616309', 1671871778142),
('Syria', 'SY', 'https://media-2.api-sports.io/flags/sy.svg', '1671871778142-59733-616310', 1671871778143),
('Tajikistan', 'TJ', 'https://media-2.api-sports.io/flags/tj.svg', '1671871778143-59733-616311', 1671871778143),
('Tanzania', 'TZ', 'https://media.api-sports.io/flags/tz.svg', '1671871778144-59733-616312', 1671871778144),
('Thailand', 'TH', 'https://media.api-sports.io/flags/th.svg', '1671871778144-59733-616313', 1671871778144),
('Trinidad-And-Tobago', 'TT', 'https://media-1.api-sports.io/flags/tt.svg', '1671871778145-59733-616314', 1671871778145),
('Tunisia', 'TN', 'https://media-2.api-sports.io/flags/tn.svg', '1671871778145-59733-616315', 1671871778145),
('Turkey', 'TR', 'https://media.api-sports.io/flags/tr.svg', '1671871778146-59733-616316', 1671871778146),
('Turkmenistan', 'TM', 'https://media-2.api-sports.io/flags/tm.svg', '1671871778146-59733-616317', 1671871778147),
('Uganda', 'UG', 'https://media.api-sports.io/flags/ug.svg', '1671871778147-59733-616318', 1671871778147),
('Ukraine', 'UA', 'https://media-1.api-sports.io/flags/ua.svg', '1671871778147-59733-616319', 1671871778148),
('United-Arab-Emirates', 'AE', 'https://media.api-sports.io/flags/ae.svg', '1671871778148-59733-616320', 1671871778148),
('Uruguay', 'UY', 'https://media.api-sports.io/flags/uy.svg', '1671871778149-59733-616321', 1671871778149),
('USA', 'US', 'https://media-2.api-sports.io/flags/us.svg', '1671871778149-59733-616322', 1671871778149),
('Uzbekistan', 'UZ', 'https://media-2.api-sports.io/flags/uz.svg', '1671871778150-59733-616323', 1671871778150),
('Venezuela', 'VE', 'https://media-1.api-sports.io/flags/ve.svg', '1671871778150-59733-616324', 1671871778151),
('Vietnam', 'VN', 'https://media-1.api-sports.io/flags/vn.svg', '1671871778151-59733-616325', 1671871778151),
('Wales', 'GB', 'https://media.api-sports.io/flags/gb.svg', '1671871778151-59733-616326', 1671871778152),
('World', NULL, NULL, '1671871778152-59733-616327', 1671871778152),
('Zambia', 'ZM', 'https://media-1.api-sports.io/flags/zm.svg', '1671871778153-59733-616328', 1671871778153),
('Zimbabwe', 'ZW', 'https://media.api-sports.io/flags/zw.svg', '1671871778153-59733-616329', 1671871778153),
('Albania', 'AL', 'https://media.api-sports.io/flags/al.svg', '1671872683079-87668-926643', 1671872683085),
('Algeria', 'DZ', 'https://media.api-sports.io/flags/dz.svg', '1671872683106-87668-926644', 1671872683107),
('Andorra', 'AD', 'https://media-1.api-sports.io/flags/ad.svg', '1671872683107-87668-926645', 1671872683108),
('Angola', 'AO', 'https://media.api-sports.io/flags/ao.svg', '1671872683108-87668-926646', 1671872683109),
('Argentina', 'AR', 'https://media-1.api-sports.io/flags/ar.svg', '1671872683109-87668-926647', 1671872683109),
('Armenia', 'AM', 'https://media-2.api-sports.io/flags/am.svg', '1671872683110-87668-926648', 1671872683110),
('Aruba', 'AW', 'https://media.api-sports.io/flags/aw.svg', '1671872683111-87668-926649', 1671872683111),
('Australia', 'AU', 'https://media.api-sports.io/flags/au.svg', '1671872683111-87668-926650', 1671872683112),
('Austria', 'AT', 'https://media-1.api-sports.io/flags/at.svg', '1671872683112-87668-926651', 1671872683112),
('Azerbaidjan', 'AZ', 'https://media-1.api-sports.io/flags/az.svg', '1671872683113-87668-926652', 1671872683113),
('Bahrain', 'BH', 'https://media-2.api-sports.io/flags/bh.svg', '1671872683114-87668-926653', 1671872683114),
('Bangladesh', 'BD', 'https://media.api-sports.io/flags/bd.svg', '1671872683114-87668-926654', 1671872683115),
('Barbados', 'BB', 'https://media-1.api-sports.io/flags/bb.svg', '1671872683115-87668-926655', 1671872683115),
('Belarus', 'BY', 'https://media-2.api-sports.io/flags/by.svg', '1671872683115-87668-926656', 1671872683115),
('Belgium', 'BE', 'https://media-1.api-sports.io/flags/be.svg', '1671872683116-87668-926657', 1671872683116),
('Belize', 'BZ', 'https://media.api-sports.io/flags/bz.svg', '1671872683116-87668-926658', 1671872683117),
('Benin', 'BJ', 'https://media-2.api-sports.io/flags/bj.svg', '1671872683117-87668-926659', 1671872683118),
('Bermuda', 'BM', 'https://media-1.api-sports.io/flags/bm.svg', '1671872683118-87668-926660', 1671872683118),
('Bhutan', 'BT', 'https://media-2.api-sports.io/flags/bt.svg', '1671872683119-87668-926661', 1671872683119),
('Bolivia', 'BO', 'https://media.api-sports.io/flags/bo.svg', '1671872683120-87668-926662', 1671872683120),
('Bosnia', 'BA', 'https://media.api-sports.io/flags/ba.svg', '1671872683120-87668-926663', 1671872683121),
('Botswana', 'BW', 'https://media-2.api-sports.io/flags/bw.svg', '1671872683121-87668-926664', 1671872683121),
('Brazil', 'BR', 'https://media-2.api-sports.io/flags/br.svg', '1671872683122-87668-926665', 1671872683122),
('Bulgaria', 'BG', 'https://media-2.api-sports.io/flags/bg.svg', '1671872683122-87668-926666', 1671872683122),
('Burkina-Faso', 'BF', 'https://media-2.api-sports.io/flags/bf.svg', '1671872683122-87668-926667', 1671872683123),
('Burundi', 'BI', 'https://media-2.api-sports.io/flags/bi.svg', '1671872683123-87668-926668', 1671872683123),
('Cambodia', 'KH', 'https://media-2.api-sports.io/flags/kh.svg', '1671872683124-87668-926669', 1671872683124),
('Cameroon', 'CM', 'https://media.api-sports.io/flags/cm.svg', '1671872683124-87668-926670', 1671872683124),
('Canada', 'CA', 'https://media-1.api-sports.io/flags/ca.svg', '1671872683125-87668-926671', 1671872683125),
('Chile', 'CL', 'https://media.api-sports.io/flags/cl.svg', '1671872683125-87668-926672', 1671872683125),
('China', 'CN', 'https://media-1.api-sports.io/flags/cn.svg', '1671872683126-87668-926673', 1671872683126),
('Chinese-Taipei', 'TW', 'https://media-2.api-sports.io/flags/tw.svg', '1671872683127-87668-926674', 1671872683127),
('Colombia', 'CO', 'https://media-2.api-sports.io/flags/co.svg', '1671872683127-87668-926675', 1671872683127),
('Congo', 'CD', 'https://media-2.api-sports.io/flags/cd.svg', '1671872683127-87668-926676', 1671872683127),
('Congo-DR', 'CG', 'https://media-1.api-sports.io/flags/cg.svg', '1671872683128-87668-926677', 1671872683128),
('Costa-Rica', 'CR', 'https://media-2.api-sports.io/flags/cr.svg', '1671872683128-87668-926678', 1671872683128),
('Crimea', 'UA', 'https://media-2.api-sports.io/flags/ua.svg', '1671872683128-87668-926679', 1671872683129),
('Croatia', 'HR', 'https://media.api-sports.io/flags/hr.svg', '1671872683129-87668-926680', 1671872683129),
('Cuba', 'CU', 'https://media-2.api-sports.io/flags/cu.svg', '1671872683130-87668-926681', 1671872683130),
('Curacao', 'CW', 'https://media.api-sports.io/flags/cw.svg', '1671872683130-87668-926682', 1671872683130),
('Cyprus', 'CY', 'https://media.api-sports.io/flags/cy.svg', '1671872683130-87668-926683', 1671872683131),
('Czech-Republic', 'CZ', 'https://media.api-sports.io/flags/cz.svg', '1671872683131-87668-926684', 1671872683131),
('Denmark', 'DK', 'https://media-2.api-sports.io/flags/dk.svg', '1671872683131-87668-926685', 1671872683131),
('Dominican-Republic', 'DO', 'https://media.api-sports.io/flags/do.svg', '1671872683132-87668-926686', 1671872683132),
('Ecuador', 'EC', 'https://media.api-sports.io/flags/ec.svg', '1671872683132-87668-926687', 1671872683132),
('Egypt', 'EG', 'https://media-1.api-sports.io/flags/eg.svg', '1671872683132-87668-926688', 1671872683132),
('El-Salvador', 'SV', 'https://media-2.api-sports.io/flags/sv.svg', '1671872683133-87668-926689', 1671872683133),
('England', 'GB', 'https://media.api-sports.io/flags/gb.svg', '1671872683133-87668-926690', 1671872683133),
('Estonia', 'EE', 'https://media.api-sports.io/flags/ee.svg', '1671872683133-87668-926691', 1671872683134),
('Eswatini', 'SZ', 'https://media-1.api-sports.io/flags/sz.svg', '1671872683134-87668-926692', 1671872683134),
('Ethiopia', 'ET', 'https://media-1.api-sports.io/flags/et.svg', '1671872683134-87668-926693', 1671872683134),
('Faroe-Islands', 'FO', 'https://media-2.api-sports.io/flags/fo.svg', '1671872683135-87668-926694', 1671872683135),
('Fiji', 'FJ', 'https://media-2.api-sports.io/flags/fj.svg', '1671872683135-87668-926695', 1671872683135),
('Finland', 'FI', 'https://media-1.api-sports.io/flags/fi.svg', '1671872683135-87668-926696', 1671872683135),
('France', 'FR', 'https://media-2.api-sports.io/flags/fr.svg', '1671872683136-87668-926697', 1671872683136),
('Gambia', 'GM', 'https://media-2.api-sports.io/flags/gm.svg', '1671872683137-87668-926698', 1671872683137),
('Georgia', 'GE', 'https://media.api-sports.io/flags/ge.svg', '1671872683137-87668-926699', 1671872683137),
('Germany', 'DE', 'https://media-1.api-sports.io/flags/de.svg', '1671872683137-87668-926700', 1671872683137),
('Ghana', 'GH', 'https://media.api-sports.io/flags/gh.svg', '1671872683138-87668-926701', 1671872683138),
('Gibraltar', 'GI', 'https://media.api-sports.io/flags/gi.svg', '1671872683138-87668-926702', 1671872683138),
('Greece', 'GR', 'https://media-2.api-sports.io/flags/gr.svg', '1671872683138-87668-926703', 1671872683139),
('Guadeloupe', 'GP', 'https://media-1.api-sports.io/flags/gp.svg', '1671872683139-87668-926704', 1671872683139),
('Guatemala', 'GT', 'https://media-1.api-sports.io/flags/gt.svg', '1671872683140-87668-926705', 1671872683140),
('Guinea', 'GN', 'https://media-2.api-sports.io/flags/gn.svg', '1671872683140-87668-926706', 1671872683140),
('Haiti', 'HT', 'https://media.api-sports.io/flags/ht.svg', '1671872683140-87668-926707', 1671872683141),
('Honduras', 'HN', 'https://media-1.api-sports.io/flags/hn.svg', '1671872683141-87668-926708', 1671872683141),
('Hong-Kong', 'HK', 'https://media-1.api-sports.io/flags/hk.svg', '1671872683141-87668-926709', 1671872683141),
('Hungary', 'HU', 'https://media.api-sports.io/flags/hu.svg', '1671872683142-87668-926710', 1671872683142),
('Iceland', 'IS', 'https://media.api-sports.io/flags/is.svg', '1671872683143-87668-926711', 1671872683143),
('India', 'IN', 'https://media-2.api-sports.io/flags/in.svg', '1671872683143-87668-926712', 1671872683143),
('Indonesia', 'ID', 'https://media.api-sports.io/flags/id.svg', '1671872683143-87668-926713', 1671872683143),
('Iran', 'IR', 'https://media-2.api-sports.io/flags/ir.svg', '1671872683144-87668-926714', 1671872683144),
('Iraq', 'IQ', 'https://media.api-sports.io/flags/iq.svg', '1671872683144-87668-926715', 1671872683144),
('Ireland', 'IE', 'https://media-1.api-sports.io/flags/ie.svg', '1671872683144-87668-926716', 1671872683145),
('Israel', 'IL', 'https://media.api-sports.io/flags/il.svg', '1671872683145-87668-926717', 1671872683145),
('Italy', 'IT', 'https://media.api-sports.io/flags/it.svg', '1671872683145-87668-926718', 1671872683145),
('Ivory-Coast', 'CI', 'https://media-2.api-sports.io/flags/ci.svg', '1671872683146-87668-926719', 1671872683146),
('Jamaica', 'JM', 'https://media.api-sports.io/flags/jm.svg', '1671872683146-87668-926720', 1671872683146),
('Japan', 'JP', 'https://media-1.api-sports.io/flags/jp.svg', '1671872683146-87668-926721', 1671872683146),
('Jordan', 'JO', 'https://media-1.api-sports.io/flags/jo.svg', '1671872683147-87668-926722', 1671872683147),
('Kazakhstan', 'KZ', 'https://media.api-sports.io/flags/kz.svg', '1671872683147-87668-926723', 1671872683147),
('Kenya', 'KE', 'https://media-2.api-sports.io/flags/ke.svg', '1671872683148-87668-926724', 1671872683148),
('Kosovo', 'XK', 'https://media-1.api-sports.io/flags/xk.svg', '1671872683148-87668-926725', 1671872683148),
('Kuwait', 'KW', 'https://media-2.api-sports.io/flags/kw.svg', '1671872683148-87668-926726', 1671872683148),
('Kyrgyzstan', 'KG', 'https://media-1.api-sports.io/flags/kg.svg', '1671872683149-87668-926727', 1671872683149),
('Laos', 'LA', 'https://media.api-sports.io/flags/la.svg', '1671872683149-87668-926728', 1671872683149),
('Latvia', 'LV', 'https://media-2.api-sports.io/flags/lv.svg', '1671872683150-87668-926729', 1671872683150),
('Lebanon', 'LB', 'https://media.api-sports.io/flags/lb.svg', '1671872683150-87668-926730', 1671872683150),
('Liberia', 'LR', 'https://media-1.api-sports.io/flags/lr.svg', '1671872683151-87668-926731', 1671872683151),
('Libya', 'LY', 'https://media-2.api-sports.io/flags/ly.svg', '1671872683151-87668-926732', 1671872683151),
('Liechtenstein', 'LI', 'https://media-2.api-sports.io/flags/li.svg', '1671872683151-87668-926733', 1671872683151),
('Lithuania', 'LT', 'https://media.api-sports.io/flags/lt.svg', '1671872683152-87668-926734', 1671872683152),
('Luxembourg', 'LU', 'https://media.api-sports.io/flags/lu.svg', '1671872683152-87668-926735', 1671872683152),
('Macedonia', 'MK', 'https://media-2.api-sports.io/flags/mk.svg', '1671872683152-87668-926736', 1671872683153),
('Malawi', 'MW', 'https://media-2.api-sports.io/flags/mw.svg', '1671872683153-87668-926737', 1671872683153),
('Malaysia', 'MY', 'https://media-2.api-sports.io/flags/my.svg', '1671872683153-87668-926738', 1671872683153),
('Maldives', 'MV', 'https://media.api-sports.io/flags/mv.svg', '1671872683154-87668-926739', 1671872683154),
('Mali', 'ML', 'https://media-2.api-sports.io/flags/ml.svg', '1671872683154-87668-926740', 1671872683154),
('Malta', 'MT', 'https://media-1.api-sports.io/flags/mt.svg', '1671872683154-87668-926741', 1671872683154),
('Mauritania', 'MR', 'https://media-2.api-sports.io/flags/mr.svg', '1671872683155-87668-926742', 1671872683155),
('Mauritius', 'MU', 'https://media-2.api-sports.io/flags/mu.svg', '1671872683155-87668-926743', 1671872683155),
('Mexico', 'MX', 'https://media-2.api-sports.io/flags/mx.svg', '1671872683155-87668-926744', 1671872683156),
('Moldova', 'MD', 'https://media-1.api-sports.io/flags/md.svg', '1671872683156-87668-926745', 1671872683156),
('Mongolia', 'MN', 'https://media-2.api-sports.io/flags/mn.svg', '1671872683156-87668-926746', 1671872683156),
('Montenegro', 'ME', 'https://media.api-sports.io/flags/me.svg', '1671872683157-87668-926747', 1671872683157),
('Morocco', 'MA', 'https://media.api-sports.io/flags/ma.svg', '1671872683157-87668-926748', 1671872683157),
('Myanmar', 'MM', 'https://media.api-sports.io/flags/mm.svg', '1671872683157-87668-926749', 1671872683157),
('Namibia', 'NA', 'https://media.api-sports.io/flags/na.svg', '1671872683158-87668-926750', 1671872683158),
('Nepal', 'NP', 'https://media-1.api-sports.io/flags/np.svg', '1671872683159-87668-926751', 1671872683159),
('Netherlands', 'NL', 'https://media.api-sports.io/flags/nl.svg', '1671872683159-87668-926752', 1671872683159),
('New-Zealand', 'NZ', 'https://media-1.api-sports.io/flags/nz.svg', '1671872683159-87668-926753', 1671872683159),
('Nicaragua', 'NI', 'https://media-2.api-sports.io/flags/ni.svg', '1671872683160-87668-926754', 1671872683160),
('Nigeria', 'NG', 'https://media-2.api-sports.io/flags/ng.svg', '1671872683160-87668-926755', 1671872683160),
('Northern-Ireland', 'GB', 'https://media-2.api-sports.io/flags/gb.svg', '1671872683160-87668-926756', 1671872683161),
('Norway', 'NO', 'https://media-1.api-sports.io/flags/no.svg', '1671872683161-87668-926757', 1671872683161),
('Oman', 'OM', 'https://media.api-sports.io/flags/om.svg', '1671872683161-87668-926758', 1671872683161),
('Pakistan', 'PK', 'https://media.api-sports.io/flags/pk.svg', '1671872683162-87668-926759', 1671872683162),
('Palestine', 'PS', 'https://media-2.api-sports.io/flags/ps.svg', '1671872683162-87668-926760', 1671872683162),
('Panama', 'PA', 'https://media-2.api-sports.io/flags/pa.svg', '1671872683162-87668-926761', 1671872683163),
('Paraguay', 'PY', 'https://media-1.api-sports.io/flags/py.svg', '1671872683163-87668-926762', 1671872683163),
('Peru', 'PE', 'https://media-2.api-sports.io/flags/pe.svg', '1671872683163-87668-926763', 1671872683163),
('Philippines', 'PH', 'https://media.api-sports.io/flags/ph.svg', '1671872683164-87668-926764', 1671872683164),
('Poland', 'PL', 'https://media-2.api-sports.io/flags/pl.svg', '1671872683164-87668-926765', 1671872683164),
('Portugal', 'PT', 'https://media-2.api-sports.io/flags/pt.svg', '1671872683164-87668-926766', 1671872683164),
('Qatar', 'QA', 'https://media.api-sports.io/flags/qa.svg', '1671872683165-87668-926767', 1671872683165),
('Romania', 'RO', 'https://media-1.api-sports.io/flags/ro.svg', '1671872683165-87668-926768', 1671872683165),
('Russia', 'RU', 'https://media.api-sports.io/flags/ru.svg', '1671872683165-87668-926769', 1671872683166),
('Rwanda', 'RW', 'https://media.api-sports.io/flags/rw.svg', '1671872683166-87668-926770', 1671872683166),
('San-Marino', 'SM', 'https://media.api-sports.io/flags/sm.svg', '1671872683166-87668-926771', 1671872683166),
('Saudi-Arabia', 'SA', 'https://media-1.api-sports.io/flags/sa.svg', '1671872683167-87668-926772', 1671872683167),
('Scotland', 'GB', 'https://media-1.api-sports.io/flags/gb.svg', '1671872683167-87668-926773', 1671872683167),
('Senegal', 'SN', 'https://media.api-sports.io/flags/sn.svg', '1671872683167-87668-926774', 1671872683168),
('Serbia', 'RS', 'https://media-2.api-sports.io/flags/rs.svg', '1671872683168-87668-926775', 1671872683168),
('Singapore', 'SG', 'https://media-1.api-sports.io/flags/sg.svg', '1671872683168-87668-926776', 1671872683168),
('Slovakia', 'SK', 'https://media-2.api-sports.io/flags/sk.svg', '1671872683169-87668-926777', 1671872683169);
INSERT INTO `sp_countries` (`name`, `code`, `flag`, `__hevo_id`, `__hevo__ingested_at`) VALUES
('Slovenia', 'SI', 'https://media-2.api-sports.io/flags/si.svg', '1671872683169-87668-926778', 1671872683169),
('Somalia', 'SO', 'https://media-2.api-sports.io/flags/so.svg', '1671872683169-87668-926779', 1671872683169),
('South-Africa', 'ZA', 'https://media.api-sports.io/flags/za.svg', '1671872683170-87668-926780', 1671872683170),
('South-Korea', 'KR', 'https://media.api-sports.io/flags/kr.svg', '1671872683170-87668-926781', 1671872683170),
('Spain', 'ES', 'https://media-2.api-sports.io/flags/es.svg', '1671872683170-87668-926782', 1671872683171),
('Sudan', 'SD', 'https://media-2.api-sports.io/flags/sd.svg', '1671872683171-87668-926783', 1671872683171),
('Surinam', 'SR', 'https://media.api-sports.io/flags/sr.svg', '1671872683171-87668-926784', 1671872683171),
('Sweden', 'SE', 'https://media-2.api-sports.io/flags/se.svg', '1671872683172-87668-926785', 1671872683172),
('Switzerland', 'CH', 'https://media.api-sports.io/flags/ch.svg', '1671872683172-87668-926786', 1671872683172),
('Syria', 'SY', 'https://media-2.api-sports.io/flags/sy.svg', '1671872683172-87668-926787', 1671872683172),
('Tajikistan', 'TJ', 'https://media-2.api-sports.io/flags/tj.svg', '1671872683173-87668-926788', 1671872683173),
('Tanzania', 'TZ', 'https://media.api-sports.io/flags/tz.svg', '1671872683173-87668-926789', 1671872683173),
('Thailand', 'TH', 'https://media.api-sports.io/flags/th.svg', '1671872683173-87668-926790', 1671872683174),
('Trinidad-And-Tobago', 'TT', 'https://media-1.api-sports.io/flags/tt.svg', '1671872683174-87668-926791', 1671872683174),
('Tunisia', 'TN', 'https://media-2.api-sports.io/flags/tn.svg', '1671872683174-87668-926792', 1671872683174),
('Turkey', 'TR', 'https://media.api-sports.io/flags/tr.svg', '1671872683175-87668-926793', 1671872683175),
('Turkmenistan', 'TM', 'https://media-2.api-sports.io/flags/tm.svg', '1671872683175-87668-926794', 1671872683175),
('Uganda', 'UG', 'https://media.api-sports.io/flags/ug.svg', '1671872683175-87668-926795', 1671872683176),
('Ukraine', 'UA', 'https://media-1.api-sports.io/flags/ua.svg', '1671872683176-87668-926796', 1671872683176),
('United-Arab-Emirates', 'AE', 'https://media.api-sports.io/flags/ae.svg', '1671872683176-87668-926797', 1671872683176),
('Uruguay', 'UY', 'https://media.api-sports.io/flags/uy.svg', '1671872683177-87668-926798', 1671872683177),
('USA', 'US', 'https://media-2.api-sports.io/flags/us.svg', '1671872683177-87668-926799', 1671872683177),
('Uzbekistan', 'UZ', 'https://media-2.api-sports.io/flags/uz.svg', '1671872683177-87668-926800', 1671872683177),
('Venezuela', 'VE', 'https://media-1.api-sports.io/flags/ve.svg', '1671872683178-87668-926801', 1671872683178),
('Vietnam', 'VN', 'https://media-1.api-sports.io/flags/vn.svg', '1671872683178-87668-926802', 1671872683178),
('Wales', 'GB', 'https://media.api-sports.io/flags/gb.svg', '1671872683178-87668-926803', 1671872683179),
('World', NULL, NULL, '1671872683179-87668-926804', 1671872683179),
('Zambia', 'ZM', 'https://media-1.api-sports.io/flags/zm.svg', '1671872683179-87668-926805', 1671872683179),
('Zimbabwe', 'ZW', 'https://media.api-sports.io/flags/zw.svg', '1671872683180-87668-926806', 1671872683180),
('Albania', 'AL', 'https://media.api-sports.io/flags/al.svg', '1671873582101-75649-372431', 1671873582101),
('Algeria', 'DZ', 'https://media.api-sports.io/flags/dz.svg', '1671873582133-75649-372432', 1671873582133),
('Andorra', 'AD', 'https://media-1.api-sports.io/flags/ad.svg', '1671873582133-75649-372433', 1671873582133),
('Angola', 'AO', 'https://media.api-sports.io/flags/ao.svg', '1671873582133-75649-372434', 1671873582134),
('Argentina', 'AR', 'https://media-1.api-sports.io/flags/ar.svg', '1671873582134-75649-372435', 1671873582134),
('Armenia', 'AM', 'https://media-2.api-sports.io/flags/am.svg', '1671873582134-75649-372436', 1671873582134),
('Aruba', 'AW', 'https://media.api-sports.io/flags/aw.svg', '1671873582134-75649-372437', 1671873582135),
('Australia', 'AU', 'https://media.api-sports.io/flags/au.svg', '1671873582135-75649-372438', 1671873582135),
('Austria', 'AT', 'https://media-1.api-sports.io/flags/at.svg', '1671873582135-75649-372439', 1671873582135),
('Azerbaidjan', 'AZ', 'https://media-1.api-sports.io/flags/az.svg', '1671873582136-75649-372440', 1671873582136),
('Bahrain', 'BH', 'https://media-2.api-sports.io/flags/bh.svg', '1671873582136-75649-372441', 1671873582136),
('Bangladesh', 'BD', 'https://media.api-sports.io/flags/bd.svg', '1671873582136-75649-372442', 1671873582136),
('Barbados', 'BB', 'https://media-1.api-sports.io/flags/bb.svg', '1671873582137-75649-372443', 1671873582137),
('Belarus', 'BY', 'https://media-2.api-sports.io/flags/by.svg', '1671873582137-75649-372444', 1671873582137),
('Belgium', 'BE', 'https://media-1.api-sports.io/flags/be.svg', '1671873582137-75649-372445', 1671873582137),
('Belize', 'BZ', 'https://media.api-sports.io/flags/bz.svg', '1671873582138-75649-372446', 1671873582138),
('Benin', 'BJ', 'https://media-2.api-sports.io/flags/bj.svg', '1671873582138-75649-372447', 1671873582138),
('Bermuda', 'BM', 'https://media-1.api-sports.io/flags/bm.svg', '1671873582138-75649-372448', 1671873582138),
('Bhutan', 'BT', 'https://media-2.api-sports.io/flags/bt.svg', '1671873582138-75649-372449', 1671873582139),
('Bolivia', 'BO', 'https://media.api-sports.io/flags/bo.svg', '1671873582139-75649-372450', 1671873582139),
('Bosnia', 'BA', 'https://media.api-sports.io/flags/ba.svg', '1671873582139-75649-372451', 1671873582139),
('Botswana', 'BW', 'https://media-2.api-sports.io/flags/bw.svg', '1671873582139-75649-372452', 1671873582140),
('Brazil', 'BR', 'https://media-2.api-sports.io/flags/br.svg', '1671873582140-75649-372453', 1671873582140),
('Bulgaria', 'BG', 'https://media-2.api-sports.io/flags/bg.svg', '1671873582140-75649-372454', 1671873582140),
('Burkina-Faso', 'BF', 'https://media-2.api-sports.io/flags/bf.svg', '1671873582140-75649-372455', 1671873582141),
('Burundi', 'BI', 'https://media-2.api-sports.io/flags/bi.svg', '1671873582141-75649-372456', 1671873582141),
('Cambodia', 'KH', 'https://media-2.api-sports.io/flags/kh.svg', '1671873582141-75649-372457', 1671873582141),
('Cameroon', 'CM', 'https://media.api-sports.io/flags/cm.svg', '1671873582141-75649-372458', 1671873582142),
('Canada', 'CA', 'https://media-1.api-sports.io/flags/ca.svg', '1671873582142-75649-372459', 1671873582142),
('Chile', 'CL', 'https://media.api-sports.io/flags/cl.svg', '1671873582142-75649-372460', 1671873582142),
('China', 'CN', 'https://media-1.api-sports.io/flags/cn.svg', '1671873582143-75649-372461', 1671873582143),
('Chinese-Taipei', 'TW', 'https://media-2.api-sports.io/flags/tw.svg', '1671873582143-75649-372462', 1671873582143),
('Colombia', 'CO', 'https://media-2.api-sports.io/flags/co.svg', '1671873582143-75649-372463', 1671873582143),
('Congo', 'CD', 'https://media-2.api-sports.io/flags/cd.svg', '1671873582144-75649-372464', 1671873582144),
('Congo-DR', 'CG', 'https://media-1.api-sports.io/flags/cg.svg', '1671873582144-75649-372465', 1671873582144),
('Costa-Rica', 'CR', 'https://media-2.api-sports.io/flags/cr.svg', '1671873582144-75649-372466', 1671873582144),
('Crimea', 'UA', 'https://media-2.api-sports.io/flags/ua.svg', '1671873582145-75649-372467', 1671873582145),
('Croatia', 'HR', 'https://media.api-sports.io/flags/hr.svg', '1671873582145-75649-372468', 1671873582145),
('Cuba', 'CU', 'https://media-2.api-sports.io/flags/cu.svg', '1671873582145-75649-372469', 1671873582145),
('Curacao', 'CW', 'https://media.api-sports.io/flags/cw.svg', '1671873582146-75649-372470', 1671873582146),
('Cyprus', 'CY', 'https://media.api-sports.io/flags/cy.svg', '1671873582146-75649-372471', 1671873582146),
('Czech-Republic', 'CZ', 'https://media.api-sports.io/flags/cz.svg', '1671873582146-75649-372472', 1671873582146),
('Denmark', 'DK', 'https://media-2.api-sports.io/flags/dk.svg', '1671873582147-75649-372473', 1671873582147),
('Dominican-Republic', 'DO', 'https://media.api-sports.io/flags/do.svg', '1671873582147-75649-372474', 1671873582147),
('Ecuador', 'EC', 'https://media.api-sports.io/flags/ec.svg', '1671873582147-75649-372475', 1671873582147),
('Egypt', 'EG', 'https://media-1.api-sports.io/flags/eg.svg', '1671873582147-75649-372476', 1671873582148),
('El-Salvador', 'SV', 'https://media-2.api-sports.io/flags/sv.svg', '1671873582148-75649-372477', 1671873582148),
('England', 'GB', 'https://media.api-sports.io/flags/gb.svg', '1671873582148-75649-372478', 1671873582148),
('Estonia', 'EE', 'https://media.api-sports.io/flags/ee.svg', '1671873582148-75649-372479', 1671873582149),
('Eswatini', 'SZ', 'https://media-1.api-sports.io/flags/sz.svg', '1671873582149-75649-372480', 1671873582149),
('Ethiopia', 'ET', 'https://media-1.api-sports.io/flags/et.svg', '1671873582149-75649-372481', 1671873582149),
('Faroe-Islands', 'FO', 'https://media-2.api-sports.io/flags/fo.svg', '1671873582149-75649-372482', 1671873582150),
('Fiji', 'FJ', 'https://media-2.api-sports.io/flags/fj.svg', '1671873582150-75649-372483', 1671873582150),
('Finland', 'FI', 'https://media-1.api-sports.io/flags/fi.svg', '1671873582150-75649-372484', 1671873582150),
('France', 'FR', 'https://media-2.api-sports.io/flags/fr.svg', '1671873582150-75649-372485', 1671873582151),
('Gambia', 'GM', 'https://media-2.api-sports.io/flags/gm.svg', '1671873582151-75649-372486', 1671873582151),
('Georgia', 'GE', 'https://media.api-sports.io/flags/ge.svg', '1671873582151-75649-372487', 1671873582151),
('Germany', 'DE', 'https://media-1.api-sports.io/flags/de.svg', '1671873582151-75649-372488', 1671873582151),
('Ghana', 'GH', 'https://media.api-sports.io/flags/gh.svg', '1671873582152-75649-372489', 1671873582152),
('Gibraltar', 'GI', 'https://media.api-sports.io/flags/gi.svg', '1671873582152-75649-372490', 1671873582152),
('Greece', 'GR', 'https://media-2.api-sports.io/flags/gr.svg', '1671873582152-75649-372491', 1671873582152),
('Guadeloupe', 'GP', 'https://media-1.api-sports.io/flags/gp.svg', '1671873582153-75649-372492', 1671873582153),
('Guatemala', 'GT', 'https://media-1.api-sports.io/flags/gt.svg', '1671873582153-75649-372493', 1671873582153),
('Guinea', 'GN', 'https://media-2.api-sports.io/flags/gn.svg', '1671873582153-75649-372494', 1671873582153),
('Haiti', 'HT', 'https://media.api-sports.io/flags/ht.svg', '1671873582154-75649-372495', 1671873582154),
('Honduras', 'HN', 'https://media-1.api-sports.io/flags/hn.svg', '1671873582154-75649-372496', 1671873582154),
('Hong-Kong', 'HK', 'https://media-1.api-sports.io/flags/hk.svg', '1671873582154-75649-372497', 1671873582154),
('Hungary', 'HU', 'https://media.api-sports.io/flags/hu.svg', '1671873582155-75649-372498', 1671873582155),
('Iceland', 'IS', 'https://media.api-sports.io/flags/is.svg', '1671873582155-75649-372499', 1671873582155),
('India', 'IN', 'https://media-2.api-sports.io/flags/in.svg', '1671873582155-75649-372500', 1671873582155),
('Indonesia', 'ID', 'https://media.api-sports.io/flags/id.svg', '1671873582156-75649-372501', 1671873582156),
('Iran', 'IR', 'https://media-2.api-sports.io/flags/ir.svg', '1671873582156-75649-372502', 1671873582156),
('Iraq', 'IQ', 'https://media.api-sports.io/flags/iq.svg', '1671873582156-75649-372503', 1671873582156),
('Ireland', 'IE', 'https://media-1.api-sports.io/flags/ie.svg', '1671873582157-75649-372504', 1671873582157),
('Israel', 'IL', 'https://media.api-sports.io/flags/il.svg', '1671873582157-75649-372505', 1671873582157),
('Italy', 'IT', 'https://media.api-sports.io/flags/it.svg', '1671873582157-75649-372506', 1671873582157),
('Ivory-Coast', 'CI', 'https://media-2.api-sports.io/flags/ci.svg', '1671873582157-75649-372507', 1671873582158),
('Jamaica', 'JM', 'https://media.api-sports.io/flags/jm.svg', '1671873582158-75649-372508', 1671873582158),
('Japan', 'JP', 'https://media-1.api-sports.io/flags/jp.svg', '1671873582158-75649-372509', 1671873582158),
('Jordan', 'JO', 'https://media-1.api-sports.io/flags/jo.svg', '1671873582158-75649-372510', 1671873582158),
('Kazakhstan', 'KZ', 'https://media.api-sports.io/flags/kz.svg', '1671873582159-75649-372511', 1671873582159),
('Kenya', 'KE', 'https://media-2.api-sports.io/flags/ke.svg', '1671873582159-75649-372512', 1671873582159),
('Kosovo', 'XK', 'https://media-1.api-sports.io/flags/xk.svg', '1671873582159-75649-372513', 1671873582159),
('Kuwait', 'KW', 'https://media-2.api-sports.io/flags/kw.svg', '1671873582160-75649-372514', 1671873582160),
('Kyrgyzstan', 'KG', 'https://media-1.api-sports.io/flags/kg.svg', '1671873582160-75649-372515', 1671873582160),
('Laos', 'LA', 'https://media.api-sports.io/flags/la.svg', '1671873582160-75649-372516', 1671873582160),
('Latvia', 'LV', 'https://media-2.api-sports.io/flags/lv.svg', '1671873582161-75649-372517', 1671873582161),
('Lebanon', 'LB', 'https://media.api-sports.io/flags/lb.svg', '1671873582161-75649-372518', 1671873582161),
('Liberia', 'LR', 'https://media-1.api-sports.io/flags/lr.svg', '1671873582161-75649-372519', 1671873582161),
('Libya', 'LY', 'https://media-2.api-sports.io/flags/ly.svg', '1671873582161-75649-372520', 1671873582162),
('Liechtenstein', 'LI', 'https://media-2.api-sports.io/flags/li.svg', '1671873582162-75649-372521', 1671873582162),
('Lithuania', 'LT', 'https://media.api-sports.io/flags/lt.svg', '1671873582162-75649-372522', 1671873582162),
('Luxembourg', 'LU', 'https://media.api-sports.io/flags/lu.svg', '1671873582162-75649-372523', 1671873582163),
('Macedonia', 'MK', 'https://media-2.api-sports.io/flags/mk.svg', '1671873582163-75649-372524', 1671873582163),
('Malawi', 'MW', 'https://media-2.api-sports.io/flags/mw.svg', '1671873582163-75649-372525', 1671873582163),
('Malaysia', 'MY', 'https://media-2.api-sports.io/flags/my.svg', '1671873582163-75649-372526', 1671873582163),
('Maldives', 'MV', 'https://media.api-sports.io/flags/mv.svg', '1671873582164-75649-372527', 1671873582164),
('Mali', 'ML', 'https://media-2.api-sports.io/flags/ml.svg', '1671873582164-75649-372528', 1671873582164),
('Malta', 'MT', 'https://media-1.api-sports.io/flags/mt.svg', '1671873582164-75649-372529', 1671873582164),
('Mauritania', 'MR', 'https://media-2.api-sports.io/flags/mr.svg', '1671873582165-75649-372530', 1671873582165),
('Mauritius', 'MU', 'https://media-2.api-sports.io/flags/mu.svg', '1671873582165-75649-372531', 1671873582165),
('Mexico', 'MX', 'https://media-2.api-sports.io/flags/mx.svg', '1671873582165-75649-372532', 1671873582165),
('Moldova', 'MD', 'https://media-1.api-sports.io/flags/md.svg', '1671873582166-75649-372533', 1671873582166),
('Mongolia', 'MN', 'https://media-2.api-sports.io/flags/mn.svg', '1671873582166-75649-372534', 1671873582166),
('Montenegro', 'ME', 'https://media.api-sports.io/flags/me.svg', '1671873582166-75649-372535', 1671873582166),
('Morocco', 'MA', 'https://media.api-sports.io/flags/ma.svg', '1671873582166-75649-372536', 1671873582167),
('Myanmar', 'MM', 'https://media.api-sports.io/flags/mm.svg', '1671873582167-75649-372537', 1671873582167),
('Namibia', 'NA', 'https://media.api-sports.io/flags/na.svg', '1671873582167-75649-372538', 1671873582167),
('Nepal', 'NP', 'https://media-1.api-sports.io/flags/np.svg', '1671873582167-75649-372539', 1671873582167),
('Netherlands', 'NL', 'https://media.api-sports.io/flags/nl.svg', '1671873582168-75649-372540', 1671873582168),
('New-Zealand', 'NZ', 'https://media-1.api-sports.io/flags/nz.svg', '1671873582168-75649-372541', 1671873582168),
('Nicaragua', 'NI', 'https://media-2.api-sports.io/flags/ni.svg', '1671873582168-75649-372542', 1671873582168),
('Nigeria', 'NG', 'https://media-2.api-sports.io/flags/ng.svg', '1671873582169-75649-372543', 1671873582169),
('Northern-Ireland', 'GB', 'https://media-2.api-sports.io/flags/gb.svg', '1671873582169-75649-372544', 1671873582169),
('Norway', 'NO', 'https://media-1.api-sports.io/flags/no.svg', '1671873582169-75649-372545', 1671873582169),
('Oman', 'OM', 'https://media.api-sports.io/flags/om.svg', '1671873582170-75649-372546', 1671873582170),
('Pakistan', 'PK', 'https://media.api-sports.io/flags/pk.svg', '1671873582170-75649-372547', 1671873582170),
('Palestine', 'PS', 'https://media-2.api-sports.io/flags/ps.svg', '1671873582170-75649-372548', 1671873582170),
('Panama', 'PA', 'https://media-2.api-sports.io/flags/pa.svg', '1671873582170-75649-372549', 1671873582171),
('Paraguay', 'PY', 'https://media-1.api-sports.io/flags/py.svg', '1671873582171-75649-372550', 1671873582171),
('Peru', 'PE', 'https://media-2.api-sports.io/flags/pe.svg', '1671873582171-75649-372551', 1671873582171),
('Philippines', 'PH', 'https://media.api-sports.io/flags/ph.svg', '1671873582171-75649-372552', 1671873582171),
('Poland', 'PL', 'https://media-2.api-sports.io/flags/pl.svg', '1671873582172-75649-372553', 1671873582172),
('Portugal', 'PT', 'https://media-2.api-sports.io/flags/pt.svg', '1671873582172-75649-372554', 1671873582172),
('Qatar', 'QA', 'https://media.api-sports.io/flags/qa.svg', '1671873582172-75649-372555', 1671873582172),
('Romania', 'RO', 'https://media-1.api-sports.io/flags/ro.svg', '1671873582172-75649-372556', 1671873582173),
('Russia', 'RU', 'https://media.api-sports.io/flags/ru.svg', '1671873582173-75649-372557', 1671873582173),
('Rwanda', 'RW', 'https://media.api-sports.io/flags/rw.svg', '1671873582173-75649-372558', 1671873582173),
('San-Marino', 'SM', 'https://media.api-sports.io/flags/sm.svg', '1671873582173-75649-372559', 1671873582174),
('Saudi-Arabia', 'SA', 'https://media-1.api-sports.io/flags/sa.svg', '1671873582174-75649-372560', 1671873582174),
('Scotland', 'GB', 'https://media-1.api-sports.io/flags/gb.svg', '1671873582174-75649-372561', 1671873582174),
('Senegal', 'SN', 'https://media.api-sports.io/flags/sn.svg', '1671873582174-75649-372562', 1671873582175),
('Serbia', 'RS', 'https://media-2.api-sports.io/flags/rs.svg', '1671873582175-75649-372563', 1671873582175),
('Singapore', 'SG', 'https://media-1.api-sports.io/flags/sg.svg', '1671873582175-75649-372564', 1671873582175),
('Slovakia', 'SK', 'https://media-2.api-sports.io/flags/sk.svg', '1671873582175-75649-372565', 1671873582176),
('Slovenia', 'SI', 'https://media-2.api-sports.io/flags/si.svg', '1671873582176-75649-372566', 1671873582176),
('Somalia', 'SO', 'https://media-2.api-sports.io/flags/so.svg', '1671873582176-75649-372567', 1671873582176),
('South-Africa', 'ZA', 'https://media.api-sports.io/flags/za.svg', '1671873582176-75649-372568', 1671873582177),
('South-Korea', 'KR', 'https://media.api-sports.io/flags/kr.svg', '1671873582177-75649-372569', 1671873582177),
('Spain', 'ES', 'https://media-2.api-sports.io/flags/es.svg', '1671873582177-75649-372570', 1671873582177),
('Sudan', 'SD', 'https://media-2.api-sports.io/flags/sd.svg', '1671873582177-75649-372571', 1671873582178),
('Surinam', 'SR', 'https://media.api-sports.io/flags/sr.svg', '1671873582178-75649-372572', 1671873582178),
('Sweden', 'SE', 'https://media-2.api-sports.io/flags/se.svg', '1671873582178-75649-372573', 1671873582178),
('Switzerland', 'CH', 'https://media.api-sports.io/flags/ch.svg', '1671873582178-75649-372574', 1671873582179),
('Syria', 'SY', 'https://media-2.api-sports.io/flags/sy.svg', '1671873582179-75649-372575', 1671873582179),
('Tajikistan', 'TJ', 'https://media-2.api-sports.io/flags/tj.svg', '1671873582179-75649-372576', 1671873582179),
('Tanzania', 'TZ', 'https://media.api-sports.io/flags/tz.svg', '1671873582179-75649-372577', 1671873582179),
('Thailand', 'TH', 'https://media.api-sports.io/flags/th.svg', '1671873582180-75649-372578', 1671873582180),
('Trinidad-And-Tobago', 'TT', 'https://media-1.api-sports.io/flags/tt.svg', '1671873582180-75649-372579', 1671873582180),
('Tunisia', 'TN', 'https://media-2.api-sports.io/flags/tn.svg', '1671873582180-75649-372580', 1671873582180),
('Turkey', 'TR', 'https://media.api-sports.io/flags/tr.svg', '1671873582181-75649-372581', 1671873582181),
('Turkmenistan', 'TM', 'https://media-2.api-sports.io/flags/tm.svg', '1671873582181-75649-372582', 1671873582181),
('Uganda', 'UG', 'https://media.api-sports.io/flags/ug.svg', '1671873582181-75649-372583', 1671873582181),
('Ukraine', 'UA', 'https://media-1.api-sports.io/flags/ua.svg', '1671873582182-75649-372584', 1671873582182),
('United-Arab-Emirates', 'AE', 'https://media.api-sports.io/flags/ae.svg', '1671873582182-75649-372585', 1671873582182),
('Uruguay', 'UY', 'https://media.api-sports.io/flags/uy.svg', '1671873582182-75649-372586', 1671873582182),
('USA', 'US', 'https://media-2.api-sports.io/flags/us.svg', '1671873582183-75649-372587', 1671873582183),
('Uzbekistan', 'UZ', 'https://media-2.api-sports.io/flags/uz.svg', '1671873582183-75649-372588', 1671873582183),
('Venezuela', 'VE', 'https://media-1.api-sports.io/flags/ve.svg', '1671873582183-75649-372589', 1671873582183),
('Vietnam', 'VN', 'https://media-1.api-sports.io/flags/vn.svg', '1671873582184-75649-372590', 1671873582184),
('Wales', 'GB', 'https://media.api-sports.io/flags/gb.svg', '1671873582184-75649-372591', 1671873582184),
('World', NULL, NULL, '1671873582184-75649-372592', 1671873582184),
('Zambia', 'ZM', 'https://media-1.api-sports.io/flags/zm.svg', '1671873582185-75649-372593', 1671873582185),
('Zimbabwe', 'ZW', 'https://media.api-sports.io/flags/zw.svg', '1671873582185-75649-372594', 1671873582185),
('Albania', 'AL', 'https://media.api-sports.io/flags/al.svg', '1671874483626-86438-492878', 1671874483633),
('Algeria', 'DZ', 'https://media.api-sports.io/flags/dz.svg', '1671874483660-86438-492879', 1671874483660),
('Andorra', 'AD', 'https://media-1.api-sports.io/flags/ad.svg', '1671874483661-86438-492880', 1671874483661),
('Angola', 'AO', 'https://media.api-sports.io/flags/ao.svg', '1671874483662-86438-492881', 1671874483662),
('Argentina', 'AR', 'https://media-1.api-sports.io/flags/ar.svg', '1671874483663-86438-492882', 1671874483663),
('Armenia', 'AM', 'https://media-2.api-sports.io/flags/am.svg', '1671874483664-86438-492883', 1671874483664),
('Aruba', 'AW', 'https://media.api-sports.io/flags/aw.svg', '1671874483665-86438-492884', 1671874483665),
('Australia', 'AU', 'https://media.api-sports.io/flags/au.svg', '1671874483666-86438-492885', 1671874483666),
('Austria', 'AT', 'https://media-1.api-sports.io/flags/at.svg', '1671874483666-86438-492886', 1671874483667),
('Azerbaidjan', 'AZ', 'https://media-1.api-sports.io/flags/az.svg', '1671874483667-86438-492887', 1671874483667),
('Bahrain', 'BH', 'https://media-2.api-sports.io/flags/bh.svg', '1671874483667-86438-492888', 1671874483667),
('Bangladesh', 'BD', 'https://media.api-sports.io/flags/bd.svg', '1671874483669-86438-492889', 1671874483669),
('Barbados', 'BB', 'https://media-1.api-sports.io/flags/bb.svg', '1671874483670-86438-492890', 1671874483670),
('Belarus', 'BY', 'https://media-2.api-sports.io/flags/by.svg', '1671874483671-86438-492891', 1671874483671),
('Belgium', 'BE', 'https://media-1.api-sports.io/flags/be.svg', '1671874483672-86438-492892', 1671874483672),
('Belize', 'BZ', 'https://media.api-sports.io/flags/bz.svg', '1671874483673-86438-492893', 1671874483673),
('Benin', 'BJ', 'https://media-2.api-sports.io/flags/bj.svg', '1671874483674-86438-492894', 1671874483675),
('Bermuda', 'BM', 'https://media-1.api-sports.io/flags/bm.svg', '1671874483675-86438-492895', 1671874483675),
('Bhutan', 'BT', 'https://media-2.api-sports.io/flags/bt.svg', '1671874483675-86438-492896', 1671874483675),
('Bolivia', 'BO', 'https://media.api-sports.io/flags/bo.svg', '1671874483676-86438-492897', 1671874483676),
('Bosnia', 'BA', 'https://media.api-sports.io/flags/ba.svg', '1671874483677-86438-492898', 1671874483677),
('Botswana', 'BW', 'https://media-2.api-sports.io/flags/bw.svg', '1671874483677-86438-492899', 1671874483677),
('Brazil', 'BR', 'https://media-2.api-sports.io/flags/br.svg', '1671874483678-86438-492900', 1671874483678),
('Bulgaria', 'BG', 'https://media-2.api-sports.io/flags/bg.svg', '1671874483678-86438-492901', 1671874483679),
('Burkina-Faso', 'BF', 'https://media-2.api-sports.io/flags/bf.svg', '1671874483679-86438-492902', 1671874483679),
('Burundi', 'BI', 'https://media-2.api-sports.io/flags/bi.svg', '1671874483679-86438-492903', 1671874483679),
('Cambodia', 'KH', 'https://media-2.api-sports.io/flags/kh.svg', '1671874483679-86438-492904', 1671874483680),
('Cameroon', 'CM', 'https://media.api-sports.io/flags/cm.svg', '1671874483680-86438-492905', 1671874483680),
('Canada', 'CA', 'https://media-1.api-sports.io/flags/ca.svg', '1671874483680-86438-492906', 1671874483680),
('Chile', 'CL', 'https://media.api-sports.io/flags/cl.svg', '1671874483681-86438-492907', 1671874483681),
('China', 'CN', 'https://media-1.api-sports.io/flags/cn.svg', '1671874483681-86438-492908', 1671874483681),
('Chinese-Taipei', 'TW', 'https://media-2.api-sports.io/flags/tw.svg', '1671874483682-86438-492909', 1671874483682),
('Colombia', 'CO', 'https://media-2.api-sports.io/flags/co.svg', '1671874483682-86438-492910', 1671874483683),
('Congo', 'CD', 'https://media-2.api-sports.io/flags/cd.svg', '1671874483683-86438-492911', 1671874483683),
('Congo-DR', 'CG', 'https://media-1.api-sports.io/flags/cg.svg', '1671874483683-86438-492912', 1671874483683),
('Costa-Rica', 'CR', 'https://media-2.api-sports.io/flags/cr.svg', '1671874483683-86438-492913', 1671874483683),
('Crimea', 'UA', 'https://media-2.api-sports.io/flags/ua.svg', '1671874483684-86438-492914', 1671874483684),
('Croatia', 'HR', 'https://media.api-sports.io/flags/hr.svg', '1671874483684-86438-492915', 1671874483684),
('Cuba', 'CU', 'https://media-2.api-sports.io/flags/cu.svg', '1671874483685-86438-492916', 1671874483685),
('Curacao', 'CW', 'https://media.api-sports.io/flags/cw.svg', '1671874483685-86438-492917', 1671874483685),
('Cyprus', 'CY', 'https://media.api-sports.io/flags/cy.svg', '1671874483685-86438-492918', 1671874483685),
('Czech-Republic', 'CZ', 'https://media.api-sports.io/flags/cz.svg', '1671874483686-86438-492919', 1671874483686),
('Denmark', 'DK', 'https://media-2.api-sports.io/flags/dk.svg', '1671874483686-86438-492920', 1671874483686),
('Dominican-Republic', 'DO', 'https://media.api-sports.io/flags/do.svg', '1671874483686-86438-492921', 1671874483686),
('Ecuador', 'EC', 'https://media.api-sports.io/flags/ec.svg', '1671874483686-86438-492922', 1671874483687),
('Egypt', 'EG', 'https://media-1.api-sports.io/flags/eg.svg', '1671874483687-86438-492923', 1671874483687),
('El-Salvador', 'SV', 'https://media-2.api-sports.io/flags/sv.svg', '1671874483687-86438-492924', 1671874483687),
('England', 'GB', 'https://media.api-sports.io/flags/gb.svg', '1671874483687-86438-492925', 1671874483688),
('Estonia', 'EE', 'https://media.api-sports.io/flags/ee.svg', '1671874483688-86438-492926', 1671874483688),
('Eswatini', 'SZ', 'https://media-1.api-sports.io/flags/sz.svg', '1671874483688-86438-492927', 1671874483688),
('Ethiopia', 'ET', 'https://media-1.api-sports.io/flags/et.svg', '1671874483689-86438-492928', 1671874483689),
('Faroe-Islands', 'FO', 'https://media-2.api-sports.io/flags/fo.svg', '1671874483689-86438-492929', 1671874483689),
('Fiji', 'FJ', 'https://media-2.api-sports.io/flags/fj.svg', '1671874483689-86438-492930', 1671874483689),
('Finland', 'FI', 'https://media-1.api-sports.io/flags/fi.svg', '1671874483689-86438-492931', 1671874483690),
('France', 'FR', 'https://media-2.api-sports.io/flags/fr.svg', '1671874483690-86438-492932', 1671874483690),
('Gambia', 'GM', 'https://media-2.api-sports.io/flags/gm.svg', '1671874483690-86438-492933', 1671874483690),
('Georgia', 'GE', 'https://media.api-sports.io/flags/ge.svg', '1671874483690-86438-492934', 1671874483690),
('Germany', 'DE', 'https://media-1.api-sports.io/flags/de.svg', '1671874483691-86438-492935', 1671874483691),
('Ghana', 'GH', 'https://media.api-sports.io/flags/gh.svg', '1671874483691-86438-492936', 1671874483691),
('Gibraltar', 'GI', 'https://media.api-sports.io/flags/gi.svg', '1671874483692-86438-492937', 1671874483692),
('Greece', 'GR', 'https://media-2.api-sports.io/flags/gr.svg', '1671874483692-86438-492938', 1671874483693),
('Guadeloupe', 'GP', 'https://media-1.api-sports.io/flags/gp.svg', '1671874483693-86438-492939', 1671874483693),
('Guatemala', 'GT', 'https://media-1.api-sports.io/flags/gt.svg', '1671874483693-86438-492940', 1671874483693),
('Guinea', 'GN', 'https://media-2.api-sports.io/flags/gn.svg', '1671874483694-86438-492941', 1671874483694),
('Haiti', 'HT', 'https://media.api-sports.io/flags/ht.svg', '1671874483694-86438-492942', 1671874483694),
('Honduras', 'HN', 'https://media-1.api-sports.io/flags/hn.svg', '1671874483695-86438-492943', 1671874483695),
('Hong-Kong', 'HK', 'https://media-1.api-sports.io/flags/hk.svg', '1671874483695-86438-492944', 1671874483695),
('Hungary', 'HU', 'https://media.api-sports.io/flags/hu.svg', '1671874483695-86438-492945', 1671874483695),
('Iceland', 'IS', 'https://media.api-sports.io/flags/is.svg', '1671874483695-86438-492946', 1671874483696),
('India', 'IN', 'https://media-2.api-sports.io/flags/in.svg', '1671874483696-86438-492947', 1671874483696),
('Indonesia', 'ID', 'https://media.api-sports.io/flags/id.svg', '1671874483696-86438-492948', 1671874483696),
('Iran', 'IR', 'https://media-2.api-sports.io/flags/ir.svg', '1671874483696-86438-492949', 1671874483696),
('Iraq', 'IQ', 'https://media.api-sports.io/flags/iq.svg', '1671874483697-86438-492950', 1671874483697),
('Ireland', 'IE', 'https://media-1.api-sports.io/flags/ie.svg', '1671874483697-86438-492951', 1671874483697),
('Israel', 'IL', 'https://media.api-sports.io/flags/il.svg', '1671874483697-86438-492952', 1671874483697),
('Italy', 'IT', 'https://media.api-sports.io/flags/it.svg', '1671874483698-86438-492953', 1671874483698),
('Ivory-Coast', 'CI', 'https://media-2.api-sports.io/flags/ci.svg', '1671874483698-86438-492954', 1671874483698),
('Jamaica', 'JM', 'https://media.api-sports.io/flags/jm.svg', '1671874483698-86438-492955', 1671874483698),
('Japan', 'JP', 'https://media-1.api-sports.io/flags/jp.svg', '1671874483699-86438-492956', 1671874483699),
('Jordan', 'JO', 'https://media-1.api-sports.io/flags/jo.svg', '1671874483699-86438-492957', 1671874483699),
('Kazakhstan', 'KZ', 'https://media.api-sports.io/flags/kz.svg', '1671874483699-86438-492958', 1671874483699),
('Kenya', 'KE', 'https://media-2.api-sports.io/flags/ke.svg', '1671874483699-86438-492959', 1671874483700),
('Kosovo', 'XK', 'https://media-1.api-sports.io/flags/xk.svg', '1671874483700-86438-492960', 1671874483700),
('Kuwait', 'KW', 'https://media-2.api-sports.io/flags/kw.svg', '1671874483700-86438-492961', 1671874483700),
('Kyrgyzstan', 'KG', 'https://media-1.api-sports.io/flags/kg.svg', '1671874483700-86438-492962', 1671874483700),
('Laos', 'LA', 'https://media.api-sports.io/flags/la.svg', '1671874483701-86438-492963', 1671874483701),
('Latvia', 'LV', 'https://media-2.api-sports.io/flags/lv.svg', '1671874483701-86438-492964', 1671874483701),
('Lebanon', 'LB', 'https://media.api-sports.io/flags/lb.svg', '1671874483701-86438-492965', 1671874483701),
('Liberia', 'LR', 'https://media-1.api-sports.io/flags/lr.svg', '1671874483701-86438-492966', 1671874483702),
('Libya', 'LY', 'https://media-2.api-sports.io/flags/ly.svg', '1671874483702-86438-492967', 1671874483702),
('Liechtenstein', 'LI', 'https://media-2.api-sports.io/flags/li.svg', '1671874483702-86438-492968', 1671874483702),
('Lithuania', 'LT', 'https://media.api-sports.io/flags/lt.svg', '1671874483702-86438-492969', 1671874483702),
('Luxembourg', 'LU', 'https://media.api-sports.io/flags/lu.svg', '1671874483703-86438-492970', 1671874483703),
('Macedonia', 'MK', 'https://media-2.api-sports.io/flags/mk.svg', '1671874483703-86438-492971', 1671874483703),
('Malawi', 'MW', 'https://media-2.api-sports.io/flags/mw.svg', '1671874483703-86438-492972', 1671874483703),
('Malaysia', 'MY', 'https://media-2.api-sports.io/flags/my.svg', '1671874483704-86438-492973', 1671874483704),
('Maldives', 'MV', 'https://media.api-sports.io/flags/mv.svg', '1671874483705-86438-492974', 1671874483705),
('Mali', 'ML', 'https://media-2.api-sports.io/flags/ml.svg', '1671874483705-86438-492975', 1671874483705),
('Malta', 'MT', 'https://media-1.api-sports.io/flags/mt.svg', '1671874483706-86438-492976', 1671874483706),
('Mauritania', 'MR', 'https://media-2.api-sports.io/flags/mr.svg', '1671874483706-86438-492977', 1671874483706),
('Mauritius', 'MU', 'https://media-2.api-sports.io/flags/mu.svg', '1671874483706-86438-492978', 1671874483706),
('Mexico', 'MX', 'https://media-2.api-sports.io/flags/mx.svg', '1671874483706-86438-492979', 1671874483707),
('Moldova', 'MD', 'https://media-1.api-sports.io/flags/md.svg', '1671874483707-86438-492980', 1671874483707),
('Mongolia', 'MN', 'https://media-2.api-sports.io/flags/mn.svg', '1671874483707-86438-492981', 1671874483707),
('Montenegro', 'ME', 'https://media.api-sports.io/flags/me.svg', '1671874483707-86438-492982', 1671874483707),
('Morocco', 'MA', 'https://media.api-sports.io/flags/ma.svg', '1671874483708-86438-492983', 1671874483708),
('Myanmar', 'MM', 'https://media.api-sports.io/flags/mm.svg', '1671874483708-86438-492984', 1671874483708),
('Namibia', 'NA', 'https://media.api-sports.io/flags/na.svg', '1671874483708-86438-492985', 1671874483708),
('Nepal', 'NP', 'https://media-1.api-sports.io/flags/np.svg', '1671874483708-86438-492986', 1671874483709),
('Netherlands', 'NL', 'https://media.api-sports.io/flags/nl.svg', '1671874483709-86438-492987', 1671874483709),
('New-Zealand', 'NZ', 'https://media-1.api-sports.io/flags/nz.svg', '1671874483709-86438-492988', 1671874483709),
('Nicaragua', 'NI', 'https://media-2.api-sports.io/flags/ni.svg', '1671874483709-86438-492989', 1671874483710),
('Nigeria', 'NG', 'https://media-2.api-sports.io/flags/ng.svg', '1671874483710-86438-492990', 1671874483710),
('Northern-Ireland', 'GB', 'https://media-2.api-sports.io/flags/gb.svg', '1671874483710-86438-492991', 1671874483710),
('Norway', 'NO', 'https://media-1.api-sports.io/flags/no.svg', '1671874483710-86438-492992', 1671874483710),
('Oman', 'OM', 'https://media.api-sports.io/flags/om.svg', '1671874483711-86438-492993', 1671874483711),
('Pakistan', 'PK', 'https://media.api-sports.io/flags/pk.svg', '1671874483711-86438-492994', 1671874483711),
('Palestine', 'PS', 'https://media-2.api-sports.io/flags/ps.svg', '1671874483711-86438-492995', 1671874483711),
('Panama', 'PA', 'https://media-2.api-sports.io/flags/pa.svg', '1671874483712-86438-492996', 1671874483712),
('Paraguay', 'PY', 'https://media-1.api-sports.io/flags/py.svg', '1671874483712-86438-492997', 1671874483712),
('Peru', 'PE', 'https://media-2.api-sports.io/flags/pe.svg', '1671874483712-86438-492998', 1671874483712),
('Philippines', 'PH', 'https://media.api-sports.io/flags/ph.svg', '1671874483713-86438-492999', 1671874483713),
('Poland', 'PL', 'https://media-2.api-sports.io/flags/pl.svg', '1671874483713-86438-493000', 1671874483713),
('Portugal', 'PT', 'https://media-2.api-sports.io/flags/pt.svg', '1671874483713-86438-493001', 1671874483713),
('Qatar', 'QA', 'https://media.api-sports.io/flags/qa.svg', '1671874483714-86438-493002', 1671874483714),
('Romania', 'RO', 'https://media-1.api-sports.io/flags/ro.svg', '1671874483714-86438-493003', 1671874483714),
('Russia', 'RU', 'https://media.api-sports.io/flags/ru.svg', '1671874483714-86438-493004', 1671874483714),
('Rwanda', 'RW', 'https://media.api-sports.io/flags/rw.svg', '1671874483714-86438-493005', 1671874483715),
('San-Marino', 'SM', 'https://media.api-sports.io/flags/sm.svg', '1671874483715-86438-493006', 1671874483715),
('Saudi-Arabia', 'SA', 'https://media-1.api-sports.io/flags/sa.svg', '1671874483715-86438-493007', 1671874483715),
('Scotland', 'GB', 'https://media-1.api-sports.io/flags/gb.svg', '1671874483715-86438-493008', 1671874483715),
('Senegal', 'SN', 'https://media.api-sports.io/flags/sn.svg', '1671874483716-86438-493009', 1671874483716),
('Serbia', 'RS', 'https://media-2.api-sports.io/flags/rs.svg', '1671874483716-86438-493010', 1671874483716),
('Singapore', 'SG', 'https://media-1.api-sports.io/flags/sg.svg', '1671874483716-86438-493011', 1671874483716),
('Slovakia', 'SK', 'https://media-2.api-sports.io/flags/sk.svg', '1671874483716-86438-493012', 1671874483717),
('Slovenia', 'SI', 'https://media-2.api-sports.io/flags/si.svg', '1671874483717-86438-493013', 1671874483717),
('Somalia', 'SO', 'https://media-2.api-sports.io/flags/so.svg', '1671874483717-86438-493014', 1671874483717),
('South-Africa', 'ZA', 'https://media.api-sports.io/flags/za.svg', '1671874483718-86438-493015', 1671874483718),
('South-Korea', 'KR', 'https://media.api-sports.io/flags/kr.svg', '1671874483719-86438-493016', 1671874483719),
('Spain', 'ES', 'https://media-2.api-sports.io/flags/es.svg', '1671874483719-86438-493017', 1671874483719),
('Sudan', 'SD', 'https://media-2.api-sports.io/flags/sd.svg', '1671874483719-86438-493018', 1671874483719),
('Surinam', 'SR', 'https://media.api-sports.io/flags/sr.svg', '1671874483720-86438-493019', 1671874483720),
('Sweden', 'SE', 'https://media-2.api-sports.io/flags/se.svg', '1671874483720-86438-493020', 1671874483720),
('Switzerland', 'CH', 'https://media.api-sports.io/flags/ch.svg', '1671874483720-86438-493021', 1671874483720),
('Syria', 'SY', 'https://media-2.api-sports.io/flags/sy.svg', '1671874483720-86438-493022', 1671874483721),
('Tajikistan', 'TJ', 'https://media-2.api-sports.io/flags/tj.svg', '1671874483721-86438-493023', 1671874483721),
('Tanzania', 'TZ', 'https://media.api-sports.io/flags/tz.svg', '1671874483721-86438-493024', 1671874483721),
('Thailand', 'TH', 'https://media.api-sports.io/flags/th.svg', '1671874483721-86438-493025', 1671874483721),
('Trinidad-And-Tobago', 'TT', 'https://media-1.api-sports.io/flags/tt.svg', '1671874483722-86438-493026', 1671874483722),
('Tunisia', 'TN', 'https://media-2.api-sports.io/flags/tn.svg', '1671874483722-86438-493027', 1671874483722),
('Turkey', 'TR', 'https://media.api-sports.io/flags/tr.svg', '1671874483722-86438-493028', 1671874483722),
('Turkmenistan', 'TM', 'https://media-2.api-sports.io/flags/tm.svg', '1671874483722-86438-493029', 1671874483723),
('Uganda', 'UG', 'https://media.api-sports.io/flags/ug.svg', '1671874483723-86438-493030', 1671874483723),
('Ukraine', 'UA', 'https://media-1.api-sports.io/flags/ua.svg', '1671874483723-86438-493031', 1671874483723),
('United-Arab-Emirates', 'AE', 'https://media.api-sports.io/flags/ae.svg', '1671874483723-86438-493032', 1671874483723),
('Uruguay', 'UY', 'https://media.api-sports.io/flags/uy.svg', '1671874483724-86438-493033', 1671874483724),
('USA', 'US', 'https://media-2.api-sports.io/flags/us.svg', '1671874483724-86438-493034', 1671874483724),
('Uzbekistan', 'UZ', 'https://media-2.api-sports.io/flags/uz.svg', '1671874483724-86438-493035', 1671874483724),
('Venezuela', 'VE', 'https://media-1.api-sports.io/flags/ve.svg', '1671874483724-86438-493036', 1671874483725),
('Vietnam', 'VN', 'https://media-1.api-sports.io/flags/vn.svg', '1671874483725-86438-493037', 1671874483725),
('Wales', 'GB', 'https://media.api-sports.io/flags/gb.svg', '1671874483725-86438-493038', 1671874483725),
('World', NULL, NULL, '1671874483725-86438-493039', 1671874483726),
('Zambia', 'ZM', 'https://media-1.api-sports.io/flags/zm.svg', '1671874483726-86438-493040', 1671874483726),
('Zimbabwe', 'ZW', 'https://media.api-sports.io/flags/zw.svg', '1671874483726-86438-493041', 1671874483726),
('Albania', 'AL', 'https://media.api-sports.io/flags/al.svg', '1671875383295-87673-871012', 1671875383302),
('Algeria', 'DZ', 'https://media.api-sports.io/flags/dz.svg', '1671875383312-87673-871013', 1671875383312),
('Andorra', 'AD', 'https://media-1.api-sports.io/flags/ad.svg', '1671875383313-87673-871014', 1671875383313),
('Angola', 'AO', 'https://media.api-sports.io/flags/ao.svg', '1671875383314-87673-871015', 1671875383314),
('Argentina', 'AR', 'https://media-1.api-sports.io/flags/ar.svg', '1671875383315-87673-871016', 1671875383315),
('Armenia', 'AM', 'https://media-2.api-sports.io/flags/am.svg', '1671875383315-87673-871017', 1671875383315),
('Aruba', 'AW', 'https://media.api-sports.io/flags/aw.svg', '1671875383315-87673-871018', 1671875383315),
('Australia', 'AU', 'https://media.api-sports.io/flags/au.svg', '1671875383316-87673-871019', 1671875383316),
('Austria', 'AT', 'https://media-1.api-sports.io/flags/at.svg', '1671875383316-87673-871020', 1671875383317),
('Azerbaidjan', 'AZ', 'https://media-1.api-sports.io/flags/az.svg', '1671875383317-87673-871021', 1671875383317),
('Bahrain', 'BH', 'https://media-2.api-sports.io/flags/bh.svg', '1671875383318-87673-871022', 1671875383318),
('Bangladesh', 'BD', 'https://media.api-sports.io/flags/bd.svg', '1671875383318-87673-871023', 1671875383318),
('Barbados', 'BB', 'https://media-1.api-sports.io/flags/bb.svg', '1671875383319-87673-871024', 1671875383319),
('Belarus', 'BY', 'https://media-2.api-sports.io/flags/by.svg', '1671875383320-87673-871025', 1671875383320),
('Belgium', 'BE', 'https://media-1.api-sports.io/flags/be.svg', '1671875383321-87673-871026', 1671875383321),
('Belize', 'BZ', 'https://media.api-sports.io/flags/bz.svg', '1671875383322-87673-871027', 1671875383322),
('Benin', 'BJ', 'https://media-2.api-sports.io/flags/bj.svg', '1671875383322-87673-871028', 1671875383323),
('Bermuda', 'BM', 'https://media-1.api-sports.io/flags/bm.svg', '1671875383323-87673-871029', 1671875383323),
('Bhutan', 'BT', 'https://media-2.api-sports.io/flags/bt.svg', '1671875383324-87673-871030', 1671875383324),
('Bolivia', 'BO', 'https://media.api-sports.io/flags/bo.svg', '1671875383325-87673-871031', 1671875383325),
('Bosnia', 'BA', 'https://media.api-sports.io/flags/ba.svg', '1671875383325-87673-871032', 1671875383326),
('Botswana', 'BW', 'https://media-2.api-sports.io/flags/bw.svg', '1671875383326-87673-871033', 1671875383326),
('Brazil', 'BR', 'https://media-2.api-sports.io/flags/br.svg', '1671875383327-87673-871034', 1671875383327),
('Bulgaria', 'BG', 'https://media-2.api-sports.io/flags/bg.svg', '1671875383328-87673-871035', 1671875383328),
('Burkina-Faso', 'BF', 'https://media-2.api-sports.io/flags/bf.svg', '1671875383328-87673-871036', 1671875383329),
('Burundi', 'BI', 'https://media-2.api-sports.io/flags/bi.svg', '1671875383329-87673-871037', 1671875383329),
('Cambodia', 'KH', 'https://media-2.api-sports.io/flags/kh.svg', '1671875383329-87673-871038', 1671875383329),
('Cameroon', 'CM', 'https://media.api-sports.io/flags/cm.svg', '1671875383329-87673-871039', 1671875383330),
('Canada', 'CA', 'https://media-1.api-sports.io/flags/ca.svg', '1671875383330-87673-871040', 1671875383330),
('Chile', 'CL', 'https://media.api-sports.io/flags/cl.svg', '1671875383331-87673-871041', 1671875383331),
('China', 'CN', 'https://media-1.api-sports.io/flags/cn.svg', '1671875383332-87673-871042', 1671875383332),
('Chinese-Taipei', 'TW', 'https://media-2.api-sports.io/flags/tw.svg', '1671875383332-87673-871043', 1671875383333),
('Colombia', 'CO', 'https://media-2.api-sports.io/flags/co.svg', '1671875383333-87673-871044', 1671875383333),
('Congo', 'CD', 'https://media-2.api-sports.io/flags/cd.svg', '1671875383333-87673-871045', 1671875383333),
('Congo-DR', 'CG', 'https://media-1.api-sports.io/flags/cg.svg', '1671875383333-87673-871046', 1671875383334),
('Costa-Rica', 'CR', 'https://media-2.api-sports.io/flags/cr.svg', '1671875383334-87673-871047', 1671875383334),
('Crimea', 'UA', 'https://media-2.api-sports.io/flags/ua.svg', '1671875383334-87673-871048', 1671875383334),
('Croatia', 'HR', 'https://media.api-sports.io/flags/hr.svg', '1671875383335-87673-871049', 1671875383335),
('Cuba', 'CU', 'https://media-2.api-sports.io/flags/cu.svg', '1671875383335-87673-871050', 1671875383335),
('Curacao', 'CW', 'https://media.api-sports.io/flags/cw.svg', '1671875383336-87673-871051', 1671875383336),
('Cyprus', 'CY', 'https://media.api-sports.io/flags/cy.svg', '1671875383336-87673-871052', 1671875383336),
('Czech-Republic', 'CZ', 'https://media.api-sports.io/flags/cz.svg', '1671875383337-87673-871053', 1671875383337),
('Denmark', 'DK', 'https://media-2.api-sports.io/flags/dk.svg', '1671875383337-87673-871054', 1671875383337),
('Dominican-Republic', 'DO', 'https://media.api-sports.io/flags/do.svg', '1671875383337-87673-871055', 1671875383337),
('Ecuador', 'EC', 'https://media.api-sports.io/flags/ec.svg', '1671875383338-87673-871056', 1671875383338),
('Egypt', 'EG', 'https://media-1.api-sports.io/flags/eg.svg', '1671875383338-87673-871057', 1671875383338),
('El-Salvador', 'SV', 'https://media-2.api-sports.io/flags/sv.svg', '1671875383338-87673-871058', 1671875383338),
('England', 'GB', 'https://media.api-sports.io/flags/gb.svg', '1671875383339-87673-871059', 1671875383339),
('Estonia', 'EE', 'https://media.api-sports.io/flags/ee.svg', '1671875383339-87673-871060', 1671875383339),
('Eswatini', 'SZ', 'https://media-1.api-sports.io/flags/sz.svg', '1671875383339-87673-871061', 1671875383339),
('Ethiopia', 'ET', 'https://media-1.api-sports.io/flags/et.svg', '1671875383340-87673-871062', 1671875383340),
('Faroe-Islands', 'FO', 'https://media-2.api-sports.io/flags/fo.svg', '1671875383340-87673-871063', 1671875383340),
('Fiji', 'FJ', 'https://media-2.api-sports.io/flags/fj.svg', '1671875383340-87673-871064', 1671875383340),
('Finland', 'FI', 'https://media-1.api-sports.io/flags/fi.svg', '1671875383341-87673-871065', 1671875383341),
('France', 'FR', 'https://media-2.api-sports.io/flags/fr.svg', '1671875383341-87673-871066', 1671875383342),
('Gambia', 'GM', 'https://media-2.api-sports.io/flags/gm.svg', '1671875383342-87673-871067', 1671875383342),
('Georgia', 'GE', 'https://media.api-sports.io/flags/ge.svg', '1671875383342-87673-871068', 1671875383342),
('Germany', 'DE', 'https://media-1.api-sports.io/flags/de.svg', '1671875383343-87673-871069', 1671875383343),
('Ghana', 'GH', 'https://media.api-sports.io/flags/gh.svg', '1671875383343-87673-871070', 1671875383344),
('Gibraltar', 'GI', 'https://media.api-sports.io/flags/gi.svg', '1671875383344-87673-871071', 1671875383344),
('Greece', 'GR', 'https://media-2.api-sports.io/flags/gr.svg', '1671875383344-87673-871072', 1671875383344),
('Guadeloupe', 'GP', 'https://media-1.api-sports.io/flags/gp.svg', '1671875383344-87673-871073', 1671875383345),
('Guatemala', 'GT', 'https://media-1.api-sports.io/flags/gt.svg', '1671875383345-87673-871074', 1671875383345),
('Guinea', 'GN', 'https://media-2.api-sports.io/flags/gn.svg', '1671875383345-87673-871075', 1671875383345),
('Haiti', 'HT', 'https://media.api-sports.io/flags/ht.svg', '1671875383346-87673-871076', 1671875383346),
('Honduras', 'HN', 'https://media-1.api-sports.io/flags/hn.svg', '1671875383346-87673-871077', 1671875383347),
('Hong-Kong', 'HK', 'https://media-1.api-sports.io/flags/hk.svg', '1671875383347-87673-871078', 1671875383347),
('Hungary', 'HU', 'https://media.api-sports.io/flags/hu.svg', '1671875383347-87673-871079', 1671875383347),
('Iceland', 'IS', 'https://media.api-sports.io/flags/is.svg', '1671875383348-87673-871080', 1671875383348),
('India', 'IN', 'https://media-2.api-sports.io/flags/in.svg', '1671875383348-87673-871081', 1671875383348),
('Indonesia', 'ID', 'https://media.api-sports.io/flags/id.svg', '1671875383348-87673-871082', 1671875383348),
('Iran', 'IR', 'https://media-2.api-sports.io/flags/ir.svg', '1671875383349-87673-871083', 1671875383349),
('Iraq', 'IQ', 'https://media.api-sports.io/flags/iq.svg', '1671875383349-87673-871084', 1671875383349),
('Ireland', 'IE', 'https://media-1.api-sports.io/flags/ie.svg', '1671875383349-87673-871085', 1671875383349),
('Israel', 'IL', 'https://media.api-sports.io/flags/il.svg', '1671875383350-87673-871086', 1671875383350),
('Italy', 'IT', 'https://media.api-sports.io/flags/it.svg', '1671875383350-87673-871087', 1671875383350),
('Ivory-Coast', 'CI', 'https://media-2.api-sports.io/flags/ci.svg', '1671875383350-87673-871088', 1671875383350),
('Jamaica', 'JM', 'https://media.api-sports.io/flags/jm.svg', '1671875383351-87673-871089', 1671875383351),
('Japan', 'JP', 'https://media-1.api-sports.io/flags/jp.svg', '1671875383351-87673-871090', 1671875383351),
('Jordan', 'JO', 'https://media-1.api-sports.io/flags/jo.svg', '1671875383351-87673-871091', 1671875383351),
('Kazakhstan', 'KZ', 'https://media.api-sports.io/flags/kz.svg', '1671875383352-87673-871092', 1671875383352),
('Kenya', 'KE', 'https://media-2.api-sports.io/flags/ke.svg', '1671875383352-87673-871093', 1671875383352),
('Kosovo', 'XK', 'https://media-1.api-sports.io/flags/xk.svg', '1671875383352-87673-871094', 1671875383353),
('Kuwait', 'KW', 'https://media-2.api-sports.io/flags/kw.svg', '1671875383353-87673-871095', 1671875383353),
('Kyrgyzstan', 'KG', 'https://media-1.api-sports.io/flags/kg.svg', '1671875383353-87673-871096', 1671875383353),
('Laos', 'LA', 'https://media.api-sports.io/flags/la.svg', '1671875383353-87673-871097', 1671875383353),
('Latvia', 'LV', 'https://media-2.api-sports.io/flags/lv.svg', '1671875383354-87673-871098', 1671875383354),
('Lebanon', 'LB', 'https://media.api-sports.io/flags/lb.svg', '1671875383354-87673-871099', 1671875383354),
('Liberia', 'LR', 'https://media-1.api-sports.io/flags/lr.svg', '1671875383354-87673-871100', 1671875383355),
('Libya', 'LY', 'https://media-2.api-sports.io/flags/ly.svg', '1671875383355-87673-871101', 1671875383355),
('Liechtenstein', 'LI', 'https://media-2.api-sports.io/flags/li.svg', '1671875383355-87673-871102', 1671875383355),
('Lithuania', 'LT', 'https://media.api-sports.io/flags/lt.svg', '1671875383355-87673-871103', 1671875383356),
('Luxembourg', 'LU', 'https://media.api-sports.io/flags/lu.svg', '1671875383356-87673-871104', 1671875383356),
('Macedonia', 'MK', 'https://media-2.api-sports.io/flags/mk.svg', '1671875383356-87673-871105', 1671875383356),
('Malawi', 'MW', 'https://media-2.api-sports.io/flags/mw.svg', '1671875383357-87673-871106', 1671875383357),
('Malaysia', 'MY', 'https://media-2.api-sports.io/flags/my.svg', '1671875383357-87673-871107', 1671875383357),
('Maldives', 'MV', 'https://media.api-sports.io/flags/mv.svg', '1671875383357-87673-871108', 1671875383357),
('Mali', 'ML', 'https://media-2.api-sports.io/flags/ml.svg', '1671875383358-87673-871109', 1671875383358),
('Malta', 'MT', 'https://media-1.api-sports.io/flags/mt.svg', '1671875383358-87673-871110', 1671875383358),
('Mauritania', 'MR', 'https://media-2.api-sports.io/flags/mr.svg', '1671875383358-87673-871111', 1671875383358),
('Mauritius', 'MU', 'https://media-2.api-sports.io/flags/mu.svg', '1671875383359-87673-871112', 1671875383359),
('Mexico', 'MX', 'https://media-2.api-sports.io/flags/mx.svg', '1671875383359-87673-871113', 1671875383359),
('Moldova', 'MD', 'https://media-1.api-sports.io/flags/md.svg', '1671875383359-87673-871114', 1671875383360),
('Mongolia', 'MN', 'https://media-2.api-sports.io/flags/mn.svg', '1671875383360-87673-871115', 1671875383360),
('Montenegro', 'ME', 'https://media.api-sports.io/flags/me.svg', '1671875383360-87673-871116', 1671875383360),
('Morocco', 'MA', 'https://media.api-sports.io/flags/ma.svg', '1671875383360-87673-871117', 1671875383361);
INSERT INTO `sp_countries` (`name`, `code`, `flag`, `__hevo_id`, `__hevo__ingested_at`) VALUES
('Myanmar', 'MM', 'https://media.api-sports.io/flags/mm.svg', '1671875383361-87673-871118', 1671875383361),
('Namibia', 'NA', 'https://media.api-sports.io/flags/na.svg', '1671875383361-87673-871119', 1671875383361),
('Nepal', 'NP', 'https://media-1.api-sports.io/flags/np.svg', '1671875383361-87673-871120', 1671875383362),
('Netherlands', 'NL', 'https://media.api-sports.io/flags/nl.svg', '1671875383362-87673-871121', 1671875383362),
('New-Zealand', 'NZ', 'https://media-1.api-sports.io/flags/nz.svg', '1671875383362-87673-871122', 1671875383362),
('Nicaragua', 'NI', 'https://media-2.api-sports.io/flags/ni.svg', '1671875383363-87673-871123', 1671875383363),
('Nigeria', 'NG', 'https://media-2.api-sports.io/flags/ng.svg', '1671875383363-87673-871124', 1671875383363),
('Northern-Ireland', 'GB', 'https://media-2.api-sports.io/flags/gb.svg', '1671875383363-87673-871125', 1671875383363),
('Norway', 'NO', 'https://media-1.api-sports.io/flags/no.svg', '1671875383364-87673-871126', 1671875383364),
('Oman', 'OM', 'https://media.api-sports.io/flags/om.svg', '1671875383364-87673-871127', 1671875383364),
('Pakistan', 'PK', 'https://media.api-sports.io/flags/pk.svg', '1671875383364-87673-871128', 1671875383364),
('Palestine', 'PS', 'https://media-2.api-sports.io/flags/ps.svg', '1671875383365-87673-871129', 1671875383365),
('Panama', 'PA', 'https://media-2.api-sports.io/flags/pa.svg', '1671875383365-87673-871130', 1671875383365),
('Paraguay', 'PY', 'https://media-1.api-sports.io/flags/py.svg', '1671875383365-87673-871131', 1671875383366),
('Peru', 'PE', 'https://media-2.api-sports.io/flags/pe.svg', '1671875383366-87673-871132', 1671875383366),
('Philippines', 'PH', 'https://media.api-sports.io/flags/ph.svg', '1671875383366-87673-871133', 1671875383366),
('Poland', 'PL', 'https://media-2.api-sports.io/flags/pl.svg', '1671875383366-87673-871134', 1671875383367),
('Portugal', 'PT', 'https://media-2.api-sports.io/flags/pt.svg', '1671875383367-87673-871135', 1671875383367),
('Qatar', 'QA', 'https://media.api-sports.io/flags/qa.svg', '1671875383367-87673-871136', 1671875383367),
('Romania', 'RO', 'https://media-1.api-sports.io/flags/ro.svg', '1671875383368-87673-871137', 1671875383368),
('Russia', 'RU', 'https://media.api-sports.io/flags/ru.svg', '1671875383368-87673-871138', 1671875383368),
('Rwanda', 'RW', 'https://media.api-sports.io/flags/rw.svg', '1671875383368-87673-871139', 1671875383368),
('San-Marino', 'SM', 'https://media.api-sports.io/flags/sm.svg', '1671875383369-87673-871140', 1671875383369),
('Saudi-Arabia', 'SA', 'https://media-1.api-sports.io/flags/sa.svg', '1671875383369-87673-871141', 1671875383369),
('Scotland', 'GB', 'https://media-1.api-sports.io/flags/gb.svg', '1671875383369-87673-871142', 1671875383369),
('Senegal', 'SN', 'https://media.api-sports.io/flags/sn.svg', '1671875383370-87673-871143', 1671875383370),
('Serbia', 'RS', 'https://media-2.api-sports.io/flags/rs.svg', '1671875383370-87673-871144', 1671875383370),
('Singapore', 'SG', 'https://media-1.api-sports.io/flags/sg.svg', '1671875383370-87673-871145', 1671875383370),
('Slovakia', 'SK', 'https://media-2.api-sports.io/flags/sk.svg', '1671875383371-87673-871146', 1671875383371),
('Slovenia', 'SI', 'https://media-2.api-sports.io/flags/si.svg', '1671875383371-87673-871147', 1671875383371),
('Somalia', 'SO', 'https://media-2.api-sports.io/flags/so.svg', '1671875383371-87673-871148', 1671875383371),
('South-Africa', 'ZA', 'https://media.api-sports.io/flags/za.svg', '1671875383372-87673-871149', 1671875383372),
('South-Korea', 'KR', 'https://media.api-sports.io/flags/kr.svg', '1671875383372-87673-871150', 1671875383372),
('Spain', 'ES', 'https://media-2.api-sports.io/flags/es.svg', '1671875383372-87673-871151', 1671875383373),
('Sudan', 'SD', 'https://media-2.api-sports.io/flags/sd.svg', '1671875383373-87673-871152', 1671875383373),
('Surinam', 'SR', 'https://media.api-sports.io/flags/sr.svg', '1671875383373-87673-871153', 1671875383373),
('Sweden', 'SE', 'https://media-2.api-sports.io/flags/se.svg', '1671875383373-87673-871154', 1671875383374),
('Switzerland', 'CH', 'https://media.api-sports.io/flags/ch.svg', '1671875383374-87673-871155', 1671875383374),
('Syria', 'SY', 'https://media-2.api-sports.io/flags/sy.svg', '1671875383374-87673-871156', 1671875383374),
('Tajikistan', 'TJ', 'https://media-2.api-sports.io/flags/tj.svg', '1671875383374-87673-871157', 1671875383375),
('Tanzania', 'TZ', 'https://media.api-sports.io/flags/tz.svg', '1671875383375-87673-871158', 1671875383375),
('Thailand', 'TH', 'https://media.api-sports.io/flags/th.svg', '1671875383375-87673-871159', 1671875383375),
('Trinidad-And-Tobago', 'TT', 'https://media-1.api-sports.io/flags/tt.svg', '1671875383376-87673-871160', 1671875383376),
('Tunisia', 'TN', 'https://media-2.api-sports.io/flags/tn.svg', '1671875383376-87673-871161', 1671875383376),
('Turkey', 'TR', 'https://media.api-sports.io/flags/tr.svg', '1671875383376-87673-871162', 1671875383376),
('Turkmenistan', 'TM', 'https://media-2.api-sports.io/flags/tm.svg', '1671875383377-87673-871163', 1671875383377),
('Uganda', 'UG', 'https://media.api-sports.io/flags/ug.svg', '1671875383377-87673-871164', 1671875383377),
('Ukraine', 'UA', 'https://media-1.api-sports.io/flags/ua.svg', '1671875383377-87673-871165', 1671875383377),
('United-Arab-Emirates', 'AE', 'https://media.api-sports.io/flags/ae.svg', '1671875383378-87673-871166', 1671875383378),
('Uruguay', 'UY', 'https://media.api-sports.io/flags/uy.svg', '1671875383378-87673-871167', 1671875383378),
('USA', 'US', 'https://media-2.api-sports.io/flags/us.svg', '1671875383378-87673-871168', 1671875383378),
('Uzbekistan', 'UZ', 'https://media-2.api-sports.io/flags/uz.svg', '1671875383379-87673-871169', 1671875383379),
('Venezuela', 'VE', 'https://media-1.api-sports.io/flags/ve.svg', '1671875383379-87673-871170', 1671875383379),
('Vietnam', 'VN', 'https://media-1.api-sports.io/flags/vn.svg', '1671875383379-87673-871171', 1671875383380),
('Wales', 'GB', 'https://media.api-sports.io/flags/gb.svg', '1671875383380-87673-871172', 1671875383380),
('World', NULL, NULL, '1671875383380-87673-871173', 1671875383380),
('Zambia', 'ZM', 'https://media-1.api-sports.io/flags/zm.svg', '1671875383380-87673-871174', 1671875383381),
('Zimbabwe', 'ZW', 'https://media.api-sports.io/flags/zw.svg', '1671875383381-87673-871175', 1671875383381),
('Albania', 'AL', 'https://media.api-sports.io/flags/al.svg', '1671876278435-87668-932173', 1671876278435),
('Algeria', 'DZ', 'https://media.api-sports.io/flags/dz.svg', '1671876278461-87668-932174', 1671876278461),
('Andorra', 'AD', 'https://media-1.api-sports.io/flags/ad.svg', '1671876278462-87668-932175', 1671876278462),
('Angola', 'AO', 'https://media.api-sports.io/flags/ao.svg', '1671876278462-87668-932176', 1671876278462),
('Argentina', 'AR', 'https://media-1.api-sports.io/flags/ar.svg', '1671876278462-87668-932177', 1671876278463),
('Armenia', 'AM', 'https://media-2.api-sports.io/flags/am.svg', '1671876278463-87668-932178', 1671876278463),
('Aruba', 'AW', 'https://media.api-sports.io/flags/aw.svg', '1671876278463-87668-932179', 1671876278463),
('Australia', 'AU', 'https://media.api-sports.io/flags/au.svg', '1671876278463-87668-932180', 1671876278464),
('Austria', 'AT', 'https://media-1.api-sports.io/flags/at.svg', '1671876278464-87668-932181', 1671876278464),
('Azerbaidjan', 'AZ', 'https://media-1.api-sports.io/flags/az.svg', '1671876278464-87668-932182', 1671876278464),
('Bahrain', 'BH', 'https://media-2.api-sports.io/flags/bh.svg', '1671876278464-87668-932183', 1671876278465),
('Bangladesh', 'BD', 'https://media.api-sports.io/flags/bd.svg', '1671876278465-87668-932184', 1671876278465),
('Barbados', 'BB', 'https://media-1.api-sports.io/flags/bb.svg', '1671876278465-87668-932185', 1671876278465),
('Belarus', 'BY', 'https://media-2.api-sports.io/flags/by.svg', '1671876278466-87668-932186', 1671876278466),
('Belgium', 'BE', 'https://media-1.api-sports.io/flags/be.svg', '1671876278466-87668-932187', 1671876278466),
('Belize', 'BZ', 'https://media.api-sports.io/flags/bz.svg', '1671876278466-87668-932188', 1671876278466),
('Benin', 'BJ', 'https://media-2.api-sports.io/flags/bj.svg', '1671876278467-87668-932189', 1671876278467),
('Bermuda', 'BM', 'https://media-1.api-sports.io/flags/bm.svg', '1671876278467-87668-932190', 1671876278467),
('Bhutan', 'BT', 'https://media-2.api-sports.io/flags/bt.svg', '1671876278467-87668-932191', 1671876278468),
('Bolivia', 'BO', 'https://media.api-sports.io/flags/bo.svg', '1671876278468-87668-932192', 1671876278468),
('Bosnia', 'BA', 'https://media.api-sports.io/flags/ba.svg', '1671876278468-87668-932193', 1671876278468),
('Botswana', 'BW', 'https://media-2.api-sports.io/flags/bw.svg', '1671876278468-87668-932194', 1671876278469),
('Brazil', 'BR', 'https://media-2.api-sports.io/flags/br.svg', '1671876278469-87668-932195', 1671876278469),
('Bulgaria', 'BG', 'https://media-2.api-sports.io/flags/bg.svg', '1671876278469-87668-932196', 1671876278469),
('Burkina-Faso', 'BF', 'https://media-2.api-sports.io/flags/bf.svg', '1671876278469-87668-932197', 1671876278470),
('Burundi', 'BI', 'https://media-2.api-sports.io/flags/bi.svg', '1671876278470-87668-932198', 1671876278470),
('Cambodia', 'KH', 'https://media-2.api-sports.io/flags/kh.svg', '1671876278470-87668-932199', 1671876278470),
('Cameroon', 'CM', 'https://media.api-sports.io/flags/cm.svg', '1671876278470-87668-932200', 1671876278471),
('Canada', 'CA', 'https://media-1.api-sports.io/flags/ca.svg', '1671876278471-87668-932201', 1671876278471),
('Chile', 'CL', 'https://media.api-sports.io/flags/cl.svg', '1671876278471-87668-932202', 1671876278471),
('China', 'CN', 'https://media-1.api-sports.io/flags/cn.svg', '1671876278471-87668-932203', 1671876278472),
('Chinese-Taipei', 'TW', 'https://media-2.api-sports.io/flags/tw.svg', '1671876278472-87668-932204', 1671876278472),
('Colombia', 'CO', 'https://media-2.api-sports.io/flags/co.svg', '1671876278472-87668-932205', 1671876278472),
('Congo', 'CD', 'https://media-2.api-sports.io/flags/cd.svg', '1671876278472-87668-932206', 1671876278473),
('Congo-DR', 'CG', 'https://media-1.api-sports.io/flags/cg.svg', '1671876278473-87668-932207', 1671876278473),
('Costa-Rica', 'CR', 'https://media-2.api-sports.io/flags/cr.svg', '1671876278473-87668-932208', 1671876278473),
('Crimea', 'UA', 'https://media-2.api-sports.io/flags/ua.svg', '1671876278473-87668-932209', 1671876278474),
('Croatia', 'HR', 'https://media.api-sports.io/flags/hr.svg', '1671876278474-87668-932210', 1671876278474),
('Cuba', 'CU', 'https://media-2.api-sports.io/flags/cu.svg', '1671876278474-87668-932211', 1671876278474),
('Curacao', 'CW', 'https://media.api-sports.io/flags/cw.svg', '1671876278474-87668-932212', 1671876278475),
('Cyprus', 'CY', 'https://media.api-sports.io/flags/cy.svg', '1671876278475-87668-932213', 1671876278475),
('Czech-Republic', 'CZ', 'https://media.api-sports.io/flags/cz.svg', '1671876278475-87668-932214', 1671876278475),
('Denmark', 'DK', 'https://media-2.api-sports.io/flags/dk.svg', '1671876278475-87668-932215', 1671876278476),
('Dominican-Republic', 'DO', 'https://media.api-sports.io/flags/do.svg', '1671876278476-87668-932216', 1671876278476),
('Ecuador', 'EC', 'https://media.api-sports.io/flags/ec.svg', '1671876278476-87668-932217', 1671876278476),
('Egypt', 'EG', 'https://media-1.api-sports.io/flags/eg.svg', '1671876278476-87668-932218', 1671876278476),
('El-Salvador', 'SV', 'https://media-2.api-sports.io/flags/sv.svg', '1671876278477-87668-932219', 1671876278477),
('England', 'GB', 'https://media.api-sports.io/flags/gb.svg', '1671876278477-87668-932220', 1671876278477),
('Estonia', 'EE', 'https://media.api-sports.io/flags/ee.svg', '1671876278477-87668-932221', 1671876278478),
('Eswatini', 'SZ', 'https://media-1.api-sports.io/flags/sz.svg', '1671876278478-87668-932222', 1671876278478),
('Ethiopia', 'ET', 'https://media-1.api-sports.io/flags/et.svg', '1671876278478-87668-932223', 1671876278478),
('Faroe-Islands', 'FO', 'https://media-2.api-sports.io/flags/fo.svg', '1671876278478-87668-932224', 1671876278479),
('Fiji', 'FJ', 'https://media-2.api-sports.io/flags/fj.svg', '1671876278479-87668-932225', 1671876278479),
('Finland', 'FI', 'https://media-1.api-sports.io/flags/fi.svg', '1671876278479-87668-932226', 1671876278479),
('France', 'FR', 'https://media-2.api-sports.io/flags/fr.svg', '1671876278480-87668-932227', 1671876278480),
('Gambia', 'GM', 'https://media-2.api-sports.io/flags/gm.svg', '1671876278480-87668-932228', 1671876278480),
('Georgia', 'GE', 'https://media.api-sports.io/flags/ge.svg', '1671876278480-87668-932229', 1671876278480),
('Germany', 'DE', 'https://media-1.api-sports.io/flags/de.svg', '1671876278481-87668-932230', 1671876278481),
('Ghana', 'GH', 'https://media.api-sports.io/flags/gh.svg', '1671876278481-87668-932231', 1671876278481),
('Gibraltar', 'GI', 'https://media.api-sports.io/flags/gi.svg', '1671876278481-87668-932232', 1671876278481),
('Greece', 'GR', 'https://media-2.api-sports.io/flags/gr.svg', '1671876278482-87668-932233', 1671876278482),
('Guadeloupe', 'GP', 'https://media-1.api-sports.io/flags/gp.svg', '1671876278482-87668-932234', 1671876278482),
('Guatemala', 'GT', 'https://media-1.api-sports.io/flags/gt.svg', '1671876278482-87668-932235', 1671876278482),
('Guinea', 'GN', 'https://media-2.api-sports.io/flags/gn.svg', '1671876278483-87668-932236', 1671876278483),
('Haiti', 'HT', 'https://media.api-sports.io/flags/ht.svg', '1671876278483-87668-932237', 1671876278483),
('Honduras', 'HN', 'https://media-1.api-sports.io/flags/hn.svg', '1671876278483-87668-932238', 1671876278484),
('Hong-Kong', 'HK', 'https://media-1.api-sports.io/flags/hk.svg', '1671876278484-87668-932239', 1671876278484),
('Hungary', 'HU', 'https://media.api-sports.io/flags/hu.svg', '1671876278484-87668-932240', 1671876278484),
('Iceland', 'IS', 'https://media.api-sports.io/flags/is.svg', '1671876278484-87668-932241', 1671876278485),
('India', 'IN', 'https://media-2.api-sports.io/flags/in.svg', '1671876278485-87668-932242', 1671876278485),
('Indonesia', 'ID', 'https://media.api-sports.io/flags/id.svg', '1671876278485-87668-932243', 1671876278485),
('Iran', 'IR', 'https://media-2.api-sports.io/flags/ir.svg', '1671876278486-87668-932244', 1671876278486),
('Iraq', 'IQ', 'https://media.api-sports.io/flags/iq.svg', '1671876278486-87668-932245', 1671876278486),
('Ireland', 'IE', 'https://media-1.api-sports.io/flags/ie.svg', '1671876278486-87668-932246', 1671876278486),
('Israel', 'IL', 'https://media.api-sports.io/flags/il.svg', '1671876278487-87668-932247', 1671876278487),
('Italy', 'IT', 'https://media.api-sports.io/flags/it.svg', '1671876278487-87668-932248', 1671876278487),
('Ivory-Coast', 'CI', 'https://media-2.api-sports.io/flags/ci.svg', '1671876278487-87668-932249', 1671876278487),
('Jamaica', 'JM', 'https://media.api-sports.io/flags/jm.svg', '1671876278488-87668-932250', 1671876278488),
('Japan', 'JP', 'https://media-1.api-sports.io/flags/jp.svg', '1671876278488-87668-932251', 1671876278488),
('Jordan', 'JO', 'https://media-1.api-sports.io/flags/jo.svg', '1671876278488-87668-932252', 1671876278488),
('Kazakhstan', 'KZ', 'https://media.api-sports.io/flags/kz.svg', '1671876278489-87668-932253', 1671876278489),
('Kenya', 'KE', 'https://media-2.api-sports.io/flags/ke.svg', '1671876278489-87668-932254', 1671876278489),
('Kosovo', 'XK', 'https://media-1.api-sports.io/flags/xk.svg', '1671876278489-87668-932255', 1671876278489),
('Kuwait', 'KW', 'https://media-2.api-sports.io/flags/kw.svg', '1671876278490-87668-932256', 1671876278490),
('Kyrgyzstan', 'KG', 'https://media-1.api-sports.io/flags/kg.svg', '1671876278490-87668-932257', 1671876278490),
('Laos', 'LA', 'https://media.api-sports.io/flags/la.svg', '1671876278490-87668-932258', 1671876278491),
('Latvia', 'LV', 'https://media-2.api-sports.io/flags/lv.svg', '1671876278491-87668-932259', 1671876278491),
('Lebanon', 'LB', 'https://media.api-sports.io/flags/lb.svg', '1671876278491-87668-932260', 1671876278491),
('Liberia', 'LR', 'https://media-1.api-sports.io/flags/lr.svg', '1671876278491-87668-932261', 1671876278492),
('Libya', 'LY', 'https://media-2.api-sports.io/flags/ly.svg', '1671876278492-87668-932262', 1671876278492),
('Liechtenstein', 'LI', 'https://media-2.api-sports.io/flags/li.svg', '1671876278492-87668-932263', 1671876278492),
('Lithuania', 'LT', 'https://media.api-sports.io/flags/lt.svg', '1671876278493-87668-932264', 1671876278493),
('Luxembourg', 'LU', 'https://media.api-sports.io/flags/lu.svg', '1671876278493-87668-932265', 1671876278493),
('Macedonia', 'MK', 'https://media-2.api-sports.io/flags/mk.svg', '1671876278493-87668-932266', 1671876278493),
('Malawi', 'MW', 'https://media-2.api-sports.io/flags/mw.svg', '1671876278494-87668-932267', 1671876278494),
('Malaysia', 'MY', 'https://media-2.api-sports.io/flags/my.svg', '1671876278494-87668-932268', 1671876278494),
('Maldives', 'MV', 'https://media.api-sports.io/flags/mv.svg', '1671876278494-87668-932269', 1671876278494),
('Mali', 'ML', 'https://media-2.api-sports.io/flags/ml.svg', '1671876278495-87668-932270', 1671876278495),
('Malta', 'MT', 'https://media-1.api-sports.io/flags/mt.svg', '1671876278495-87668-932271', 1671876278495),
('Mauritania', 'MR', 'https://media-2.api-sports.io/flags/mr.svg', '1671876278495-87668-932272', 1671876278496),
('Mauritius', 'MU', 'https://media-2.api-sports.io/flags/mu.svg', '1671876278496-87668-932273', 1671876278496),
('Mexico', 'MX', 'https://media-2.api-sports.io/flags/mx.svg', '1671876278496-87668-932274', 1671876278496),
('Moldova', 'MD', 'https://media-1.api-sports.io/flags/md.svg', '1671876278496-87668-932275', 1671876278497),
('Mongolia', 'MN', 'https://media-2.api-sports.io/flags/mn.svg', '1671876278497-87668-932276', 1671876278497),
('Montenegro', 'ME', 'https://media.api-sports.io/flags/me.svg', '1671876278497-87668-932277', 1671876278497),
('Morocco', 'MA', 'https://media.api-sports.io/flags/ma.svg', '1671876278497-87668-932278', 1671876278498),
('Myanmar', 'MM', 'https://media.api-sports.io/flags/mm.svg', '1671876278498-87668-932279', 1671876278498),
('Namibia', 'NA', 'https://media.api-sports.io/flags/na.svg', '1671876278498-87668-932280', 1671876278498),
('Nepal', 'NP', 'https://media-1.api-sports.io/flags/np.svg', '1671876278498-87668-932281', 1671876278499),
('Netherlands', 'NL', 'https://media.api-sports.io/flags/nl.svg', '1671876278499-87668-932282', 1671876278499),
('New-Zealand', 'NZ', 'https://media-1.api-sports.io/flags/nz.svg', '1671876278499-87668-932283', 1671876278499),
('Nicaragua', 'NI', 'https://media-2.api-sports.io/flags/ni.svg', '1671876278499-87668-932284', 1671876278500),
('Nigeria', 'NG', 'https://media-2.api-sports.io/flags/ng.svg', '1671876278500-87668-932285', 1671876278500),
('Northern-Ireland', 'GB', 'https://media-2.api-sports.io/flags/gb.svg', '1671876278500-87668-932286', 1671876278500),
('Norway', 'NO', 'https://media-1.api-sports.io/flags/no.svg', '1671876278500-87668-932287', 1671876278501),
('Oman', 'OM', 'https://media.api-sports.io/flags/om.svg', '1671876278501-87668-932288', 1671876278501),
('Pakistan', 'PK', 'https://media.api-sports.io/flags/pk.svg', '1671876278501-87668-932289', 1671876278501),
('Palestine', 'PS', 'https://media-2.api-sports.io/flags/ps.svg', '1671876278502-87668-932290', 1671876278502),
('Panama', 'PA', 'https://media-2.api-sports.io/flags/pa.svg', '1671876278502-87668-932291', 1671876278502),
('Paraguay', 'PY', 'https://media-1.api-sports.io/flags/py.svg', '1671876278502-87668-932292', 1671876278502),
('Peru', 'PE', 'https://media-2.api-sports.io/flags/pe.svg', '1671876278503-87668-932293', 1671876278503),
('Philippines', 'PH', 'https://media.api-sports.io/flags/ph.svg', '1671876278503-87668-932294', 1671876278503),
('Poland', 'PL', 'https://media-2.api-sports.io/flags/pl.svg', '1671876278503-87668-932295', 1671876278503),
('Portugal', 'PT', 'https://media-2.api-sports.io/flags/pt.svg', '1671876278504-87668-932296', 1671876278504),
('Qatar', 'QA', 'https://media.api-sports.io/flags/qa.svg', '1671876278504-87668-932297', 1671876278504),
('Romania', 'RO', 'https://media-1.api-sports.io/flags/ro.svg', '1671876278504-87668-932298', 1671876278504),
('Russia', 'RU', 'https://media.api-sports.io/flags/ru.svg', '1671876278505-87668-932299', 1671876278505),
('Rwanda', 'RW', 'https://media.api-sports.io/flags/rw.svg', '1671876278505-87668-932300', 1671876278505),
('San-Marino', 'SM', 'https://media.api-sports.io/flags/sm.svg', '1671876278505-87668-932301', 1671876278505),
('Saudi-Arabia', 'SA', 'https://media-1.api-sports.io/flags/sa.svg', '1671876278506-87668-932302', 1671876278506),
('Scotland', 'GB', 'https://media-1.api-sports.io/flags/gb.svg', '1671876278506-87668-932303', 1671876278506),
('Senegal', 'SN', 'https://media.api-sports.io/flags/sn.svg', '1671876278506-87668-932304', 1671876278506),
('Serbia', 'RS', 'https://media-2.api-sports.io/flags/rs.svg', '1671876278507-87668-932305', 1671876278507),
('Singapore', 'SG', 'https://media-1.api-sports.io/flags/sg.svg', '1671876278507-87668-932306', 1671876278507),
('Slovakia', 'SK', 'https://media-2.api-sports.io/flags/sk.svg', '1671876278507-87668-932307', 1671876278507),
('Slovenia', 'SI', 'https://media-2.api-sports.io/flags/si.svg', '1671876278507-87668-932308', 1671876278508),
('Somalia', 'SO', 'https://media-2.api-sports.io/flags/so.svg', '1671876278508-87668-932309', 1671876278508),
('South-Africa', 'ZA', 'https://media.api-sports.io/flags/za.svg', '1671876278508-87668-932310', 1671876278508),
('South-Korea', 'KR', 'https://media.api-sports.io/flags/kr.svg', '1671876278509-87668-932311', 1671876278509),
('Spain', 'ES', 'https://media-2.api-sports.io/flags/es.svg', '1671876278509-87668-932312', 1671876278509),
('Sudan', 'SD', 'https://media-2.api-sports.io/flags/sd.svg', '1671876278509-87668-932313', 1671876278510),
('Surinam', 'SR', 'https://media.api-sports.io/flags/sr.svg', '1671876278510-87668-932314', 1671876278510),
('Sweden', 'SE', 'https://media-2.api-sports.io/flags/se.svg', '1671876278510-87668-932315', 1671876278510),
('Switzerland', 'CH', 'https://media.api-sports.io/flags/ch.svg', '1671876278510-87668-932316', 1671876278511),
('Syria', 'SY', 'https://media-2.api-sports.io/flags/sy.svg', '1671876278511-87668-932317', 1671876278511),
('Tajikistan', 'TJ', 'https://media-2.api-sports.io/flags/tj.svg', '1671876278511-87668-932318', 1671876278511),
('Tanzania', 'TZ', 'https://media.api-sports.io/flags/tz.svg', '1671876278511-87668-932319', 1671876278512),
('Thailand', 'TH', 'https://media.api-sports.io/flags/th.svg', '1671876278512-87668-932320', 1671876278512),
('Trinidad-And-Tobago', 'TT', 'https://media-1.api-sports.io/flags/tt.svg', '1671876278512-87668-932321', 1671876278512),
('Tunisia', 'TN', 'https://media-2.api-sports.io/flags/tn.svg', '1671876278512-87668-932322', 1671876278513),
('Turkey', 'TR', 'https://media.api-sports.io/flags/tr.svg', '1671876278513-87668-932323', 1671876278513),
('Turkmenistan', 'TM', 'https://media-2.api-sports.io/flags/tm.svg', '1671876278513-87668-932324', 1671876278513),
('Uganda', 'UG', 'https://media.api-sports.io/flags/ug.svg', '1671876278514-87668-932325', 1671876278514),
('Ukraine', 'UA', 'https://media-1.api-sports.io/flags/ua.svg', '1671876278514-87668-932326', 1671876278514),
('United-Arab-Emirates', 'AE', 'https://media.api-sports.io/flags/ae.svg', '1671876278514-87668-932327', 1671876278514),
('Uruguay', 'UY', 'https://media.api-sports.io/flags/uy.svg', '1671876278515-87668-932328', 1671876278515),
('USA', 'US', 'https://media-2.api-sports.io/flags/us.svg', '1671876278515-87668-932329', 1671876278515),
('Uzbekistan', 'UZ', 'https://media-2.api-sports.io/flags/uz.svg', '1671876278515-87668-932330', 1671876278515),
('Venezuela', 'VE', 'https://media-1.api-sports.io/flags/ve.svg', '1671876278516-87668-932331', 1671876278516),
('Vietnam', 'VN', 'https://media-1.api-sports.io/flags/vn.svg', '1671876278516-87668-932332', 1671876278516),
('Wales', 'GB', 'https://media.api-sports.io/flags/gb.svg', '1671876278516-87668-932333', 1671876278516),
('World', NULL, NULL, '1671876278517-87668-932334', 1671876278517),
('Zambia', 'ZM', 'https://media-1.api-sports.io/flags/zm.svg', '1671876278517-87668-932335', 1671876278517),
('Zimbabwe', 'ZW', 'https://media.api-sports.io/flags/zw.svg', '1671876278517-87668-932336', 1671876278517),
('Albania', 'AL', 'https://media.api-sports.io/flags/al.svg', '1671877183158-75649-380529', 1671877183158),
('Algeria', 'DZ', 'https://media.api-sports.io/flags/dz.svg', '1671877183200-75649-380530', 1671877183200),
('Andorra', 'AD', 'https://media-1.api-sports.io/flags/ad.svg', '1671877183200-75649-380531', 1671877183200),
('Angola', 'AO', 'https://media.api-sports.io/flags/ao.svg', '1671877183201-75649-380532', 1671877183201),
('Argentina', 'AR', 'https://media-1.api-sports.io/flags/ar.svg', '1671877183201-75649-380533', 1671877183201),
('Armenia', 'AM', 'https://media-2.api-sports.io/flags/am.svg', '1671877183201-75649-380534', 1671877183202),
('Aruba', 'AW', 'https://media.api-sports.io/flags/aw.svg', '1671877183202-75649-380535', 1671877183202),
('Australia', 'AU', 'https://media.api-sports.io/flags/au.svg', '1671877183202-75649-380536', 1671877183202),
('Austria', 'AT', 'https://media-1.api-sports.io/flags/at.svg', '1671877183203-75649-380537', 1671877183203),
('Azerbaidjan', 'AZ', 'https://media-1.api-sports.io/flags/az.svg', '1671877183203-75649-380538', 1671877183203),
('Bahrain', 'BH', 'https://media-2.api-sports.io/flags/bh.svg', '1671877183203-75649-380539', 1671877183203),
('Bangladesh', 'BD', 'https://media.api-sports.io/flags/bd.svg', '1671877183204-75649-380540', 1671877183204),
('Barbados', 'BB', 'https://media-1.api-sports.io/flags/bb.svg', '1671877183204-75649-380541', 1671877183204),
('Belarus', 'BY', 'https://media-2.api-sports.io/flags/by.svg', '1671877183204-75649-380542', 1671877183205),
('Belgium', 'BE', 'https://media-1.api-sports.io/flags/be.svg', '1671877183205-75649-380543', 1671877183205),
('Belize', 'BZ', 'https://media.api-sports.io/flags/bz.svg', '1671877183205-75649-380544', 1671877183205),
('Benin', 'BJ', 'https://media-2.api-sports.io/flags/bj.svg', '1671877183206-75649-380545', 1671877183206),
('Bermuda', 'BM', 'https://media-1.api-sports.io/flags/bm.svg', '1671877183206-75649-380546', 1671877183206),
('Bhutan', 'BT', 'https://media-2.api-sports.io/flags/bt.svg', '1671877183206-75649-380547', 1671877183206),
('Bolivia', 'BO', 'https://media.api-sports.io/flags/bo.svg', '1671877183207-75649-380548', 1671877183207),
('Bosnia', 'BA', 'https://media.api-sports.io/flags/ba.svg', '1671877183207-75649-380549', 1671877183207),
('Botswana', 'BW', 'https://media-2.api-sports.io/flags/bw.svg', '1671877183207-75649-380550', 1671877183207),
('Brazil', 'BR', 'https://media-2.api-sports.io/flags/br.svg', '1671877183208-75649-380551', 1671877183208),
('Bulgaria', 'BG', 'https://media-2.api-sports.io/flags/bg.svg', '1671877183208-75649-380552', 1671877183208),
('Burkina-Faso', 'BF', 'https://media-2.api-sports.io/flags/bf.svg', '1671877183208-75649-380553', 1671877183209),
('Burundi', 'BI', 'https://media-2.api-sports.io/flags/bi.svg', '1671877183209-75649-380554', 1671877183209),
('Cambodia', 'KH', 'https://media-2.api-sports.io/flags/kh.svg', '1671877183209-75649-380555', 1671877183209),
('Cameroon', 'CM', 'https://media.api-sports.io/flags/cm.svg', '1671877183210-75649-380556', 1671877183210),
('Canada', 'CA', 'https://media-1.api-sports.io/flags/ca.svg', '1671877183210-75649-380557', 1671877183210),
('Chile', 'CL', 'https://media.api-sports.io/flags/cl.svg', '1671877183210-75649-380558', 1671877183210),
('China', 'CN', 'https://media-1.api-sports.io/flags/cn.svg', '1671877183211-75649-380559', 1671877183211),
('Chinese-Taipei', 'TW', 'https://media-2.api-sports.io/flags/tw.svg', '1671877183211-75649-380560', 1671877183211),
('Colombia', 'CO', 'https://media-2.api-sports.io/flags/co.svg', '1671877183211-75649-380561', 1671877183211),
('Congo', 'CD', 'https://media-2.api-sports.io/flags/cd.svg', '1671877183212-75649-380562', 1671877183212),
('Congo-DR', 'CG', 'https://media-1.api-sports.io/flags/cg.svg', '1671877183212-75649-380563', 1671877183212),
('Costa-Rica', 'CR', 'https://media-2.api-sports.io/flags/cr.svg', '1671877183212-75649-380564', 1671877183213),
('Crimea', 'UA', 'https://media-2.api-sports.io/flags/ua.svg', '1671877183213-75649-380565', 1671877183213),
('Croatia', 'HR', 'https://media.api-sports.io/flags/hr.svg', '1671877183213-75649-380566', 1671877183213),
('Cuba', 'CU', 'https://media-2.api-sports.io/flags/cu.svg', '1671877183213-75649-380567', 1671877183214),
('Curacao', 'CW', 'https://media.api-sports.io/flags/cw.svg', '1671877183214-75649-380568', 1671877183214),
('Cyprus', 'CY', 'https://media.api-sports.io/flags/cy.svg', '1671877183214-75649-380569', 1671877183214),
('Czech-Republic', 'CZ', 'https://media.api-sports.io/flags/cz.svg', '1671877183215-75649-380570', 1671877183215),
('Denmark', 'DK', 'https://media-2.api-sports.io/flags/dk.svg', '1671877183215-75649-380571', 1671877183215),
('Dominican-Republic', 'DO', 'https://media.api-sports.io/flags/do.svg', '1671877183215-75649-380572', 1671877183215),
('Ecuador', 'EC', 'https://media.api-sports.io/flags/ec.svg', '1671877183216-75649-380573', 1671877183216),
('Egypt', 'EG', 'https://media-1.api-sports.io/flags/eg.svg', '1671877183216-75649-380574', 1671877183216),
('El-Salvador', 'SV', 'https://media-2.api-sports.io/flags/sv.svg', '1671877183216-75649-380575', 1671877183216),
('England', 'GB', 'https://media.api-sports.io/flags/gb.svg', '1671877183217-75649-380576', 1671877183217),
('Estonia', 'EE', 'https://media.api-sports.io/flags/ee.svg', '1671877183217-75649-380577', 1671877183217),
('Eswatini', 'SZ', 'https://media-1.api-sports.io/flags/sz.svg', '1671877183217-75649-380578', 1671877183218),
('Ethiopia', 'ET', 'https://media-1.api-sports.io/flags/et.svg', '1671877183218-75649-380579', 1671877183218),
('Faroe-Islands', 'FO', 'https://media-2.api-sports.io/flags/fo.svg', '1671877183218-75649-380580', 1671877183218),
('Fiji', 'FJ', 'https://media-2.api-sports.io/flags/fj.svg', '1671877183218-75649-380581', 1671877183219),
('Finland', 'FI', 'https://media-1.api-sports.io/flags/fi.svg', '1671877183219-75649-380582', 1671877183219),
('France', 'FR', 'https://media-2.api-sports.io/flags/fr.svg', '1671877183219-75649-380583', 1671877183219),
('Gambia', 'GM', 'https://media-2.api-sports.io/flags/gm.svg', '1671877183219-75649-380584', 1671877183220),
('Georgia', 'GE', 'https://media.api-sports.io/flags/ge.svg', '1671877183220-75649-380585', 1671877183220),
('Germany', 'DE', 'https://media-1.api-sports.io/flags/de.svg', '1671877183220-75649-380586', 1671877183220),
('Ghana', 'GH', 'https://media.api-sports.io/flags/gh.svg', '1671877183221-75649-380587', 1671877183221),
('Gibraltar', 'GI', 'https://media.api-sports.io/flags/gi.svg', '1671877183221-75649-380588', 1671877183221),
('Greece', 'GR', 'https://media-2.api-sports.io/flags/gr.svg', '1671877183221-75649-380589', 1671877183221),
('Guadeloupe', 'GP', 'https://media-1.api-sports.io/flags/gp.svg', '1671877183222-75649-380590', 1671877183222),
('Guatemala', 'GT', 'https://media-1.api-sports.io/flags/gt.svg', '1671877183222-75649-380591', 1671877183222),
('Guinea', 'GN', 'https://media-2.api-sports.io/flags/gn.svg', '1671877183222-75649-380592', 1671877183222),
('Haiti', 'HT', 'https://media.api-sports.io/flags/ht.svg', '1671877183223-75649-380593', 1671877183223),
('Honduras', 'HN', 'https://media-1.api-sports.io/flags/hn.svg', '1671877183223-75649-380594', 1671877183223),
('Hong-Kong', 'HK', 'https://media-1.api-sports.io/flags/hk.svg', '1671877183223-75649-380595', 1671877183224),
('Hungary', 'HU', 'https://media.api-sports.io/flags/hu.svg', '1671877183224-75649-380596', 1671877183224),
('Iceland', 'IS', 'https://media.api-sports.io/flags/is.svg', '1671877183224-75649-380597', 1671877183224),
('India', 'IN', 'https://media-2.api-sports.io/flags/in.svg', '1671877183224-75649-380598', 1671877183225),
('Indonesia', 'ID', 'https://media.api-sports.io/flags/id.svg', '1671877183225-75649-380599', 1671877183225),
('Iran', 'IR', 'https://media-2.api-sports.io/flags/ir.svg', '1671877183225-75649-380600', 1671877183225),
('Iraq', 'IQ', 'https://media.api-sports.io/flags/iq.svg', '1671877183226-75649-380601', 1671877183226),
('Ireland', 'IE', 'https://media-1.api-sports.io/flags/ie.svg', '1671877183226-75649-380602', 1671877183226),
('Israel', 'IL', 'https://media.api-sports.io/flags/il.svg', '1671877183226-75649-380603', 1671877183226),
('Italy', 'IT', 'https://media.api-sports.io/flags/it.svg', '1671877183227-75649-380604', 1671877183227),
('Ivory-Coast', 'CI', 'https://media-2.api-sports.io/flags/ci.svg', '1671877183227-75649-380605', 1671877183227),
('Jamaica', 'JM', 'https://media.api-sports.io/flags/jm.svg', '1671877183227-75649-380606', 1671877183227),
('Japan', 'JP', 'https://media-1.api-sports.io/flags/jp.svg', '1671877183228-75649-380607', 1671877183228),
('Jordan', 'JO', 'https://media-1.api-sports.io/flags/jo.svg', '1671877183228-75649-380608', 1671877183228),
('Kazakhstan', 'KZ', 'https://media.api-sports.io/flags/kz.svg', '1671877183228-75649-380609', 1671877183229),
('Kenya', 'KE', 'https://media-2.api-sports.io/flags/ke.svg', '1671877183229-75649-380610', 1671877183229),
('Kosovo', 'XK', 'https://media-1.api-sports.io/flags/xk.svg', '1671877183229-75649-380611', 1671877183229),
('Kuwait', 'KW', 'https://media-2.api-sports.io/flags/kw.svg', '1671877183229-75649-380612', 1671877183230),
('Kyrgyzstan', 'KG', 'https://media-1.api-sports.io/flags/kg.svg', '1671877183230-75649-380613', 1671877183230),
('Laos', 'LA', 'https://media.api-sports.io/flags/la.svg', '1671877183230-75649-380614', 1671877183230),
('Latvia', 'LV', 'https://media-2.api-sports.io/flags/lv.svg', '1671877183231-75649-380615', 1671877183231),
('Lebanon', 'LB', 'https://media.api-sports.io/flags/lb.svg', '1671877183231-75649-380616', 1671877183231),
('Liberia', 'LR', 'https://media-1.api-sports.io/flags/lr.svg', '1671877183231-75649-380617', 1671877183231),
('Libya', 'LY', 'https://media-2.api-sports.io/flags/ly.svg', '1671877183232-75649-380618', 1671877183232),
('Liechtenstein', 'LI', 'https://media-2.api-sports.io/flags/li.svg', '1671877183232-75649-380619', 1671877183232),
('Lithuania', 'LT', 'https://media.api-sports.io/flags/lt.svg', '1671877183232-75649-380620', 1671877183232),
('Luxembourg', 'LU', 'https://media.api-sports.io/flags/lu.svg', '1671877183233-75649-380621', 1671877183233),
('Macedonia', 'MK', 'https://media-2.api-sports.io/flags/mk.svg', '1671877183233-75649-380622', 1671877183233),
('Malawi', 'MW', 'https://media-2.api-sports.io/flags/mw.svg', '1671877183233-75649-380623', 1671877183234),
('Malaysia', 'MY', 'https://media-2.api-sports.io/flags/my.svg', '1671877183234-75649-380624', 1671877183234),
('Maldives', 'MV', 'https://media.api-sports.io/flags/mv.svg', '1671877183234-75649-380625', 1671877183234),
('Mali', 'ML', 'https://media-2.api-sports.io/flags/ml.svg', '1671877183234-75649-380626', 1671877183235),
('Malta', 'MT', 'https://media-1.api-sports.io/flags/mt.svg', '1671877183235-75649-380627', 1671877183235),
('Mauritania', 'MR', 'https://media-2.api-sports.io/flags/mr.svg', '1671877183235-75649-380628', 1671877183235),
('Mauritius', 'MU', 'https://media-2.api-sports.io/flags/mu.svg', '1671877183236-75649-380629', 1671877183236),
('Mexico', 'MX', 'https://media-2.api-sports.io/flags/mx.svg', '1671877183236-75649-380630', 1671877183236),
('Moldova', 'MD', 'https://media-1.api-sports.io/flags/md.svg', '1671877183236-75649-380631', 1671877183236),
('Mongolia', 'MN', 'https://media-2.api-sports.io/flags/mn.svg', '1671877183237-75649-380632', 1671877183237),
('Montenegro', 'ME', 'https://media.api-sports.io/flags/me.svg', '1671877183237-75649-380633', 1671877183237),
('Morocco', 'MA', 'https://media.api-sports.io/flags/ma.svg', '1671877183237-75649-380634', 1671877183237),
('Myanmar', 'MM', 'https://media.api-sports.io/flags/mm.svg', '1671877183238-75649-380635', 1671877183238),
('Namibia', 'NA', 'https://media.api-sports.io/flags/na.svg', '1671877183238-75649-380636', 1671877183238),
('Nepal', 'NP', 'https://media-1.api-sports.io/flags/np.svg', '1671877183238-75649-380637', 1671877183238),
('Netherlands', 'NL', 'https://media.api-sports.io/flags/nl.svg', '1671877183239-75649-380638', 1671877183239),
('New-Zealand', 'NZ', 'https://media-1.api-sports.io/flags/nz.svg', '1671877183239-75649-380639', 1671877183239),
('Nicaragua', 'NI', 'https://media-2.api-sports.io/flags/ni.svg', '1671877183239-75649-380640', 1671877183239),
('Nigeria', 'NG', 'https://media-2.api-sports.io/flags/ng.svg', '1671877183240-75649-380641', 1671877183240),
('Northern-Ireland', 'GB', 'https://media-2.api-sports.io/flags/gb.svg', '1671877183240-75649-380642', 1671877183240),
('Norway', 'NO', 'https://media-1.api-sports.io/flags/no.svg', '1671877183240-75649-380643', 1671877183240),
('Oman', 'OM', 'https://media.api-sports.io/flags/om.svg', '1671877183240-75649-380644', 1671877183241),
('Pakistan', 'PK', 'https://media.api-sports.io/flags/pk.svg', '1671877183241-75649-380645', 1671877183241),
('Palestine', 'PS', 'https://media-2.api-sports.io/flags/ps.svg', '1671877183241-75649-380646', 1671877183241),
('Panama', 'PA', 'https://media-2.api-sports.io/flags/pa.svg', '1671877183242-75649-380647', 1671877183242),
('Paraguay', 'PY', 'https://media-1.api-sports.io/flags/py.svg', '1671877183242-75649-380648', 1671877183242),
('Peru', 'PE', 'https://media-2.api-sports.io/flags/pe.svg', '1671877183242-75649-380649', 1671877183242),
('Philippines', 'PH', 'https://media.api-sports.io/flags/ph.svg', '1671877183243-75649-380650', 1671877183243),
('Poland', 'PL', 'https://media-2.api-sports.io/flags/pl.svg', '1671877183243-75649-380651', 1671877183243),
('Portugal', 'PT', 'https://media-2.api-sports.io/flags/pt.svg', '1671877183243-75649-380652', 1671877183243),
('Qatar', 'QA', 'https://media.api-sports.io/flags/qa.svg', '1671877183244-75649-380653', 1671877183244),
('Romania', 'RO', 'https://media-1.api-sports.io/flags/ro.svg', '1671877183244-75649-380654', 1671877183244),
('Russia', 'RU', 'https://media.api-sports.io/flags/ru.svg', '1671877183244-75649-380655', 1671877183244),
('Rwanda', 'RW', 'https://media.api-sports.io/flags/rw.svg', '1671877183245-75649-380656', 1671877183245),
('San-Marino', 'SM', 'https://media.api-sports.io/flags/sm.svg', '1671877183245-75649-380657', 1671877183245),
('Saudi-Arabia', 'SA', 'https://media-1.api-sports.io/flags/sa.svg', '1671877183245-75649-380658', 1671877183245),
('Scotland', 'GB', 'https://media-1.api-sports.io/flags/gb.svg', '1671877183246-75649-380659', 1671877183246),
('Senegal', 'SN', 'https://media.api-sports.io/flags/sn.svg', '1671877183246-75649-380660', 1671877183246),
('Serbia', 'RS', 'https://media-2.api-sports.io/flags/rs.svg', '1671877183246-75649-380661', 1671877183247),
('Singapore', 'SG', 'https://media-1.api-sports.io/flags/sg.svg', '1671877183247-75649-380662', 1671877183247),
('Slovakia', 'SK', 'https://media-2.api-sports.io/flags/sk.svg', '1671877183247-75649-380663', 1671877183247),
('Slovenia', 'SI', 'https://media-2.api-sports.io/flags/si.svg', '1671877183247-75649-380664', 1671877183248),
('Somalia', 'SO', 'https://media-2.api-sports.io/flags/so.svg', '1671877183248-75649-380665', 1671877183248),
('South-Africa', 'ZA', 'https://media.api-sports.io/flags/za.svg', '1671877183248-75649-380666', 1671877183248),
('South-Korea', 'KR', 'https://media.api-sports.io/flags/kr.svg', '1671877183249-75649-380667', 1671877183249),
('Spain', 'ES', 'https://media-2.api-sports.io/flags/es.svg', '1671877183249-75649-380668', 1671877183249),
('Sudan', 'SD', 'https://media-2.api-sports.io/flags/sd.svg', '1671877183249-75649-380669', 1671877183249),
('Surinam', 'SR', 'https://media.api-sports.io/flags/sr.svg', '1671877183250-75649-380670', 1671877183250),
('Sweden', 'SE', 'https://media-2.api-sports.io/flags/se.svg', '1671877183250-75649-380671', 1671877183250),
('Switzerland', 'CH', 'https://media.api-sports.io/flags/ch.svg', '1671877183250-75649-380672', 1671877183250),
('Syria', 'SY', 'https://media-2.api-sports.io/flags/sy.svg', '1671877183251-75649-380673', 1671877183251),
('Tajikistan', 'TJ', 'https://media-2.api-sports.io/flags/tj.svg', '1671877183251-75649-380674', 1671877183251),
('Tanzania', 'TZ', 'https://media.api-sports.io/flags/tz.svg', '1671877183251-75649-380675', 1671877183251),
('Thailand', 'TH', 'https://media.api-sports.io/flags/th.svg', '1671877183252-75649-380676', 1671877183252),
('Trinidad-And-Tobago', 'TT', 'https://media-1.api-sports.io/flags/tt.svg', '1671877183252-75649-380677', 1671877183252),
('Tunisia', 'TN', 'https://media-2.api-sports.io/flags/tn.svg', '1671877183252-75649-380678', 1671877183252),
('Turkey', 'TR', 'https://media.api-sports.io/flags/tr.svg', '1671877183253-75649-380679', 1671877183253),
('Turkmenistan', 'TM', 'https://media-2.api-sports.io/flags/tm.svg', '1671877183253-75649-380680', 1671877183253),
('Uganda', 'UG', 'https://media.api-sports.io/flags/ug.svg', '1671877183253-75649-380681', 1671877183253),
('Ukraine', 'UA', 'https://media-1.api-sports.io/flags/ua.svg', '1671877183254-75649-380682', 1671877183254),
('United-Arab-Emirates', 'AE', 'https://media.api-sports.io/flags/ae.svg', '1671877183254-75649-380683', 1671877183254),
('Uruguay', 'UY', 'https://media.api-sports.io/flags/uy.svg', '1671877183254-75649-380684', 1671877183255),
('USA', 'US', 'https://media-2.api-sports.io/flags/us.svg', '1671877183255-75649-380685', 1671877183255),
('Uzbekistan', 'UZ', 'https://media-2.api-sports.io/flags/uz.svg', '1671877183255-75649-380686', 1671877183255),
('Venezuela', 'VE', 'https://media-1.api-sports.io/flags/ve.svg', '1671877183255-75649-380687', 1671877183256),
('Vietnam', 'VN', 'https://media-1.api-sports.io/flags/vn.svg', '1671877183256-75649-380688', 1671877183256),
('Wales', 'GB', 'https://media.api-sports.io/flags/gb.svg', '1671877183256-75649-380689', 1671877183256),
('World', NULL, NULL, '1671877183257-75649-380690', 1671877183257),
('Zambia', 'ZM', 'https://media-1.api-sports.io/flags/zm.svg', '1671877183257-75649-380691', 1671877183257),
('Zimbabwe', 'ZW', 'https://media.api-sports.io/flags/zw.svg', '1671877183257-75649-380692', 1671877183257);

-- --------------------------------------------------------

--
-- Table structure for table `sp_countries2`
--

CREATE TABLE `sp_countries2` (
  `name` varchar(250) NOT NULL,
  `code` varchar(250) NOT NULL,
  `flag` varchar(250) NOT NULL
) ENGINE=InnoDB DEFAULT CHARSET=latin1 COLLATE=latin1_swedish_ci;

--
-- Dumping data for table `sp_countries2`
--

INSERT INTO `sp_countries2` (`name`, `code`, `flag`) VALUES
('albania', 'AL', 'https://media.api-sports.io/flags/al.svg'),
('Algeria', 'DZ', 'https://media.api-sports.io/flags/dz.svg'),
('Andorra', 'AD', 'https://media-1.api-sports.io/flags/ad.svg'),
('Angola', 'AO', 'https://media.api-sports.io/flags/ao.svg'),
('Argentina', 'AR', 'https://media-1.api-sports.io/flags/ar.svg'),
('Armenia', 'AM', 'https://media-2.api-sports.io/flags/am.svg'),
('Aruba', 'AW', 'https://media.api-sports.io/flags/aw.svg'),
('Australia', 'AU', 'https://media.api-sports.io/flags/au.svg'),
('Austria', 'AT', 'https://media-1.api-sports.io/flags/at.svg'),
('Azerbaidjan', 'AZ', 'https://media-1.api-sports.io/flags/az.svg'),
('Bahrain', 'BH', 'https://media-2.api-sports.io/flags/bh.svg'),
('Bangladesh', 'BD', 'https://media.api-sports.io/flags/bd.svg'),
('Barbados', 'BB', 'https://media-1.api-sports.io/flags/bb.svg'),
('Belarus', 'BY', 'https://media-2.api-sports.io/flags/by.svg'),
('Belgium', 'BE', 'https://media-1.api-sports.io/flags/be.svg'),
('Belize', 'BZ', 'https://media.api-sports.io/flags/bz.svg'),
('Benin', 'BJ', 'https://media-2.api-sports.io/flags/bj.svg'),
('Bermuda', 'BM', 'https://media-1.api-sports.io/flags/bm.svg'),
('Bhutan', 'BT', 'https://media-2.api-sports.io/flags/bt.svg'),
('Bolivia', 'BO', 'https://media.api-sports.io/flags/bo.svg'),
('Bosnia', 'BA', 'https://media.api-sports.io/flags/ba.svg'),
('Botswana', 'BW', 'https://media-2.api-sports.io/flags/bw.svg'),
('Brazil', 'BR', 'https://media-2.api-sports.io/flags/br.svg'),
('Bulgaria', 'BG', 'https://media-2.api-sports.io/flags/bg.svg'),
('Burkina-Faso', 'BF', 'https://media-2.api-sports.io/flags/bf.svg'),
('Burundi', 'BI', 'https://media-2.api-sports.io/flags/bi.svg'),
('Cambodia', 'KH', 'https://media-2.api-sports.io/flags/kh.svg'),
('Cameroon', 'CM', 'https://media.api-sports.io/flags/cm.svg'),
('Canada', 'CA', 'https://media-1.api-sports.io/flags/ca.svg'),
('Chile', 'CL', 'https://media.api-sports.io/flags/cl.svg'),
('China', 'CN', 'https://media-1.api-sports.io/flags/cn.svg'),
('Chinese-Taipei', 'TW', 'https://media-2.api-sports.io/flags/tw.svg'),
('Colombia', 'CO', 'https://media-2.api-sports.io/flags/co.svg'),
('Congo', 'CD', 'https://media-2.api-sports.io/flags/cd.svg'),
('Congo-DR', 'CG', 'https://media-1.api-sports.io/flags/cg.svg'),
('Costa-Rica', 'CR', 'https://media-2.api-sports.io/flags/cr.svg'),
('Crimea', 'UA', 'https://media-2.api-sports.io/flags/ua.svg'),
('Croatia', 'HR', 'https://media.api-sports.io/flags/hr.svg'),
('Cuba', 'CU', 'https://media-2.api-sports.io/flags/cu.svg'),
('Curacao', 'CW', 'https://media.api-sports.io/flags/cw.svg'),
('Cyprus', 'CY', 'https://media.api-sports.io/flags/cy.svg'),
('Czech-Republic', 'CZ', 'https://media.api-sports.io/flags/cz.svg'),
('Denmark', 'DK', 'https://media-2.api-sports.io/flags/dk.svg'),
('Dominican-Republic', 'DO', 'https://media.api-sports.io/flags/do.svg'),
('Ecuador', 'EC', 'https://media.api-sports.io/flags/ec.svg'),
('Egypt', 'EG', 'https://media-1.api-sports.io/flags/eg.svg'),
('El-Salvador', 'SV', 'https://media-2.api-sports.io/flags/sv.svg'),
('England', 'GB', 'https://media.api-sports.io/flags/gb.svg'),
('Estonia', 'EE', 'https://media.api-sports.io/flags/ee.svg'),
('Eswatini', 'SZ', 'https://media-1.api-sports.io/flags/sz.svg'),
('Ethiopia', 'ET', 'https://media-1.api-sports.io/flags/et.svg'),
('Faroe-Islands', 'FO', 'https://media-2.api-sports.io/flags/fo.svg'),
('Fiji', 'FJ', 'https://media-2.api-sports.io/flags/fj.svg'),
('Finland', 'FI', 'https://media-1.api-sports.io/flags/fi.svg'),
('France', 'FR', 'https://media-2.api-sports.io/flags/fr.svg'),
('Gambia', 'GM', 'https://media-2.api-sports.io/flags/gm.svg'),
('Georgia', 'GE', 'https://media.api-sports.io/flags/ge.svg'),
('Germany', 'DE', 'https://media-1.api-sports.io/flags/de.svg'),
('Ghana', 'GH', 'https://media.api-sports.io/flags/gh.svg'),
('Gibraltar', 'GI', 'https://media.api-sports.io/flags/gi.svg'),
('Greece', 'GR', 'https://media-2.api-sports.io/flags/gr.svg'),
('Guadeloupe', 'GP', 'https://media-1.api-sports.io/flags/gp.svg'),
('Guatemala', 'GT', 'https://media-1.api-sports.io/flags/gt.svg'),
('Guinea', 'GN', 'https://media-2.api-sports.io/flags/gn.svg'),
('Haiti', 'HT', 'https://media.api-sports.io/flags/ht.svg'),
('Honduras', 'HN', 'https://media-1.api-sports.io/flags/hn.svg'),
('Hong-Kong', 'HK', 'https://media-1.api-sports.io/flags/hk.svg'),
('Hungary', 'HU', 'https://media.api-sports.io/flags/hu.svg'),
('Iceland', 'IS', 'https://media.api-sports.io/flags/is.svg'),
('India', 'IN', 'https://media-2.api-sports.io/flags/in.svg'),
('Indonesia', 'ID', 'https://media.api-sports.io/flags/id.svg'),
('Iran', 'IR', 'https://media-2.api-sports.io/flags/ir.svg'),
('Iraq', 'IQ', 'https://media.api-sports.io/flags/iq.svg'),
('Ireland', 'IE', 'https://media-1.api-sports.io/flags/ie.svg'),
('Israel', 'IL', 'https://media.api-sports.io/flags/il.svg'),
('Italy', 'IT', 'https://media.api-sports.io/flags/it.svg'),
('Ivory-Coast', 'CI', 'https://media-2.api-sports.io/flags/ci.svg'),
('Jamaica', 'JM', 'https://media.api-sports.io/flags/jm.svg'),
('Japan', 'JP', 'https://media-1.api-sports.io/flags/jp.svg'),
('Jordan', 'JO', 'https://media-1.api-sports.io/flags/jo.svg'),
('Kazakhstan', 'KZ', 'https://media.api-sports.io/flags/kz.svg'),
('Kenya', 'KE', 'https://media-2.api-sports.io/flags/ke.svg'),
('Kosovo', 'XK', 'https://media-1.api-sports.io/flags/xk.svg'),
('Kuwait', 'KW', 'https://media-2.api-sports.io/flags/kw.svg'),
('Kyrgyzstan', 'KG', 'https://media-1.api-sports.io/flags/kg.svg'),
('Laos', 'LA', 'https://media.api-sports.io/flags/la.svg'),
('Latvia', 'LV', 'https://media-2.api-sports.io/flags/lv.svg'),
('Lebanon', 'LB', 'https://media.api-sports.io/flags/lb.svg'),
('Liberia', 'LR', 'https://media-1.api-sports.io/flags/lr.svg'),
('Libya', 'LY', 'https://media-2.api-sports.io/flags/ly.svg'),
('Liechtenstein', 'LI', 'https://media-2.api-sports.io/flags/li.svg'),
('Lithuania', 'LT', 'https://media.api-sports.io/flags/lt.svg'),
('Luxembourg', 'LU', 'https://media.api-sports.io/flags/lu.svg'),
('Macedonia', 'MK', 'https://media-2.api-sports.io/flags/mk.svg'),
('Malawi', 'MW', 'https://media-2.api-sports.io/flags/mw.svg'),
('Malaysia', 'MY', 'https://media-2.api-sports.io/flags/my.svg'),
('Maldives', 'MV', 'https://media.api-sports.io/flags/mv.svg'),
('Mali', 'ML', 'https://media-2.api-sports.io/flags/ml.svg'),
('Malta', 'MT', 'https://media-1.api-sports.io/flags/mt.svg'),
('Mauritania', 'MR', 'https://media-2.api-sports.io/flags/mr.svg'),
('Mauritius', 'MU', 'https://media-2.api-sports.io/flags/mu.svg'),
('Mexico', 'MX', 'https://media-2.api-sports.io/flags/mx.svg'),
('Moldova', 'MD', 'https://media-1.api-sports.io/flags/md.svg'),
('Mongolia', 'MN', 'https://media-2.api-sports.io/flags/mn.svg'),
('Montenegro', 'ME', 'https://media.api-sports.io/flags/me.svg'),
('Morocco', 'MA', 'https://media.api-sports.io/flags/ma.svg'),
('Myanmar', 'MM', 'https://media.api-sports.io/flags/mm.svg'),
('name', 'AL', 'https://media.api-sports.io/flags/al.svg'),
('Namibia', 'NA', 'https://media.api-sports.io/flags/na.svg'),
('Nepal', 'NP', 'https://media-1.api-sports.io/flags/np.svg'),
('Netherlands', 'NL', 'https://media.api-sports.io/flags/nl.svg'),
('New-Zealand', 'NZ', 'https://media-1.api-sports.io/flags/nz.svg'),
('Nicaragua', 'NI', 'https://media-2.api-sports.io/flags/ni.svg'),
('Nigeria', 'NG', 'https://media-2.api-sports.io/flags/ng.svg'),
('Northern-Ireland', 'GB', 'https://media-2.api-sports.io/flags/gb.svg'),
('Norway', 'NO', 'https://media-1.api-sports.io/flags/no.svg'),
('Oman', 'OM', 'https://media.api-sports.io/flags/om.svg'),
('Pakistan', 'PK', 'https://media.api-sports.io/flags/pk.svg'),
('Palestine', 'PS', 'https://media-2.api-sports.io/flags/ps.svg'),
('Panama', 'PA', 'https://media-2.api-sports.io/flags/pa.svg'),
('Paraguay', 'PY', 'https://media-1.api-sports.io/flags/py.svg'),
('Peru', 'PE', 'https://media-2.api-sports.io/flags/pe.svg'),
('Philippines', 'PH', 'https://media.api-sports.io/flags/ph.svg'),
('Poland', 'PL', 'https://media-2.api-sports.io/flags/pl.svg'),
('Portugal', 'PT', 'https://media-2.api-sports.io/flags/pt.svg'),
('Qatar', 'QA', 'https://media.api-sports.io/flags/qa.svg'),
('Romania', 'RO', 'https://media-1.api-sports.io/flags/ro.svg'),
('Russia', 'RU', 'https://media.api-sports.io/flags/ru.svg'),
('Rwanda', 'RW', 'https://media.api-sports.io/flags/rw.svg'),
('San-Marino', 'SM', 'https://media.api-sports.io/flags/sm.svg'),
('Saudi-Arabia', 'SA', 'https://media-1.api-sports.io/flags/sa.svg'),
('Scotland', 'GB', 'https://media-1.api-sports.io/flags/gb.svg'),
('Senegal', 'SN', 'https://media.api-sports.io/flags/sn.svg'),
('Serbia', 'RS', 'https://media-2.api-sports.io/flags/rs.svg'),
('Singapore', 'SG', 'https://media-1.api-sports.io/flags/sg.svg'),
('Slovakia', 'SK', 'https://media-2.api-sports.io/flags/sk.svg'),
('Slovenia', 'SI', 'https://media-2.api-sports.io/flags/si.svg'),
('Somalia', 'SO', 'https://media-2.api-sports.io/flags/so.svg'),
('South-Africa', 'ZA', 'https://media.api-sports.io/flags/za.svg'),
('South-Korea', 'KR', 'https://media.api-sports.io/flags/kr.svg'),
('Spain', 'ES', 'https://media-2.api-sports.io/flags/es.svg'),
('Sudan', 'SD', 'https://media-2.api-sports.io/flags/sd.svg'),
('Surinam', 'SR', 'https://media.api-sports.io/flags/sr.svg'),
('Sweden', 'SE', 'https://media-2.api-sports.io/flags/se.svg'),
('Switzerland', 'CH', 'https://media.api-sports.io/flags/ch.svg'),
('Syria', 'SY', 'https://media-2.api-sports.io/flags/sy.svg'),
('Tajikistan', 'TJ', 'https://media-2.api-sports.io/flags/tj.svg'),
('Tanzania', 'TZ', 'https://media.api-sports.io/flags/tz.svg'),
('Thailand', 'TH', 'https://media.api-sports.io/flags/th.svg'),
('Trinidad-And-Tobago', 'TT', 'https://media-1.api-sports.io/flags/tt.svg'),
('Tunisia', 'TN', 'https://media-2.api-sports.io/flags/tn.svg'),
('Turkey', 'TR', 'https://media.api-sports.io/flags/tr.svg'),
('Turkmenistan', 'TM', 'https://media-2.api-sports.io/flags/tm.svg'),
('Uganda', 'UG', 'https://media.api-sports.io/flags/ug.svg'),
('Ukraine', 'UA', 'https://media-1.api-sports.io/flags/ua.svg'),
('United-Arab-Emirates', 'AE', 'https://media.api-sports.io/flags/ae.svg'),
('Uruguay', 'UY', 'https://media.api-sports.io/flags/uy.svg'),
('USA', 'US', 'https://media-2.api-sports.io/flags/us.svg'),
('Uzbekistan', 'UZ', 'https://media-2.api-sports.io/flags/uz.svg'),
('Venezuela', 'VE', 'https://media-1.api-sports.io/flags/ve.svg'),
('Vietnam', 'VN', 'https://media-1.api-sports.io/flags/vn.svg'),
('Wales', 'GB', 'https://media.api-sports.io/flags/gb.svg'),
('World', '', ''),
('Zambia', 'ZM', 'https://media-1.api-sports.io/flags/zm.svg'),
('Zimbabwe', 'ZW', 'https://media.api-sports.io/flags/zw.svg');

-- --------------------------------------------------------

--
-- Table structure for table `sp_email_templates`
--

CREATE TABLE `sp_email_templates` (
  `id` int(11) UNSIGNED NOT NULL,
  `language_id` int(11) UNSIGNED DEFAULT NULL,
  `template_key` varchar(120) DEFAULT NULL,
  `email_from` varchar(191) DEFAULT 'support@exampl.com',
  `name` varchar(191) NOT NULL,
  `subject` varchar(191) NOT NULL,
  `template` text DEFAULT NULL,
  `sms_body` text DEFAULT NULL,
  `short_keys` text DEFAULT NULL,
  `mail_status` tinyint(1) NOT NULL DEFAULT 0,
  `sms_status` tinyint(1) NOT NULL DEFAULT 0,
  `lang_code` varchar(10) DEFAULT NULL,
  `created_at` timestamp NULL DEFAULT NULL,
  `updated_at` timestamp NULL DEFAULT NULL
) ENGINE=InnoDB DEFAULT CHARSET=utf8mb4 COLLATE=utf8mb4_unicode_ci;



-- --------------------------------------------------------

--
-- Table structure for table `sp_failed_jobs`
--

CREATE TABLE `sp_failed_jobs` (
  `id` int(11) UNSIGNED NOT NULL,
  `connection` text NOT NULL,
  `queue` text NOT NULL,
  `payload` longtext NOT NULL,
  `exception` longtext NOT NULL,
  `failed_at` timestamp NOT NULL DEFAULT current_timestamp()
) ENGINE=InnoDB DEFAULT CHARSET=utf8mb4 COLLATE=utf8mb4_unicode_ci;

-- --------------------------------------------------------

--
-- Table structure for table `sp_funds`
--

CREATE TABLE `sp_funds` (
  `id` int(11) UNSIGNED NOT NULL,
  `user_id` int(11) UNSIGNED DEFAULT NULL,
  `gateway_id` int(11) UNSIGNED DEFAULT NULL,
  `gateway_currency` varchar(191) DEFAULT NULL,
  `amount` decimal(18,8) NOT NULL DEFAULT 0.00000000,
  `charge` decimal(18,8) NOT NULL DEFAULT 0.00000000,
  `rate` decimal(18,8) NOT NULL DEFAULT 0.00000000,
  `final_amount` decimal(18,8) NOT NULL DEFAULT 0.00000000,
  `btc_amount` decimal(18,8) DEFAULT NULL,
  `btc_wallet` varchar(191) DEFAULT NULL,
  `transaction` varchar(25) DEFAULT NULL,
  `try` int(11) DEFAULT NULL,
  `status` tinyint(4) NOT NULL DEFAULT 0 COMMENT '1=> Complete, 2=> Pending, 3 => Cancel',
  `detail` text DEFAULT NULL,
  `feedback` text DEFAULT NULL,
  `created_at` timestamp NULL DEFAULT NULL,
  `updated_at` timestamp NULL DEFAULT NULL
) ENGINE=InnoDB DEFAULT CHARSET=utf8mb4 COLLATE=utf8mb4_unicode_ci;

--
-- Dumping data for table `sp_funds`
--

INSERT INTO `sp_funds` (`id`, `user_id`, `gateway_id`, `gateway_currency`, `amount`, `charge`, `rate`, `final_amount`, `btc_amount`, `btc_wallet`, `transaction`, `try`, `status`, `detail`, `feedback`, `created_at`, `updated_at`) VALUES
(1, 1, 1, 'USD', 33.00000000, 0.83000000, 0.01200000, 0.40596000, 0.00000000, '', 'VZ82KQFC9QFU', 0, 0, NULL, NULL, '2022-12-21 11:58:35', '2022-12-21 11:58:35'),
(2, 400, 22, 'BTC', 333.00000000, 3.83000000, 0.00000000, 0.00000000, 0.00000000, '', '6P87HBFOORBZ', 0, 0, NULL, NULL, '2023-01-07 20:22:32', '2023-01-07 20:22:32'),
(3, 400, 1, 'USD', 333.00000000, 3.83000000, 0.01200000, 4.04196000, 0.00000000, '', 'C94FU4P9XBQ8', 0, 0, NULL, NULL, '2023-01-07 20:22:43', '2023-01-07 20:22:43'),
(4, 400, 4, 'USD', 100.00000000, 0.50000000, 1.00000000, 100.50000000, 0.00000000, '', 'B2RA3E27VD77', 0, 0, NULL, NULL, '2023-01-11 23:08:01', '2023-01-11 23:08:01'),
(5, 402, 2, 'USD', 50.00000000, 0.50000000, 1.00000000, 50.50000000, 0.00000000, '', 'ZTWQQCWK649X', 0, 0, NULL, NULL, '2023-01-16 00:40:58', '2023-01-16 00:40:58'),
(6, 402, 4, 'USD', 50.00000000, 0.50000000, 1.00000000, 50.50000000, 0.00000000, '', '1SHCNXXA5JD4', 0, 0, NULL, NULL, '2023-01-16 00:41:18', '2023-01-16 00:41:18'),
(7, 402, 13, 'USD', 50.00000000, 0.50000000, 1.00000000, 50.50000000, 0.00000000, '', '2TOXHMCR77B3', 0, 0, NULL, NULL, '2023-01-16 00:41:44', '2023-01-16 00:41:44'),
(8, 405, 21, 'BTC', 100.00000000, 0.50000000, 0.00004200, 0.00422100, 0.00000000, '', 'ECOK8C8N2B9R', 0, 0, NULL, NULL, '2023-01-23 18:19:37', '2023-01-23 18:19:37'),
(9, 410, 2, 'USD', 1000.00000000, 0.50000000, 0.27000000, 270.13500000, 0.00000000, '', 'GWB52916TGQT', 0, 1, NULL, NULL, '2023-01-26 18:05:17', '2023-01-26 18:12:46'),
(10, 410, 1001, 'AED', 222.00000000, 3.22000000, 1.00000000, 225.22000000, 0.00000000, '', 'A66GMB6ARDAP', 0, 2, '{\"ssss\":{\"field_name\":\"222\",\"type\":\"text\"}}', NULL, '2023-01-26 19:17:49', '2023-01-26 19:17:49'),
(11, 411, 1001, 'AED', 1000.00000000, 11.00000000, 1.00000000, 1011.00000000, 0.00000000, '', 'V2ENPXRQNBQY', 0, 2, '{\"ssss\":{\"field_name\":\"222\",\"type\":\"text\"}}', NULL, '2023-01-27 08:41:23', '2023-01-27 08:41:23'),
(12, 507, 19, 'USD', 20.00000000, 0.00000000, 1.00000000, 20.00000000, 0.00000000, '', '3C6D82GYMGNG', 0, 0, NULL, NULL, '2023-08-16 18:29:29', '2023-08-16 18:29:29'),
(13, 520, 19, 'USD', 20.00000000, 0.00000000, 1.00000000, 20.00000000, 0.00000000, '', 'SZJQ5CHRTVAY', 0, 0, NULL, NULL, '2023-08-17 19:15:43', '2023-08-17 19:15:43'),
(14, 521, 1, 'USD', 100.00000000, 1.50000000, 0.01200000, 1.21800000, 0.00000000, '', 'FYOSHGO2X7O5', 0, 0, NULL, NULL, '2023-08-20 12:39:43', '2023-08-20 12:39:43');

-- --------------------------------------------------------

--
-- Table structure for table `sp_game_categories`
--

CREATE TABLE `sp_game_categories` (
  `id` bigint(20) UNSIGNED NOT NULL,
  `name` varchar(255) NOT NULL,
  `icon` varchar(255) NOT NULL,
  `status` tinyint(1) NOT NULL DEFAULT 1 COMMENT '0=>deActive, 1=>Active',
  `created_at` timestamp NULL DEFAULT NULL,
  `updated_at` timestamp NULL DEFAULT NULL
) ENGINE=InnoDB DEFAULT CHARSET=utf8mb4 COLLATE=utf8mb4_unicode_ci;

--
-- Dumping data for table `sp_game_categories`
--

INSERT INTO `sp_game_categories` (`id`, `name`, `icon`, `status`, `created_at`, `updated_at`) VALUES
(1, 'Football', '<i class=\"far fa-futbol\" aria-hidden=\"true\"></i>', 1, '2022-12-21 12:03:02', '2022-12-21 12:03:12'),
(2, 'Basketball', '<i class=\"far fa-basketball-ball\" aria-hidden=\"true\"></i>', 1, '2023-02-15 04:56:40', '2023-02-15 04:56:40'),
(3, 'Boxing', '<i class=\"far fa-boxing-glove\" aria-hidden=\"true\"></i>', 1, '2023-08-16 21:52:29', '2023-08-16 21:52:40'),
(4, 'Horse Racing', '<i class=\"far fa-horse-head\" aria-hidden=\"true\"></i>', 1, '2023-08-16 21:53:03', '2023-08-16 21:53:03');

-- --------------------------------------------------------

--
-- Table structure for table `sp_game_matches`
--

CREATE TABLE `sp_game_matches` (
  `id` bigint(20) UNSIGNED NOT NULL,
  `category_id` bigint(20) UNSIGNED NOT NULL,
  `name` varchar(250) DEFAULT NULL,
  `tournament_id` bigint(20) UNSIGNED NOT NULL,
  `team1_id` bigint(20) UNSIGNED NOT NULL,
  `team2_id` bigint(20) UNSIGNED NOT NULL,
  `start_date` datetime DEFAULT NULL,
  `end_date` datetime DEFAULT NULL,
  `status` tinyint(4) NOT NULL DEFAULT 0 COMMENT '0=> deactive 1=>active, 2=>closed',
  `is_unlock` tinyint(1) NOT NULL DEFAULT 0 COMMENT '0=>unlock 1=>lock',
  `created_at` timestamp NULL DEFAULT NULL,
  `updated_at` timestamp NULL DEFAULT NULL
) ENGINE=InnoDB DEFAULT CHARSET=utf8mb4 COLLATE=utf8mb4_unicode_ci;

--
-- Dumping data for table `sp_game_matches`
--

INSERT INTO `sp_game_matches` (`id`, `category_id`, `name`, `tournament_id`, `team1_id`, `team2_id`, `start_date`, `end_date`, `status`, `is_unlock`, `created_at`, `updated_at`) VALUES
(18521092, 1, 'Nigeria vs Guinea-Bissau', 1118, 18737, 18880, '2023-03-21 21:32:05', '2023-03-24 09:00:00', 2, 0, '2023-03-22 04:32:05', '2023-03-24 16:00:01'),
(18521093, 1, 'Sierra Leone vs São Tomé and Príncipe', 1118, 18881, 27024, '2023-03-19 21:32:04', '2023-03-22 10:00:00', 2, 0, '2023-03-20 04:32:04', '2023-03-22 17:00:02'),
(18521094, 1, 'Guinea-Bissau vs Nigeria', 1118, 18880, 18737, '2023-03-24 21:32:05', '2023-03-27 09:00:00', 2, 0, '2023-03-25 04:32:05', '2023-03-27 16:00:02'),
(18521105, 1, 'Cape Verde Islands vs Swaziland', 1118, 18823, 18773, '2023-03-21 21:32:05', '2023-03-24 09:00:00', 2, 0, '2023-03-22 04:32:05', '2023-03-24 16:00:01'),
(18521122, 1, 'Namibia vs Kenya', 1118, 18741, 18835, '2023-03-24 21:32:05', '2023-03-27 15:00:00', 2, 0, '2023-03-25 04:32:05', '2023-03-27 22:00:02'),
(18521128, 1, 'Egypt vs Malawi', 1118, 18546, 18832, '2023-03-21 21:32:05', '2023-03-24 12:00:00', 2, 0, '2023-03-22 04:32:05', '2023-03-24 19:00:02'),
(18521131, 1, 'Ethiopia vs Guinea', 1118, 18886, 18548, '2023-03-24 21:32:05', '2023-03-27 12:00:00', 2, 0, '2023-03-25 04:32:05', '2023-03-27 19:00:02'),
(18521140, 1, 'Ghana vs Angola', 1118, 18553, 18561, '2023-03-20 21:32:03', '2023-03-23 09:00:00', 2, 0, '2023-03-21 04:32:03', '2023-03-23 16:00:01'),
(18521141, 1, 'Madagascar vs Central African Republic', 1118, 18828, 18787, '2023-03-20 21:32:03', '2023-03-23 06:00:00', 2, 0, '2023-03-21 04:32:03', '2023-03-23 13:00:02'),
(18521142, 1, 'Angola vs Ghana', 1118, 18561, 18553, '2023-03-24 21:32:05', '2023-03-27 09:00:00', 2, 0, '2023-03-25 04:32:05', '2023-03-27 16:00:02'),
(18521143, 1, 'Central African Republic vs Madagascar', 1118, 18787, 18828, '2023-03-24 21:32:05', '2023-03-27 06:00:00', 2, 0, '2023-03-25 04:32:05', '2023-03-27 13:00:01'),
(18521152, 1, 'Algeria vs Niger', 1118, 18620, 18920, '2023-03-20 21:32:03', '2023-03-23 14:00:00', 2, 0, '2023-03-21 04:32:03', '2023-03-23 21:00:02'),
(18521153, 1, 'Uganda vs Tanzania', 1118, 18830, 18831, '2023-03-21 21:32:05', '2023-03-24 07:00:00', 2, 0, '2023-03-22 04:32:05', '2023-03-24 14:00:02'),
(18521154, 1, 'Niger vs Algeria', 1118, 18920, 18620, '2023-03-24 21:32:05', '2023-03-27 09:00:00', 2, 0, '2023-03-25 04:32:05', '2023-03-27 16:00:02'),
(18521164, 1, 'Mali vs Gambia', 1118, 18731, 18700, '2023-03-21 21:32:05', '2023-03-24 12:00:00', 2, 0, '2023-03-22 04:32:05', '2023-03-24 19:00:02'),
(18521165, 1, 'Congo vs South Sudan', 1118, 18785, 27826, '2023-03-20 21:32:03', '2023-03-23 09:00:00', 2, 0, '2023-03-21 04:32:03', '2023-03-23 16:00:01'),
(18521167, 1, 'South Sudan vs Congo', 1118, 27826, 18785, '2023-03-24 21:32:05', '2023-03-27 06:00:00', 2, 0, '2023-03-25 04:32:05', '2023-03-27 13:00:01'),
(18521176, 1, 'Côte d\'Ivoire vs Comoros', 1118, 18560, 18948, '2023-03-21 21:32:05', '2023-03-24 09:00:00', 2, 0, '2023-03-22 04:32:05', '2023-03-24 16:00:01'),
(18521177, 1, 'Zambia vs Lesotho', 1118, 18776, 18772, '2023-03-20 21:32:03', '2023-03-23 09:00:00', 2, 0, '2023-03-21 04:32:03', '2023-03-23 16:00:01'),
(18521188, 1, 'Congo DR vs Mauritania', 1118, 18552, 18794, '2023-03-21 21:32:05', '2023-03-24 06:00:00', 2, 0, '2023-03-22 04:32:05', '2023-03-24 13:00:02'),
(18521189, 1, 'Gabon vs Sudan', 1118, 18789, 18829, '2023-03-20 21:32:03', '2023-03-23 12:00:00', 2, 0, '2023-03-21 04:32:03', '2023-03-23 19:00:01'),
(18521191, 1, 'Sudan vs Gabon', 1118, 18829, 18789, '2023-03-24 21:32:05', '2023-03-27 13:00:00', 2, 0, '2023-03-25 04:32:05', '2023-03-27 20:00:02'),
(18521213, 1, 'South Africa vs Liberia', 1118, 18555, 11392, '2023-03-21 21:32:05', '2023-03-24 09:00:00', 2, 0, '2023-03-22 04:32:05', '2023-03-24 16:00:01'),
(18521218, 1, 'Zimbabwe vs South Africa', 1118, 18547, 18555, '2023-03-24 21:32:05', '2023-03-27 15:00:00', 2, 0, '2023-03-25 04:32:05', '2023-03-27 22:00:02'),
(18521224, 1, 'Senegal vs Mozambique', 1118, 18558, 18826, '2023-03-21 21:32:05', '2023-03-24 12:00:00', 2, 0, '2023-03-22 04:32:05', '2023-03-24 19:00:02'),
(18521225, 1, 'Benin vs Rwanda', 1118, 18783, 18833, '2023-03-19 21:32:04', '2023-03-22 08:00:00', 2, 0, '2023-03-20 04:32:04', '2023-03-22 15:00:02'),
(18521227, 1, 'Rwanda vs Benin', 1118, 18833, 18783, '2023-03-24 21:32:05', '2023-03-27 06:00:00', 2, 0, '2023-03-25 04:32:05', '2023-03-27 13:00:01'),
(18529168, 1, 'Wisła Płock vs Warta Poznań', 453, 2778, 171, '2023-03-05 21:32:04', '2023-03-08 09:45:00', 2, 0, '2023-03-06 05:32:04', '2023-03-08 17:45:02'),
(18529178, 1, 'Cracovia Kraków vs Stal Mielec', 453, 1069, 7216, '2023-02-14 21:32:13', '2023-02-17 09:00:00', 2, 0, '2023-02-15 05:32:13', '2023-02-17 17:00:02'),
(18529184, 1, 'Radomiak Radom vs Jagiellonia Białystok', 453, 3191, 890, '2023-02-17 21:32:10', '2023-02-20 10:00:00', 2, 0, '2023-02-18 05:32:10', '2023-02-20 18:00:02'),
(18529186, 1, 'Widzew Lodz vs Śląsk Wrocław', 453, 8761, 3962, '2023-02-14 21:32:14', '2023-02-17 11:30:00', 2, 0, '2023-02-15 05:32:14', '2023-02-17 19:30:01'),
(18529189, 1, 'Zagłębie Lubin vs Miedź Legnica', 453, 1266, 244, '2023-02-24 21:32:10', '2023-02-27 10:00:00', 2, 0, '2023-02-25 05:32:10', '2023-02-27 18:00:02'),
(18529198, 1, 'Lech Poznań vs Lechia Gdańsk', 453, 302, 135, '2023-02-28 21:32:12', '2023-03-03 11:30:00', 2, 0, '2023-03-01 05:32:12', '2023-03-03 19:30:02'),
(18529202, 1, 'Radomiak Radom vs Zagłębie Lubin', 453, 3191, 1266, '2023-03-03 21:32:11', '2023-03-06 10:00:00', 2, 0, '2023-03-04 05:32:11', '2023-03-06 18:00:01'),
(18529203, 1, 'Stal Mielec vs Piast Gliwice', 453, 7216, 2482, '2023-02-28 21:32:12', '2023-03-03 09:00:00', 2, 0, '2023-03-01 05:32:12', '2023-03-03 17:00:01'),
(18529213, 1, 'Wisła Płock vs Widzew Lodz', 453, 2778, 8761, '2023-03-10 21:32:07', '2023-03-13 11:00:00', 2, 0, '2023-03-11 05:32:07', '2023-03-13 18:00:02'),
(18529225, 1, 'Zagłębie Lubin vs Warta Poznań', 453, 1266, 171, '2023-03-28 21:32:05', '2023-03-31 09:00:00', 2, 0, '2023-03-29 04:32:05', '2023-03-31 16:00:01'),
(18529230, 1, 'Stal Mielec vs Jagiellonia Białystok', 453, 7216, 890, '2023-03-31 21:32:07', '2023-04-03 10:00:00', 2, 0, '2023-04-01 04:32:07', '2023-04-03 17:00:02'),
(18529231, 1, 'Wisła Płock vs Radomiak Radom', 453, 2778, 3191, '2023-03-30 21:32:11', '2023-04-02 03:30:00', 2, 0, '2023-03-31 04:32:11', '2023-04-02 10:30:01'),
(18529232, 1, 'Jagiellonia Białystok vs Lechia Gdańsk', 453, 890, 135, '2023-04-07 21:32:11', '2023-04-10 06:00:00', 2, 0, '2023-04-08 04:32:11', '2023-04-10 13:00:02'),
(18529235, 1, 'Górnik Zabrze vs Korona Kielce', 453, 3781, 3260, '2023-04-03 21:32:07', '2023-04-06 11:30:00', 2, 0, '2023-04-04 04:32:07', '2023-04-06 18:30:02'),
(18529239, 1, 'Wisła Płock vs Zagłębie Lubin', 453, 2778, 1266, '2023-04-05 21:32:09', '2023-04-08 03:30:00', 2, 0, '2023-04-06 04:32:09', '2023-04-08 10:30:02'),
(18529240, 1, 'Śląsk Wrocław vs Piast Gliwice', 453, 3962, 2482, '2023-04-03 21:32:06', '2023-04-06 09:00:00', 2, 0, '2023-04-04 04:32:06', '2023-04-06 16:00:02'),
(18529242, 1, 'Piast Gliwice vs Wisła Płock', 453, 2482, 2778, '2023-04-13 21:32:13', '2023-04-16 03:30:00', 2, 0, '2023-04-14 04:32:13', '2023-04-16 10:30:01'),
(18529248, 1, 'Stal Mielec vs Miedź Legnica', 453, 7216, 244, '2023-04-14 21:32:07', '2023-04-17 10:00:00', 2, 0, '2023-04-15 04:32:07', '2023-04-17 17:00:01'),
(18529249, 1, 'Warta Poznań vs Śląsk Wrocław', 453, 171, 3962, '2023-04-11 21:32:07', '2023-04-14 09:00:00', 2, 0, '2023-04-12 04:32:07', '2023-04-14 16:00:02'),
(18530739, 1, 'Maccabi Tel Aviv vs Hapoel Be\'er Sheva', 372, 2997, 516, '2023-02-17 21:32:09', '2023-02-20 10:30:00', 2, 0, '2023-02-18 05:32:09', '2023-02-20 18:30:02'),
(18530743, 1, 'Hapoel Be\'er Sheva vs Maccabi Bnei Raina', 372, 516, 229320, '2023-02-24 21:32:09', '2023-02-27 10:00:00', 2, 0, '2023-02-25 05:32:09', '2023-02-27 18:00:02'),
(18530748, 1, 'Maccabi Haifa vs Hapoel Haifa', 372, 571, 2495, '2023-03-03 21:32:09', '2023-03-06 10:30:00', 2, 0, '2023-03-04 05:32:09', '2023-03-06 18:30:01'),
(18530761, 1, 'Hapoel Tel Aviv vs Maccabi Haifa', 372, 6963, 571, '2023-03-10 21:32:06', '2023-03-13 11:30:00', 2, 0, '2023-03-11 05:32:06', '2023-03-13 18:30:01'),
(18531230, 1, 'AaB vs AGF', 271, 1020, 2905, '2023-02-14 21:32:11', '2023-02-17 10:00:00', 2, 0, '2023-02-15 05:32:11', '2023-02-17 18:00:01'),
(18531233, 1, 'Viborg vs Midtjylland', 271, 2447, 939, '2023-02-17 21:32:07', '2023-02-20 10:00:00', 2, 0, '2023-02-18 05:32:07', '2023-02-20 18:00:02'),
(18531236, 1, 'Nordsjælland vs OB', 271, 2394, 1789, '2023-02-21 21:32:10', '2023-02-24 10:00:00', 2, 0, '2023-02-22 05:32:10', '2023-02-24 18:00:02'),
(18531238, 1, 'Midtjylland vs Brøndby', 271, 939, 293, '2023-02-24 21:32:08', '2023-02-27 10:00:00', 2, 0, '2023-02-25 05:32:08', '2023-02-27 18:00:02'),
(18531241, 1, 'AGF vs Horsens', 271, 2905, 211, '2023-02-28 21:32:09', '2023-03-03 10:00:00', 2, 0, '2023-03-01 05:32:09', '2023-03-03 18:00:01'),
(18531243, 1, 'AaB vs Midtjylland', 271, 1020, 939, '2023-03-03 21:32:07', '2023-03-06 10:00:00', 2, 0, '2023-03-04 05:32:07', '2023-03-06 18:00:01'),
(18531249, 1, 'Randers vs AGF', 271, 2356, 2905, '2023-03-10 21:32:05', '2023-03-13 11:00:00', 2, 0, '2023-03-11 05:32:05', '2023-03-13 18:00:02'),
(18531250, 1, 'OB vs AaB', 271, 1789, 1020, '2023-03-07 21:32:09', '2023-03-10 10:00:00', 2, 0, '2023-03-08 05:32:09', '2023-03-10 18:00:02'),
(18531344, 1, 'Istra 1961 vs Dinamo Zagreb', 244, 4504, 674, '2023-03-12 21:32:12', '2023-03-15 09:00:00', 2, 0, '2023-03-13 04:32:12', '2023-03-15 16:00:02'),
(18531394, 1, 'Slaven Koprivnica vs Šibenik', 244, 2500, 4237, '2023-02-14 21:32:10', '2023-02-17 08:00:00', 2, 0, '2023-02-15 05:32:10', '2023-02-17 16:00:02'),
(18531397, 1, 'Dinamo Zagreb vs Hajduk Split', 244, 674, 906, '2023-02-23 21:32:17', '2023-02-26 06:00:00', 2, 0, '2023-02-24 05:32:17', '2023-02-26 14:00:01'),
(18531399, 1, 'Šibenik vs Istra 1961', 244, 4237, 4504, '2023-02-21 21:32:10', '2023-02-24 08:00:00', 2, 0, '2023-02-22 05:32:10', '2023-02-24 16:00:02'),
(18531406, 1, 'Istra 1961 vs Rijeka', 244, 4504, 3358, '2023-02-28 21:32:09', '2023-03-03 08:00:00', 2, 0, '2023-03-01 05:32:09', '2023-03-03 16:00:02'),
(18531410, 1, 'Gorica vs Istra 1961', 244, 8082, 4504, '2023-03-07 21:32:09', '2023-03-10 08:00:00', 2, 0, '2023-03-08 05:32:09', '2023-03-10 16:00:01'),
(18531415, 1, 'Varaždin vs Gorica', 244, 7684, 8082, '2023-03-14 21:32:11', '2023-03-17 09:00:00', 2, 0, '2023-03-15 04:32:11', '2023-03-17 16:00:01'),
(18531421, 1, 'Slaven Koprivnica vs Istra 1961', 244, 2500, 4504, '2023-03-28 21:32:06', '2023-03-31 09:00:00', 2, 0, '2023-03-29 04:32:06', '2023-03-31 16:00:01'),
(18531430, 1, 'Šibenik vs Gorica', 244, 4237, 8082, '2023-04-11 21:32:06', '2023-04-14 09:00:00', 2, 0, '2023-04-12 04:32:06', '2023-04-14 16:00:02'),
(18531434, 1, 'Lokomotiva Zagreb vs Šibenik', 244, 5428, 4237, '2023-04-18 21:32:07', '2023-04-21 07:00:00', 2, 0, '2023-04-19 04:32:07', '2023-04-21 14:00:02'),
(18531803, 1, 'FC Helsingør vs HB Køge', 274, 8635, 6953, '2023-02-14 21:32:11', '2023-02-17 10:00:00', 2, 0, '2023-02-15 05:32:11', '2023-02-17 18:00:01'),
(18531808, 1, 'Fremad Amager vs Hobro', 274, 4016, 1703, '2023-02-21 21:32:11', '2023-02-24 09:30:00', 2, 0, '2023-02-22 05:32:11', '2023-02-24 17:30:02'),
(18531809, 1, 'HB Køge vs Vejle', 274, 6953, 7466, '2023-02-21 21:32:11', '2023-02-24 09:30:00', 2, 0, '2023-02-22 05:32:11', '2023-02-24 17:30:02'),
(18531811, 1, 'SønderjyskE vs Fredericia', 274, 390, 2933, '2023-02-21 21:32:11', '2023-02-24 10:00:00', 2, 0, '2023-02-22 05:32:11', '2023-02-24 18:00:02'),
(18531814, 1, 'Fredericia vs HB Køge', 274, 2933, 6953, '2023-02-28 21:32:10', '2023-03-03 09:30:00', 2, 0, '2023-03-01 05:32:10', '2023-03-03 17:30:02'),
(18531815, 1, 'FC Helsingør vs Hillerød', 274, 8635, 22608, '2023-02-28 21:32:10', '2023-03-03 10:00:00', 2, 0, '2023-03-01 05:32:10', '2023-03-03 18:00:01'),
(18531821, 1, 'Hobro vs Hvidovre', 274, 1703, 8657, '2023-03-07 21:32:09', '2023-03-10 09:30:00', 2, 0, '2023-03-08 05:32:09', '2023-03-10 17:30:01'),
(18534207, 1, 'RKC Waalwijk vs Go Ahead Eagles', 72, 814, 664, '2023-01-30 14:24:13', '2023-02-01 11:00:00', 2, 0, '2023-01-30 22:24:13', '2023-02-01 19:00:01'),
(18534230, 1, 'Fortuna Sittard vs Sparta Rotterdam', 72, 1459, 919, '2023-02-02 22:11:23', '2023-02-03 11:00:00', 2, 0, '2023-02-03 06:11:23', '2023-02-03 19:00:01'),
(18534231, 1, 'FC Volendam vs AZ', 72, 2396, 61, '2023-02-02 22:11:42', '2023-02-04 09:45:00', 2, 0, '2023-02-03 06:11:42', '2023-02-04 17:45:01'),
(18534232, 1, 'FC Emmen vs Vitesse', 72, 2475, 94, '2023-02-02 22:11:44', '2023-02-04 11:00:00', 2, 0, '2023-02-03 06:11:44', '2023-02-04 19:00:02'),
(18534233, 1, 'FC Utrecht vs SC Heerenveen', 72, 750, 1053, '2023-02-02 22:11:43', '2023-02-04 11:00:00', 2, 0, '2023-02-03 06:11:43', '2023-02-04 19:00:02'),
(18534234, 1, 'Excelsior vs RKC Waalwijk', 72, 1652, 814, '2023-02-02 22:11:44', '2023-02-04 12:00:00', 2, 0, '2023-02-03 06:11:44', '2023-02-04 20:00:02'),
(18534235, 1, 'SC Cambuur vs Ajax', 72, 1435, 629, '2023-02-05 15:41:23', '2023-02-05 03:15:00', 2, 0, '2023-02-05 23:41:23', '2023-02-05 23:42:01'),
(18534236, 1, 'Feyenoord vs PSV', 72, 73, 682, '2023-02-05 15:41:24', '2023-02-05 05:30:00', 2, 0, '2023-02-05 23:41:24', '2023-02-05 23:42:01'),
(18534237, 1, 'Go Ahead Eagles vs NEC', 72, 664, 494, '2023-02-05 15:41:25', '2023-02-05 05:30:00', 2, 0, '2023-02-05 23:41:25', '2023-02-05 23:42:01'),
(18534238, 1, 'FC Groningen vs FC Twente', 72, 2345, 593, '2023-02-05 15:41:26', '2023-02-05 07:45:00', 2, 0, '2023-02-05 23:41:26', '2023-02-05 23:42:01'),
(18534239, 1, 'Ajax vs RKC Waalwijk', 72, 629, 814, '2023-02-09 21:32:10', '2023-02-12 07:45:00', 2, 0, '2023-02-10 05:32:10', '2023-02-15 04:41:02'),
(18534240, 1, 'AZ vs Excelsior', 72, 61, 1652, '2023-02-07 21:32:03', '2023-02-10 11:00:00', 2, 0, '2023-02-08 05:32:03', '2023-02-10 19:00:02'),
(18534241, 1, 'FC Emmen vs Fortuna Sittard', 72, 2475, 1459, '2023-02-08 21:32:10', '2023-02-11 12:00:00', 2, 0, '2023-02-09 05:32:10', '2023-02-11 20:00:01'),
(18534242, 1, 'FC Twente vs FC Volendam', 72, 593, 2396, '2023-02-09 21:32:09', '2023-02-12 07:45:00', 2, 0, '2023-02-10 05:32:09', '2023-02-15 04:41:02'),
(18534243, 1, 'NEC vs SC Cambuur', 72, 494, 1435, '2023-02-08 21:32:09', '2023-02-11 09:45:00', 2, 0, '2023-02-09 05:32:09', '2023-02-11 17:45:02'),
(18534244, 1, 'PSV vs FC Groningen', 72, 682, 2345, '2023-02-08 21:32:10', '2023-02-11 11:00:00', 2, 0, '2023-02-09 05:32:10', '2023-02-11 19:00:02'),
(18534245, 1, 'SC Heerenveen vs Feyenoord', 72, 1053, 73, '2023-02-09 21:32:08', '2023-02-12 05:30:00', 2, 0, '2023-02-10 05:32:08', '2023-02-15 04:41:02'),
(18534246, 1, 'Sparta Rotterdam vs Go Ahead Eagles', 72, 919, 664, '2023-02-09 21:32:07', '2023-02-12 03:15:00', 2, 0, '2023-02-10 05:32:07', '2023-02-15 04:41:02'),
(18534247, 1, 'Vitesse vs FC Utrecht', 72, 94, 750, '2023-02-09 21:32:08', '2023-02-12 05:30:00', 2, 0, '2023-02-10 05:32:08', '2023-02-15 04:41:02'),
(18534248, 1, 'Ajax vs Sparta Rotterdam', 72, 629, 919, '2023-02-16 21:32:08', '2023-02-19 07:45:00', 2, 0, '2023-02-17 05:32:08', '2023-02-19 15:45:02'),
(18534249, 1, 'Excelsior vs NEC', 72, 1652, 494, '2023-02-16 21:32:09', '2023-02-19 11:00:00', 2, 0, '2023-02-17 05:32:09', '2023-02-19 19:00:01'),
(18534251, 1, 'FC Utrecht vs PSV', 72, 750, 682, '2023-02-16 21:32:07', '2023-02-19 05:30:00', 2, 0, '2023-02-17 05:32:07', '2023-02-19 13:30:03'),
(18534254, 1, 'Go Ahead Eagles vs FC Twente', 72, 664, 593, '2023-02-16 21:32:08', '2023-02-19 05:30:00', 2, 0, '2023-02-17 05:32:08', '2023-02-19 13:30:03'),
(18534255, 1, 'RKC Waalwijk vs Fortuna Sittard', 72, 814, 1459, '2023-02-14 21:32:05', '2023-02-17 11:00:00', 2, 0, '2023-02-15 05:32:05', '2023-02-17 19:00:01'),
(18534256, 1, 'SC Cambuur vs SC Heerenveen', 72, 1435, 1053, '2023-02-16 21:32:06', '2023-02-19 03:15:00', 2, 0, '2023-02-17 05:32:06', '2023-02-19 11:15:02'),
(18534258, 1, 'FC Emmen vs Go Ahead Eagles', 72, 2475, 664, '2023-02-23 21:32:06', '2023-02-26 05:30:00', 2, 0, '2023-02-24 05:32:06', '2023-02-26 13:30:01'),
(18534260, 1, 'Fortuna Sittard vs Feyenoord', 72, 1459, 73, '2023-02-23 21:32:05', '2023-02-26 03:15:00', 2, 0, '2023-02-24 05:32:05', '2023-02-26 11:15:01'),
(18534262, 1, 'PSV vs FC Twente', 72, 682, 593, '2023-02-23 21:32:07', '2023-02-26 07:45:00', 2, 0, '2023-02-24 05:32:07', '2023-02-26 15:45:01'),
(18534264, 1, 'Sparta Rotterdam vs FC Utrecht', 72, 919, 750, '2023-02-21 21:32:04', '2023-02-24 11:00:00', 2, 0, '2023-02-22 05:32:04', '2023-02-24 19:00:01'),
(18534265, 1, 'Vitesse vs Ajax', 72, 94, 629, '2023-02-23 21:32:06', '2023-02-26 05:30:00', 2, 0, '2023-02-24 05:32:06', '2023-02-26 13:30:01'),
(18534266, 1, 'Ajax vs NEC', 72, 629, 494, '2023-03-02 21:32:07', '2023-03-05 07:45:00', 2, 0, '2023-03-03 05:32:07', '2023-03-05 15:45:02'),
(18534267, 1, 'Excelsior vs Sparta Rotterdam', 72, 1652, 919, '2023-03-02 21:32:06', '2023-03-05 03:15:00', 2, 0, '2023-03-03 05:32:06', '2023-03-05 11:15:02'),
(18534269, 1, 'FC Utrecht vs Fortuna Sittard', 72, 750, 1459, '2023-02-28 21:32:04', '2023-03-03 11:00:00', 2, 0, '2023-03-01 05:32:04', '2023-03-03 19:00:02'),
(18534272, 1, 'RKC Waalwijk vs PSV', 72, 814, 682, '2023-03-02 21:32:07', '2023-03-05 05:30:00', 2, 0, '2023-03-03 05:32:07', '2023-03-05 13:30:01'),
(18534273, 1, 'SC Cambuur vs Go Ahead Eagles', 72, 1435, 664, '2023-03-02 21:32:08', '2023-03-05 11:00:00', 2, 0, '2023-03-03 05:32:08', '2023-03-05 19:00:02'),
(18534274, 1, 'Vitesse vs AZ', 72, 94, 61, '2023-02-28 21:32:05', '2023-03-03 11:00:00', 2, 0, '2023-03-01 05:32:05', '2023-03-03 19:00:02'),
(18534277, 1, 'Feyenoord vs FC Volendam', 72, 73, 2396, '2023-03-09 21:32:08', '2023-03-12 12:00:00', 2, 0, '2023-03-10 05:32:08', '2023-03-12 19:00:02'),
(18534279, 1, 'Go Ahead Eagles vs RKC Waalwijk', 72, 664, 814, '2023-04-16 21:32:10', '2023-04-19 09:45:00', 2, 0, '2023-04-17 04:32:10', '2023-04-19 16:45:02'),
(18534280, 1, 'NEC vs FC Utrecht', 72, 494, 750, '2023-03-09 21:32:07', '2023-03-12 04:15:00', 2, 0, '2023-03-10 05:32:07', '2023-03-12 11:15:02'),
(18534281, 1, 'PSV vs SC Cambuur', 72, 682, 1435, '2023-03-09 21:32:08', '2023-03-12 08:45:00', 2, 0, '2023-03-10 05:32:08', '2023-03-12 15:45:01'),
(18534282, 1, 'SC Heerenveen vs Ajax', 72, 1053, 629, '2023-03-09 21:32:07', '2023-03-12 06:30:00', 2, 0, '2023-03-10 05:32:07', '2023-03-12 13:30:01'),
(18534284, 1, 'Ajax vs Feyenoord', 72, 629, 73, '2023-03-16 21:32:10', '2023-03-19 06:30:00', 2, 0, '2023-03-17 04:32:10', '2023-03-19 13:30:01'),
(18534285, 1, 'Excelsior vs SC Cambuur', 72, 1652, 1435, '2023-03-16 21:32:09', '2023-03-19 06:30:00', 2, 0, '2023-03-17 04:32:09', '2023-03-19 13:30:01'),
(18534287, 1, 'FC Groningen vs SC Heerenveen', 72, 2345, 1053, '2023-03-16 21:32:08', '2023-03-19 04:15:00', 2, 0, '2023-03-17 04:32:08', '2023-03-19 11:15:01'),
(18534288, 1, 'FC Twente vs AZ', 72, 593, 61, '2023-03-16 21:32:11', '2023-03-19 12:00:00', 2, 0, '2023-03-17 04:32:11', '2023-03-19 19:00:02'),
(18534290, 1, 'FC Volendam vs Fortuna Sittard', 72, 2396, 1459, '2023-03-14 21:32:05', '2023-03-17 12:00:00', 2, 0, '2023-03-15 04:32:05', '2023-03-17 19:00:02'),
(18534292, 1, 'Vitesse vs PSV', 72, 94, 682, '2023-03-16 21:32:10', '2023-03-19 08:45:00', 2, 0, '2023-03-17 04:32:10', '2023-03-19 15:45:01'),
(18534297, 1, 'Go Ahead Eagles vs Ajax', 72, 664, 629, '2023-03-30 21:32:10', '2023-04-02 03:15:00', 2, 0, '2023-03-31 04:32:10', '2023-04-02 10:15:02'),
(18534316, 1, 'NEC vs Vitesse', 72, 494, 94, '2023-04-13 21:32:12', '2023-04-16 03:15:00', 2, 0, '2023-04-14 04:32:12', '2023-04-16 10:15:02'),
(18534621, 1, 'ADO Den Haag vs PEC Zwolle', 74, 1128, 1016, '2023-02-14 21:32:05', '2023-02-17 11:00:00', 2, 0, '2023-02-15 05:32:05', '2023-02-17 19:00:01'),
(18534622, 1, 'Almere City vs Helmond Sport', 74, 1433, 2460, '2023-02-14 21:32:06', '2023-02-17 11:00:00', 2, 0, '2023-02-15 05:32:06', '2023-02-17 19:00:01'),
(18534623, 1, 'FC Dordrecht vs VVV-Venlo', 74, 822, 2379, '2023-02-14 21:32:06', '2023-02-17 11:00:00', 2, 0, '2023-02-15 05:32:06', '2023-02-17 19:00:01'),
(18534624, 1, 'Heracles Almelo vs Willem II', 74, 1403, 669, '2023-02-14 21:32:07', '2023-02-17 11:00:00', 2, 0, '2023-02-15 05:32:07', '2023-02-17 19:00:01'),
(18534625, 1, 'Telstar vs Jong PSV', 74, 1550, 2971, '2023-02-14 21:32:06', '2023-02-17 11:00:00', 2, 0, '2023-02-15 05:32:06', '2023-02-17 19:00:01'),
(18534626, 1, 'TOP Oss vs FC Eindhoven', 74, 2360, 320, '2023-02-14 21:32:07', '2023-02-17 11:00:00', 2, 0, '2023-02-15 05:32:07', '2023-02-17 19:00:01'),
(18534627, 1, 'De Graafschap vs Roda JC Kerkrade', 74, 1073, 2344, '2023-02-16 21:32:10', '2023-02-19 03:15:00', 2, 0, '2023-02-17 05:32:10', '2023-02-19 11:15:02'),
(18534628, 1, 'Jong Ajax vs MVV Maastricht', 74, 2783, 1731, '2023-02-17 21:32:06', '2023-02-20 11:00:00', 2, 0, '2023-02-18 05:32:06', '2023-02-20 19:00:01'),
(18534629, 1, 'Jong AZ vs FC Den Bosch', 74, 3115, 2385, '2023-02-14 21:32:07', '2023-02-17 11:00:00', 2, 0, '2023-02-15 05:32:07', '2023-02-17 19:00:01'),
(18534630, 1, 'Jong Utrecht vs NAC Breda', 74, 2755, 637, '2023-02-17 21:32:06', '2023-02-20 11:00:00', 2, 0, '2023-02-18 05:32:06', '2023-02-20 19:00:01'),
(18534631, 1, 'FC Eindhoven vs De Graafschap', 74, 320, 1073, '2023-02-21 21:32:06', '2023-02-24 11:00:00', 2, 0, '2023-02-22 05:32:06', '2023-02-24 19:00:01'),
(18534632, 1, 'Helmond Sport vs Jong Utrecht', 74, 2460, 2755, '2023-02-21 21:32:06', '2023-02-24 11:00:00', 2, 0, '2023-02-22 05:32:06', '2023-02-24 19:00:01'),
(18534633, 1, 'Heracles Almelo vs Telstar', 74, 1403, 1550, '2023-02-21 21:32:05', '2023-02-24 11:00:00', 2, 0, '2023-02-22 05:32:05', '2023-02-24 19:00:01'),
(18534634, 1, 'NAC Breda vs FC Dordrecht', 74, 637, 822, '2023-02-21 21:32:06', '2023-02-24 11:00:00', 2, 0, '2023-02-22 05:32:06', '2023-02-24 19:00:01'),
(18534635, 1, 'Roda JC Kerkrade vs Almere City', 74, 2344, 1433, '2023-02-21 21:32:06', '2023-02-24 11:00:00', 2, 0, '2023-02-22 05:32:06', '2023-02-24 19:00:01'),
(18534636, 1, 'VVV-Venlo vs TOP Oss', 74, 2379, 2360, '2023-02-21 21:32:05', '2023-02-24 11:00:00', 2, 0, '2023-02-22 05:32:05', '2023-02-24 19:00:01'),
(18534637, 1, 'Willem II vs Jong Ajax', 74, 669, 2783, '2023-02-21 21:32:07', '2023-02-24 11:00:00', 2, 0, '2023-02-22 05:32:07', '2023-02-24 19:00:01'),
(18534638, 1, 'FC Den Bosch vs ADO Den Haag', 74, 2385, 1128, '2023-02-23 21:32:08', '2023-02-26 03:15:00', 2, 0, '2023-02-24 05:32:08', '2023-02-26 11:15:01'),
(18534639, 1, 'Jong PSV vs Jong AZ', 74, 2971, 3115, '2023-02-24 21:32:06', '2023-02-27 11:00:00', 2, 0, '2023-02-25 05:32:06', '2023-02-27 19:00:01'),
(18534640, 1, 'MVV Maastricht vs PEC Zwolle', 74, 1731, 1016, '2023-02-24 21:32:07', '2023-02-27 11:00:00', 2, 0, '2023-02-25 05:32:07', '2023-02-27 19:00:01'),
(18534641, 1, 'ADO Den Haag vs Heracles Almelo', 74, 1128, 1403, '2023-03-03 21:32:06', '2023-03-06 11:00:00', 2, 0, '2023-03-04 05:32:06', '2023-03-06 19:00:01'),
(18534642, 1, 'FC Dordrecht vs Almere City', 74, 822, 1433, '2023-02-28 21:32:06', '2023-03-03 11:00:00', 2, 0, '2023-03-01 05:32:06', '2023-03-03 19:00:02'),
(18534643, 1, 'De Graafschap vs Helmond Sport', 74, 1073, 2460, '2023-03-03 21:32:05', '2023-03-06 11:00:00', 2, 0, '2023-03-04 05:32:05', '2023-03-06 19:00:01'),
(18534644, 1, 'MVV Maastricht vs VVV-Venlo', 74, 1731, 2379, '2023-02-28 21:32:05', '2023-03-03 11:00:00', 2, 0, '2023-03-01 05:32:05', '2023-03-03 19:00:02'),
(18534645, 1, 'PEC Zwolle vs FC Den Bosch', 74, 1016, 2385, '2023-02-28 21:32:05', '2023-03-03 11:00:00', 2, 0, '2023-03-01 05:32:05', '2023-03-03 19:00:02'),
(18534646, 1, 'Telstar vs FC Eindhoven', 74, 1550, 320, '2023-02-28 21:32:06', '2023-03-03 11:00:00', 2, 0, '2023-03-01 05:32:06', '2023-03-03 19:00:02'),
(18534647, 1, 'Jong Ajax vs TOP Oss', 74, 2783, 2360, '2023-03-03 21:32:06', '2023-03-06 11:00:00', 2, 0, '2023-03-04 05:32:06', '2023-03-06 19:00:01'),
(18534648, 1, 'Jong AZ vs Willem II', 74, 3115, 669, '2023-03-03 21:32:06', '2023-03-06 11:00:00', 2, 0, '2023-03-04 05:32:06', '2023-03-06 19:00:01'),
(18534649, 1, 'Jong PSV vs NAC Breda', 74, 2971, 637, '2023-03-03 21:32:05', '2023-03-06 11:00:00', 2, 0, '2023-03-04 05:32:05', '2023-03-06 19:00:01'),
(18534650, 1, 'Jong Utrecht vs Roda JC Kerkrade', 74, 2755, 2344, '2023-03-03 21:32:05', '2023-03-06 11:00:00', 2, 0, '2023-03-04 05:32:05', '2023-03-06 19:00:01'),
(18534651, 1, 'Almere City vs Jong Utrecht', 74, 1433, 2755, '2023-03-31 21:32:10', '2023-04-03 11:00:00', 2, 0, '2023-04-01 04:32:10', '2023-04-03 18:00:02'),
(18534652, 1, 'FC Dordrecht vs De Graafschap', 74, 822, 1073, '2023-03-07 21:32:05', '2023-03-10 11:00:00', 2, 0, '2023-03-08 05:32:05', '2023-03-10 19:00:02'),
(18534653, 1, 'FC Eindhoven vs Jong Ajax', 74, 320, 2783, '2023-03-07 21:32:05', '2023-03-10 11:00:00', 2, 0, '2023-03-08 05:32:05', '2023-03-10 19:00:02'),
(18534654, 1, 'Helmond Sport vs Jong PSV', 74, 2460, 2971, '2023-03-07 21:32:04', '2023-03-10 11:00:00', 2, 0, '2023-03-08 05:32:04', '2023-03-10 19:00:02'),
(18534655, 1, 'Heracles Almelo vs Jong AZ', 74, 1403, 3115, '2023-03-07 21:32:04', '2023-03-10 11:00:00', 2, 0, '2023-03-08 05:32:04', '2023-03-10 19:00:02'),
(18534656, 1, 'NAC Breda vs MVV Maastricht', 74, 637, 1731, '2023-03-07 21:32:05', '2023-03-10 11:00:00', 2, 0, '2023-03-08 05:32:05', '2023-03-10 19:00:02'),
(18534657, 1, 'TOP Oss vs ADO Den Haag', 74, 2360, 1128, '2023-03-07 21:32:06', '2023-03-10 11:00:00', 2, 0, '2023-03-08 05:32:06', '2023-03-10 19:00:02'),
(18534658, 1, 'Roda JC Kerkrade vs Telstar', 74, 2344, 1550, '2023-03-07 21:32:06', '2023-03-10 11:00:00', 2, 0, '2023-03-08 05:32:06', '2023-03-10 19:00:02'),
(18534659, 1, 'VVV-Venlo vs FC Den Bosch', 74, 2379, 2385, '2023-03-07 21:32:06', '2023-03-10 11:00:00', 2, 0, '2023-03-08 05:32:06', '2023-03-10 19:00:02'),
(18534660, 1, 'Willem II vs PEC Zwolle', 74, 669, 1016, '2023-03-07 21:32:06', '2023-03-10 11:00:00', 2, 0, '2023-03-08 05:32:06', '2023-03-10 19:00:02'),
(18534661, 1, 'ADO Den Haag vs Willem II', 74, 1128, 669, '2023-03-14 21:32:08', '2023-03-17 12:00:00', 2, 0, '2023-03-15 04:32:08', '2023-03-17 19:00:02'),
(18534662, 1, 'FC Den Bosch vs FC Dordrecht', 74, 2385, 822, '2023-03-14 21:32:06', '2023-03-17 12:00:00', 2, 0, '2023-03-15 04:32:06', '2023-03-17 19:00:02'),
(18534663, 1, 'Helmond Sport vs Telstar', 74, 2460, 1550, '2023-03-14 21:32:06', '2023-03-17 12:00:00', 2, 0, '2023-03-15 04:32:06', '2023-03-17 19:00:02'),
(18534664, 1, 'MVV Maastricht vs Jong Utrecht', 74, 1731, 2755, '2023-03-14 21:32:07', '2023-03-17 12:00:00', 2, 0, '2023-03-15 04:32:07', '2023-03-17 19:00:02'),
(18534665, 1, 'TOP Oss vs Heracles Almelo', 74, 2360, 1403, '2023-03-14 21:32:07', '2023-03-17 12:00:00', 2, 0, '2023-03-15 04:32:07', '2023-03-17 19:00:02'),
(18534666, 1, 'PEC Zwolle vs NAC Breda', 74, 1016, 637, '2023-03-14 21:32:07', '2023-03-17 12:00:00', 2, 0, '2023-03-15 04:32:07', '2023-03-17 19:00:02'),
(18534667, 1, 'VVV-Venlo vs Roda JC Kerkrade', 74, 2379, 2344, '2023-03-16 21:32:12', '2023-03-19 04:15:00', 2, 0, '2023-03-17 04:32:12', '2023-03-19 11:15:01'),
(18534668, 1, 'Jong Ajax vs Almere City', 74, 2783, 1433, '2023-03-14 21:32:06', '2023-03-17 12:00:00', 2, 0, '2023-03-15 04:32:06', '2023-03-17 19:00:02'),
(18534669, 1, 'Jong AZ vs FC Eindhoven', 74, 3115, 320, '2023-03-14 21:32:07', '2023-03-17 12:00:00', 2, 0, '2023-03-15 04:32:07', '2023-03-17 19:00:02'),
(18534670, 1, 'Jong PSV vs De Graafschap', 74, 2971, 1073, '2023-03-14 21:32:06', '2023-03-17 12:00:00', 2, 0, '2023-03-15 04:32:06', '2023-03-17 19:00:02'),
(18534671, 1, 'FC Dordrecht vs Helmond Sport', 74, 822, 2460, '2023-03-23 21:32:06', '2023-03-26 05:30:00', 2, 0, '2023-03-24 04:32:06', '2023-03-26 12:30:02'),
(18534672, 1, 'Heracles Almelo vs FC Den Bosch', 74, 1403, 2385, '2023-03-23 21:32:06', '2023-03-26 05:30:00', 2, 0, '2023-03-24 04:32:06', '2023-03-26 12:30:02'),
(18534673, 1, 'Telstar vs TOP Oss', 74, 1550, 2360, '2023-03-23 21:32:06', '2023-03-26 05:30:00', 2, 0, '2023-03-24 04:32:06', '2023-03-26 12:30:02'),
(18534674, 1, 'Willem II vs MVV Maastricht', 74, 669, 1731, '2023-03-23 21:32:05', '2023-03-26 05:30:00', 2, 0, '2023-03-24 04:32:05', '2023-03-26 12:30:02'),
(18534675, 1, 'Almere City vs VVV-Venlo', 74, 1433, 2379, '2023-03-10 21:32:04', '2023-03-13 12:00:00', 2, 0, '2023-03-11 05:32:04', '2023-03-13 19:00:02'),
(18534676, 1, 'FC Eindhoven vs ADO Den Haag', 74, 320, 1128, '2023-03-10 21:32:04', '2023-03-13 12:00:00', 2, 0, '2023-03-11 05:32:04', '2023-03-13 19:00:02'),
(18534677, 1, 'De Graafschap vs PEC Zwolle', 74, 1073, 1016, '2023-03-10 21:32:04', '2023-03-13 12:00:00', 2, 0, '2023-03-11 05:32:04', '2023-03-13 19:00:02'),
(18534678, 1, 'NAC Breda vs Jong Ajax', 74, 637, 2783, '2023-03-10 21:32:04', '2023-03-13 12:00:00', 2, 0, '2023-03-11 05:32:04', '2023-03-13 19:00:02'),
(18534679, 1, 'Roda JC Kerkrade vs Jong AZ', 74, 2344, 3115, '2023-03-10 21:32:05', '2023-03-13 12:00:00', 2, 0, '2023-03-11 05:32:05', '2023-03-13 19:00:02'),
(18534680, 1, 'Jong Utrecht vs Jong PSV', 74, 2755, 2971, '2023-03-10 21:32:05', '2023-03-13 12:00:00', 2, 0, '2023-03-11 05:32:05', '2023-03-13 19:00:02'),
(18534682, 1, 'Heracles Almelo vs Almere City', 74, 1403, 1433, '2023-03-28 21:32:09', '2023-03-31 11:00:00', 2, 0, '2023-03-29 04:32:09', '2023-03-31 18:00:02'),
(18534683, 1, 'MVV Maastricht vs FC Eindhoven', 74, 1731, 320, '2023-03-28 21:32:09', '2023-03-31 11:00:00', 2, 0, '2023-03-29 04:32:09', '2023-03-31 18:00:02'),
(18534684, 1, 'TOP Oss vs Helmond Sport', 74, 2360, 2460, '2023-03-28 21:32:09', '2023-03-31 11:00:00', 2, 0, '2023-03-29 04:32:09', '2023-03-31 18:00:02'),
(18534685, 1, 'PEC Zwolle vs Jong Utrecht', 74, 1016, 2755, '2023-03-28 21:32:09', '2023-03-31 11:00:00', 2, 0, '2023-03-29 04:32:09', '2023-03-31 18:00:02'),
(18534687, 1, 'FC Den Bosch vs Willem II', 74, 2385, 669, '2023-03-30 21:32:11', '2023-04-02 03:15:00', 2, 0, '2023-03-31 04:32:11', '2023-04-02 10:15:02'),
(18534688, 1, 'Jong Ajax vs FC Dordrecht', 74, 2783, 822, '2023-03-31 21:32:10', '2023-04-03 11:00:00', 2, 0, '2023-04-01 04:32:10', '2023-04-03 18:00:02'),
(18534689, 1, 'Jong AZ vs De Graafschap', 74, 3115, 1073, '2023-03-31 21:32:10', '2023-04-03 11:00:00', 2, 0, '2023-04-01 04:32:10', '2023-04-03 18:00:02'),
(18534690, 1, 'Jong PSV vs Roda JC Kerkrade', 74, 2971, 2344, '2023-03-31 21:32:10', '2023-04-03 11:00:00', 2, 0, '2023-04-01 04:32:10', '2023-04-03 18:00:02'),
(18534708, 1, 'ADO Den Haag vs Almere City', 74, 1128, 1433, '2023-04-13 21:32:12', '2023-04-16 03:15:00', 2, 0, '2023-04-14 04:32:12', '2023-04-16 10:15:02'),
(18534709, 1, 'Jong Ajax vs Jong PSV', 74, 2783, 2971, '2023-04-14 21:32:09', '2023-04-17 11:00:00', 2, 0, '2023-04-15 04:32:09', '2023-04-17 18:00:02'),
(18534710, 1, 'Jong AZ vs Jong Utrecht', 74, 3115, 2755, '2023-04-14 21:32:09', '2023-04-17 11:00:00', 2, 0, '2023-04-15 04:32:09', '2023-04-17 18:00:02'),
(18535081, 1, 'AFC Bournemouth vs Brighton & Hove Albion', 8, 52, 78, '2023-04-01 21:32:07', '2023-04-04 11:45:00', 2, 0, '2023-04-02 04:32:07', '2023-04-04 18:45:01'),
(18535082, 1, 'Arsenal vs Everton', 8, 19, 13, '2023-02-26 21:32:05', '2023-03-01 11:45:00', 2, 0, '2023-02-27 05:32:05', '2023-03-01 19:45:02'),
(18535085, 1, 'Leeds United vs Nottingham Forest', 8, 71, 63, '2023-04-01 21:32:08', '2023-04-04 11:45:00', 2, 0, '2023-04-02 04:32:08', '2023-04-04 18:45:01'),
(18535086, 1, 'Leicester City vs Aston Villa', 8, 42, 15, '2023-04-01 21:32:06', '2023-04-04 11:45:00', 2, 0, '2023-04-02 04:32:06', '2023-04-04 18:45:01'),
(18535087, 1, 'Liverpool vs Wolverhampton Wanderers', 8, 8, 29, '2023-02-26 21:32:06', '2023-03-01 12:00:00', 2, 0, '2023-02-27 05:32:06', '2023-03-01 20:00:02'),
(18535089, 1, 'Southampton vs Brentford', 8, 65, 236, '2023-03-12 21:32:08', '2023-03-15 12:30:00', 2, 0, '2023-03-13 04:32:08', '2023-03-15 19:30:01'),
(18535181, 1, 'Aston Villa vs Leicester City', 8, 15, 42, '2023-02-02 22:11:38', '2023-02-04 07:00:00', 2, 0, '2023-02-03 06:11:38', '2023-02-04 15:00:01'),
(18535182, 1, 'Brentford vs Southampton', 8, 236, 65, '2023-02-02 22:11:39', '2023-02-04 07:00:00', 2, 0, '2023-02-03 06:11:39', '2023-02-04 15:00:01'),
(18535183, 1, 'Brighton & Hove Albion vs AFC Bournemouth', 8, 78, 52, '2023-02-02 22:11:40', '2023-02-04 07:00:00', 2, 0, '2023-02-03 06:11:40', '2023-02-04 15:00:01'),
(18535184, 1, 'Chelsea vs Fulham', 8, 18, 11, '2023-02-02 22:11:22', '2023-02-03 12:00:00', 2, 0, '2023-02-03 06:11:22', '2023-02-03 20:00:02'),
(18535185, 1, 'Everton vs Arsenal', 8, 13, 19, '2023-02-02 22:11:37', '2023-02-04 04:30:00', 2, 0, '2023-02-03 06:11:37', '2023-02-04 12:30:02'),
(18535186, 1, 'Manchester United vs Crystal Palace', 8, 14, 51, '2023-02-02 22:11:41', '2023-02-04 07:00:00', 2, 0, '2023-02-03 06:11:41', '2023-02-04 15:00:01'),
(18535187, 1, 'Newcastle United vs West Ham United', 8, 20, 1, '2023-02-02 22:11:41', '2023-02-04 09:30:00', 2, 0, '2023-02-03 06:11:41', '2023-02-04 17:30:01'),
(18535188, 1, 'Nottingham Forest vs Leeds United', 8, 63, 71, '2023-02-05 15:41:22', '2023-02-05 06:00:00', 2, 0, '2023-02-05 23:41:22', '2023-02-05 23:42:01'),
(18535189, 1, 'Tottenham Hotspur vs Manchester City', 8, 6, 9, '2023-02-05 15:41:22', '2023-02-05 08:30:00', 2, 0, '2023-02-05 23:41:22', '2023-02-05 23:42:01'),
(18535190, 1, 'Wolverhampton Wanderers vs Liverpool', 8, 29, 8, '2023-02-02 22:11:38', '2023-02-04 07:00:00', 2, 0, '2023-02-03 06:11:38', '2023-02-04 15:00:01'),
(18535191, 1, 'AFC Bournemouth vs Newcastle United', 8, 52, 20, '2023-02-08 21:32:08', '2023-02-11 09:30:00', 2, 0, '2023-02-09 05:32:08', '2023-02-11 17:30:02'),
(18535192, 1, 'Arsenal vs Brentford', 8, 19, 236, '2023-02-08 21:32:05', '2023-02-11 07:00:00', 2, 0, '2023-02-09 05:32:05', '2023-02-11 15:00:02'),
(18535193, 1, 'Crystal Palace vs Brighton & Hove Albion', 8, 51, 78, '2023-02-08 21:32:06', '2023-02-11 07:00:00', 2, 0, '2023-02-09 05:32:06', '2023-02-11 15:00:02'),
(18535194, 1, 'Fulham vs Nottingham Forest', 8, 11, 63, '2023-02-08 21:32:06', '2023-02-11 07:00:00', 2, 0, '2023-02-09 05:32:06', '2023-02-11 15:00:02'),
(18535195, 1, 'Leeds United vs Manchester United', 8, 71, 14, '2023-02-09 21:32:05', '2023-02-12 06:00:00', 2, 0, '2023-02-10 05:32:05', '2023-02-15 04:41:02'),
(18535196, 1, 'Leicester City vs Tottenham Hotspur', 8, 42, 6, '2023-02-08 21:32:07', '2023-02-11 07:00:00', 2, 0, '2023-02-09 05:32:07', '2023-02-11 15:00:02'),
(18535197, 1, 'Liverpool vs Everton', 8, 8, 13, '2023-02-10 21:32:03', '2023-02-13 12:00:00', 2, 0, '2023-02-11 05:32:03', '2023-02-15 04:41:02'),
(18535198, 1, 'Manchester City vs Aston Villa', 8, 9, 15, '2023-02-09 21:32:06', '2023-02-12 08:30:00', 2, 0, '2023-02-10 05:32:06', '2023-02-15 04:41:02'),
(18535199, 1, 'Southampton vs Wolverhampton Wanderers', 8, 65, 29, '2023-02-08 21:32:08', '2023-02-11 07:00:00', 2, 0, '2023-02-09 05:32:08', '2023-02-11 15:00:02'),
(18535200, 1, 'West Ham United vs Chelsea', 8, 1, 18, '2023-02-08 21:32:05', '2023-02-11 04:30:00', 2, 0, '2023-02-09 05:32:05', '2023-02-11 12:30:02'),
(18535263, 1, 'Brighton & Hove Albion vs Crystal Palace', 8, 78, 51, '2023-03-12 21:32:09', '2023-03-15 12:30:00', 2, 0, '2023-03-13 04:32:09', '2023-03-15 19:30:01'),
(18535264, 1, 'Chelsea vs Liverpool', 8, 18, 8, '2023-04-01 21:32:09', '2023-04-04 12:00:00', 2, 0, '2023-04-02 04:32:09', '2023-04-04 19:00:02'),
(18535266, 1, 'Manchester United vs Leeds United', 8, 14, 71, '2023-02-05 21:32:02', '2023-02-08 12:00:00', 2, 0, '2023-02-06 05:32:02', '2023-02-08 20:00:01'),
(18535272, 1, 'Arsenal vs Manchester City', 8, 19, 9, '2023-02-14 12:56:13', '2023-02-15 11:30:00', 2, 0, '2023-02-14 20:56:13', '2023-02-15 19:30:02'),
(18535311, 1, 'Aston Villa vs Arsenal', 8, 15, 19, '2023-02-15 21:32:04', '2023-02-18 04:30:00', 2, 0, '2023-02-16 05:32:04', '2023-02-18 12:30:01'),
(18535312, 1, 'Brentford vs Crystal Palace', 8, 236, 51, '2023-02-15 21:32:05', '2023-02-18 07:00:00', 2, 0, '2023-02-16 05:32:05', '2023-02-18 15:00:02'),
(18535313, 1, 'Brighton & Hove Albion vs Fulham', 8, 78, 11, '2023-02-15 21:32:06', '2023-02-18 07:00:00', 2, 0, '2023-02-16 05:32:06', '2023-02-18 15:00:02'),
(18535314, 1, 'Chelsea vs Southampton', 8, 18, 65, '2023-02-15 21:32:06', '2023-02-18 07:00:00', 2, 0, '2023-02-16 05:32:06', '2023-02-18 15:00:02'),
(18535315, 1, 'Everton vs Leeds United', 8, 13, 71, '2023-02-15 21:32:07', '2023-02-18 07:00:00', 2, 0, '2023-02-16 05:32:07', '2023-02-18 15:00:02'),
(18535316, 1, 'Manchester United vs Leicester City', 8, 14, 42, '2023-02-16 21:32:05', '2023-02-19 06:00:00', 2, 0, '2023-02-17 05:32:05', '2023-02-19 14:00:01'),
(18535317, 1, 'Newcastle United vs Liverpool', 8, 20, 8, '2023-02-15 21:32:09', '2023-02-18 09:30:00', 2, 0, '2023-02-16 05:32:09', '2023-02-18 17:30:01'),
(18535318, 1, 'Nottingham Forest vs Manchester City', 8, 63, 9, '2023-02-15 21:32:08', '2023-02-18 07:00:00', 2, 0, '2023-02-16 05:32:08', '2023-02-18 15:00:02'),
(18535319, 1, 'Tottenham Hotspur vs West Ham United', 8, 6, 1, '2023-02-16 21:32:06', '2023-02-19 08:30:00', 2, 0, '2023-02-17 05:32:06', '2023-02-19 16:30:02'),
(18535320, 1, 'Wolverhampton Wanderers vs AFC Bournemouth', 8, 29, 52, '2023-02-15 21:32:09', '2023-02-18 07:00:00', 2, 0, '2023-02-16 05:32:09', '2023-02-18 15:00:02'),
(18535321, 1, 'AFC Bournemouth vs Manchester City', 8, 52, 9, '2023-02-22 21:32:08', '2023-02-25 09:30:00', 2, 0, '2023-02-23 05:32:08', '2023-02-25 17:30:01'),
(18535322, 1, 'Crystal Palace vs Liverpool', 8, 51, 8, '2023-02-22 21:32:08', '2023-02-25 11:45:00', 2, 0, '2023-02-23 05:32:08', '2023-02-25 19:45:02'),
(18535323, 1, 'Everton vs Aston Villa', 8, 13, 15, '2023-02-22 21:32:07', '2023-02-25 07:00:00', 2, 0, '2023-02-23 05:32:07', '2023-02-25 15:00:01'),
(18535324, 1, 'Fulham vs Wolverhampton Wanderers', 8, 11, 29, '2023-02-21 21:32:04', '2023-02-24 12:00:00', 2, 0, '2023-02-22 05:32:04', '2023-02-24 20:00:02'),
(18535325, 1, 'Leeds United vs Southampton', 8, 71, 65, '2023-02-22 21:32:05', '2023-02-25 07:00:00', 2, 0, '2023-02-23 05:32:05', '2023-02-25 15:00:01'),
(18535326, 1, 'Leicester City vs Arsenal', 8, 42, 19, '2023-02-22 21:32:06', '2023-02-25 07:00:00', 2, 0, '2023-02-23 05:32:06', '2023-02-25 15:00:01'),
(18535328, 1, 'Newcastle United vs Brighton & Hove Albion', 8, 20, 78, '2023-02-21 21:32:04', '2023-02-24 15:00:00', 2, 0, '2023-02-22 05:32:04', '2023-02-24 23:00:01'),
(18535329, 1, 'Tottenham Hotspur vs Chelsea', 8, 6, 18, '2023-02-23 21:32:04', '2023-02-26 05:30:00', 2, 0, '2023-02-24 05:32:04', '2023-02-26 13:30:01'),
(18535330, 1, 'West Ham United vs Nottingham Forest', 8, 1, 63, '2023-02-22 21:32:06', '2023-02-25 07:00:00', 2, 0, '2023-02-23 05:32:06', '2023-02-25 15:00:01'),
(18535331, 1, 'Arsenal vs AFC Bournemouth', 8, 19, 52, '2023-03-01 21:32:06', '2023-03-04 07:00:00', 2, 0, '2023-03-02 05:32:06', '2023-03-04 15:00:01'),
(18535332, 1, 'Aston Villa vs Crystal Palace', 8, 15, 51, '2023-03-01 21:32:07', '2023-03-04 07:00:00', 2, 0, '2023-03-02 05:32:07', '2023-03-04 15:00:01'),
(18535333, 1, 'Brentford vs Fulham', 8, 236, 11, '2023-03-03 21:32:04', '2023-03-06 12:00:00', 2, 0, '2023-03-04 05:32:04', '2023-03-06 20:00:01'),
(18535334, 1, 'Brighton & Hove Albion vs West Ham United', 8, 78, 1, '2023-03-01 21:32:06', '2023-03-04 07:00:00', 2, 0, '2023-03-02 05:32:06', '2023-03-04 15:00:01'),
(18535335, 1, 'Chelsea vs Leeds United', 8, 18, 71, '2023-03-01 21:32:07', '2023-03-04 07:00:00', 2, 0, '2023-03-02 05:32:07', '2023-03-04 15:00:01'),
(18535336, 1, 'Liverpool vs Manchester United', 8, 8, 14, '2023-03-02 21:32:05', '2023-03-05 08:30:00', 2, 0, '2023-03-03 05:32:05', '2023-03-05 16:30:02'),
(18535337, 1, 'Manchester City vs Newcastle United', 8, 9, 20, '2023-03-01 21:32:05', '2023-03-04 04:30:00', 2, 0, '2023-03-02 05:32:05', '2023-03-04 12:30:02'),
(18535338, 1, 'Nottingham Forest vs Everton', 8, 63, 13, '2023-03-02 21:32:05', '2023-03-05 06:00:00', 2, 0, '2023-03-03 05:32:05', '2023-03-05 14:00:02'),
(18535339, 1, 'Southampton vs Leicester City', 8, 65, 42, '2023-03-01 21:32:09', '2023-03-04 09:30:00', 2, 0, '2023-03-02 05:32:09', '2023-03-04 17:30:02'),
(18535340, 1, 'Wolverhampton Wanderers vs Tottenham Hotspur', 8, 29, 6, '2023-03-01 21:32:08', '2023-03-04 07:00:00', 2, 0, '2023-03-02 05:32:08', '2023-03-04 15:00:01'),
(18535341, 1, 'AFC Bournemouth vs Liverpool', 8, 52, 8, '2023-03-08 21:32:04', '2023-03-11 04:30:00', 2, 0, '2023-03-09 05:32:04', '2023-03-11 12:30:01'),
(18535342, 1, 'Crystal Palace vs Manchester City', 8, 51, 9, '2023-03-08 21:32:07', '2023-03-11 09:30:00', 2, 0, '2023-03-09 05:32:07', '2023-03-11 17:30:01'),
(18535343, 1, 'Everton vs Brentford', 8, 13, 236, '2023-03-08 21:32:05', '2023-03-11 07:00:00', 2, 0, '2023-03-09 05:32:05', '2023-03-11 15:00:02'),
(18535344, 1, 'Fulham vs Arsenal', 8, 11, 19, '2023-03-09 21:32:05', '2023-03-12 07:00:00', 2, 0, '2023-03-10 05:32:05', '2023-03-12 14:00:02'),
(18535345, 1, 'Leeds United vs Brighton & Hove Albion', 8, 71, 78, '2023-03-08 21:32:05', '2023-03-11 07:00:00', 2, 0, '2023-03-09 05:32:05', '2023-03-11 15:00:02'),
(18535346, 1, 'Leicester City vs Chelsea', 8, 42, 18, '2023-03-08 21:32:04', '2023-03-11 07:00:00', 2, 0, '2023-03-09 05:32:04', '2023-03-11 15:00:02'),
(18535347, 1, 'Manchester United vs Southampton', 8, 14, 65, '2023-03-09 21:32:04', '2023-03-12 07:00:00', 2, 0, '2023-03-10 05:32:04', '2023-03-12 14:00:02'),
(18535348, 1, 'Newcastle United vs Wolverhampton Wanderers', 8, 20, 29, '2023-03-09 21:32:05', '2023-03-12 09:30:00', 2, 0, '2023-03-10 05:32:05', '2023-03-12 16:30:02'),
(18535349, 1, 'Tottenham Hotspur vs Nottingham Forest', 8, 6, 63, '2023-03-08 21:32:06', '2023-03-11 07:00:00', 2, 0, '2023-03-09 05:32:06', '2023-03-11 15:00:02'),
(18535350, 1, 'West Ham United vs Aston Villa', 8, 1, 15, '2023-03-09 21:32:04', '2023-03-12 07:00:00', 2, 0, '2023-03-10 05:32:04', '2023-03-12 14:00:02'),
(18535351, 1, 'Arsenal vs Crystal Palace', 8, 19, 51, '2023-03-16 21:32:05', '2023-03-19 07:00:00', 2, 0, '2023-03-17 04:32:05', '2023-03-19 14:00:02'),
(18535352, 1, 'Aston Villa vs AFC Bournemouth', 8, 15, 52, '2023-03-15 21:32:04', '2023-03-18 08:00:00', 2, 0, '2023-03-16 04:32:04', '2023-03-18 15:00:01'),
(18535353, 1, 'Brentford vs Leicester City', 8, 236, 42, '2023-03-15 21:32:05', '2023-03-18 08:00:00', 2, 0, '2023-03-16 04:32:05', '2023-03-18 15:00:01'),
(18535354, 1, 'Brighton & Hove Albion vs Manchester United', 8, 78, 14, '2023-03-15 21:32:07', '2023-03-18 16:00:00', 2, 0, '2023-03-16 04:32:07', '2023-03-18 23:00:02'),
(18535355, 1, 'Chelsea vs Everton', 8, 18, 13, '2023-03-15 21:32:07', '2023-03-18 10:30:00', 2, 0, '2023-03-16 04:32:07', '2023-03-18 17:30:02'),
(18535356, 1, 'Liverpool vs Fulham', 8, 8, 11, '2023-03-14 21:32:05', '2023-03-17 16:00:00', 2, 0, '2023-03-15 04:32:05', '2023-03-17 23:00:02'),
(18535357, 1, 'Manchester City vs West Ham United', 8, 9, 1, '2023-03-15 21:32:07', '2023-03-18 16:00:00', 2, 0, '2023-03-16 04:32:07', '2023-03-18 23:00:02'),
(18535358, 1, 'Nottingham Forest vs Newcastle United', 8, 63, 20, '2023-03-14 21:32:05', '2023-03-17 13:00:00', 2, 0, '2023-03-15 04:32:05', '2023-03-17 20:00:01'),
(18535359, 1, 'Southampton vs Tottenham Hotspur', 8, 65, 6, '2023-03-15 21:32:05', '2023-03-18 08:00:00', 2, 0, '2023-03-16 04:32:05', '2023-03-18 15:00:01'),
(18535360, 1, 'Wolverhampton Wanderers vs Leeds United', 8, 29, 71, '2023-03-15 21:32:06', '2023-03-18 08:00:00', 2, 0, '2023-03-16 04:32:06', '2023-03-18 15:00:01'),
(18535396, 1, 'Fulham vs Leeds United', 8, 11, 71, '2023-04-19 21:32:11', '2023-04-22 04:30:00', 2, 0, '2023-04-20 04:32:11', '2023-04-22 11:30:01'),
(18535585, 1, 'Livingston vs Dundee United', 501, 258, 282, '2023-03-05 21:32:05', '2023-03-08 11:45:00', 2, 0, '2023-03-06 05:32:05', '2023-03-08 19:45:01'),
(18535586, 1, 'Motherwell vs St. Mirren', 501, 309, 496, '2023-02-14 12:56:17', '2023-02-15 11:45:00', 2, 0, '2023-02-14 20:56:17', '2023-02-15 19:45:01'),
(18536530, 1, 'Hamburger SV vs DSC Arminia Bielefeld', 85, 2708, 2927, '2023-02-16 21:32:12', '2023-02-19 04:30:00', 2, 0, '2023-02-17 05:32:12', '2023-02-19 12:30:01'),
(18536531, 1, 'Heidenheim vs Nürnberg', 85, 2831, 956, '2023-02-16 21:32:13', '2023-02-19 04:30:00', 2, 0, '2023-02-17 05:32:13', '2023-02-19 12:30:01'),
(18536532, 1, 'Paderborn vs Kaiserslautern', 85, 2642, 1638, '2023-02-14 21:32:08', '2023-02-17 09:30:00', 2, 0, '2023-02-15 05:32:08', '2023-02-17 17:30:01'),
(18536534, 1, 'Sandhausen vs Karlsruher SC', 85, 3510, 3114, '2023-02-16 21:32:13', '2023-02-19 04:30:00', 2, 0, '2023-02-17 05:32:13', '2023-02-19 12:30:01'),
(18536537, 1, 'Eintracht Braunschweig vs Holstein Kiel', 85, 3565, 3611, '2023-02-14 21:32:09', '2023-02-17 09:30:00', 2, 0, '2023-02-15 05:32:09', '2023-02-17 17:30:01'),
(18536538, 1, 'DSC Arminia Bielefeld vs Heidenheim', 85, 2927, 2831, '2023-02-23 21:32:09', '2023-02-26 04:30:00', 2, 0, '2023-02-24 05:32:09', '2023-02-26 12:30:01'),
(18536540, 1, 'St. Pauli vs Hansa Rostock', 85, 353, 575, '2023-02-23 21:32:10', '2023-02-26 04:30:00', 2, 0, '2023-02-24 05:32:10', '2023-02-26 12:30:01'),
(18536543, 1, 'Fortuna Düsseldorf vs Eintracht Braunschweig', 85, 1092, 3565, '2023-02-21 21:32:08', '2023-02-24 09:30:00', 2, 0, '2023-02-22 05:32:08', '2023-02-24 17:30:02'),
(18536544, 1, 'Hannover 96 vs Magdeburg', 85, 2554, 3527, '2023-02-23 21:32:10', '2023-02-26 04:30:00', 2, 0, '2023-02-24 05:32:10', '2023-02-26 12:30:01'),
(18536545, 1, 'Karlsruher SC vs Jahn Regensburg', 85, 3114, 3463, '2023-02-21 21:32:08', '2023-02-24 09:30:00', 2, 0, '2023-02-22 05:32:08', '2023-02-24 17:30:02'),
(18536547, 1, 'SpVgg Greuther Fürth vs Hannover 96', 85, 3431, 2554, '2023-03-02 21:32:11', '2023-03-05 04:30:00', 2, 0, '2023-03-03 05:32:11', '2023-03-05 12:30:01'),
(18536550, 1, 'Paderborn vs St. Pauli', 85, 2642, 353, '2023-02-28 21:32:07', '2023-03-03 09:30:00', 2, 0, '2023-03-01 05:32:07', '2023-03-03 17:30:02'),
(18536551, 1, 'Hansa Rostock vs Karlsruher SC', 85, 575, 3114, '2023-03-02 21:32:10', '2023-03-05 04:30:00', 2, 0, '2023-03-03 05:32:10', '2023-03-05 12:30:01'),
(18536554, 1, 'Magdeburg vs Kaiserslautern', 85, 3527, 1638, '2023-02-28 21:32:07', '2023-03-03 09:30:00', 2, 0, '2023-03-01 05:32:07', '2023-03-03 17:30:02'),
(18536555, 1, 'Eintracht Braunschweig vs DSC Arminia Bielefeld', 85, 3565, 2927, '2023-03-02 21:32:10', '2023-03-05 04:30:00', 2, 0, '2023-03-03 05:32:10', '2023-03-05 12:30:01'),
(18536558, 1, 'Nürnberg vs Eintracht Braunschweig', 85, 956, 3565, '2023-03-07 21:32:07', '2023-03-10 09:30:00', 2, 0, '2023-03-08 05:32:07', '2023-03-10 17:30:01'),
(18536559, 1, 'Holstein Kiel vs Jahn Regensburg', 85, 3611, 3463, '2023-03-09 21:32:11', '2023-03-12 05:30:00', 2, 0, '2023-03-10 05:32:11', '2023-03-12 12:30:01'),
(18536561, 1, 'Hannover 96 vs Hansa Rostock', 85, 2554, 575, '2023-03-09 21:32:11', '2023-03-12 05:30:00', 2, 0, '2023-03-10 05:32:11', '2023-03-12 12:30:01'),
(18536562, 1, 'Karlsruher SC vs Hamburger SV', 85, 3114, 2708, '2023-03-09 21:32:12', '2023-03-12 05:30:00', 2, 0, '2023-03-10 05:32:12', '2023-03-12 12:30:01'),
(18536564, 1, 'Kaiserslautern vs Sandhausen', 85, 1638, 3510, '2023-03-07 21:32:07', '2023-03-10 09:30:00', 2, 0, '2023-03-08 05:32:07', '2023-03-10 17:30:01'),
(18536565, 1, 'DSC Arminia Bielefeld vs Nürnberg', 85, 2927, 956, '2023-03-14 21:32:08', '2023-03-17 10:30:00', 2, 0, '2023-03-15 04:32:08', '2023-03-17 17:30:02'),
(18536569, 1, 'Heidenheim vs Karlsruher SC', 85, 2831, 3114, '2023-03-14 21:32:09', '2023-03-17 10:30:00', 2, 0, '2023-03-15 04:32:09', '2023-03-17 17:30:02'),
(18536570, 1, 'Hansa Rostock vs Fortuna Düsseldorf', 85, 575, 1092, '2023-03-16 21:32:14', '2023-03-19 05:30:00', 2, 0, '2023-03-17 04:32:14', '2023-03-19 12:30:02'),
(18536571, 1, 'Sandhausen vs St. Pauli', 85, 3510, 353, '2023-03-16 21:32:14', '2023-03-19 05:30:00', 2, 0, '2023-03-17 04:32:14', '2023-03-19 12:30:02'),
(18536573, 1, 'Eintracht Braunschweig vs Hannover 96', 85, 3565, 2554, '2023-03-16 21:32:13', '2023-03-19 05:30:00', 2, 0, '2023-03-17 04:32:13', '2023-03-19 12:30:02'),
(18536576, 1, 'Nürnberg vs Darmstadt 98', 85, 956, 482, '2023-03-28 21:32:07', '2023-03-31 09:30:00', 2, 0, '2023-03-29 04:32:07', '2023-03-31 16:30:02'),
(18536578, 1, 'Fortuna Düsseldorf vs Hamburger SV', 85, 1092, 2708, '2023-03-28 21:32:06', '2023-03-31 09:30:00', 2, 0, '2023-03-29 04:32:06', '2023-03-31 16:30:02'),
(18536584, 1, 'Hamburger SV vs Hannover 96', 85, 2708, 2554, '2023-04-05 21:32:09', '2023-04-08 04:00:00', 2, 0, '2023-04-06 04:32:09', '2023-04-08 11:00:01'),
(18536587, 1, 'Nürnberg vs Karlsruher SC', 85, 956, 3114, '2023-04-05 21:32:09', '2023-04-08 04:00:00', 2, 0, '2023-04-06 04:32:09', '2023-04-08 11:00:01'),
(18536591, 1, 'Eintracht Braunschweig vs Kaiserslautern', 85, 3565, 1638, '2023-04-05 21:32:10', '2023-04-08 04:00:00', 2, 0, '2023-04-06 04:32:10', '2023-04-08 11:00:01'),
(18536601, 1, 'DSC Arminia Bielefeld vs Hannover 96', 85, 2927, 2554, '2023-04-19 21:32:11', '2023-04-22 04:00:00', 2, 0, '2023-04-20 04:32:11', '2023-04-22 11:00:02'),
(18536605, 1, 'Nürnberg vs Fortuna Düsseldorf', 85, 956, 1092, '2023-04-19 21:32:10', '2023-04-22 04:00:00', 2, 0, '2023-04-20 04:32:10', '2023-04-22 11:00:02'),
(18536606, 1, 'Hansa Rostock vs SpVgg Greuther Fürth', 85, 575, 3431, '2023-04-19 21:32:10', '2023-04-22 04:00:00', 2, 0, '2023-04-20 04:32:10', '2023-04-22 11:00:02'),
(18536817, 1, 'Borussia Dortmund vs SC Freiburg', 82, 68, 3543, '2023-02-02 22:11:45', '2023-02-04 06:30:00', 2, 0, '2023-02-03 06:11:45', '2023-02-04 14:30:02'),
(18536818, 1, 'FC Union Berlin vs FSV Mainz 05', 82, 1079, 794, '2023-02-02 22:11:47', '2023-02-04 06:30:00', 2, 0, '2023-02-03 06:11:47', '2023-02-04 14:30:02'),
(18536819, 1, 'FC Köln vs RB Leipzig', 82, 3320, 277, '2023-02-02 22:11:48', '2023-02-04 06:30:00', 2, 0, '2023-02-03 06:11:48', '2023-02-04 14:30:02'),
(18536820, 1, 'Borussia Mönchengladbach vs Schalke 04', 82, 683, 67, '2023-02-02 22:11:48', '2023-02-04 09:30:00', 2, 0, '2023-02-03 06:11:48', '2023-02-04 17:30:01'),
(18536821, 1, 'Eintracht Frankfurt vs Hertha BSC', 82, 366, 3317, '2023-02-02 22:11:46', '2023-02-04 06:30:00', 2, 0, '2023-02-03 06:11:46', '2023-02-04 14:30:02'),
(18536822, 1, 'VfL Wolfsburg vs FC Bayern München', 82, 510, 503, '2023-02-05 15:41:27', '2023-02-05 08:30:00', 2, 0, '2023-02-05 23:41:27', '2023-02-05 23:42:01'),
(18536823, 1, 'VfL Bochum 1848 vs TSG Hoffenheim', 82, 999, 2726, '2023-02-02 22:11:46', '2023-02-04 06:30:00', 2, 0, '2023-02-03 06:11:46', '2023-02-04 14:30:02'),
(18536824, 1, 'FC Augsburg vs Bayer 04 Leverkusen', 82, 90, 3321, '2023-02-02 22:11:23', '2023-02-03 11:30:00', 2, 0, '2023-02-03 06:11:23', '2023-02-03 19:30:02');
INSERT INTO `sp_game_matches` (`id`, `category_id`, `name`, `tournament_id`, `team1_id`, `team2_id`, `start_date`, `end_date`, `status`, `is_unlock`, `created_at`, `updated_at`) VALUES
(18536825, 1, 'VfB Stuttgart vs Werder Bremen', 82, 3319, 82, '2023-02-05 15:41:26', '2023-02-05 06:30:00', 2, 0, '2023-02-05 23:41:26', '2023-02-05 23:42:01'),
(18536826, 1, 'FC Bayern München vs VfL Bochum 1848', 82, 503, 999, '2023-02-08 21:32:11', '2023-02-11 06:30:00', 2, 0, '2023-02-09 05:32:11', '2023-02-11 14:30:02'),
(18536827, 1, 'RB Leipzig vs FC Union Berlin', 82, 277, 1079, '2023-02-08 21:32:14', '2023-02-11 09:30:00', 2, 0, '2023-02-09 05:32:14', '2023-02-11 17:30:02'),
(18536828, 1, 'SC Freiburg vs VfB Stuttgart', 82, 3543, 3319, '2023-02-08 21:32:12', '2023-02-11 06:30:00', 2, 0, '2023-02-09 05:32:12', '2023-02-11 14:30:02'),
(18536829, 1, 'FC Köln vs Eintracht Frankfurt', 82, 3320, 366, '2023-02-09 21:32:11', '2023-02-12 08:30:00', 2, 0, '2023-02-10 05:32:11', '2023-02-15 04:41:02'),
(18536830, 1, 'FSV Mainz 05 vs FC Augsburg', 82, 794, 90, '2023-02-08 21:32:11', '2023-02-11 06:30:00', 2, 0, '2023-02-09 05:32:11', '2023-02-11 14:30:02'),
(18536831, 1, 'TSG Hoffenheim vs Bayer 04 Leverkusen', 82, 2726, 3321, '2023-02-08 21:32:12', '2023-02-11 06:30:00', 2, 0, '2023-02-09 05:32:12', '2023-02-11 14:30:02'),
(18536832, 1, 'Hertha BSC vs Borussia Mönchengladbach', 82, 3317, 683, '2023-02-09 21:32:10', '2023-02-12 06:30:00', 2, 0, '2023-02-10 05:32:10', '2023-02-15 04:41:02'),
(18536833, 1, 'Schalke 04 vs VfL Wolfsburg', 82, 67, 510, '2023-02-07 21:32:04', '2023-02-10 11:30:00', 2, 0, '2023-02-08 05:32:04', '2023-02-10 19:30:02'),
(18536834, 1, 'Werder Bremen vs Borussia Dortmund', 82, 82, 68, '2023-02-08 21:32:13', '2023-02-11 06:30:00', 2, 0, '2023-02-09 05:32:13', '2023-02-11 14:30:02'),
(18536835, 1, 'Borussia Dortmund vs Hertha BSC', 82, 68, 3317, '2023-02-16 21:32:11', '2023-02-19 08:30:00', 2, 0, '2023-02-17 05:32:11', '2023-02-19 16:30:02'),
(18536836, 1, 'Bayer 04 Leverkusen vs FSV Mainz 05', 82, 3321, 794, '2023-02-16 21:32:11', '2023-02-19 10:30:00', 2, 0, '2023-02-17 05:32:11', '2023-02-19 18:30:02'),
(18536837, 1, 'FC Union Berlin vs Schalke 04', 82, 1079, 67, '2023-02-16 21:32:10', '2023-02-19 06:30:00', 2, 0, '2023-02-17 05:32:10', '2023-02-19 14:30:01'),
(18536842, 1, 'FC Augsburg vs TSG Hoffenheim', 82, 90, 2726, '2023-02-14 21:32:07', '2023-02-17 11:30:00', 2, 0, '2023-02-15 05:32:07', '2023-02-17 19:30:01'),
(18536844, 1, 'FC Bayern München vs FC Union Berlin', 82, 503, 1079, '2023-02-23 21:32:08', '2023-02-26 08:30:00', 2, 0, '2023-02-24 05:32:08', '2023-02-26 16:30:02'),
(18536846, 1, 'SC Freiburg vs Bayer 04 Leverkusen', 82, 3543, 3321, '2023-02-23 21:32:08', '2023-02-26 06:30:00', 2, 0, '2023-02-24 05:32:08', '2023-02-26 14:30:02'),
(18536848, 1, 'FSV Mainz 05 vs Borussia Mönchengladbach', 82, 794, 683, '2023-02-21 21:32:07', '2023-02-24 11:30:00', 2, 0, '2023-02-22 05:32:07', '2023-02-24 19:30:02'),
(18536853, 1, 'Borussia Dortmund vs RB Leipzig', 82, 68, 277, '2023-02-28 21:32:06', '2023-03-03 11:30:00', 2, 0, '2023-03-01 05:32:06', '2023-03-03 19:30:02'),
(18536854, 1, 'Bayer 04 Leverkusen vs Hertha BSC', 82, 3321, 3317, '2023-03-02 21:32:09', '2023-03-05 06:30:00', 2, 0, '2023-03-03 05:32:09', '2023-03-05 14:30:01'),
(18536858, 1, 'VfL Wolfsburg vs Eintracht Frankfurt', 82, 510, 366, '2023-03-02 21:32:09', '2023-03-05 08:30:00', 2, 0, '2023-03-03 05:32:09', '2023-03-05 16:30:02'),
(18536863, 1, 'Bayer 04 Leverkusen vs FC Bayern München', 82, 3321, 503, '2023-03-16 21:32:12', '2023-03-19 09:30:00', 2, 0, '2023-03-17 04:32:12', '2023-03-19 16:30:01'),
(18536864, 1, 'FC Union Berlin vs Eintracht Frankfurt', 82, 1079, 366, '2023-03-16 21:32:12', '2023-03-19 07:30:00', 2, 0, '2023-03-17 04:32:12', '2023-03-19 14:30:02'),
(18536865, 1, 'FSV Mainz 05 vs SC Freiburg', 82, 794, 3543, '2023-03-16 21:32:13', '2023-03-19 11:30:00', 2, 0, '2023-03-17 04:32:13', '2023-03-19 18:30:02'),
(18536867, 1, 'Borussia Mönchengladbach vs Werder Bremen', 82, 683, 82, '2023-03-14 21:32:08', '2023-03-17 12:30:00', 2, 0, '2023-03-15 04:32:08', '2023-03-17 19:30:01'),
(18537210, 1, 'Nîmes vs Saint-Étienne', 304, 6967, 108, '2023-02-17 21:32:08', '2023-02-20 11:45:00', 2, 0, '2023-02-18 05:32:08', '2023-02-20 19:45:02'),
(18537230, 1, 'Caen vs Sochaux', 304, 1393, 1842, '2023-03-03 21:32:08', '2023-03-06 11:45:00', 2, 0, '2023-03-04 05:32:08', '2023-03-06 19:45:02'),
(18537232, 1, 'Metz vs Le Havre', 304, 3513, 1055, '2023-03-10 21:32:06', '2023-03-13 12:45:00', 2, 0, '2023-03-11 05:32:06', '2023-03-13 19:45:01'),
(18537271, 1, 'Grenoble Foot 38 vs Saint-Étienne', 304, 1174, 108, '2023-04-14 21:32:09', '2023-04-17 11:45:00', 2, 0, '2023-04-15 04:32:09', '2023-04-17 18:45:01'),
(18537631, 1, 'Winterthur vs Servette', 591, 3525, 1970, '2023-02-14 12:56:18', '2023-02-15 09:45:00', 2, 0, '2023-02-14 20:56:18', '2023-02-15 17:45:02'),
(18537677, 1, 'Lugano vs St. Gallen', 591, 13775, 362, '2023-04-07 21:32:08', '2023-04-10 05:15:00', 2, 0, '2023-04-08 04:32:08', '2023-04-10 12:15:02'),
(18537931, 1, 'Amiens SC vs Bordeaux', 304, 840, 3562, '2023-02-24 21:32:08', '2023-02-27 11:45:00', 2, 0, '2023-02-25 05:32:08', '2023-02-27 19:45:01'),
(18537935, 1, 'Guingamp vs Bordeaux', 304, 2919, 3562, '2023-03-31 21:32:11', '2023-04-03 11:45:00', 2, 0, '2023-04-01 04:32:11', '2023-04-03 18:45:02'),
(18537963, 1, 'Aberdeen vs St. Mirren', 501, 273, 496, '2023-01-30 14:24:22', '2023-02-01 11:45:00', 2, 0, '2023-01-30 22:24:22', '2023-02-01 19:45:01'),
(18537964, 1, 'Celtic vs Livingston', 501, 53, 258, '2023-01-30 14:24:24', '2023-02-01 11:45:00', 2, 0, '2023-01-30 22:24:24', '2023-02-01 19:45:01'),
(18537965, 1, 'Hearts vs Rangers', 501, 314, 62, '2023-01-30 14:24:23', '2023-02-01 11:45:00', 2, 0, '2023-01-30 22:24:23', '2023-02-01 19:45:01'),
(18537966, 1, 'Kilmarnock vs Dundee United', 501, 180, 282, '2023-01-30 14:24:22', '2023-02-01 11:45:00', 2, 0, '2023-01-30 22:24:22', '2023-02-01 19:45:01'),
(18537967, 1, 'Motherwell vs St. Johnstone', 501, 309, 734, '2023-01-30 14:24:24', '2023-02-01 11:45:00', 2, 0, '2023-01-30 22:24:24', '2023-02-01 19:45:01'),
(18537968, 1, 'Ross County vs Hibernian', 501, 246, 66, '2023-01-30 14:20:59', '2023-01-31 11:45:00', 2, 0, '2023-01-30 22:20:59', '2023-01-31 19:45:01'),
(18537973, 1, 'St. Johnstone vs Celtic', 501, 734, 53, '2023-02-05 15:41:39', '2023-02-05 04:00:00', 2, 0, '2023-02-05 23:41:39', '2023-02-05 23:42:01'),
(18537982, 1, 'Celtic vs Hearts', 501, 53, 314, '2023-03-05 21:32:06', '2023-03-08 11:45:00', 2, 0, '2023-03-06 05:32:06', '2023-03-08 19:45:01'),
(18537983, 1, 'Hibernian vs Rangers', 501, 66, 62, '2023-03-05 21:32:06', '2023-03-08 11:45:00', 2, 0, '2023-03-06 05:32:06', '2023-03-08 19:45:01'),
(18538006, 1, 'Celtic vs Rangers', 501, 53, 62, '2023-04-05 21:32:10', '2023-04-08 04:30:00', 2, 0, '2023-04-06 04:32:10', '2023-04-08 11:30:01'),
(18538020, 1, 'Hearts vs Ross County', 501, 314, 246, '2023-04-19 21:32:12', '2023-04-22 04:30:00', 2, 0, '2023-04-20 04:32:12', '2023-04-22 11:30:01'),
(18538052, 1, 'SC Freiburg vs TSG Hoffenheim', 82, 3543, 2726, '2023-03-09 21:32:09', '2023-03-12 07:30:00', 2, 0, '2023-03-10 05:32:09', '2023-03-12 14:30:02'),
(18538053, 1, 'FC Köln vs VfL Bochum 1848', 82, 3320, 999, '2023-03-07 21:32:07', '2023-03-10 11:30:00', 2, 0, '2023-03-08 05:32:07', '2023-03-10 19:30:02'),
(18538055, 1, 'VfL Wolfsburg vs FC Union Berlin', 82, 510, 1079, '2023-03-09 21:32:10', '2023-03-12 11:30:00', 2, 0, '2023-03-10 05:32:10', '2023-03-12 18:30:02'),
(18538058, 1, 'Werder Bremen vs Bayer 04 Leverkusen', 82, 82, 3321, '2023-03-09 21:32:10', '2023-03-12 09:30:00', 2, 0, '2023-03-10 05:32:10', '2023-03-12 16:30:02'),
(18538214, 1, 'Nantes vs Olympique Marseille', 301, 59, 44, '2023-01-30 14:24:15', '2023-02-01 10:00:00', 2, 0, '2023-01-30 22:24:15', '2023-02-01 18:00:01'),
(18538215, 1, 'Olympique Lyonnais vs Brest', 301, 79, 266, '2023-01-30 14:24:20', '2023-02-01 12:00:00', 2, 0, '2023-01-30 22:24:20', '2023-02-01 20:00:03'),
(18538216, 1, 'Reims vs Lorient', 301, 1028, 9257, '2023-01-30 14:24:17', '2023-02-01 10:00:00', 2, 0, '2023-01-30 22:24:17', '2023-02-01 18:00:01'),
(18538217, 1, 'Monaco vs Auxerre', 301, 6789, 3682, '2023-01-30 14:24:17', '2023-02-01 12:00:00', 2, 0, '2023-01-30 22:24:17', '2023-02-01 20:00:03'),
(18538218, 1, 'Angers SCO vs Ajaccio', 301, 776, 524, '2023-01-30 14:24:14', '2023-02-01 10:00:00', 2, 0, '2023-01-30 22:24:14', '2023-02-01 18:00:01'),
(18538219, 1, 'Lille vs Clermont', 301, 690, 6898, '2023-01-30 14:24:16', '2023-02-01 10:00:00', 2, 0, '2023-01-30 22:24:16', '2023-02-01 18:00:01'),
(18538220, 1, 'Montpellier vs Paris Saint Germain', 301, 581, 591, '2023-01-30 14:24:18', '2023-02-01 12:00:00', 2, 0, '2023-01-30 22:24:18', '2023-02-01 20:00:03'),
(18538221, 1, 'Lens vs Nice', 301, 271, 450, '2023-01-30 14:24:19', '2023-02-01 12:00:00', 2, 0, '2023-01-30 22:24:19', '2023-02-01 20:00:03'),
(18538222, 1, 'Rennes vs Strasbourg', 301, 598, 686, '2023-01-30 14:24:19', '2023-02-01 12:00:00', 2, 0, '2023-01-30 22:24:19', '2023-02-01 20:00:03'),
(18538223, 1, 'Toulouse vs Troyes', 301, 289, 7047, '2023-01-30 14:24:15', '2023-02-01 10:00:00', 2, 0, '2023-01-30 22:24:15', '2023-02-01 18:00:01'),
(18538224, 1, 'Ajaccio vs Nantes', 301, 524, 59, '2023-02-05 15:41:29', '2023-02-05 06:00:00', 2, 0, '2023-02-05 23:41:29', '2023-02-05 23:42:01'),
(18538225, 1, 'Auxerre vs Reims', 301, 3682, 1028, '2023-02-05 15:41:29', '2023-02-05 06:00:00', 2, 0, '2023-02-05 23:41:29', '2023-02-05 23:42:01'),
(18538226, 1, 'Clermont vs Monaco', 301, 6898, 6789, '2023-02-05 15:41:28', '2023-02-05 04:00:00', 2, 0, '2023-02-05 23:41:28', '2023-02-05 23:42:01'),
(18538227, 1, 'Lorient vs Angers SCO', 301, 9257, 776, '2023-02-05 15:41:30', '2023-02-05 06:00:00', 2, 0, '2023-02-05 23:41:30', '2023-02-05 23:42:01'),
(18538228, 1, 'Olympique Marseille vs Nice', 301, 44, 450, '2023-02-05 15:41:33', '2023-02-05 11:45:00', 2, 0, '2023-02-05 23:41:33', '2023-02-05 23:42:01'),
(18538229, 1, 'Paris Saint Germain vs Toulouse', 301, 591, 289, '2023-02-02 22:11:49', '2023-02-04 08:00:00', 2, 0, '2023-02-03 06:11:49', '2023-02-04 16:00:02'),
(18538230, 1, 'Strasbourg vs Montpellier', 301, 686, 581, '2023-02-05 15:41:31', '2023-02-05 06:00:00', 2, 0, '2023-02-05 23:41:31', '2023-02-05 23:42:01'),
(18538231, 1, 'Brest vs Lens', 301, 266, 271, '2023-02-05 15:41:32', '2023-02-05 08:05:00', 2, 0, '2023-02-05 23:41:32', '2023-02-05 23:42:01'),
(18538232, 1, 'Rennes vs Lille', 301, 598, 690, '2023-02-02 22:11:51', '2023-02-04 12:00:00', 2, 0, '2023-02-03 06:11:51', '2023-02-04 20:00:02'),
(18538233, 1, 'Troyes vs Olympique Lyonnais', 301, 7047, 79, '2023-02-02 22:11:50', '2023-02-04 10:00:00', 2, 0, '2023-02-03 06:11:50', '2023-02-04 18:00:02'),
(18538234, 1, 'Monaco vs Paris Saint Germain', 301, 6789, 591, '2023-02-08 21:32:14', '2023-02-11 08:00:00', 2, 0, '2023-02-09 05:32:14', '2023-02-11 16:00:01'),
(18538235, 1, 'Angers SCO vs Auxerre', 301, 776, 3682, '2023-02-09 21:32:12', '2023-02-12 06:00:00', 2, 0, '2023-02-10 05:32:12', '2023-02-15 04:41:02'),
(18538236, 1, 'Clermont vs Olympique Marseille', 301, 6898, 44, '2023-02-08 21:32:15', '2023-02-11 12:00:00', 2, 0, '2023-02-09 05:32:15', '2023-02-11 20:00:01'),
(18538237, 1, 'Nantes vs Lorient', 301, 59, 9257, '2023-02-09 21:32:15', '2023-02-12 08:05:00', 2, 0, '2023-02-10 05:32:15', '2023-02-15 04:41:02'),
(18538238, 1, 'Lille vs Strasbourg', 301, 690, 686, '2023-02-09 21:32:14', '2023-02-12 06:00:00', 2, 0, '2023-02-10 05:32:14', '2023-02-15 04:41:02'),
(18538239, 1, 'Montpellier vs Brest', 301, 581, 266, '2023-02-09 21:32:14', '2023-02-12 06:00:00', 2, 0, '2023-02-10 05:32:14', '2023-02-15 04:41:02'),
(18538240, 1, 'Nice vs Ajaccio', 301, 450, 524, '2023-02-07 21:32:04', '2023-02-10 12:00:00', 2, 0, '2023-02-08 05:32:04', '2023-02-10 20:00:02'),
(18538241, 1, 'Olympique Lyonnais vs Lens', 301, 79, 271, '2023-02-09 21:32:16', '2023-02-12 11:45:00', 2, 0, '2023-02-10 05:32:16', '2023-02-15 04:41:02'),
(18538242, 1, 'Reims vs Troyes', 301, 1028, 7047, '2023-02-09 21:32:13', '2023-02-12 06:00:00', 2, 0, '2023-02-10 05:32:13', '2023-02-15 04:41:02'),
(18538243, 1, 'Toulouse vs Rennes', 301, 289, 598, '2023-02-09 21:32:12', '2023-02-12 04:00:00', 2, 0, '2023-02-10 05:32:12', '2023-02-15 04:41:02'),
(18538244, 1, 'Auxerre vs Olympique Lyonnais', 301, 3682, 79, '2023-02-14 21:32:12', '2023-02-17 12:00:00', 2, 0, '2023-02-15 05:32:12', '2023-02-17 20:00:01'),
(18538260, 1, 'Lille vs Brest', 301, 690, 266, '2023-02-21 21:32:12', '2023-02-24 12:00:00', 2, 0, '2023-02-22 05:32:12', '2023-02-24 20:00:02'),
(18538265, 1, 'Nice vs Auxerre', 301, 450, 3682, '2023-02-28 21:32:11', '2023-03-03 12:00:00', 2, 0, '2023-03-01 05:32:11', '2023-03-03 20:00:01'),
(18538281, 1, 'Lille vs Olympique Lyonnais', 301, 690, 79, '2023-03-07 21:32:10', '2023-03-10 12:00:00', 2, 0, '2023-03-08 05:32:10', '2023-03-10 20:00:02'),
(18538287, 1, 'Olympique Lyonnais vs Nantes', 301, 79, 59, '2023-03-14 21:32:11', '2023-03-17 13:00:00', 2, 0, '2023-03-15 04:32:11', '2023-03-17 20:00:01'),
(18540911, 1, 'Torpedo Moskva vs Fakel', 486, 9826, 9189, '2023-04-05 21:32:10', '2023-04-08 04:00:00', 2, 0, '2023-04-06 04:32:10', '2023-04-08 11:00:01'),
(18540928, 1, 'Khimki vs Torpedo Moskva', 486, 8350, 9826, '2023-04-19 21:32:09', '2023-04-22 04:00:00', 2, 0, '2023-04-20 04:32:09', '2023-04-22 11:00:02'),
(18541167, 1, 'Urozhay vs Rubin Kazan\'', 489, 226963, 35, '2023-03-03 21:32:12', '2023-03-06 06:30:00', 2, 0, '2023-03-04 05:32:12', '2023-03-06 14:30:02'),
(18541169, 1, 'Baltika vs SKA Khabarovsk', 489, 6067, 9808, '2023-03-03 21:32:12', '2023-03-06 09:00:00', 2, 0, '2023-03-04 05:32:12', '2023-03-06 17:00:02'),
(18541174, 1, 'KAMAZ vs Volga Ulyanovsk', 489, 12422, 12928, '2023-03-03 21:32:12', '2023-03-06 06:00:00', 2, 0, '2023-03-04 05:32:12', '2023-03-06 14:00:01'),
(18541176, 1, 'Alaniya Vladikavkaz vs Urozhay', 489, 6301, 226963, '2023-03-10 21:32:08', '2023-03-13 07:00:00', 2, 0, '2023-03-11 05:32:08', '2023-03-13 14:00:01'),
(18541194, 1, 'Veles vs Volga Ulyanovsk', 489, 128544, 12928, '2023-03-23 21:32:06', '2023-03-26 04:00:00', 2, 0, '2023-03-24 04:32:06', '2023-03-26 11:00:01'),
(18541195, 1, 'Volgar Astrakhan vs Urozhay', 489, 5795, 226963, '2023-03-23 21:32:06', '2023-03-26 05:00:00', 2, 0, '2023-03-24 04:32:06', '2023-03-26 12:00:02'),
(18541196, 1, 'Shinnik vs Neftekhimik', 489, 5670, 6639, '2023-03-23 21:32:06', '2023-03-26 06:00:00', 2, 0, '2023-03-24 04:32:06', '2023-03-26 13:00:02'),
(18541197, 1, 'Arsenal Tula vs Ufa', 489, 4104, 391, '2023-03-23 21:32:06', '2023-03-26 06:00:00', 2, 0, '2023-03-24 04:32:06', '2023-03-26 13:00:02'),
(18541198, 1, 'SKA Khabarovsk vs Yenisey', 489, 9808, 5690, '2023-03-23 21:32:06', '2023-03-26 07:00:00', 2, 0, '2023-03-24 04:32:06', '2023-03-26 14:00:02'),
(18541199, 1, 'Krasnodar II vs Rodina Moskva', 489, 5584, 237570, '2023-03-23 21:32:06', '2023-03-26 05:00:00', 2, 0, '2023-03-24 04:32:06', '2023-03-26 12:00:02'),
(18541200, 1, 'Akron vs Makhachkala', 489, 237670, 237672, '2023-03-23 21:32:06', '2023-03-26 05:00:00', 2, 0, '2023-03-24 04:32:06', '2023-03-26 12:00:02'),
(18541201, 1, 'Baltika vs KAMAZ', 489, 6067, 12422, '2023-03-23 21:32:06', '2023-03-26 10:00:00', 2, 0, '2023-03-24 04:32:06', '2023-03-26 17:00:02'),
(18541208, 1, 'Yenisey vs Krasnodar II', 489, 5690, 5584, '2023-03-30 21:32:10', '2023-04-02 03:00:00', 2, 0, '2023-03-31 04:32:10', '2023-04-02 10:00:02'),
(18541209, 1, 'Ufa vs SKA Khabarovsk', 489, 391, 9808, '2023-03-30 21:32:10', '2023-04-02 01:30:00', 2, 0, '2023-03-31 04:32:10', '2023-04-02 08:30:01'),
(18541211, 1, 'Veles vs Alaniya Vladikavkaz', 489, 128544, 6301, '2023-04-05 21:32:09', '2023-04-08 04:00:00', 2, 0, '2023-04-06 04:32:09', '2023-04-08 11:00:01'),
(18541215, 1, 'SKA Khabarovsk vs Neftekhimik', 489, 9808, 6639, '2023-04-05 21:32:06', '2023-04-08 00:00:00', 2, 0, '2023-04-06 04:32:06', '2023-04-08 07:00:02'),
(18541224, 1, 'Alaniya Vladikavkaz vs Volgar Astrakhan', 489, 6301, 5795, '2023-04-11 21:32:07', '2023-04-14 09:00:00', 2, 0, '2023-04-12 04:32:07', '2023-04-14 16:00:02'),
(18541226, 1, 'Yenisey vs Baltika', 489, 5690, 6067, '2023-04-12 21:32:10', '2023-04-15 01:30:00', 2, 0, '2023-04-13 04:32:10', '2023-04-15 08:30:02'),
(18541227, 1, 'Ufa vs Akron', 489, 391, 237670, '2023-04-12 21:32:10', '2023-04-15 02:00:00', 2, 0, '2023-04-13 04:32:10', '2023-04-15 09:00:02'),
(18541232, 1, 'SKA Khabarovsk vs Volga Ulyanovsk', 489, 9808, 12928, '2023-04-19 21:32:06', '2023-04-21 23:00:00', 2, 0, '2023-04-20 04:32:06', '2023-04-22 06:00:02'),
(18541769, 1, 'Gent vs OH Leuven', 208, 2402, 1947, '2023-02-16 21:32:16', '2023-02-19 07:00:00', 2, 0, '2023-02-17 05:32:16', '2023-02-19 15:00:02'),
(18541771, 1, 'Kortrijk vs Anderlecht', 208, 1130, 2555, '2023-02-16 21:32:16', '2023-02-19 09:30:00', 2, 0, '2023-02-17 05:32:16', '2023-02-19 17:30:02'),
(18541773, 1, 'Cercle Brugge vs Club Brugge', 208, 2641, 340, '2023-02-16 21:32:15', '2023-02-19 04:30:00', 2, 0, '2023-02-17 05:32:15', '2023-02-19 12:30:01'),
(18541775, 1, 'Mechelen vs Genk', 208, 2938, 2709, '2023-02-14 21:32:09', '2023-02-17 11:45:00', 2, 0, '2023-02-15 05:32:09', '2023-02-17 19:45:02'),
(18541776, 1, 'Sint-Truiden vs Westerlo', 208, 355, 357, '2023-02-16 21:32:17', '2023-02-19 10:15:00', 2, 0, '2023-02-17 05:32:17', '2023-02-19 18:15:02'),
(18541778, 1, 'Club Brugge vs Gent', 208, 340, 2402, '2023-02-23 21:32:12', '2023-02-26 04:30:00', 2, 0, '2023-02-24 05:32:12', '2023-02-26 12:30:01'),
(18541779, 1, 'Anderlecht vs Standard Liège', 208, 2555, 700, '2023-02-23 21:32:13', '2023-02-26 09:30:00', 2, 0, '2023-02-24 05:32:13', '2023-02-26 17:30:02'),
(18541781, 1, 'OH Leuven vs Antwerp', 208, 1947, 328, '2023-02-23 21:32:13', '2023-02-26 07:00:00', 2, 0, '2023-02-24 05:32:13', '2023-02-26 15:00:02'),
(18541783, 1, 'Zulte-Waregem vs Kortrijk', 208, 1118, 1130, '2023-02-21 21:32:09', '2023-02-24 11:45:00', 2, 0, '2023-02-22 05:32:09', '2023-02-24 19:45:01'),
(18541785, 1, 'Sporting Charleroi vs Sint-Truiden', 208, 1087, 355, '2023-02-23 21:32:14', '2023-02-26 10:15:00', 2, 0, '2023-02-24 05:32:14', '2023-02-26 18:15:02'),
(18541788, 1, 'Gent vs Anderlecht', 208, 2402, 2555, '2023-03-02 21:32:14', '2023-03-05 09:30:00', 2, 0, '2023-03-03 05:32:14', '2023-03-05 17:30:02'),
(18541789, 1, 'Antwerp vs Mechelen', 208, 328, 2938, '2023-03-02 21:32:14', '2023-03-05 07:00:00', 2, 0, '2023-03-03 05:32:14', '2023-03-05 15:00:02'),
(18541793, 1, 'Union Saint-Gilloise vs AS Eupen', 208, 3958, 2412, '2023-03-02 21:32:15', '2023-03-05 10:15:00', 2, 0, '2023-03-03 05:32:15', '2023-03-05 18:15:01'),
(18541794, 1, 'Sint-Truiden vs Genk', 208, 355, 2709, '2023-03-02 21:32:13', '2023-03-05 04:30:00', 2, 0, '2023-03-03 05:32:13', '2023-03-05 12:30:01'),
(18541795, 1, 'KV Oostende vs Club Brugge', 208, 2462, 340, '2023-02-28 21:32:08', '2023-03-03 11:45:00', 2, 0, '2023-03-01 05:32:08', '2023-03-03 19:45:01'),
(18541803, 1, 'Sporting Charleroi vs OH Leuven', 208, 1087, 1947, '2023-03-07 21:32:08', '2023-03-10 11:45:00', 2, 0, '2023-03-08 05:32:08', '2023-03-10 19:45:02'),
(18541807, 1, 'Antwerp vs Sporting Charleroi', 208, 328, 1087, '2023-03-16 21:32:17', '2023-03-19 05:30:00', 2, 0, '2023-03-17 04:32:17', '2023-03-19 12:30:02'),
(18541808, 1, 'OH Leuven vs Anderlecht', 208, 1947, 2555, '2023-03-16 21:32:18', '2023-03-19 08:00:00', 2, 0, '2023-03-17 04:32:18', '2023-03-19 15:00:01'),
(18541810, 1, 'Cercle Brugge vs Genk', 208, 2641, 2709, '2023-03-14 21:32:09', '2023-03-17 12:45:00', 2, 0, '2023-03-15 04:32:09', '2023-03-17 19:45:02'),
(18542095, 1, 'KRC Genk II vs Standard Liège II', 211, 261624, 261626, '2023-02-16 21:32:17', '2023-02-19 07:00:00', 2, 0, '2023-02-17 05:32:17', '2023-02-19 15:00:02'),
(18542605, 1, 'Rapid Vienna vs Rheindorf Altach', 181, 3678, 3949, '2023-02-16 21:32:15', '2023-02-19 08:00:00', 2, 0, '2023-02-17 05:32:15', '2023-02-19 16:00:01'),
(18542607, 1, 'Austria Lustenau vs Austria Wien', 181, 3601, 3630, '2023-02-16 21:32:14', '2023-02-19 05:30:00', 2, 0, '2023-02-17 05:32:14', '2023-02-19 13:30:03'),
(18542609, 1, 'WSG Tirol vs Salzburg', 181, 4080, 49, '2023-02-16 21:32:14', '2023-02-19 05:30:00', 2, 0, '2023-02-17 05:32:14', '2023-02-19 13:30:03'),
(18542610, 1, 'Salzburg vs Ried', 181, 49, 3569, '2023-02-23 21:32:12', '2023-02-26 08:00:00', 2, 0, '2023-02-24 05:32:12', '2023-02-26 16:00:02'),
(18542611, 1, 'LASK Linz vs Austria Lustenau', 181, 3369, 3601, '2023-02-21 21:32:09', '2023-02-24 11:30:00', 2, 0, '2023-02-22 05:32:09', '2023-02-24 19:30:02'),
(18542612, 1, 'Wolfsberger AC vs Rapid Vienna', 181, 3787, 3678, '2023-02-23 21:32:11', '2023-02-26 05:30:00', 2, 0, '2023-02-24 05:32:11', '2023-02-26 13:30:01'),
(18542615, 1, 'Rheindorf Altach vs WSG Tirol', 181, 3949, 4080, '2023-02-23 21:32:11', '2023-02-26 05:30:00', 2, 0, '2023-02-24 05:32:11', '2023-02-26 13:30:01'),
(18542616, 1, 'Austria Klagenfurt vs Rheindorf Altach', 181, 4065, 3949, '2023-03-02 21:32:12', '2023-03-05 05:30:00', 2, 0, '2023-03-03 05:32:12', '2023-03-05 13:30:01'),
(18542617, 1, 'Rapid Vienna vs Salzburg', 181, 3678, 49, '2023-03-02 21:32:12', '2023-03-05 08:00:00', 2, 0, '2023-03-03 05:32:12', '2023-03-05 16:00:01'),
(18542621, 1, 'WSG Tirol vs LASK Linz', 181, 4080, 3369, '2023-03-02 21:32:11', '2023-03-05 05:30:00', 2, 0, '2023-03-03 05:32:11', '2023-03-05 13:30:01'),
(18542622, 1, 'LASK Linz vs Salzburg', 181, 3369, 49, '2023-03-09 21:32:12', '2023-03-12 09:00:00', 2, 0, '2023-03-10 05:32:12', '2023-03-12 16:00:02'),
(18542625, 1, 'Austria Klagenfurt vs Hartberg', 181, 4065, 5769, '2023-03-09 21:32:13', '2023-03-12 09:00:00', 2, 0, '2023-03-10 05:32:13', '2023-03-12 16:00:02'),
(18542626, 1, 'Rapid Vienna vs WSG Tirol', 181, 3678, 4080, '2023-03-09 21:32:12', '2023-03-12 09:00:00', 2, 0, '2023-03-10 05:32:12', '2023-03-12 16:00:02'),
(18542627, 1, 'Rheindorf Altach vs Ried', 181, 3949, 3569, '2023-03-09 21:32:13', '2023-03-12 09:00:00', 2, 0, '2023-03-10 05:32:13', '2023-03-12 16:00:02'),
(18542628, 1, 'Salzburg vs Rheindorf Altach', 181, 49, 3949, '2023-03-16 21:32:15', '2023-03-19 09:00:00', 2, 0, '2023-03-17 04:32:15', '2023-03-19 16:00:02'),
(18542629, 1, 'Austria Wien vs Rapid Vienna', 181, 3630, 3678, '2023-03-16 21:32:16', '2023-03-19 09:00:00', 2, 0, '2023-03-17 04:32:16', '2023-03-19 16:00:02'),
(18542630, 1, 'Ried vs Wolfsberger AC', 181, 3569, 3787, '2023-03-16 21:32:15', '2023-03-19 09:00:00', 2, 0, '2023-03-17 04:32:15', '2023-03-19 16:00:02'),
(18542631, 1, 'Austria Lustenau vs Austria Klagenfurt', 181, 3601, 4065, '2023-03-16 21:32:15', '2023-03-19 09:00:00', 2, 0, '2023-03-17 04:32:15', '2023-03-19 16:00:02'),
(18542632, 1, 'Hartberg vs LASK Linz', 181, 5769, 3369, '2023-03-16 21:32:17', '2023-03-19 09:00:00', 2, 0, '2023-03-17 04:32:17', '2023-03-19 16:00:02'),
(18542633, 1, 'WSG Tirol vs Sturm Graz', 181, 4080, 3357, '2023-03-16 21:32:16', '2023-03-19 09:00:00', 2, 0, '2023-03-17 04:32:16', '2023-03-19 16:00:02'),
(18542812, 1, 'Jablonec vs Slovácko', 262, 3643, 234, '2023-04-02 21:32:10', '2023-04-05 08:00:00', 2, 0, '2023-04-03 04:32:10', '2023-04-05 15:00:02'),
(18542976, 1, 'Barnsley vs Portsmouth', 12, 54, 5, '2023-03-04 21:32:06', '2023-03-07 11:45:00', 2, 0, '2023-03-05 05:32:06', '2023-03-07 19:45:02'),
(18543014, 1, 'Derby County vs Cheltenham Town', 12, 24, 351, '2023-02-25 21:32:05', '2023-02-28 11:45:00', 2, 0, '2023-02-26 05:32:05', '2023-02-28 19:45:01'),
(18543016, 1, 'Lincoln City vs Milton Keynes Dons', 12, 305, 341, '2023-02-25 21:32:05', '2023-02-28 11:45:00', 2, 0, '2023-02-26 05:32:05', '2023-02-28 19:45:01'),
(18543021, 1, 'Portsmouth vs Bolton Wanderers', 12, 5, 16, '2023-02-25 21:32:04', '2023-02-28 11:45:00', 2, 0, '2023-02-26 05:32:04', '2023-02-28 19:45:01'),
(18543132, 1, 'Accrington Stanley vs Portsmouth', 12, 395, 5, '2023-03-11 21:32:06', '2023-03-14 12:45:00', 2, 0, '2023-03-12 05:32:06', '2023-03-14 19:45:02'),
(18543141, 1, 'Morecambe vs Charlton Athletic', 12, 772, 4, '2023-03-11 21:32:08', '2023-03-14 12:45:00', 2, 0, '2023-03-12 05:32:08', '2023-03-14 19:45:02'),
(18543147, 1, 'Cheltenham Town vs Lincoln City', 12, 351, 305, '2023-03-04 21:32:07', '2023-03-07 11:45:00', 2, 0, '2023-03-05 05:32:07', '2023-03-07 19:45:02'),
(18543149, 1, 'Fleetwood Town vs Cambridge United', 12, 317, 232, '2023-02-18 21:32:08', '2023-02-21 11:45:00', 2, 0, '2023-02-19 05:32:08', '2023-02-21 19:45:02'),
(18543150, 1, 'Peterborough United vs Shrewsbury Town', 12, 254, 154, '2023-03-04 21:32:07', '2023-03-07 11:45:00', 2, 0, '2023-03-05 05:32:07', '2023-03-07 19:45:02'),
(18543192, 1, 'Accrington Stanley vs Plymouth Argyle', 12, 395, 110, '2023-03-18 21:32:03', '2023-03-21 12:45:00', 2, 0, '2023-03-19 04:32:03', '2023-03-21 19:45:01'),
(18543194, 1, 'Burton Albion vs Peterborough United', 12, 150, 254, '2023-03-11 21:32:07', '2023-03-14 12:45:00', 2, 0, '2023-03-12 05:32:07', '2023-03-14 19:45:02'),
(18543197, 1, 'Cheltenham Town vs Sheffield Wednesday', 12, 351, 56, '2023-03-26 21:32:02', '2023-03-29 11:45:00', 2, 0, '2023-03-27 04:32:02', '2023-03-29 18:45:02'),
(18543198, 1, 'Exeter City vs Barnsley', 12, 185, 54, '2023-03-25 21:32:05', '2023-03-28 11:45:00', 2, 0, '2023-03-26 04:32:05', '2023-03-28 18:45:01'),
(18543207, 1, 'Cambridge United vs Morecambe', 12, 232, 772, '2023-03-04 21:32:06', '2023-03-07 11:45:00', 2, 0, '2023-03-05 05:32:06', '2023-03-07 19:45:02'),
(18543217, 1, 'Bristol Rovers vs Wycombe Wanderers', 12, 230, 183, '2023-03-11 21:32:08', '2023-03-14 12:45:00', 2, 0, '2023-03-12 05:32:08', '2023-03-14 19:45:02'),
(18543221, 1, 'Morecambe vs Port Vale', 12, 772, 348, '2023-02-18 21:32:08', '2023-02-21 11:45:00', 2, 0, '2023-02-19 05:32:08', '2023-02-21 19:45:02'),
(18543223, 1, 'Peterborough United vs Charlton Athletic', 12, 254, 4, '2023-02-25 21:32:06', '2023-02-28 11:45:00', 2, 0, '2023-02-26 05:32:06', '2023-02-28 19:45:01'),
(18543228, 1, 'Barnsley vs Sheffield Wednesday', 12, 54, 56, '2023-03-18 21:32:03', '2023-03-21 13:00:00', 2, 0, '2023-03-19 04:32:03', '2023-03-21 20:00:02'),
(18543232, 1, 'Ipswich Town vs Accrington Stanley', 12, 116, 395, '2023-03-04 21:32:06', '2023-03-07 11:45:00', 2, 0, '2023-03-05 05:32:06', '2023-03-07 19:45:02'),
(18543237, 1, 'Plymouth Argyle vs Derby County', 12, 110, 24, '2023-03-04 21:32:08', '2023-03-07 12:00:00', 2, 0, '2023-03-05 05:32:08', '2023-03-07 20:00:01'),
(18543239, 1, 'Wycombe Wanderers vs Fleetwood Town', 12, 183, 317, '2023-03-04 21:32:07', '2023-03-07 11:45:00', 2, 0, '2023-03-05 05:32:07', '2023-03-07 19:45:02'),
(18543264, 1, 'Accrington Stanley vs Wycombe Wanderers', 12, 395, 183, '2023-02-14 12:55:54', '2023-02-14 11:45:00', 2, 0, '2023-02-14 20:55:54', '2023-02-15 04:41:02'),
(18543265, 1, 'Bolton Wanderers vs Milton Keynes Dons', 12, 16, 341, '2023-02-14 12:55:58', '2023-02-14 11:45:00', 2, 0, '2023-02-14 20:55:58', '2023-02-15 04:41:02'),
(18543266, 1, 'Bristol Rovers vs Ipswich Town', 12, 230, 116, '2023-02-14 12:55:57', '2023-02-14 11:45:00', 2, 0, '2023-02-14 20:55:57', '2023-02-15 04:41:02'),
(18543267, 1, 'Cambridge United vs Cheltenham Town', 12, 232, 351, '2023-02-14 12:55:55', '2023-02-14 11:45:00', 2, 0, '2023-02-14 20:55:55', '2023-02-15 04:41:02'),
(18543268, 1, 'Derby County vs Lincoln City', 12, 24, 305, '2023-02-14 12:55:58', '2023-02-14 11:45:00', 2, 0, '2023-02-14 20:55:58', '2023-02-15 04:41:02'),
(18543269, 1, 'Exeter City vs Shrewsbury Town', 12, 185, 154, '2023-02-14 12:55:56', '2023-02-14 11:45:00', 2, 0, '2023-02-14 20:55:56', '2023-02-15 04:41:02'),
(18543270, 1, 'Fleetwood Town vs Peterborough United', 12, 317, 254, '2023-02-14 12:55:53', '2023-02-14 11:45:00', 2, 0, '2023-02-14 20:55:53', '2023-02-15 04:41:02'),
(18543271, 1, 'Forest Green Rovers vs Charlton Athletic', 12, 177, 4, '2023-02-14 12:55:53', '2023-02-14 11:45:00', 2, 0, '2023-02-14 20:55:53', '2023-02-15 04:41:02'),
(18543272, 1, 'Oxford United vs Plymouth Argyle', 12, 297, 110, '2023-02-14 12:55:52', '2023-02-14 11:45:00', 2, 0, '2023-02-14 20:55:52', '2023-02-15 04:41:02'),
(18543273, 1, 'Port Vale vs Barnsley', 12, 348, 54, '2023-02-14 12:55:52', '2023-02-14 11:45:00', 2, 0, '2023-02-14 20:55:52', '2023-02-15 04:41:02'),
(18543274, 1, 'Portsmouth vs Burton Albion', 12, 5, 150, '2023-02-14 12:55:56', '2023-02-14 11:45:00', 2, 0, '2023-02-14 20:55:56', '2023-02-15 04:41:02'),
(18543275, 1, 'Sheffield Wednesday vs Morecambe', 12, 56, 772, '2023-02-14 12:55:54', '2023-02-14 11:45:00', 2, 0, '2023-02-14 20:55:54', '2023-02-15 04:41:02'),
(18543276, 1, 'Accrington Stanley vs Shrewsbury Town', 12, 395, 154, '2023-02-15 21:32:19', '2023-02-18 07:00:00', 2, 0, '2023-02-16 05:32:19', '2023-02-18 15:00:02'),
(18543278, 1, 'Cambridge United vs Oxford United', 12, 232, 297, '2023-02-15 21:32:19', '2023-02-18 07:00:00', 2, 0, '2023-02-16 05:32:19', '2023-02-18 15:00:02'),
(18543279, 1, 'Cheltenham Town vs Barnsley', 12, 351, 54, '2023-02-15 21:32:17', '2023-02-18 07:00:00', 2, 0, '2023-02-16 05:32:17', '2023-02-18 15:00:02'),
(18543281, 1, 'Ipswich Town vs Forest Green Rovers', 12, 116, 177, '2023-02-15 21:32:18', '2023-02-18 07:00:00', 2, 0, '2023-02-16 05:32:18', '2023-02-18 15:00:02'),
(18543282, 1, 'Lincoln City vs Portsmouth', 12, 305, 5, '2023-02-15 21:32:20', '2023-02-18 07:00:00', 2, 0, '2023-02-16 05:32:20', '2023-02-18 15:00:02'),
(18543284, 1, 'Plymouth Argyle vs Fleetwood Town', 12, 110, 317, '2023-02-15 21:32:17', '2023-02-18 07:00:00', 2, 0, '2023-02-16 05:32:17', '2023-02-18 15:00:02'),
(18543286, 1, 'Sheffield Wednesday vs Milton Keynes Dons', 12, 56, 341, '2023-02-15 21:32:18', '2023-02-18 07:00:00', 2, 0, '2023-02-16 05:32:18', '2023-02-18 15:00:02'),
(18543290, 1, 'Burton Albion vs Accrington Stanley', 12, 150, 395, '2023-02-22 21:32:20', '2023-02-25 07:00:00', 2, 0, '2023-02-23 05:32:20', '2023-02-25 15:00:01'),
(18543291, 1, 'Charlton Athletic vs Sheffield Wednesday', 12, 4, 56, '2023-02-22 21:32:17', '2023-02-25 07:00:00', 2, 0, '2023-02-23 05:32:17', '2023-02-25 15:00:01'),
(18543294, 1, 'Forest Green Rovers vs Lincoln City', 12, 177, 305, '2023-02-22 21:32:18', '2023-02-25 07:00:00', 2, 0, '2023-02-23 05:32:18', '2023-02-25 15:00:01'),
(18543295, 1, 'Milton Keynes Dons vs Ipswich Town', 12, 341, 116, '2023-02-22 21:32:20', '2023-02-25 07:00:00', 2, 0, '2023-02-23 05:32:20', '2023-02-25 15:00:01'),
(18543296, 1, 'Oxford United vs Bristol Rovers', 12, 297, 230, '2023-02-22 21:32:17', '2023-02-25 04:30:00', 2, 0, '2023-02-23 05:32:17', '2023-02-25 12:30:02'),
(18543297, 1, 'Peterborough United vs Plymouth Argyle', 12, 254, 110, '2023-02-22 21:32:19', '2023-02-25 07:00:00', 2, 0, '2023-02-23 05:32:19', '2023-02-25 15:00:01'),
(18543298, 1, 'Portsmouth vs Cheltenham Town', 12, 5, 351, '2023-02-22 21:32:19', '2023-02-25 07:00:00', 2, 0, '2023-02-23 05:32:19', '2023-02-25 15:00:01'),
(18543299, 1, 'Shrewsbury Town vs Wycombe Wanderers', 12, 154, 183, '2023-02-22 21:32:18', '2023-02-25 07:00:00', 2, 0, '2023-02-23 05:32:18', '2023-02-25 15:00:01'),
(18543301, 1, 'Bristol Rovers vs Barnsley', 12, 230, 54, '2023-03-01 21:32:17', '2023-03-04 07:00:00', 2, 0, '2023-03-02 05:32:17', '2023-03-04 15:00:01'),
(18543303, 1, 'Cheltenham Town vs Fleetwood Town', 12, 351, 317, '2023-03-01 21:32:17', '2023-03-04 07:00:00', 2, 0, '2023-03-02 05:32:17', '2023-03-04 15:00:01'),
(18543304, 1, 'Derby County vs Shrewsbury Town', 12, 24, 154, '2023-03-01 21:32:18', '2023-03-04 07:00:00', 2, 0, '2023-03-02 05:32:18', '2023-03-04 15:00:01'),
(18543307, 1, 'Morecambe vs Bolton Wanderers', 12, 772, 16, '2023-03-01 21:32:16', '2023-03-04 04:30:00', 2, 0, '2023-03-02 05:32:16', '2023-03-04 12:30:02'),
(18543309, 1, 'Port Vale vs Milton Keynes Dons', 12, 348, 341, '2023-03-01 21:32:19', '2023-03-04 07:00:00', 2, 0, '2023-03-02 05:32:19', '2023-03-04 15:00:01'),
(18543310, 1, 'Sheffield Wednesday vs Peterborough United', 12, 56, 254, '2023-03-01 21:32:18', '2023-03-04 07:00:00', 2, 0, '2023-03-02 05:32:18', '2023-03-04 15:00:01'),
(18543311, 1, 'Wycombe Wanderers vs Exeter City', 12, 183, 185, '2023-03-01 21:32:19', '2023-03-04 07:00:00', 2, 0, '2023-03-02 05:32:19', '2023-03-04 15:00:01'),
(18543312, 1, 'Accrington Stanley vs Milton Keynes Dons', 12, 395, 341, '2023-03-15 21:32:13', '2023-03-18 08:00:00', 2, 0, '2023-03-16 04:32:13', '2023-03-18 15:00:01'),
(18543313, 1, 'Bristol Rovers vs Portsmouth', 12, 230, 5, '2023-03-15 21:32:14', '2023-03-18 08:00:00', 2, 0, '2023-03-16 04:32:14', '2023-03-18 15:00:01'),
(18543316, 1, 'Derby County vs Fleetwood Town', 12, 24, 317, '2023-03-15 21:32:14', '2023-03-18 08:00:00', 2, 0, '2023-03-16 04:32:14', '2023-03-18 15:00:01'),
(18543317, 1, 'Ipswich Town vs Shrewsbury Town', 12, 116, 154, '2023-03-15 21:32:13', '2023-03-18 08:00:00', 2, 0, '2023-03-16 04:32:13', '2023-03-18 15:00:01'),
(18543318, 1, 'Lincoln City vs Peterborough United', 12, 305, 254, '2023-03-15 21:32:12', '2023-03-18 06:00:00', 2, 0, '2023-03-16 04:32:12', '2023-03-18 13:00:01'),
(18543319, 1, 'Morecambe vs Oxford United', 12, 772, 297, '2023-03-15 21:32:15', '2023-03-18 08:00:00', 2, 0, '2023-03-16 04:32:15', '2023-03-18 15:00:01'),
(18543320, 1, 'Plymouth Argyle vs Forest Green Rovers', 12, 110, 177, '2023-03-15 21:32:15', '2023-03-18 08:00:00', 2, 0, '2023-03-16 04:32:15', '2023-03-18 15:00:01'),
(18543321, 1, 'Port Vale vs Burton Albion', 12, 348, 150, '2023-03-15 21:32:16', '2023-03-18 08:00:00', 2, 0, '2023-03-16 04:32:16', '2023-03-18 15:00:01'),
(18543322, 1, 'Sheffield Wednesday vs Bolton Wanderers', 12, 56, 16, '2023-03-14 21:32:05', '2023-03-17 12:45:00', 2, 0, '2023-03-15 04:32:05', '2023-03-17 19:45:02'),
(18543323, 1, 'Wycombe Wanderers vs Barnsley', 12, 183, 54, '2023-03-15 21:32:13', '2023-03-18 08:00:00', 2, 0, '2023-03-16 04:32:13', '2023-03-18 15:00:01'),
(18543327, 1, 'Charlton Athletic vs Wycombe Wanderers', 12, 4, 183, '2023-03-22 21:32:07', '2023-03-25 08:00:00', 2, 0, '2023-03-23 04:32:07', '2023-03-25 15:00:02'),
(18543328, 1, 'Exeter City vs Accrington Stanley', 12, 185, 395, '2023-03-22 21:32:06', '2023-03-25 08:00:00', 2, 0, '2023-03-23 04:32:06', '2023-03-25 15:00:02'),
(18543329, 1, 'Fleetwood Town vs Lincoln City', 12, 317, 305, '2023-03-22 21:32:05', '2023-03-25 08:00:00', 2, 0, '2023-03-23 04:32:05', '2023-03-25 15:00:02'),
(18543330, 1, 'Forest Green Rovers vs Sheffield Wednesday', 12, 177, 56, '2023-03-23 21:32:05', '2023-03-26 05:00:00', 2, 0, '2023-03-24 04:32:05', '2023-03-26 12:00:02'),
(18543331, 1, 'Milton Keynes Dons vs Morecambe', 12, 341, 772, '2023-03-22 21:32:06', '2023-03-25 08:00:00', 2, 0, '2023-03-23 04:32:06', '2023-03-25 15:00:02'),
(18543333, 1, 'Peterborough United vs Derby County', 12, 254, 24, '2023-03-22 21:32:06', '2023-03-25 08:00:00', 2, 0, '2023-03-23 04:32:06', '2023-03-25 15:00:02'),
(18543334, 1, 'Portsmouth vs Port Vale', 12, 5, 348, '2023-03-22 21:32:05', '2023-03-25 08:00:00', 2, 0, '2023-03-23 04:32:05', '2023-03-25 15:00:02'),
(18543335, 1, 'Shrewsbury Town vs Bristol Rovers', 12, 154, 230, '2023-03-22 21:32:07', '2023-03-25 08:00:00', 2, 0, '2023-03-23 04:32:07', '2023-03-25 15:00:02'),
(18543362, 1, 'Burton Albion vs Bolton Wanderers', 12, 150, 16, '2023-04-15 21:32:05', '2023-04-18 11:45:00', 2, 0, '2023-04-16 04:32:05', '2023-04-18 18:45:02'),
(18543364, 1, 'Exeter City vs Derby County', 12, 185, 24, '2023-04-15 21:32:09', '2023-04-18 11:45:00', 2, 0, '2023-04-16 04:32:09', '2023-04-18 18:45:02'),
(18543367, 1, 'Lincoln City vs Barnsley', 12, 305, 54, '2023-04-15 21:32:06', '2023-04-18 11:45:00', 2, 0, '2023-04-16 04:32:06', '2023-04-18 18:45:02'),
(18543370, 1, 'Oxford United vs Portsmouth', 12, 297, 5, '2023-04-15 21:32:09', '2023-04-18 11:45:00', 2, 0, '2023-04-16 04:32:09', '2023-04-18 18:45:02'),
(18543651, 1, 'Gillingham vs Bradford City', 14, 307, 137, '2023-02-25 21:32:06', '2023-02-28 11:45:00', 2, 0, '2023-02-26 05:32:06', '2023-02-28 19:45:01'),
(18543653, 1, 'Harrogate Town vs Northampton Town', 14, 382, 221, '2023-02-25 21:32:07', '2023-02-28 11:45:00', 2, 0, '2023-02-26 05:32:07', '2023-02-28 19:45:01'),
(18543655, 1, 'Rochdale vs Stockport County', 14, 240, 249, '2023-02-18 21:32:09', '2023-02-21 11:45:00', 2, 0, '2023-02-19 05:32:09', '2023-02-21 19:45:02'),
(18543660, 1, 'AFC Wimbledon vs Stevenage', 14, 301, 409, '2023-02-25 21:32:08', '2023-02-28 11:45:00', 2, 0, '2023-02-26 05:32:08', '2023-02-28 19:45:01'),
(18543664, 1, 'Doncaster Rovers vs Harrogate Town', 14, 235, 382, '2023-03-04 21:32:09', '2023-03-07 11:45:00', 2, 0, '2023-03-05 05:32:09', '2023-03-07 19:45:02'),
(18543665, 1, 'Hartlepool United vs Newport County', 14, 310, 72, '2023-02-18 21:32:08', '2023-02-21 11:45:00', 2, 0, '2023-02-19 05:32:08', '2023-02-21 19:45:02'),
(18543667, 1, 'Mansfield Town vs Grimsby Town', 14, 225, 198, '2023-03-19 21:32:03', '2023-03-22 12:45:00', 2, 0, '2023-03-20 04:32:03', '2023-03-22 19:45:01'),
(18543669, 1, 'Stockport County vs Gillingham', 14, 249, 307, '2023-03-04 21:32:08', '2023-03-07 11:45:00', 2, 0, '2023-03-05 05:32:08', '2023-03-07 19:45:02'),
(18543670, 1, 'Tranmere Rovers vs Crawley Town', 14, 201, 205, '2023-02-25 21:32:07', '2023-02-28 11:45:00', 2, 0, '2023-02-26 05:32:07', '2023-02-28 19:45:01'),
(18543671, 1, 'Walsall vs Crewe Alexandra', 14, 76, 87, '2023-02-18 21:32:09', '2023-02-21 11:45:00', 2, 0, '2023-02-19 05:32:09', '2023-02-21 19:45:02'),
(18543708, 1, 'AFC Wimbledon vs Walsall', 14, 301, 76, '2023-03-25 21:32:06', '2023-03-28 11:45:00', 2, 0, '2023-03-26 04:32:06', '2023-03-28 18:45:01'),
(18543710, 1, 'Crawley Town vs Grimsby Town', 14, 205, 198, '2023-03-25 21:32:05', '2023-03-28 11:45:00', 2, 0, '2023-03-26 04:32:05', '2023-03-28 18:45:01'),
(18543711, 1, 'Gillingham vs Crewe Alexandra', 14, 307, 87, '2023-03-18 21:32:04', '2023-03-21 12:45:00', 2, 0, '2023-03-19 04:32:04', '2023-03-21 19:45:01'),
(18543722, 1, 'Crawley Town vs Doncaster Rovers', 14, 205, 235, '2023-03-18 21:32:04', '2023-03-21 12:45:00', 2, 0, '2023-03-19 04:32:04', '2023-03-21 19:45:01'),
(18543732, 1, 'Barrow vs Salford City', 14, 379, 129, '2023-02-25 21:32:08', '2023-02-28 11:45:00', 2, 0, '2023-02-26 05:32:08', '2023-02-28 19:45:01'),
(18543733, 1, 'Bradford City vs Carlisle United', 14, 137, 330, '2023-03-18 21:32:04', '2023-03-21 12:45:00', 2, 0, '2023-03-19 04:32:04', '2023-03-21 19:45:01'),
(18543737, 1, 'Grimsby Town vs Harrogate Town', 14, 198, 382, '2023-02-18 21:32:09', '2023-02-21 11:45:00', 2, 0, '2023-02-19 05:32:09', '2023-02-21 19:45:02'),
(18543739, 1, 'Newport County vs AFC Wimbledon', 14, 72, 301, '2023-03-11 21:32:10', '2023-03-14 12:45:00', 2, 0, '2023-03-12 05:32:10', '2023-03-14 19:45:02'),
(18543740, 1, 'Northampton Town vs Mansfield Town', 14, 221, 225, '2023-03-11 21:32:11', '2023-03-14 12:45:00', 2, 0, '2023-03-12 05:32:11', '2023-03-14 19:45:02'),
(18543742, 1, 'Sutton United vs Crawley Town', 14, 308, 205, '2023-03-04 21:32:09', '2023-03-07 11:45:00', 2, 0, '2023-03-05 05:32:09', '2023-03-07 19:45:02'),
(18543743, 1, 'Walsall vs Swindon Town', 14, 76, 285, '2023-03-11 21:32:09', '2023-03-14 12:45:00', 2, 0, '2023-03-12 05:32:09', '2023-03-14 19:45:02'),
(18543747, 1, 'Grimsby Town vs Newport County', 14, 198, 72, '2023-03-04 21:32:08', '2023-03-07 11:45:00', 2, 0, '2023-03-05 05:32:08', '2023-03-07 19:45:02'),
(18543752, 1, 'Stevenage vs Crewe Alexandra', 14, 409, 87, '2023-03-11 21:32:10', '2023-03-14 12:45:00', 2, 0, '2023-03-12 05:32:10', '2023-03-14 19:45:02'),
(18543755, 1, 'Walsall vs Bradford City', 14, 76, 137, '2023-03-04 21:32:08', '2023-03-07 11:45:00', 2, 0, '2023-03-05 05:32:08', '2023-03-07 19:45:02'),
(18543782, 1, 'Colchester United vs Walsall', 14, 74, 76, '2023-02-14 12:55:59', '2023-02-14 11:45:00', 2, 0, '2023-02-14 20:55:59', '2023-02-15 04:41:02'),
(18543783, 1, 'Crewe Alexandra vs Hartlepool United', 14, 87, 310, '2023-02-14 12:55:59', '2023-02-14 11:45:00', 2, 0, '2023-02-14 20:55:59', '2023-02-15 04:41:02'),
(18543784, 1, 'Gillingham vs Grimsby Town', 14, 307, 198, '2023-02-14 12:56:00', '2023-02-14 11:45:00', 2, 0, '2023-02-14 20:56:00', '2023-02-15 04:41:02'),
(18543786, 1, 'Newport County vs Stevenage', 14, 72, 409, '2023-02-14 12:55:59', '2023-02-14 11:45:00', 2, 0, '2023-02-14 20:55:59', '2023-02-15 04:41:02'),
(18543788, 1, 'Salford City vs Harrogate Town', 14, 129, 382, '2023-02-14 12:56:00', '2023-02-14 11:45:00', 2, 0, '2023-02-14 20:56:00', '2023-02-15 04:41:02'),
(18543831, 1, 'Crewe Alexandra vs Salford City', 14, 87, 129, '2023-03-07 21:32:03', '2023-03-10 11:45:00', 2, 0, '2023-03-08 05:32:03', '2023-03-10 19:45:02'),
(18543849, 1, 'Sutton United vs Grimsby Town', 14, 308, 198, '2023-03-11 21:32:09', '2023-03-14 12:45:00', 2, 0, '2023-03-12 05:32:09', '2023-03-14 19:45:02'),
(18543852, 1, 'Barrow vs AFC Wimbledon', 14, 379, 301, '2023-03-22 21:32:10', '2023-03-25 08:00:00', 2, 0, '2023-03-23 04:32:10', '2023-03-25 15:00:02'),
(18543853, 1, 'Colchester United vs Tranmere Rovers', 14, 74, 201, '2023-03-22 21:32:11', '2023-03-25 08:00:00', 2, 0, '2023-03-23 04:32:11', '2023-03-25 15:00:02'),
(18543854, 1, 'Crawley Town vs Rochdale', 14, 205, 240, '2023-03-22 21:32:08', '2023-03-25 08:00:00', 2, 0, '2023-03-23 04:32:08', '2023-03-25 15:00:02'),
(18543855, 1, 'Crewe Alexandra vs Bradford City', 14, 87, 137, '2023-03-22 21:32:09', '2023-03-25 08:00:00', 2, 0, '2023-03-23 04:32:09', '2023-03-25 15:00:02'),
(18543856, 1, 'Doncaster Rovers vs Northampton Town', 14, 235, 221, '2023-03-22 21:32:11', '2023-03-25 08:00:00', 2, 0, '2023-03-23 04:32:11', '2023-03-25 15:00:02'),
(18543857, 1, 'Gillingham vs Carlisle United', 14, 307, 330, '2023-03-22 21:32:11', '2023-03-25 08:00:00', 2, 0, '2023-03-23 04:32:11', '2023-03-25 15:00:02'),
(18543858, 1, 'Grimsby Town vs Walsall', 14, 198, 76, '2023-03-22 21:32:09', '2023-03-25 08:00:00', 2, 0, '2023-03-23 04:32:09', '2023-03-25 15:00:02'),
(18543859, 1, 'Hartlepool United vs Leyton Orient', 14, 310, 294, '2023-03-22 21:32:12', '2023-03-25 08:00:00', 2, 0, '2023-03-23 04:32:12', '2023-03-25 15:00:02'),
(18543860, 1, 'Mansfield Town vs Sutton United', 14, 225, 308, '2023-03-22 21:32:08', '2023-03-25 08:00:00', 2, 0, '2023-03-23 04:32:08', '2023-03-25 15:00:02'),
(18543862, 1, 'Stevenage vs Salford City', 14, 409, 129, '2023-03-22 21:32:10', '2023-03-25 08:00:00', 2, 0, '2023-03-23 04:32:10', '2023-03-25 15:00:02'),
(18543863, 1, 'Swindon Town vs Stockport County', 14, 285, 249, '2023-03-22 21:32:09', '2023-03-25 08:00:00', 2, 0, '2023-03-23 04:32:09', '2023-03-25 15:00:02'),
(18544013, 1, 'Harrogate Town vs Walsall', 14, 382, 76, '2023-04-15 21:32:05', '2023-04-18 11:45:00', 2, 0, '2023-04-16 04:32:05', '2023-04-18 18:45:02'),
(18544014, 1, 'Newport County vs Mansfield Town', 14, 72, 225, '2023-04-15 21:32:07', '2023-04-18 11:45:00', 2, 0, '2023-04-16 04:32:07', '2023-04-18 18:45:02'),
(18544016, 1, 'Salford City vs Hartlepool United', 14, 129, 310, '2023-04-15 21:32:05', '2023-04-18 11:45:00', 2, 0, '2023-04-16 04:32:05', '2023-04-18 18:45:02'),
(18544017, 1, 'Stevenage vs Doncaster Rovers', 14, 409, 235, '2023-04-15 21:32:08', '2023-04-18 11:45:00', 2, 0, '2023-04-16 04:32:08', '2023-04-18 18:45:02'),
(18544018, 1, 'Sutton United vs Northampton Town', 14, 308, 221, '2023-04-15 21:32:08', '2023-04-18 11:45:00', 2, 0, '2023-04-16 04:32:08', '2023-04-18 18:45:02'),
(18544020, 1, 'Barnsley vs Plymouth Argyle', 12, 54, 110, '2023-03-08 21:32:13', '2023-03-11 07:00:00', 2, 0, '2023-03-09 05:32:13', '2023-03-11 15:00:02'),
(18544021, 1, 'Bolton Wanderers vs Ipswich Town', 12, 16, 116, '2023-03-08 21:32:12', '2023-03-11 07:00:00', 2, 0, '2023-03-09 05:32:12', '2023-03-11 15:00:02'),
(18544022, 1, 'Burton Albion vs Wycombe Wanderers', 12, 150, 183, '2023-03-08 21:32:13', '2023-03-11 07:00:00', 2, 0, '2023-03-09 05:32:13', '2023-03-11 15:00:02'),
(18544023, 1, 'Charlton Athletic vs Accrington Stanley', 12, 4, 395, '2023-03-08 21:32:14', '2023-03-11 07:00:00', 2, 0, '2023-03-09 05:32:14', '2023-03-11 15:00:02'),
(18544024, 1, 'Exeter City vs Lincoln City', 12, 185, 305, '2023-03-08 21:32:13', '2023-03-11 07:00:00', 2, 0, '2023-03-09 05:32:13', '2023-03-11 15:00:02'),
(18544025, 1, 'Fleetwood Town vs Port Vale', 12, 317, 348, '2023-03-08 21:32:14', '2023-03-11 07:00:00', 2, 0, '2023-03-09 05:32:14', '2023-03-11 15:00:02'),
(18544026, 1, 'Forest Green Rovers vs Bristol Rovers', 12, 177, 230, '2023-03-08 21:32:14', '2023-03-11 07:00:00', 2, 0, '2023-03-09 05:32:14', '2023-03-11 15:00:02'),
(18544027, 1, 'Milton Keynes Dons vs Cambridge United', 12, 341, 232, '2023-03-08 21:32:15', '2023-03-11 07:00:00', 2, 0, '2023-03-09 05:32:15', '2023-03-11 15:00:02'),
(18544029, 1, 'Peterborough United vs Cheltenham Town', 12, 254, 351, '2023-03-08 21:32:15', '2023-03-11 07:00:00', 2, 0, '2023-03-09 05:32:15', '2023-03-11 15:00:02'),
(18544578, 1, 'Gillingham vs Doncaster Rovers', 14, 307, 235, '2023-04-04 21:32:08', '2023-04-07 07:00:00', 2, 0, '2023-04-05 04:32:08', '2023-04-07 14:00:02'),
(18544618, 1, 'Luton Town vs Millwall', 9, 115, 64, '2023-02-25 21:32:04', '2023-02-28 12:00:00', 2, 0, '2023-02-26 05:32:04', '2023-02-28 20:00:01'),
(18544683, 1, 'Blackburn Rovers vs Blackpool', 9, 2, 28, '2023-02-18 21:32:05', '2023-02-21 11:45:00', 2, 0, '2023-02-19 05:32:05', '2023-02-21 19:45:02'),
(18544684, 1, 'Huddersfield Town vs Bristol City', 9, 251, 122, '2023-03-04 21:32:05', '2023-03-07 11:45:00', 2, 0, '2023-03-05 05:32:05', '2023-03-07 19:45:02'),
(18544688, 1, 'Millwall vs Burnley', 9, 64, 27, '2023-02-18 21:32:06', '2023-02-21 11:45:00', 2, 0, '2023-02-19 05:32:06', '2023-02-21 19:45:02'),
(18544689, 1, 'Norwich City vs Birmingham City', 9, 33, 12, '2023-02-18 21:32:07', '2023-02-21 11:45:00', 2, 0, '2023-02-19 05:32:07', '2023-02-21 19:45:02'),
(18544690, 1, 'Preston North End vs Coventry City', 9, 99, 117, '2023-02-25 21:32:04', '2023-02-28 11:45:00', 2, 0, '2023-02-26 05:32:04', '2023-02-28 19:45:01'),
(18544691, 1, 'Reading vs Sheffield United', 9, 23, 21, '2023-03-04 21:32:05', '2023-03-07 12:00:00', 2, 0, '2023-03-05 05:32:05', '2023-03-07 20:00:01'),
(18544692, 1, 'Rotherham United vs Sunderland', 9, 138, 3, '2023-02-18 21:32:06', '2023-02-21 11:45:00', 2, 0, '2023-02-19 05:32:06', '2023-02-21 19:45:02'),
(18544693, 1, 'Swansea City vs Stoke City', 9, 30, 26, '2023-02-18 21:32:07', '2023-02-21 11:45:00', 2, 0, '2023-02-19 05:32:07', '2023-02-21 19:45:02'),
(18544694, 1, 'West Bromwich Albion vs Wigan Athletic', 9, 10, 17, '2023-03-04 21:32:05', '2023-03-07 12:00:00', 2, 0, '2023-03-05 05:32:05', '2023-03-07 20:00:01'),
(18544719, 1, 'Birmingham City vs Cardiff City', 9, 12, 69, '2023-02-14 12:55:48', '2023-02-14 11:45:00', 2, 0, '2023-02-14 20:55:48', '2023-02-15 04:41:02'),
(18544720, 1, 'Burnley vs Watford', 9, 27, 25, '2023-02-14 12:55:50', '2023-02-14 12:00:00', 2, 0, '2023-02-14 20:55:50', '2023-02-15 04:41:02'),
(18544721, 1, 'Coventry City vs Millwall', 9, 117, 64, '2023-02-14 12:55:50', '2023-02-14 11:45:00', 2, 0, '2023-02-14 20:55:50', '2023-02-15 04:41:02'),
(18544722, 1, 'Norwich City vs Hull City', 9, 33, 22, '2023-02-14 12:55:49', '2023-02-14 11:45:00', 2, 0, '2023-02-14 20:55:49', '2023-02-15 04:41:02'),
(18544723, 1, 'Queens Park Rangers vs Sunderland', 9, 47, 3, '2023-02-14 12:55:48', '2023-02-14 11:45:00', 2, 0, '2023-02-14 20:55:48', '2023-02-15 04:41:02'),
(18544724, 1, 'Reading vs Rotherham United', 9, 23, 138, '2023-02-14 12:55:51', '2023-02-14 12:00:00', 2, 0, '2023-02-14 20:55:51', '2023-02-15 04:41:02'),
(18544725, 1, 'Bristol City vs Wigan Athletic', 9, 122, 17, '2023-02-14 12:56:14', '2023-02-15 11:45:00', 2, 0, '2023-02-14 20:56:14', '2023-02-15 19:45:01'),
(18544726, 1, 'Preston North End vs Luton Town', 9, 99, 115, '2023-02-14 12:56:13', '2023-02-15 11:45:00', 2, 0, '2023-02-14 20:56:13', '2023-02-15 19:45:01'),
(18544727, 1, 'Sheffield United vs Middlesbrough', 9, 21, 7, '2023-02-14 12:56:16', '2023-02-15 12:00:00', 2, 0, '2023-02-14 20:56:16', '2023-02-15 20:00:02'),
(18544728, 1, 'Swansea City vs Blackpool', 9, 30, 28, '2023-02-14 12:56:14', '2023-02-15 11:45:00', 2, 0, '2023-02-14 20:56:14', '2023-02-15 19:45:01'),
(18544729, 1, 'Stoke City vs Huddersfield Town', 9, 26, 251, '2023-02-14 12:56:15', '2023-02-15 11:45:00', 2, 0, '2023-02-14 20:56:15', '2023-02-15 19:45:01'),
(18544730, 1, 'West Bromwich Albion vs Blackburn Rovers', 9, 10, 2, '2023-02-14 12:56:16', '2023-02-15 12:00:00', 2, 0, '2023-02-14 20:56:16', '2023-02-15 20:00:02'),
(18544731, 1, 'Blackburn Rovers vs Swansea City', 9, 2, 30, '2023-02-15 21:32:15', '2023-02-18 07:00:00', 2, 0, '2023-02-16 05:32:15', '2023-02-18 15:00:02'),
(18544732, 1, 'Blackpool vs Stoke City', 9, 28, 26, '2023-02-15 21:32:11', '2023-02-18 07:00:00', 2, 0, '2023-02-16 05:32:11', '2023-02-18 15:00:02'),
(18544733, 1, 'Cardiff City vs Reading', 9, 69, 23, '2023-02-14 21:32:04', '2023-02-17 12:00:00', 2, 0, '2023-02-15 05:32:04', '2023-02-17 20:00:01'),
(18544734, 1, 'Huddersfield Town vs Birmingham City', 9, 251, 12, '2023-02-15 21:32:15', '2023-02-18 07:00:00', 2, 0, '2023-02-16 05:32:15', '2023-02-18 15:00:02'),
(18544735, 1, 'Hull City vs Preston North End', 9, 22, 99, '2023-02-15 21:32:11', '2023-02-18 07:00:00', 2, 0, '2023-02-16 05:32:11', '2023-02-18 15:00:02'),
(18544736, 1, 'Luton Town vs Burnley', 9, 115, 27, '2023-02-15 21:32:12', '2023-02-18 07:00:00', 2, 0, '2023-02-16 05:32:12', '2023-02-18 15:00:02'),
(18544737, 1, 'Middlesbrough vs Queens Park Rangers', 9, 7, 47, '2023-02-15 21:32:13', '2023-02-18 07:00:00', 2, 0, '2023-02-16 05:32:13', '2023-02-18 15:00:02'),
(18544738, 1, 'Millwall vs Sheffield United', 9, 64, 21, '2023-02-15 21:32:10', '2023-02-18 04:30:00', 2, 0, '2023-02-16 05:32:10', '2023-02-18 12:30:01'),
(18544739, 1, 'Rotherham United vs Coventry City', 9, 138, 117, '2023-02-15 21:32:16', '2023-02-18 07:00:00', 2, 0, '2023-02-16 05:32:16', '2023-02-18 15:00:02'),
(18544740, 1, 'Sunderland vs Bristol City', 9, 3, 122, '2023-02-15 21:32:13', '2023-02-18 07:00:00', 2, 0, '2023-02-16 05:32:13', '2023-02-18 15:00:02'),
(18544741, 1, 'Watford vs West Bromwich Albion', 9, 25, 10, '2023-02-17 21:32:05', '2023-02-20 12:00:00', 2, 0, '2023-02-18 05:32:05', '2023-02-20 20:00:02'),
(18544742, 1, 'Wigan Athletic vs Norwich City', 9, 17, 33, '2023-02-15 21:32:14', '2023-02-18 07:00:00', 2, 0, '2023-02-16 05:32:14', '2023-02-18 15:00:02'),
(18544743, 1, 'Birmingham City vs Luton Town', 9, 12, 115, '2023-02-22 21:32:16', '2023-02-25 07:00:00', 2, 0, '2023-02-23 05:32:16', '2023-02-25 15:00:01'),
(18544744, 1, 'Bristol City vs Hull City', 9, 122, 22, '2023-02-22 21:32:10', '2023-02-25 07:00:00', 2, 0, '2023-02-23 05:32:10', '2023-02-25 15:00:01'),
(18544745, 1, 'Burnley vs Huddersfield Town', 9, 27, 251, '2023-02-22 21:32:15', '2023-02-25 07:00:00', 2, 0, '2023-02-23 05:32:15', '2023-02-25 15:00:01');
INSERT INTO `sp_game_matches` (`id`, `category_id`, `name`, `tournament_id`, `team1_id`, `team2_id`, `start_date`, `end_date`, `status`, `is_unlock`, `created_at`, `updated_at`) VALUES
(18544746, 1, 'Coventry City vs Sunderland', 9, 117, 3, '2023-02-22 21:32:09', '2023-02-25 04:30:00', 2, 0, '2023-02-23 05:32:09', '2023-02-25 12:30:02'),
(18544747, 1, 'Norwich City vs Cardiff City', 9, 33, 69, '2023-02-22 21:32:12', '2023-02-25 07:00:00', 2, 0, '2023-02-23 05:32:12', '2023-02-25 15:00:01'),
(18544748, 1, 'Preston North End vs Wigan Athletic', 9, 99, 17, '2023-02-22 21:32:13', '2023-02-25 07:00:00', 2, 0, '2023-02-23 05:32:13', '2023-02-25 15:00:01'),
(18544749, 1, 'Queens Park Rangers vs Blackburn Rovers', 9, 47, 2, '2023-02-22 21:32:12', '2023-02-25 07:00:00', 2, 0, '2023-02-23 05:32:12', '2023-02-25 15:00:01'),
(18544750, 1, 'Reading vs Blackpool', 9, 23, 28, '2023-02-22 21:32:14', '2023-02-25 07:00:00', 2, 0, '2023-02-23 05:32:14', '2023-02-25 15:00:01'),
(18544751, 1, 'Sheffield United vs Watford', 9, 21, 25, '2023-02-22 21:32:10', '2023-02-25 07:00:00', 2, 0, '2023-02-23 05:32:10', '2023-02-25 15:00:01'),
(18544752, 1, 'Stoke City vs Millwall', 9, 26, 64, '2023-02-22 21:32:15', '2023-02-25 07:00:00', 2, 0, '2023-02-23 05:32:15', '2023-02-25 15:00:01'),
(18544753, 1, 'Swansea City vs Rotherham United', 9, 30, 138, '2023-02-24 21:32:06', '2023-02-27 12:00:00', 2, 0, '2023-02-25 05:32:06', '2023-02-27 20:00:02'),
(18544754, 1, 'West Bromwich Albion vs Middlesbrough', 9, 10, 7, '2023-02-22 21:32:11', '2023-02-25 07:00:00', 2, 0, '2023-02-23 05:32:11', '2023-02-25 15:00:01'),
(18544755, 1, 'Blackburn Rovers vs Sheffield United', 9, 2, 21, '2023-03-01 21:32:09', '2023-03-04 04:30:00', 2, 0, '2023-03-02 05:32:09', '2023-03-04 12:30:02'),
(18544756, 1, 'Blackpool vs Burnley', 9, 28, 27, '2023-03-01 21:32:14', '2023-03-04 07:00:00', 2, 0, '2023-03-02 05:32:14', '2023-03-04 15:00:01'),
(18544757, 1, 'Cardiff City vs Bristol City', 9, 69, 122, '2023-03-01 21:32:10', '2023-03-04 04:30:00', 2, 0, '2023-03-02 05:32:10', '2023-03-04 12:30:02'),
(18544758, 1, 'Huddersfield Town vs Coventry City', 9, 251, 117, '2023-03-01 21:32:12', '2023-03-04 07:00:00', 2, 0, '2023-03-02 05:32:12', '2023-03-04 15:00:01'),
(18544759, 1, 'Hull City vs West Bromwich Albion', 9, 22, 10, '2023-02-28 21:32:04', '2023-03-03 12:00:00', 2, 0, '2023-03-01 05:32:04', '2023-03-03 20:00:01'),
(18544760, 1, 'Luton Town vs Swansea City', 9, 115, 30, '2023-03-01 21:32:15', '2023-03-04 07:00:00', 2, 0, '2023-03-02 05:32:15', '2023-03-04 15:00:01'),
(18544761, 1, 'Middlesbrough vs Reading', 9, 7, 23, '2023-03-01 21:32:13', '2023-03-04 07:00:00', 2, 0, '2023-03-02 05:32:13', '2023-03-04 15:00:01'),
(18544762, 1, 'Millwall vs Norwich City', 9, 64, 33, '2023-03-01 21:32:13', '2023-03-04 07:00:00', 2, 0, '2023-03-02 05:32:13', '2023-03-04 15:00:01'),
(18544763, 1, 'Rotherham United vs Queens Park Rangers', 9, 138, 47, '2023-03-01 21:32:16', '2023-03-04 07:00:00', 2, 0, '2023-03-02 05:32:16', '2023-03-04 15:00:01'),
(18544764, 1, 'Sunderland vs Stoke City', 9, 3, 26, '2023-03-01 21:32:14', '2023-03-04 07:00:00', 2, 0, '2023-03-02 05:32:14', '2023-03-04 15:00:01'),
(18544765, 1, 'Watford vs Preston North End', 9, 25, 99, '2023-03-01 21:32:11', '2023-03-04 07:00:00', 2, 0, '2023-03-02 05:32:11', '2023-03-04 15:00:01'),
(18544766, 1, 'Wigan Athletic vs Birmingham City', 9, 17, 12, '2023-03-01 21:32:11', '2023-03-04 07:00:00', 2, 0, '2023-03-02 05:32:11', '2023-03-04 15:00:01'),
(18544767, 1, 'Birmingham City vs Rotherham United', 9, 12, 138, '2023-03-08 21:32:08', '2023-03-11 07:00:00', 2, 0, '2023-03-09 05:32:08', '2023-03-11 15:00:02'),
(18544768, 1, 'Bristol City vs Blackpool', 9, 122, 28, '2023-03-08 21:32:07', '2023-03-11 04:30:00', 2, 0, '2023-03-09 05:32:07', '2023-03-11 12:30:01'),
(18544769, 1, 'Burnley vs Wigan Athletic', 9, 27, 17, '2023-03-08 21:32:11', '2023-03-11 07:00:00', 2, 0, '2023-03-09 05:32:11', '2023-03-11 15:00:02'),
(18544770, 1, 'Coventry City vs Hull City', 9, 117, 22, '2023-03-08 21:32:11', '2023-03-11 07:00:00', 2, 0, '2023-03-09 05:32:11', '2023-03-11 15:00:02'),
(18544771, 1, 'Norwich City vs Sunderland', 9, 33, 3, '2023-03-09 21:32:06', '2023-03-12 05:00:00', 2, 0, '2023-03-10 05:32:06', '2023-03-12 12:00:02'),
(18544772, 1, 'Preston North End vs Cardiff City', 9, 99, 69, '2023-03-08 21:32:09', '2023-03-11 07:00:00', 2, 0, '2023-03-09 05:32:09', '2023-03-11 15:00:02'),
(18544773, 1, 'Queens Park Rangers vs Watford', 9, 47, 25, '2023-03-08 21:32:12', '2023-03-11 07:00:00', 2, 0, '2023-03-09 05:32:12', '2023-03-11 15:00:02'),
(18544774, 1, 'Reading vs Millwall', 9, 23, 64, '2023-03-08 21:32:10', '2023-03-11 07:00:00', 2, 0, '2023-03-09 05:32:10', '2023-03-11 15:00:02'),
(18544775, 1, 'Sheffield United vs Luton Town', 9, 21, 115, '2023-03-08 21:32:08', '2023-03-11 07:00:00', 2, 0, '2023-03-09 05:32:08', '2023-03-11 15:00:02'),
(18544776, 1, 'Stoke City vs Blackburn Rovers', 9, 26, 2, '2023-03-07 21:32:03', '2023-03-10 12:00:00', 2, 0, '2023-03-08 05:32:03', '2023-03-10 20:00:02'),
(18544777, 1, 'Swansea City vs Middlesbrough', 9, 30, 7, '2023-03-08 21:32:09', '2023-03-11 07:00:00', 2, 0, '2023-03-09 05:32:09', '2023-03-11 15:00:02'),
(18544778, 1, 'West Bromwich Albion vs Huddersfield Town', 9, 10, 251, '2023-03-08 21:32:10', '2023-03-11 07:00:00', 2, 0, '2023-03-09 05:32:10', '2023-03-11 15:00:02'),
(18544779, 1, 'Blackpool vs Queens Park Rangers', 9, 28, 47, '2023-03-11 21:32:05', '2023-03-14 12:45:00', 2, 0, '2023-03-12 05:32:05', '2023-03-14 19:45:02'),
(18544780, 1, 'Middlesbrough vs Stoke City', 9, 7, 26, '2023-03-11 21:32:06', '2023-03-14 13:00:00', 2, 0, '2023-03-12 05:32:06', '2023-03-14 20:00:01'),
(18544781, 1, 'Millwall vs Swansea City', 9, 64, 30, '2023-03-11 21:32:05', '2023-03-14 12:45:00', 2, 0, '2023-03-12 05:32:05', '2023-03-14 19:45:02'),
(18544782, 1, 'Rotherham United vs Preston North End', 9, 138, 99, '2023-03-11 21:32:05', '2023-03-14 12:45:00', 2, 0, '2023-03-12 05:32:05', '2023-03-14 19:45:02'),
(18544783, 1, 'Watford vs Birmingham City', 9, 25, 12, '2023-03-11 21:32:05', '2023-03-14 12:45:00', 2, 0, '2023-03-12 05:32:05', '2023-03-14 19:45:02'),
(18544784, 1, 'Wigan Athletic vs Coventry City', 9, 17, 117, '2023-03-11 21:32:06', '2023-03-14 12:45:00', 2, 0, '2023-03-12 05:32:06', '2023-03-14 19:45:02'),
(18544785, 1, 'Blackburn Rovers vs Reading', 9, 2, 23, '2023-03-12 21:32:09', '2023-03-15 12:45:00', 2, 0, '2023-03-13 04:32:09', '2023-03-15 19:45:02'),
(18544786, 1, 'Cardiff City vs West Bromwich Albion', 9, 69, 10, '2023-03-12 21:32:11', '2023-03-15 12:45:00', 2, 0, '2023-03-13 04:32:11', '2023-03-15 19:45:02'),
(18544787, 1, 'Huddersfield Town vs Norwich City', 9, 251, 33, '2023-03-12 21:32:10', '2023-03-15 12:45:00', 2, 0, '2023-03-13 04:32:10', '2023-03-15 19:45:02'),
(18544788, 1, 'Hull City vs Burnley', 9, 22, 27, '2023-03-12 21:32:11', '2023-03-15 12:45:00', 2, 0, '2023-03-13 04:32:11', '2023-03-15 19:45:02'),
(18544789, 1, 'Luton Town vs Bristol City', 9, 115, 122, '2023-03-12 21:32:10', '2023-03-15 12:45:00', 2, 0, '2023-03-13 04:32:10', '2023-03-15 19:45:02'),
(18544790, 1, 'Sunderland vs Sheffield United', 9, 3, 21, '2023-03-12 21:32:12', '2023-03-15 13:00:00', 2, 0, '2023-03-13 04:32:12', '2023-03-15 20:00:02'),
(18544792, 1, 'Blackpool vs Coventry City', 9, 28, 117, '2023-03-15 21:32:09', '2023-03-18 08:00:00', 2, 0, '2023-03-16 04:32:09', '2023-03-18 15:00:01'),
(18544793, 1, 'Middlesbrough vs Preston North End', 9, 7, 99, '2023-03-15 21:32:10', '2023-03-18 08:00:00', 2, 0, '2023-03-16 04:32:10', '2023-03-18 15:00:01'),
(18544794, 1, 'Millwall vs Huddersfield Town', 9, 64, 251, '2023-03-15 21:32:11', '2023-03-18 08:00:00', 2, 0, '2023-03-16 04:32:11', '2023-03-18 15:00:01'),
(18544795, 1, 'Queens Park Rangers vs Birmingham City', 9, 47, 12, '2023-03-15 21:32:09', '2023-03-18 08:00:00', 2, 0, '2023-03-16 04:32:09', '2023-03-18 15:00:01'),
(18544796, 1, 'Reading vs Hull City', 9, 23, 22, '2023-03-15 21:32:07', '2023-03-18 08:00:00', 2, 0, '2023-03-16 04:32:07', '2023-03-18 15:00:01'),
(18544797, 1, 'Rotherham United vs Cardiff City', 9, 138, 69, '2023-03-15 21:32:08', '2023-03-18 08:00:00', 2, 0, '2023-03-16 04:32:08', '2023-03-18 15:00:01'),
(18544799, 1, 'Stoke City vs Norwich City', 9, 26, 33, '2023-03-15 21:32:10', '2023-03-18 08:00:00', 2, 0, '2023-03-16 04:32:10', '2023-03-18 15:00:01'),
(18544800, 1, 'Sunderland vs Luton Town', 9, 3, 115, '2023-03-15 21:32:12', '2023-03-18 08:00:00', 2, 0, '2023-03-16 04:32:12', '2023-03-18 15:00:01'),
(18544801, 1, 'Swansea City vs Bristol City', 9, 30, 122, '2023-03-16 21:32:06', '2023-03-19 05:30:00', 2, 0, '2023-03-17 04:32:06', '2023-03-19 12:30:02'),
(18544802, 1, 'Watford vs Wigan Athletic', 9, 25, 17, '2023-03-15 21:32:08', '2023-03-18 08:00:00', 2, 0, '2023-03-16 04:32:08', '2023-03-18 15:00:01'),
(18544818, 1, 'Millwall vs Luton Town', 9, 64, 115, '2023-04-04 21:32:06', '2023-04-07 04:30:00', 2, 0, '2023-04-05 04:32:06', '2023-04-07 11:30:02'),
(18544821, 1, 'Rotherham United vs West Bromwich Albion', 9, 138, 10, '2023-04-04 21:32:07', '2023-04-07 05:00:00', 2, 0, '2023-04-05 04:32:07', '2023-04-07 12:00:01'),
(18544832, 1, 'Huddersfield Town vs Blackburn Rovers', 9, 251, 2, '2023-04-07 21:32:06', '2023-04-10 04:30:00', 2, 0, '2023-04-08 04:32:06', '2023-04-10 11:30:02'),
(18544853, 1, 'Rotherham United vs Burnley', 9, 138, 27, '2023-04-15 21:32:07', '2023-04-18 11:45:00', 2, 0, '2023-04-16 04:32:07', '2023-04-18 18:45:02'),
(18544854, 1, 'Sheffield United vs Bristol City', 9, 21, 122, '2023-04-15 21:32:08', '2023-04-18 11:45:00', 2, 0, '2023-04-16 04:32:08', '2023-04-18 18:45:02'),
(18544855, 1, 'Sunderland vs Huddersfield Town', 9, 3, 251, '2023-04-15 21:32:06', '2023-04-18 11:45:00', 2, 0, '2023-04-16 04:32:06', '2023-04-18 18:45:02'),
(18544856, 1, 'Stoke City vs Wigan Athletic', 9, 26, 17, '2023-04-15 21:32:08', '2023-04-18 11:45:00', 2, 0, '2023-04-16 04:32:08', '2023-04-18 18:45:02'),
(18545251, 1, 'Real Madrid vs Valencia', 564, 3468, 214, '2023-01-30 21:32:02', '2023-02-02 12:00:00', 2, 0, '2023-01-31 05:32:02', '2023-02-02 20:00:02'),
(18545255, 1, 'Real Betis vs FC Barcelona', 564, 485, 83, '2023-01-30 14:24:25', '2023-02-01 12:00:00', 2, 0, '2023-01-30 22:24:25', '2023-02-01 20:00:03'),
(18545278, 1, 'Villarreal vs Rayo Vallecano', 564, 3477, 377, '2023-01-30 14:32:53', '2023-01-30 12:00:00', 2, 0, '2023-01-30 22:32:53', '2023-01-31 10:33:02'),
(18545279, 1, 'Athletic Club vs Cádiz', 564, 13258, 6827, '2023-02-02 22:11:24', '2023-02-03 12:00:00', 2, 0, '2023-02-03 06:11:24', '2023-02-03 20:00:02'),
(18545284, 1, 'Mallorca vs Real Madrid', 564, 645, 3468, '2023-02-05 15:41:40', '2023-02-05 05:00:00', 2, 0, '2023-02-05 23:41:40', '2023-02-05 23:42:01'),
(18545288, 1, 'Rayo Vallecano vs Almería', 564, 377, 618, '2023-02-03 21:32:07', '2023-02-06 12:00:00', 2, 0, '2023-02-04 05:32:07', '2023-02-06 20:00:02'),
(18545289, 1, 'Getafe vs Rayo Vallecano', 564, 106, 377, '2023-02-09 21:32:20', '2023-02-12 05:00:00', 2, 0, '2023-02-10 05:32:20', '2023-02-15 04:41:02'),
(18545290, 1, 'Cádiz vs Girona', 564, 6827, 231, '2023-02-07 21:32:06', '2023-02-10 12:00:00', 2, 0, '2023-02-08 05:32:06', '2023-02-10 20:00:02'),
(18545291, 1, 'Espanyol vs Real Sociedad', 564, 528, 594, '2023-02-10 21:32:06', '2023-02-13 12:00:00', 2, 0, '2023-02-11 05:32:06', '2023-02-15 04:41:02'),
(18545292, 1, 'Almería vs Real Betis', 564, 618, 485, '2023-02-08 21:32:19', '2023-02-11 07:15:00', 2, 0, '2023-02-09 05:32:19', '2023-02-11 15:15:02'),
(18545294, 1, 'Celta de Vigo vs Atlético Madrid', 564, 36, 7980, '2023-02-09 21:32:21', '2023-02-12 07:15:00', 2, 0, '2023-02-10 05:32:21', '2023-02-15 04:41:02'),
(18545296, 1, 'Real Madrid vs Elche', 564, 3468, 1099, '2023-02-14 12:56:17', '2023-02-15 12:00:00', 2, 0, '2023-02-14 20:56:17', '2023-02-15 20:00:02'),
(18545297, 1, 'Sevilla vs Mallorca', 564, 676, 645, '2023-02-08 21:32:19', '2023-02-11 09:30:00', 2, 0, '2023-02-09 05:32:19', '2023-02-11 17:30:02'),
(18545303, 1, 'Getafe vs Valencia', 564, 106, 214, '2023-02-17 21:32:13', '2023-02-20 12:00:00', 2, 0, '2023-02-18 05:32:13', '2023-02-20 20:00:02'),
(18545316, 1, 'Villarreal vs Getafe', 564, 3477, 106, '2023-02-24 21:32:12', '2023-02-27 12:00:00', 2, 0, '2023-02-25 05:32:12', '2023-02-27 20:00:02'),
(18545325, 1, 'Osasuna vs Celta de Vigo', 564, 459, 36, '2023-03-03 21:32:12', '2023-03-06 12:00:00', 2, 0, '2023-03-04 05:32:12', '2023-03-06 20:00:01'),
(18545334, 1, 'Girona vs Atlético Madrid', 564, 231, 7980, '2023-03-10 21:32:08', '2023-03-13 13:00:00', 2, 0, '2023-03-11 05:32:08', '2023-03-13 20:00:02'),
(18545357, 1, 'Valencia vs Rayo Vallecano', 564, 214, 377, '2023-03-31 21:32:12', '2023-04-03 12:00:00', 2, 0, '2023-04-01 04:32:12', '2023-04-03 19:00:02'),
(18545371, 1, 'Celta de Vigo vs Mallorca', 564, 36, 645, '2023-04-14 21:32:10', '2023-04-17 12:00:00', 2, 0, '2023-04-15 04:32:10', '2023-04-17 19:00:02'),
(18545770, 1, 'Málaga vs Real Zaragoza', 567, 126, 3968, '2023-02-17 21:32:13', '2023-02-20 12:00:00', 2, 0, '2023-02-18 05:32:13', '2023-02-20 20:00:02'),
(18545779, 1, 'Granada vs Málaga', 567, 103, 126, '2023-02-24 21:32:13', '2023-02-27 12:00:00', 2, 0, '2023-02-25 05:32:13', '2023-02-27 20:00:02'),
(18545795, 1, 'Villarreal II vs Deportivo Alavés', 567, 13328, 2975, '2023-03-03 21:32:12', '2023-03-06 12:00:00', 2, 0, '2023-03-04 05:32:12', '2023-03-06 20:00:01'),
(18545806, 1, 'Racing Santander vs Huesca', 567, 9818, 274, '2023-03-10 21:32:09', '2023-03-13 13:00:00', 2, 0, '2023-03-11 05:32:09', '2023-03-13 20:00:02'),
(18545818, 1, 'Mirandés vs SD Eibar', 567, 6968, 60, '2023-03-17 21:32:04', '2023-03-20 13:00:00', 2, 0, '2023-03-18 04:32:04', '2023-03-20 20:00:01'),
(18545822, 1, 'FC Cartagena vs Lugo', 567, 12652, 7031, '2023-03-21 21:32:03', '2023-03-24 13:00:00', 2, 0, '2023-03-22 04:32:03', '2023-03-24 20:00:02'),
(18545823, 1, 'Granada vs Real Oviedo', 567, 103, 93, '2023-03-23 21:32:07', '2023-03-26 09:30:00', 2, 0, '2023-03-24 04:32:07', '2023-03-26 16:30:02'),
(18545824, 1, 'Las Palmas vs Sporting Gijón', 567, 2921, 344, '2023-03-23 21:32:08', '2023-03-26 12:00:00', 2, 0, '2023-03-24 04:32:08', '2023-03-26 19:00:01'),
(18545825, 1, 'SD Eibar vs FC Andorra', 567, 60, 238115, '2023-03-23 21:32:06', '2023-03-26 05:00:00', 2, 0, '2023-03-24 04:32:06', '2023-03-26 12:00:02'),
(18545827, 1, 'Villarreal II vs Huesca', 567, 13328, 274, '2023-03-23 21:32:08', '2023-03-26 09:30:00', 2, 0, '2023-03-24 04:32:08', '2023-03-26 16:30:02'),
(18545828, 1, 'Málaga vs Leganés', 567, 126, 844, '2023-03-24 21:32:04', '2023-03-27 12:00:00', 2, 0, '2023-03-25 04:32:04', '2023-03-27 19:00:02'),
(18545830, 1, 'Ponferradina vs Mirandés', 567, 7746, 6968, '2023-03-23 21:32:07', '2023-03-26 07:15:00', 2, 0, '2023-03-24 04:32:07', '2023-03-26 14:15:02'),
(18545831, 1, 'Real Zaragoza vs Albacete', 567, 3968, 3169, '2023-03-23 21:32:07', '2023-03-26 07:15:00', 2, 0, '2023-03-24 04:32:07', '2023-03-26 14:15:02'),
(18545837, 1, 'Albacete vs Las Palmas', 567, 3169, 2921, '2023-03-31 21:32:12', '2023-04-03 12:00:00', 2, 0, '2023-04-01 04:32:12', '2023-04-03 19:00:02'),
(18546343, 1, 'Udinese vs Hellas Verona', 384, 346, 1123, '2023-01-30 02:33:00', '2023-01-30 15:45:00', 0, 0, '2023-01-30 22:32:52', '2023-01-31 10:37:15'),
(18546344, 1, 'Cremonese vs Lecce', 384, 10722, 7790, '2023-02-02 22:11:51', '2023-02-04 06:00:00', 2, 0, '2023-02-03 06:11:51', '2023-02-04 14:00:02'),
(18546345, 1, 'Fiorentina vs Bologna', 384, 109, 8513, '2023-02-05 15:41:35', '2023-02-05 09:00:00', 2, 0, '2023-02-05 23:41:35', '2023-02-05 23:42:01'),
(18546346, 1, 'Hellas Verona vs Lazio', 384, 1123, 43, '2023-02-03 21:32:04', '2023-02-06 09:30:00', 2, 0, '2023-02-04 05:32:04', '2023-02-06 17:30:01'),
(18546347, 1, 'Inter vs Milan', 384, 2930, 113, '2023-02-05 15:41:36', '2023-02-05 11:45:00', 2, 0, '2023-02-05 23:41:36', '2023-02-05 23:42:01'),
(18546348, 1, 'Monza vs Sampdoria', 384, 1628, 522, '2023-02-03 21:32:04', '2023-02-06 11:45:00', 2, 0, '2023-02-04 05:32:04', '2023-02-06 19:45:01'),
(18546349, 1, 'Roma vs Empoli', 384, 37, 397, '2023-02-02 22:11:52', '2023-02-04 09:00:00', 2, 0, '2023-02-03 06:11:52', '2023-02-04 17:00:02'),
(18546350, 1, 'Salernitana vs Juventus', 384, 7743, 625, '2023-02-04 21:32:03', '2023-02-07 11:45:00', 2, 0, '2023-02-05 05:32:03', '2023-02-07 19:45:01'),
(18546351, 1, 'Sassuolo vs Atalanta', 384, 2714, 708, '2023-02-02 22:11:53', '2023-02-04 11:45:00', 2, 0, '2023-02-03 06:11:53', '2023-02-04 19:45:01'),
(18546352, 1, 'Spezia vs Napoli', 384, 345, 597, '2023-02-05 15:41:33', '2023-02-05 03:30:00', 2, 0, '2023-02-05 23:41:33', '2023-02-05 23:42:01'),
(18546353, 1, 'Torino vs Udinese', 384, 613, 346, '2023-02-05 15:41:34', '2023-02-05 06:00:00', 2, 0, '2023-02-05 23:41:34', '2023-02-05 23:42:01'),
(18546354, 1, 'Bologna vs Monza', 384, 8513, 1628, '2023-02-09 21:32:17', '2023-02-12 06:00:00', 2, 0, '2023-02-10 05:32:17', '2023-02-15 04:41:02'),
(18546355, 1, 'Empoli vs Spezia', 384, 397, 345, '2023-02-08 21:32:16', '2023-02-11 06:00:00', 2, 0, '2023-02-09 05:32:16', '2023-02-11 14:00:02'),
(18546356, 1, 'Hellas Verona vs Salernitana', 384, 1123, 7743, '2023-02-10 21:32:04', '2023-02-13 09:30:00', 2, 0, '2023-02-11 05:32:04', '2023-02-15 04:41:02'),
(18546357, 1, 'Juventus vs Fiorentina', 384, 625, 109, '2023-02-09 21:32:17', '2023-02-12 09:00:00', 2, 0, '2023-02-10 05:32:17', '2023-02-15 04:41:02'),
(18546358, 1, 'Lazio vs Atalanta', 384, 43, 708, '2023-02-08 21:32:17', '2023-02-11 11:45:00', 2, 0, '2023-02-09 05:32:17', '2023-02-11 19:45:02'),
(18546359, 1, 'Lecce vs Roma', 384, 7790, 37, '2023-02-08 21:32:16', '2023-02-11 09:00:00', 2, 0, '2023-02-09 05:32:16', '2023-02-11 17:00:02'),
(18546360, 1, 'Milan vs Torino', 384, 113, 613, '2023-02-07 21:32:05', '2023-02-10 11:45:00', 2, 0, '2023-02-08 05:32:05', '2023-02-10 19:45:02'),
(18546361, 1, 'Napoli vs Cremonese', 384, 597, 10722, '2023-02-09 21:32:18', '2023-02-12 11:45:00', 2, 0, '2023-02-10 05:32:18', '2023-02-15 04:41:02'),
(18546362, 1, 'Sampdoria vs Inter', 384, 522, 2930, '2023-02-10 21:32:04', '2023-02-13 11:45:00', 2, 0, '2023-02-11 05:32:04', '2023-02-15 04:41:02'),
(18546363, 1, 'Udinese vs Sassuolo', 384, 346, 2714, '2023-02-09 21:32:16', '2023-02-12 03:30:00', 2, 0, '2023-02-10 05:32:16', '2023-02-15 04:41:02'),
(18546371, 1, 'Sassuolo vs Napoli', 384, 2714, 597, '2023-02-14 21:32:12', '2023-02-17 11:45:00', 2, 0, '2023-02-15 05:32:12', '2023-02-17 19:45:02'),
(18546373, 1, 'Torino vs Cremonese', 384, 613, 10722, '2023-02-17 21:32:10', '2023-02-20 11:45:00', 2, 0, '2023-02-18 05:32:10', '2023-02-20 19:45:02'),
(18546378, 1, 'Lazio vs Sampdoria', 384, 43, 522, '2023-02-24 21:32:09', '2023-02-27 11:45:00', 2, 0, '2023-02-25 05:32:09', '2023-02-27 19:45:01'),
(18546381, 1, 'Hellas Verona vs Fiorentina', 384, 1123, 109, '2023-02-24 21:32:09', '2023-02-27 09:30:00', 2, 0, '2023-02-25 05:32:09', '2023-02-27 17:30:01'),
(18546388, 1, 'Napoli vs Lazio', 384, 597, 43, '2023-02-28 21:32:11', '2023-03-03 11:45:00', 2, 0, '2023-03-01 05:32:11', '2023-03-03 19:45:01'),
(18546391, 1, 'Sassuolo vs Cremonese', 384, 2714, 10722, '2023-03-03 21:32:09', '2023-03-06 09:30:00', 2, 0, '2023-03-04 05:32:09', '2023-03-06 17:30:01'),
(18546393, 1, 'Torino vs Bologna', 384, 613, 8513, '2023-03-03 21:32:10', '2023-03-06 11:45:00', 2, 0, '2023-03-04 05:32:10', '2023-03-06 19:45:02'),
(18546400, 1, 'Milan vs Salernitana', 384, 113, 7743, '2023-03-10 21:32:06', '2023-03-13 12:45:00', 2, 0, '2023-03-11 05:32:06', '2023-03-13 19:45:01'),
(18546403, 1, 'Spezia vs Inter', 384, 345, 2930, '2023-03-07 21:32:10', '2023-03-10 11:45:00', 2, 0, '2023-03-08 05:32:10', '2023-03-10 19:45:02'),
(18546404, 1, 'Atalanta vs Empoli', 384, 708, 397, '2023-03-14 21:32:12', '2023-03-17 12:45:00', 2, 0, '2023-03-15 04:32:12', '2023-03-17 19:45:02'),
(18546408, 1, 'Sassuolo vs Spezia', 384, 2714, 345, '2023-03-14 21:32:11', '2023-03-17 10:30:00', 2, 0, '2023-03-15 04:32:11', '2023-03-17 17:30:02'),
(18548060, 1, 'Bologna vs Udinese', 384, 8513, 346, '2023-03-30 21:32:12', '2023-04-02 03:30:00', 2, 0, '2023-03-31 04:32:12', '2023-04-02 10:30:01'),
(18548061, 1, 'Empoli vs Lecce', 384, 397, 7790, '2023-03-31 21:32:06', '2023-04-03 09:30:00', 2, 0, '2023-04-01 04:32:06', '2023-04-03 16:30:02'),
(18548063, 1, 'Sassuolo vs Torino', 384, 2714, 613, '2023-03-31 21:32:11', '2023-04-03 11:45:00', 2, 0, '2023-04-01 04:32:11', '2023-04-03 18:45:02'),
(18548078, 1, 'Udinese vs Monza', 384, 346, 1628, '2023-04-05 21:32:08', '2023-04-08 03:30:00', 2, 0, '2023-04-06 04:32:08', '2023-04-08 10:30:02'),
(18548401, 1, 'Lecce vs Sampdoria', 384, 7790, 522, '2023-04-13 21:32:13', '2023-04-16 03:30:00', 2, 0, '2023-04-14 04:32:13', '2023-04-16 10:30:01'),
(18548403, 1, 'Fiorentina vs Atalanta', 384, 109, 708, '2023-04-14 21:32:10', '2023-04-17 11:45:00', 2, 0, '2023-04-15 04:32:10', '2023-04-17 18:45:01'),
(18556423, 1, 'Sepsi vs U Craiova 1948', 474, 10238, 228582, '2023-03-13 21:32:08', '2023-03-16 12:00:00', 2, 0, '2023-03-14 04:32:08', '2023-03-16 19:00:02'),
(18556445, 1, 'Botoşani vs Sepsi', 474, 3195, 10238, '2023-02-17 21:32:12', '2023-02-20 07:00:00', 2, 0, '2023-02-18 05:32:12', '2023-02-20 15:00:02'),
(18556446, 1, 'Chindia Târgovişte vs Universitatea Cluj', 474, 12477, 9426, '2023-02-14 21:32:15', '2023-02-17 07:00:00', 2, 0, '2023-02-15 05:32:15', '2023-02-17 15:00:01'),
(18556448, 1, 'Mioveni vs Rapid Bucuresti', 474, 6157, 7773, '2023-02-14 21:32:15', '2023-02-17 10:00:00', 2, 0, '2023-02-15 05:32:15', '2023-02-17 18:00:01'),
(18556450, 1, 'U Craiova 1948 vs Voluntari', 474, 228582, 3488, '2023-02-17 21:32:12', '2023-02-20 10:00:00', 2, 0, '2023-02-18 05:32:12', '2023-02-20 18:00:02'),
(18556451, 1, 'Petrolul 52 vs CFR Cluj', 474, 132584, 3599, '2023-02-24 21:32:12', '2023-02-27 10:00:00', 2, 0, '2023-02-25 05:32:12', '2023-02-27 18:00:02'),
(18556459, 1, 'FCSB vs Petrolul 52', 474, 3444, 132584, '2023-02-27 21:32:03', '2023-03-02 10:00:00', 2, 0, '2023-02-28 05:32:03', '2023-03-02 18:00:02'),
(18556460, 1, 'CFR Cluj vs UTA Arad', 474, 3599, 8474, '2023-02-27 21:32:03', '2023-03-02 07:00:00', 2, 0, '2023-02-28 05:32:03', '2023-03-02 15:00:01'),
(18556463, 1, 'Botoşani vs Rapid Bucuresti', 474, 3195, 7773, '2023-02-26 21:32:13', '2023-03-01 10:30:00', 2, 0, '2023-02-27 05:32:13', '2023-03-01 18:30:02'),
(18556465, 1, 'Universitatea Craiova vs Argeş', 474, 11676, 10266, '2023-02-26 21:32:13', '2023-03-01 08:00:00', 2, 0, '2023-02-27 05:32:13', '2023-03-01 16:00:02'),
(18556466, 1, 'Mioveni vs Voluntari', 474, 6157, 3488, '2023-02-26 21:32:13', '2023-03-01 06:00:00', 2, 0, '2023-02-27 05:32:13', '2023-03-01 14:00:02'),
(18556469, 1, 'Sepsi vs CFR Cluj', 474, 10238, 3599, '2023-03-03 21:32:12', '2023-03-06 10:30:00', 2, 0, '2023-03-04 05:32:12', '2023-03-06 18:30:01'),
(18556474, 1, 'Voluntari vs Argeş', 474, 3488, 10266, '2023-03-03 21:32:11', '2023-03-06 08:00:00', 2, 0, '2023-03-04 05:32:11', '2023-03-06 16:00:02'),
(18556478, 1, 'CFR Cluj vs Universitatea Cluj', 474, 3599, 9426, '2023-03-10 21:32:08', '2023-03-13 11:30:00', 2, 0, '2023-03-11 05:32:08', '2023-03-13 18:30:01'),
(18556482, 1, 'Chindia Târgovişte vs Voluntari', 474, 12477, 3488, '2023-03-10 21:32:08', '2023-03-13 08:30:00', 2, 0, '2023-03-11 05:32:08', '2023-03-13 15:30:01'),
(18557502, 1, 'Arda vs Lokomotiv Plovdiv', 229, 27858, 329, '2023-02-14 21:32:10', '2023-02-17 07:30:00', 2, 0, '2023-02-15 05:32:10', '2023-02-17 15:30:02'),
(18557503, 1, 'Botev Vratsa vs CSKA 1948 Sofia', 229, 5662, 132259, '2023-02-16 21:32:18', '2023-02-19 02:45:00', 2, 0, '2023-02-17 05:32:18', '2023-02-19 10:45:02'),
(18557504, 1, 'Hebar 1918 vs Spartak Varna', 229, 27859, 6141, '2023-02-17 21:32:07', '2023-02-20 04:30:00', 2, 0, '2023-02-18 05:32:07', '2023-02-20 12:30:02'),
(18557505, 1, 'Ludogorets vs Slavia Sofia', 229, 2742, 1120, '2023-02-16 21:32:19', '2023-02-19 07:45:00', 2, 0, '2023-02-17 05:32:19', '2023-02-19 15:45:02'),
(18557506, 1, 'OFK Pirin vs Levski Sofia', 229, 291, 3223, '2023-02-16 21:32:18', '2023-02-19 05:15:00', 2, 0, '2023-02-17 05:32:18', '2023-02-19 13:15:01'),
(18557507, 1, 'OFK Pirin vs Cherno More', 229, 291, 7178, '2023-02-24 21:32:07', '2023-02-27 07:30:00', 2, 0, '2023-02-25 05:32:07', '2023-02-27 15:30:02'),
(18557509, 1, 'Slavia Sofia vs Hebar 1918', 229, 1120, 27859, '2023-02-23 21:32:15', '2023-02-26 02:30:00', 2, 0, '2023-02-24 05:32:15', '2023-02-26 10:30:02'),
(18557513, 1, 'Septemvri Sofia vs CSKA Sofia', 229, 7586, 392, '2023-02-23 21:32:16', '2023-02-26 07:15:00', 2, 0, '2023-02-24 05:32:16', '2023-02-26 15:15:01'),
(18557514, 1, 'Botev Plovdiv vs Beroe', 229, 943, 7531, '2023-02-23 21:32:16', '2023-02-26 04:45:00', 2, 0, '2023-02-24 05:32:16', '2023-02-26 12:45:02'),
(18557518, 1, 'Lokomotiv Sofia 1929 vs CSKA 1948 Sofia', 229, 7556, 132259, '2023-02-28 21:32:09', '2023-03-03 07:30:00', 2, 0, '2023-03-01 05:32:09', '2023-03-03 15:30:01'),
(18557519, 1, 'Arda vs Spartak Varna', 229, 27858, 6141, '2023-03-03 21:32:07', '2023-03-06 07:30:00', 2, 0, '2023-03-04 05:32:07', '2023-03-06 15:30:01'),
(18557520, 1, 'Botev Vratsa vs Slavia Sofia', 229, 5662, 1120, '2023-03-02 21:32:16', '2023-03-05 02:00:00', 2, 0, '2023-03-03 05:32:16', '2023-03-05 10:00:02'),
(18557529, 1, 'Lokomotiv Plovdiv vs Beroe', 229, 329, 7531, '2023-03-10 21:32:05', '2023-03-13 08:30:00', 2, 0, '2023-03-11 05:32:05', '2023-03-13 15:30:01'),
(18557530, 1, 'Septemvri Sofia vs Botev Plovdiv', 229, 7586, 943, '2023-03-07 21:32:09', '2023-03-10 07:30:00', 2, 0, '2023-03-08 05:32:09', '2023-03-10 15:30:02'),
(18557531, 1, 'Cherno More vs Septemvri Sofia', 229, 7178, 7586, '2023-03-14 21:32:10', '2023-03-17 06:00:00', 2, 0, '2023-03-15 04:32:10', '2023-03-17 13:00:02'),
(18557535, 1, 'Lokomotiv Sofia 1929 vs Slavia Sofia', 229, 7556, 1120, '2023-03-14 21:32:10', '2023-03-17 08:30:00', 2, 0, '2023-03-15 04:32:10', '2023-03-17 15:30:01'),
(18557547, 1, 'Cherno More vs Lokomotiv Plovdiv', 229, 7178, 329, '2023-04-14 21:32:08', '2023-04-17 10:15:00', 2, 0, '2023-04-15 04:32:08', '2023-04-17 17:15:01'),
(18557548, 1, 'Septemvri Sofia vs CSKA 1948 Sofia', 229, 7586, 132259, '2023-04-11 21:32:05', '2023-04-14 05:45:00', 2, 0, '2023-04-12 04:32:05', '2023-04-14 12:45:02'),
(18557549, 1, 'Botev Plovdiv vs Spartak Varna', 229, 943, 6141, '2023-04-14 21:32:04', '2023-04-17 04:45:00', 2, 0, '2023-04-15 04:32:04', '2023-04-17 11:45:01'),
(18557550, 1, 'Beroe vs Slavia Sofia', 229, 7531, 1120, '2023-04-12 21:32:11', '2023-04-15 04:00:00', 2, 0, '2023-04-13 04:32:11', '2023-04-15 11:00:02'),
(18557551, 1, 'CSKA Sofia vs Levski Sofia', 229, 392, 3223, '2023-04-14 21:32:05', '2023-04-17 07:30:00', 2, 0, '2023-04-15 04:32:05', '2023-04-17 14:30:01'),
(18557552, 1, 'Lokomotiv Sofia 1929 vs OFK Pirin', 229, 7556, 291, '2023-04-11 21:32:05', '2023-04-14 03:30:00', 2, 0, '2023-04-12 04:32:05', '2023-04-14 10:30:02'),
(18557553, 1, 'Arda vs Ludogorets', 229, 27858, 2742, '2023-04-11 21:32:06', '2023-04-14 08:00:00', 2, 0, '2023-04-12 04:32:06', '2023-04-14 15:00:02'),
(18557554, 1, 'Botev Vratsa vs Hebar 1918', 229, 5662, 27859, '2023-04-10 21:32:12', '2023-04-13 07:30:00', 2, 0, '2023-04-11 04:32:12', '2023-04-13 14:30:01'),
(18557555, 1, 'Botev Vratsa vs Cherno More', 229, 5662, 7178, '2023-04-18 21:32:07', '2023-04-21 06:15:00', 2, 0, '2023-04-19 04:32:07', '2023-04-21 13:15:02'),
(18560203, 1, 'Estoril vs Boavista', 462, 1198, 960, '2023-02-09 11:07:44', '2023-02-09 10:00:00', 2, 0, '2023-02-09 19:07:44', '2023-02-09 19:08:02'),
(18560233, 1, 'Paços de Ferreira vs Gil Vicente', 462, 1122, 364, '2023-01-30 14:20:58', '2023-01-31 11:00:00', 2, 0, '2023-01-30 22:20:58', '2023-01-31 19:00:02'),
(18560235, 1, 'Arouca vs Benfica', 462, 4092, 605, '2023-01-30 14:20:59', '2023-01-31 13:15:00', 2, 0, '2023-01-30 22:20:59', '2023-01-31 21:15:01'),
(18560237, 1, 'Vitória SC vs Chaves', 462, 830, 988, '2023-01-30 14:32:52', '2023-01-30 12:15:00', 2, 0, '2023-01-30 22:32:52', '2023-01-31 10:33:02'),
(18560238, 1, 'Marítimo vs Porto', 462, 5931, 652, '2023-01-30 14:24:21', '2023-02-01 11:00:00', 2, 0, '2023-01-30 22:24:21', '2023-02-01 19:00:01'),
(18560239, 1, 'Sporting CP vs Sporting Braga', 462, 58, 884, '2023-01-30 14:24:21', '2023-02-01 13:15:00', 2, 0, '2023-01-30 22:24:21', '2023-02-01 21:15:01'),
(18560243, 1, 'Porto vs Vizela', 462, 652, 8164, '2023-02-05 15:41:38', '2023-02-05 10:00:00', 2, 0, '2023-02-05 23:41:38', '2023-02-05 23:42:01'),
(18560244, 1, 'Rio Ave vs Sporting CP', 462, 6377, 58, '2023-02-03 21:32:06', '2023-02-06 13:15:00', 2, 0, '2023-02-04 05:32:06', '2023-02-06 21:15:02'),
(18560245, 1, 'Chaves vs Marítimo', 462, 988, 5931, '2023-02-05 15:41:37', '2023-02-05 07:30:00', 2, 0, '2023-02-05 23:41:37', '2023-02-05 23:42:01'),
(18560246, 1, 'Sporting Braga vs Famalicão', 462, 884, 3161, '2023-02-05 15:41:37', '2023-02-05 07:30:00', 2, 0, '2023-02-05 23:41:37', '2023-02-05 23:42:01'),
(18560247, 1, 'Santa Clara vs Boavista', 462, 2628, 960, '2023-02-02 22:11:54', '2023-02-04 07:30:00', 2, 0, '2023-02-03 06:11:54', '2023-02-04 15:30:01'),
(18560248, 1, 'Portimonense vs Paços de Ferreira', 462, 1658, 1122, '2023-02-03 21:32:05', '2023-02-06 11:00:00', 2, 0, '2023-02-04 05:32:05', '2023-02-06 19:00:02'),
(18560249, 1, 'Benfica vs Casa Pia', 462, 605, 11741, '2023-02-02 22:11:54', '2023-02-04 10:00:00', 2, 0, '2023-02-03 06:11:54', '2023-02-04 18:00:02'),
(18560250, 1, 'Gil Vicente vs Arouca', 462, 364, 4092, '2023-02-05 15:41:39', '2023-02-05 12:30:00', 2, 0, '2023-02-05 23:41:39', '2023-02-05 23:42:01'),
(18560251, 1, 'Boavista vs Casa Pia', 462, 960, 11741, '2023-02-10 21:32:06', '2023-02-13 13:15:00', 2, 0, '2023-02-11 05:32:06', '2023-02-15 04:41:02'),
(18560252, 1, 'Famalicão vs Gil Vicente', 462, 3161, 364, '2023-02-09 21:32:18', '2023-02-12 07:30:00', 2, 0, '2023-02-10 05:32:18', '2023-02-15 04:41:02'),
(18560253, 1, 'Vitória SC vs Portimonense', 462, 830, 1658, '2023-02-08 21:32:18', '2023-02-11 12:30:00', 2, 0, '2023-02-09 05:32:18', '2023-02-11 20:30:02'),
(18560254, 1, 'Arouca vs Santa Clara', 462, 4092, 2628, '2023-02-08 21:32:17', '2023-02-11 10:00:00', 2, 0, '2023-02-09 05:32:17', '2023-02-11 18:00:02'),
(18560255, 1, 'Sporting CP vs Porto', 462, 58, 652, '2023-02-09 21:32:19', '2023-02-12 10:00:00', 2, 0, '2023-02-10 05:32:19', '2023-02-15 04:41:02'),
(18560256, 1, 'Marítimo vs Sporting Braga', 462, 5931, 884, '2023-02-09 21:32:19', '2023-02-12 12:30:00', 2, 0, '2023-02-10 05:32:19', '2023-02-15 04:41:02'),
(18560257, 1, 'Vizela vs Chaves', 462, 8164, 988, '2023-02-07 21:32:05', '2023-02-10 12:15:00', 2, 0, '2023-02-08 05:32:05', '2023-02-10 20:15:02'),
(18560258, 1, 'Rio Ave vs Estoril', 462, 6377, 1198, '2023-02-10 21:32:05', '2023-02-13 11:00:00', 2, 0, '2023-02-11 05:32:05', '2023-02-15 04:41:02'),
(18560261, 1, 'Gil Vicente vs Vizela', 462, 364, 8164, '2023-02-14 21:32:14', '2023-02-17 12:15:00', 2, 0, '2023-02-15 05:32:14', '2023-02-17 20:15:01'),
(18560263, 1, 'Chaves vs Sporting CP', 462, 988, 58, '2023-02-17 21:32:11', '2023-02-20 11:00:00', 2, 0, '2023-02-18 05:32:11', '2023-02-20 19:00:01'),
(18560266, 1, 'Benfica vs Boavista', 462, 605, 960, '2023-02-17 21:32:11', '2023-02-20 13:15:00', 2, 0, '2023-02-18 05:32:11', '2023-02-20 21:15:02'),
(18560272, 1, 'Sporting CP vs Estoril', 462, 58, 1198, '2023-02-24 21:32:10', '2023-02-27 11:00:00', 2, 0, '2023-02-25 05:32:10', '2023-02-27 19:00:01'),
(18560275, 1, 'Vitória SC vs Sporting Braga', 462, 830, 884, '2023-02-24 21:32:11', '2023-02-27 13:15:00', 2, 0, '2023-02-25 05:32:11', '2023-02-27 21:15:01'),
(18560282, 1, 'Casa Pia vs Paços de Ferreira', 462, 11741, 1122, '2023-03-03 21:32:11', '2023-03-06 12:15:00', 2, 0, '2023-03-04 05:32:11', '2023-03-06 20:15:02'),
(18560283, 1, 'Benfica vs Famalicão', 462, 605, 3161, '2023-02-28 21:32:13', '2023-03-03 13:15:00', 2, 0, '2023-03-01 05:32:13', '2023-03-03 21:15:01'),
(18560286, 1, 'Boavista vs Arouca', 462, 960, 4092, '2023-02-28 21:32:13', '2023-03-03 11:00:00', 2, 0, '2023-03-01 05:32:13', '2023-03-03 19:00:02'),
(18560290, 1, 'Famalicão vs Casa Pia', 462, 3161, 11741, '2023-03-10 21:32:07', '2023-03-13 13:15:00', 2, 0, '2023-03-11 05:32:07', '2023-03-13 20:15:02'),
(18560623, 1, 'Altay vs Yeni Malatyaspor', 603, 4090, 6886, '2023-02-14 12:56:31', '2023-02-16 06:00:00', 2, 0, '2023-02-14 20:56:31', '2023-02-16 14:00:01'),
(18560624, 1, 'Rizespor vs Adanaspor', 603, 1041, 4256, '2023-02-14 12:56:18', '2023-02-15 06:00:00', 2, 0, '2023-02-14 20:56:18', '2023-02-15 14:00:01'),
(18560625, 1, 'Manisa BBSK vs Bodrumspor', 603, 3797, 13924, '2023-03-05 21:32:06', '2023-03-08 03:30:00', 2, 0, '2023-03-06 05:32:06', '2023-03-08 11:30:02'),
(18560626, 1, 'Bandırmaspor vs Eyüpspor', 603, 2663, 3224, '2023-03-06 21:32:08', '2023-03-09 03:30:00', 2, 0, '2023-03-07 05:32:08', '2023-03-09 11:30:02'),
(18560629, 1, 'Gençlerbirliği vs Denizlispor', 603, 286, 269, '2023-03-05 21:32:06', '2023-03-08 09:00:00', 2, 0, '2023-03-06 05:32:06', '2023-03-08 17:00:02'),
(18560630, 1, 'BB Erzurumspor vs Keçiörengücü', 603, 13818, 5959, '2023-03-05 21:32:06', '2023-03-08 03:30:00', 2, 0, '2023-03-06 05:32:06', '2023-03-08 11:30:02'),
(18560631, 1, 'Sakaryaspor vs Samsunspor', 603, 4246, 2811, '2023-03-06 21:32:08', '2023-03-09 09:00:00', 2, 0, '2023-03-07 05:32:08', '2023-03-09 17:00:02'),
(18560635, 1, 'Eyüpspor vs Altay', 603, 3224, 4090, '2023-03-10 21:32:09', '2023-03-13 10:00:00', 2, 0, '2023-03-11 05:32:09', '2023-03-13 17:00:02'),
(18560639, 1, 'Samsunspor vs Bandırmaspor', 603, 2811, 2663, '2023-03-10 21:32:09', '2023-03-13 10:00:00', 2, 0, '2023-03-11 05:32:09', '2023-03-13 17:00:02'),
(18560643, 1, 'Sakaryaspor vs Bodrumspor', 603, 4246, 13924, '2023-03-17 21:32:04', '2023-03-20 10:00:00', 2, 0, '2023-03-18 04:32:04', '2023-03-20 17:00:02'),
(18560651, 1, 'Denizlispor vs Boluspor', 603, 269, 46, '2023-03-21 21:32:03', '2023-03-24 10:00:00', 2, 0, '2023-03-22 04:32:03', '2023-03-24 17:00:02'),
(18560652, 1, 'Samsunspor vs Altınordu', 603, 2811, 3909, '2023-03-21 21:32:03', '2023-03-24 10:00:00', 2, 0, '2023-03-22 04:32:03', '2023-03-24 17:00:02'),
(18560656, 1, 'Adanaspor vs Sakaryaspor', 603, 4256, 4246, '2023-03-23 21:32:09', '2023-03-26 08:00:00', 2, 0, '2023-03-24 04:32:09', '2023-03-26 15:00:02'),
(18560657, 1, 'Yeni Malatyaspor vs Bandırmaspor', 603, 6886, 2663, '2023-03-23 21:32:09', '2023-03-26 08:00:00', 2, 0, '2023-03-24 04:32:09', '2023-03-26 15:00:02'),
(18560658, 1, 'Bodrumspor vs BB Erzurumspor', 603, 13924, 13818, '2023-03-23 21:32:09', '2023-03-26 03:30:00', 2, 0, '2023-03-24 04:32:09', '2023-03-26 10:30:02'),
(18560659, 1, 'Göztepe vs Yeni Malatyaspor', 603, 3897, 6886, '2023-03-26 21:32:03', '2023-03-29 09:00:00', 2, 0, '2023-03-27 04:32:03', '2023-03-29 16:00:02'),
(18560660, 1, 'Gençlerbirliği vs Adanaspor', 603, 286, 4256, '2023-03-26 21:32:03', '2023-03-29 06:00:00', 2, 0, '2023-03-27 04:32:03', '2023-03-29 13:00:02'),
(18560661, 1, 'Bandırmaspor vs Bodrumspor', 603, 2663, 13924, '2023-03-26 21:32:03', '2023-03-29 03:30:00', 2, 0, '2023-03-27 04:32:03', '2023-03-29 10:30:02'),
(18560662, 1, 'Sakaryaspor vs Eyüpspor', 603, 4246, 3224, '2023-03-27 21:32:03', '2023-03-30 10:30:00', 2, 0, '2023-03-28 04:32:03', '2023-03-30 17:30:02'),
(18560663, 1, 'BB Erzurumspor vs Altay', 603, 13818, 4090, '2023-03-27 21:32:03', '2023-03-30 07:00:00', 2, 0, '2023-03-28 04:32:03', '2023-03-30 14:00:02'),
(18560664, 1, 'Rizespor vs Manisa BBSK', 603, 1041, 3797, '2023-03-26 21:32:03', '2023-03-29 06:00:00', 2, 0, '2023-03-27 04:32:03', '2023-03-29 13:00:02'),
(18560665, 1, 'Altınordu vs Denizlispor', 603, 3909, 269, '2023-03-25 21:32:11', '2023-03-28 07:00:00', 2, 0, '2023-03-26 04:32:11', '2023-03-28 14:00:01'),
(18560666, 1, 'Pendikspor vs Keçiörengücü', 603, 13832, 5959, '2023-03-25 21:32:11', '2023-03-28 07:00:00', 2, 0, '2023-03-26 04:32:11', '2023-03-28 14:00:01'),
(18560667, 1, 'Boluspor vs Samsunspor', 603, 46, 2811, '2023-03-25 21:32:11', '2023-03-28 04:30:00', 2, 0, '2023-03-26 04:32:11', '2023-03-28 11:30:02'),
(18560673, 1, 'Keçiörengücü vs Tuzlaspor', 603, 5959, 4190, '2023-03-30 21:32:12', '2023-04-02 03:30:00', 2, 0, '2023-03-31 04:32:12', '2023-04-02 10:30:01'),
(18560674, 1, 'Altay vs Sakaryaspor', 603, 4090, 4246, '2023-03-31 21:32:09', '2023-04-03 10:30:00', 2, 0, '2023-04-01 04:32:09', '2023-04-03 17:30:01'),
(18560676, 1, 'Eyüpspor vs BB Erzurumspor', 603, 3224, 13818, '2023-03-31 21:32:09', '2023-04-03 10:30:00', 2, 0, '2023-04-01 04:32:09', '2023-04-03 17:30:01'),
(18560684, 1, 'Tuzlaspor vs Denizlispor', 603, 4190, 269, '2023-04-04 21:32:08', '2023-04-07 06:00:00', 2, 0, '2023-04-05 04:32:08', '2023-04-07 13:00:02'),
(18560686, 1, 'Eyüpspor vs Gençlerbirliği', 603, 3224, 286, '2023-04-09 21:32:05', '2023-04-12 10:30:00', 2, 0, '2023-04-10 04:32:05', '2023-04-12 17:30:01'),
(18560687, 1, 'Yeni Malatyaspor vs Boluspor', 603, 6886, 46, '2023-04-09 21:32:05', '2023-04-12 09:00:00', 2, 0, '2023-04-10 04:32:05', '2023-04-12 16:00:02'),
(18560688, 1, 'Altay vs Altınordu', 603, 4090, 3909, '2023-04-10 21:32:14', '2023-04-13 10:30:00', 2, 0, '2023-04-11 04:32:14', '2023-04-13 17:30:02'),
(18560689, 1, 'Bodrumspor vs Pendikspor', 603, 13924, 13832, '2023-04-08 21:32:04', '2023-04-11 06:00:00', 2, 0, '2023-04-09 04:32:04', '2023-04-11 13:00:01'),
(18560690, 1, 'Keçiörengücü vs Göztepe', 603, 5959, 3897, '2023-04-08 21:32:04', '2023-04-11 03:30:00', 2, 0, '2023-04-09 04:32:04', '2023-04-11 10:30:02'),
(18560691, 1, 'Samsunspor vs Tuzlaspor', 603, 2811, 4190, '2023-04-08 21:32:04', '2023-04-11 10:30:00', 2, 0, '2023-04-09 04:32:04', '2023-04-11 17:30:01'),
(18560692, 1, 'Rizespor vs Sakaryaspor', 603, 1041, 4246, '2023-04-10 21:32:11', '2023-04-13 06:00:00', 2, 0, '2023-04-11 04:32:11', '2023-04-13 13:00:02'),
(18560693, 1, 'Manisa BBSK vs Bandırmaspor', 603, 3797, 2663, '2023-04-09 21:32:05', '2023-04-12 06:00:00', 2, 0, '2023-04-10 04:32:05', '2023-04-12 13:00:02'),
(18560694, 1, 'Adanaspor vs BB Erzurumspor', 603, 4256, 13818, '2023-04-09 21:32:05', '2023-04-12 09:00:00', 2, 0, '2023-04-10 04:32:05', '2023-04-12 16:00:02'),
(18560699, 1, 'Gençlerbirliği vs Altay', 603, 286, 4090, '2023-04-14 21:32:08', '2023-04-17 10:30:00', 2, 0, '2023-04-15 04:32:08', '2023-04-17 17:30:02'),
(18560701, 1, 'Boluspor vs Rizespor', 603, 46, 1041, '2023-04-14 21:32:08', '2023-04-17 10:30:00', 2, 0, '2023-04-15 04:32:08', '2023-04-17 17:30:02'),
(18560702, 1, 'Bandırmaspor vs Sakaryaspor', 603, 2663, 4246, '2023-04-14 21:32:05', '2023-04-17 06:00:00', 2, 0, '2023-04-15 04:32:05', '2023-04-17 13:00:02'),
(18560938, 1, 'Trabzonspor vs Antalyaspor', 600, 688, 81, '2023-01-30 14:24:27', '2023-02-01 09:00:00', 2, 0, '2023-01-30 22:24:27', '2023-02-01 17:00:02'),
(18560939, 1, 'Galatasaray vs Ümraniyespor', 600, 34, 936, '2023-01-30 14:24:26', '2023-02-01 09:00:00', 2, 0, '2023-01-30 22:24:26', '2023-02-01 17:00:02'),
(18560940, 1, 'Fatih Karagümrük vs Beşiktaş', 600, 3990, 554, '2023-01-30 14:21:00', '2023-01-31 09:00:00', 2, 0, '2023-01-30 22:21:00', '2023-01-31 17:00:01'),
(18560941, 1, 'Alanyaspor vs Sivasspor', 600, 347, 365, '2023-01-30 14:21:00', '2023-01-31 06:00:00', 2, 0, '2023-01-30 22:21:00', '2023-01-31 14:00:02'),
(18560942, 1, 'Kayserispor vs İstanbul Başakşehir', 600, 643, 3702, '2023-01-30 21:32:04', '2023-02-02 06:00:00', 2, 0, '2023-01-31 05:32:04', '2023-02-02 14:00:02'),
(18560943, 1, 'Konyaspor vs İstanbulspor', 600, 2632, 3009, '2023-01-30 21:32:03', '2023-02-02 06:00:00', 2, 0, '2023-01-31 05:32:03', '2023-02-02 14:00:02'),
(18560944, 1, 'Adana Demirspor vs Fenerbahçe', 600, 1039, 88, '2023-01-30 21:32:04', '2023-02-02 09:00:00', 2, 0, '2023-01-31 05:32:04', '2023-02-02 17:00:02'),
(18560945, 1, 'Kasımpaşa vs Giresunspor', 600, 1071, 6328, '2023-01-30 14:24:26', '2023-02-01 06:00:00', 2, 0, '2023-01-30 22:24:26', '2023-02-01 14:00:01'),
(18560946, 1, 'Gaziantep F.K. vs Hatayspor', 600, 4192, 13833, '2023-01-30 14:24:26', '2023-02-01 06:00:00', 2, 0, '2023-01-30 22:24:26', '2023-02-01 14:00:01'),
(18560952, 1, 'Ümraniyespor vs Adana Demirspor', 600, 936, 1039, '2023-02-03 21:32:08', '2023-02-06 06:00:00', 2, 0, '2023-02-04 05:32:08', '2023-02-06 14:00:01'),
(18560954, 1, 'Fenerbahçe vs Konyaspor', 600, 88, 2632, '2023-02-03 21:32:08', '2023-02-06 09:00:00', 2, 0, '2023-02-04 05:32:08', '2023-02-06 17:00:01'),
(18560955, 1, 'Giresunspor vs Kayserispor', 600, 6328, 643, '2023-02-03 21:32:09', '2023-02-06 09:00:00', 2, 0, '2023-02-04 05:32:09', '2023-02-06 17:00:01'),
(18560956, 1, 'Kasımpaşa vs Antalyaspor', 600, 1071, 81, '2023-03-03 21:32:13', '2023-03-06 09:00:00', 2, 0, '2023-03-04 05:32:13', '2023-03-06 17:00:02'),
(18560968, 1, 'İstanbulspor vs Sivasspor', 600, 3009, 365, '2023-03-10 21:32:09', '2023-03-13 10:00:00', 2, 0, '2023-03-11 05:32:09', '2023-03-13 17:00:02'),
(18560984, 1, 'İstanbulspor vs Fatih Karagümrük', 600, 3009, 3990, '2023-03-31 21:32:09', '2023-04-03 10:30:00', 2, 0, '2023-04-01 04:32:09', '2023-04-03 17:30:01'),
(18560990, 1, 'Ümraniyespor vs Konyaspor', 600, 936, 2632, '2023-03-30 21:32:12', '2023-04-02 03:30:00', 2, 0, '2023-03-31 04:32:12', '2023-04-02 10:30:01'),
(18560993, 1, 'Kayserispor vs Ümraniyespor', 600, 643, 936, '2023-04-07 21:32:08', '2023-04-10 06:00:00', 2, 0, '2023-04-08 04:32:08', '2023-04-10 13:00:02'),
(18561010, 1, 'İstanbulspor vs Antalyaspor', 600, 3009, 81, '2023-04-16 21:32:08', '2023-04-19 07:00:00', 2, 0, '2023-04-17 04:32:08', '2023-04-19 14:00:01'),
(18561011, 1, 'Fatih Karagümrük vs Ümraniyespor', 600, 3990, 936, '2023-04-15 21:32:05', '2023-04-18 10:30:00', 2, 0, '2023-04-16 04:32:05', '2023-04-18 17:30:02'),
(18561012, 1, 'Alanyaspor vs Galatasaray', 600, 347, 34, '2023-04-15 21:32:05', '2023-04-18 10:30:00', 2, 0, '2023-04-16 04:32:05', '2023-04-18 17:30:02'),
(18561013, 1, 'Sivasspor vs Trabzonspor', 600, 365, 688, '2023-04-17 21:32:10', '2023-04-20 10:30:00', 2, 0, '2023-04-18 04:32:10', '2023-04-20 17:30:02'),
(18561014, 1, 'Konyaspor vs Adana Demirspor', 600, 2632, 1039, '2023-04-16 21:32:11', '2023-04-19 10:30:00', 2, 0, '2023-04-17 04:32:11', '2023-04-19 17:30:02'),
(18561015, 1, 'Kayserispor vs Kasımpaşa', 600, 643, 1071, '2023-04-16 21:32:08', '2023-04-19 07:00:00', 2, 0, '2023-04-17 04:32:08', '2023-04-19 14:00:01'),
(18561016, 1, 'İstanbul Başakşehir vs Fenerbahçe', 600, 3702, 88, '2023-04-16 21:32:10', '2023-04-19 10:30:00', 2, 0, '2023-04-17 04:32:10', '2023-04-19 17:30:02'),
(18561017, 1, 'Ankaragücü vs Giresunspor', 600, 3470, 6328, '2023-04-17 21:32:09', '2023-04-20 07:00:00', 2, 0, '2023-04-18 04:32:09', '2023-04-20 14:00:02'),
(18561018, 1, 'Beşiktaş vs Hatayspor', 600, 554, 13833, '2023-04-16 21:32:09', '2023-04-19 09:00:00', 2, 0, '2023-04-17 04:32:09', '2023-04-19 16:00:02'),
(18565591, 1, 'Wealdstone vs Chesterfield', 17, 252, 248, '2023-03-11 21:32:12', '2023-03-14 12:45:00', 2, 0, '2023-03-12 05:32:12', '2023-03-14 19:45:02'),
(18565641, 1, 'Boreham Wood vs Southend United', 17, 998, 114, '2023-03-11 21:32:13', '2023-03-14 12:45:00', 2, 0, '2023-03-12 05:32:13', '2023-03-14 19:45:02'),
(18565646, 1, 'Gateshead vs Dagenham & Redbridge', 17, 324, 376, '2023-03-25 21:32:09', '2023-03-28 11:45:00', 2, 0, '2023-03-26 04:32:09', '2023-03-28 18:45:01'),
(18565655, 1, 'Barnet vs Yeovil Town', 17, 318, 261, '2023-03-11 21:32:11', '2023-03-14 12:45:00', 2, 0, '2023-03-12 05:32:11', '2023-03-14 19:45:02'),
(18565661, 1, 'Torquay United vs Bromley', 17, 50, 296, '2023-02-25 21:32:09', '2023-02-28 11:45:00', 2, 0, '2023-02-26 05:32:09', '2023-02-28 19:45:01'),
(18565662, 1, 'Wealdstone vs Oldham Athletic', 17, 252, 218, '2023-03-25 21:32:10', '2023-03-28 11:45:00', 2, 0, '2023-03-26 04:32:10', '2023-03-28 18:45:01'),
(18565663, 1, 'Wrexham vs Chesterfield', 17, 283, 248, '2023-02-25 21:32:11', '2023-02-28 11:45:00', 2, 0, '2023-02-26 05:32:11', '2023-02-28 19:45:01'),
(18565699, 1, 'Wrexham vs Yeovil Town', 17, 283, 261, '2023-04-15 21:32:07', '2023-04-18 11:45:00', 2, 0, '2023-04-16 04:32:07', '2023-04-18 18:45:02'),
(18565701, 1, 'Boreham Wood vs Torquay United', 17, 998, 50, '2023-03-25 21:32:07', '2023-03-28 11:45:00', 2, 0, '2023-03-26 04:32:07', '2023-03-28 18:45:01'),
(18565704, 1, 'Eastleigh vs York City', 17, 210, 92, '2023-02-25 21:32:08', '2023-02-28 11:45:00', 2, 0, '2023-02-26 05:32:08', '2023-02-28 19:45:01'),
(18565705, 1, 'Halifax Town vs Wealdstone', 17, 651, 252, '2023-02-25 21:32:11', '2023-02-28 11:45:00', 2, 0, '2023-02-26 05:32:11', '2023-02-28 19:45:01'),
(18565707, 1, 'Maidenhead United vs Dagenham & Redbridge', 17, 322, 376, '2023-02-25 21:32:10', '2023-02-28 11:45:00', 2, 0, '2023-02-26 05:32:10', '2023-02-28 19:45:01'),
(18565710, 1, 'Solihull Moors vs Scunthorpe United', 17, 1030, 101, '2023-03-11 21:32:13', '2023-03-14 12:45:00', 2, 0, '2023-03-12 05:32:13', '2023-03-14 19:45:02'),
(18565711, 1, 'Woking vs Barnet', 17, 400, 318, '2023-03-25 21:32:07', '2023-03-28 11:45:00', 2, 0, '2023-03-26 04:32:07', '2023-03-28 18:45:01'),
(18565712, 1, 'Yeovil Town vs Altrincham', 17, 261, 1104, '2023-02-25 21:32:10', '2023-02-28 11:45:00', 2, 0, '2023-02-26 05:32:10', '2023-02-28 19:45:01'),
(18565713, 1, 'Boreham Wood vs Dorking Wanderers', 17, 998, 10579, '2023-02-25 21:32:09', '2023-02-28 11:45:00', 2, 0, '2023-02-26 05:32:09', '2023-02-28 19:45:01'),
(18565749, 1, 'Barnet vs Oldham Athletic', 17, 318, 218, '2023-02-25 21:32:09', '2023-02-28 11:45:00', 2, 0, '2023-02-26 05:32:09', '2023-02-28 19:45:01'),
(18565752, 1, 'Dorking Wanderers vs Southend United', 17, 10579, 114, '2023-03-25 21:32:08', '2023-03-28 11:45:00', 2, 0, '2023-03-26 04:32:08', '2023-03-28 18:45:01'),
(18565753, 1, 'Halifax Town vs Bromley', 17, 651, 296, '2023-04-15 21:32:07', '2023-04-18 11:45:00', 2, 0, '2023-04-16 04:32:07', '2023-04-18 18:45:02'),
(18565754, 1, 'Gateshead vs Yeovil Town', 17, 324, 261, '2023-04-01 21:32:05', '2023-04-04 11:45:00', 2, 0, '2023-04-02 04:32:05', '2023-04-04 18:45:01'),
(18565755, 1, 'Maidenhead United vs Aldershot Town', 17, 322, 194, '2023-03-11 21:32:12', '2023-03-14 12:45:00', 2, 0, '2023-03-12 05:32:12', '2023-03-14 19:45:02'),
(18565756, 1, 'Maidstone United vs Scunthorpe United', 17, 255, 101, '2023-02-25 21:32:10', '2023-02-28 11:45:00', 2, 0, '2023-02-26 05:32:10', '2023-02-28 19:45:01'),
(18565757, 1, 'Notts County vs Eastleigh', 17, 98, 210, '2023-03-11 21:32:12', '2023-03-14 12:45:00', 2, 0, '2023-03-12 05:32:12', '2023-03-14 19:45:02'),
(18565760, 1, 'York City vs Altrincham', 17, 92, 1104, '2023-03-11 21:32:13', '2023-03-14 12:45:00', 2, 0, '2023-03-12 05:32:13', '2023-03-14 19:45:02'),
(18565773, 1, 'Barnet vs Altrincham', 17, 318, 1104, '2023-02-18 21:32:10', '2023-02-21 11:45:00', 2, 0, '2023-02-19 05:32:10', '2023-02-21 19:45:02'),
(18565774, 1, 'Chesterfield vs Wealdstone', 17, 248, 252, '2023-02-18 21:32:10', '2023-02-21 11:45:00', 2, 0, '2023-02-19 05:32:10', '2023-02-21 19:45:02'),
(18565775, 1, 'Dagenham & Redbridge vs Aldershot Town', 17, 376, 194, '2023-02-18 21:32:11', '2023-02-21 11:45:00', 2, 0, '2023-02-19 05:32:11', '2023-02-21 19:45:02'),
(18565776, 1, 'Dorking Wanderers vs Torquay United', 17, 10579, 50, '2023-02-18 21:32:11', '2023-02-21 11:45:00', 2, 0, '2023-02-19 05:32:11', '2023-02-21 19:45:02'),
(18565777, 1, 'Halifax Town vs Solihull Moors', 17, 651, 1030, '2023-02-18 21:32:12', '2023-02-21 11:45:00', 2, 0, '2023-02-19 05:32:12', '2023-02-21 19:45:02'),
(18565778, 1, 'Gateshead vs Oldham Athletic', 17, 324, 218, '2023-02-18 21:32:10', '2023-02-21 11:45:00', 2, 0, '2023-02-19 05:32:10', '2023-02-21 19:45:02'),
(18565779, 1, 'Maidenhead United vs Yeovil Town', 17, 322, 261, '2023-02-18 21:32:11', '2023-02-21 11:45:00', 2, 0, '2023-02-19 05:32:11', '2023-02-21 19:45:02'),
(18565780, 1, 'Maidstone United vs Eastleigh', 17, 255, 210, '2023-02-18 21:32:12', '2023-02-21 11:45:00', 2, 0, '2023-02-19 05:32:12', '2023-02-21 19:45:02'),
(18565781, 1, 'Notts County vs Southend United', 17, 98, 114, '2023-02-18 21:32:13', '2023-02-21 11:45:00', 2, 0, '2023-02-19 05:32:13', '2023-02-21 19:45:02'),
(18565782, 1, 'Woking vs Bromley', 17, 400, 296, '2023-02-18 21:32:13', '2023-02-21 11:45:00', 2, 0, '2023-02-19 05:32:13', '2023-02-21 19:45:02'),
(18565783, 1, 'Wrexham vs Scunthorpe United', 17, 283, 101, '2023-02-18 21:32:12', '2023-02-21 11:45:00', 2, 0, '2023-02-19 05:32:12', '2023-02-21 19:45:02'),
(18565784, 1, 'York City vs Boreham Wood', 17, 92, 998, '2023-02-18 21:32:11', '2023-02-21 11:45:00', 2, 0, '2023-02-19 05:32:11', '2023-02-21 19:45:02'),
(18565806, 1, 'Southend United vs Barnet', 17, 114, 318, '2023-02-28 21:32:04', '2023-03-03 11:45:00', 2, 0, '2023-03-01 05:32:04', '2023-03-03 19:45:01'),
(18565810, 1, 'Bromley vs York City', 17, 296, 92, '2023-03-04 21:32:10', '2023-03-07 11:45:00', 2, 0, '2023-03-05 05:32:10', '2023-03-07 19:45:02'),
(18565813, 1, 'Gateshead vs Halifax Town', 17, 324, 651, '2023-03-04 21:32:10', '2023-03-07 11:45:00', 2, 0, '2023-03-05 05:32:10', '2023-03-07 19:45:02'),
(18565814, 1, 'Maidenhead United vs Boreham Wood', 17, 322, 998, '2023-03-04 21:32:11', '2023-03-07 11:45:00', 2, 0, '2023-03-05 05:32:11', '2023-03-07 19:45:02'),
(18565816, 1, 'Scunthorpe United vs Altrincham', 17, 101, 1104, '2023-03-04 21:32:11', '2023-03-07 11:45:00', 2, 0, '2023-03-05 05:32:11', '2023-03-07 19:45:02'),
(18565817, 1, 'Solihull Moors vs Torquay United', 17, 1030, 50, '2023-03-04 21:32:10', '2023-03-07 11:45:00', 2, 0, '2023-03-05 05:32:10', '2023-03-07 19:45:02'),
(18565818, 1, 'Southend United vs Chesterfield', 17, 114, 248, '2023-03-04 21:32:10', '2023-03-07 11:45:00', 2, 0, '2023-03-05 05:32:10', '2023-03-07 19:45:02'),
(18565819, 1, 'Wealdstone vs Maidstone United', 17, 252, 255, '2023-03-04 21:32:10', '2023-03-07 11:45:00', 2, 0, '2023-03-05 05:32:10', '2023-03-07 19:45:02'),
(18565820, 1, 'Yeovil Town vs Eastleigh', 17, 261, 210, '2023-03-04 21:32:10', '2023-03-07 11:45:00', 2, 0, '2023-03-05 05:32:10', '2023-03-07 19:45:02'),
(18565826, 1, 'Halifax Town vs Aldershot Town', 17, 651, 194, '2023-03-25 21:32:09', '2023-03-28 11:45:00', 2, 0, '2023-03-26 04:32:09', '2023-03-28 18:45:01'),
(18565827, 1, 'Maidstone United vs Bromley', 17, 255, 296, '2023-03-25 21:32:06', '2023-03-28 11:45:00', 2, 0, '2023-03-26 04:32:06', '2023-03-28 18:45:01'),
(18565832, 1, 'York City vs Scunthorpe United', 17, 92, 101, '2023-03-25 21:32:08', '2023-03-28 11:45:00', 2, 0, '2023-03-26 04:32:08', '2023-03-28 18:45:01'),
(18565845, 1, 'Aldershot Town vs Gateshead', 17, 194, 324, '2023-03-22 21:32:15', '2023-03-25 08:00:00', 2, 0, '2023-03-23 04:32:15', '2023-03-25 15:00:02'),
(18565846, 1, 'Altrincham vs Southend United', 17, 1104, 114, '2023-03-22 21:32:14', '2023-03-25 08:00:00', 2, 0, '2023-03-23 04:32:14', '2023-03-25 15:00:02');
INSERT INTO `sp_game_matches` (`id`, `category_id`, `name`, `tournament_id`, `team1_id`, `team2_id`, `start_date`, `end_date`, `status`, `is_unlock`, `created_at`, `updated_at`) VALUES
(18565847, 1, 'Boreham Wood vs Eastleigh', 17, 998, 210, '2023-03-22 21:32:14', '2023-03-25 08:00:00', 2, 0, '2023-03-23 04:32:14', '2023-03-25 15:00:02'),
(18565850, 1, 'Maidstone United vs Woking', 17, 255, 400, '2023-03-22 21:32:13', '2023-03-25 08:00:00', 2, 0, '2023-03-23 04:32:13', '2023-03-25 15:00:02'),
(18565852, 1, 'Oldham Athletic vs Solihull Moors', 17, 218, 1030, '2023-03-22 21:32:13', '2023-03-25 08:00:00', 2, 0, '2023-03-23 04:32:13', '2023-03-25 15:00:02'),
(18565855, 1, 'Wrexham vs York City', 17, 283, 92, '2023-03-22 21:32:13', '2023-03-25 08:00:00', 2, 0, '2023-03-23 04:32:13', '2023-03-25 15:00:02'),
(18565856, 1, 'Yeovil Town vs Bromley', 17, 261, 296, '2023-03-22 21:32:12', '2023-03-25 08:00:00', 2, 0, '2023-03-23 04:32:12', '2023-03-25 15:00:02'),
(18565857, 1, 'Altrincham vs Notts County', 17, 1104, 98, '2023-03-25 21:32:10', '2023-03-28 11:45:00', 2, 0, '2023-03-26 04:32:10', '2023-03-28 18:45:01'),
(18565860, 1, 'Eastleigh vs Gateshead', 17, 210, 324, '2023-04-09 21:32:05', '2023-04-12 11:45:00', 2, 0, '2023-04-10 04:32:05', '2023-04-12 18:45:02'),
(18565864, 1, 'Wealdstone vs Aldershot Town', 17, 252, 194, '2023-04-15 21:32:06', '2023-04-18 11:45:00', 2, 0, '2023-04-16 04:32:06', '2023-04-18 18:45:02'),
(18565868, 1, 'York City vs Barnet', 17, 92, 318, '2023-03-31 21:32:11', '2023-04-03 11:45:00', 2, 0, '2023-04-01 04:32:11', '2023-04-03 18:45:02'),
(18565876, 1, 'Notts County vs Wealdstone', 17, 98, 252, '2023-04-04 21:32:08', '2023-04-07 07:00:00', 2, 0, '2023-04-05 04:32:08', '2023-04-07 14:00:02'),
(18576250, 1, 'Brighton W vs Everton W', 45, 132716, 132784, '2023-04-16 21:32:11', '2023-04-19 11:00:00', 2, 0, '2023-04-17 04:32:11', '2023-04-19 18:00:02'),
(18576266, 1, 'Tottenham W vs Leicester W', 45, 132699, 228634, '2023-03-12 21:32:12', '2023-03-15 12:00:00', 2, 0, '2023-03-13 04:32:12', '2023-03-15 19:00:02'),
(18576273, 1, 'Arsenal W vs Liverpool W', 45, 62847, 132874, '2023-03-05 21:32:04', '2023-03-08 11:15:00', 2, 0, '2023-03-06 05:32:04', '2023-03-08 19:15:01'),
(18576274, 1, 'Chelsea W vs Brighton W', 45, 59583, 132716, '2023-03-05 21:32:04', '2023-03-08 11:30:00', 2, 0, '2023-03-06 05:32:04', '2023-03-08 19:30:02'),
(18576275, 1, 'Everton W vs Aston Villa W', 45, 132784, 132710, '2023-03-02 21:32:06', '2023-03-05 05:00:00', 2, 0, '2023-03-03 05:32:06', '2023-03-05 13:00:02'),
(18576276, 1, 'Manchester City W vs Tottenham W', 45, 59584, 132699, '2023-03-02 21:32:06', '2023-03-05 06:00:00', 2, 0, '2023-03-03 05:32:06', '2023-03-05 14:00:02'),
(18576277, 1, 'Manchester United W vs Leicester W', 45, 228655, 228634, '2023-03-02 21:32:06', '2023-03-05 04:30:00', 2, 0, '2023-03-03 05:32:06', '2023-03-05 12:30:01'),
(18576278, 1, 'Reading W vs West Ham W', 45, 62848, 228102, '2023-03-02 21:32:06', '2023-03-05 06:00:00', 2, 0, '2023-03-03 05:32:06', '2023-03-05 14:00:02'),
(18576279, 1, 'Arsenal W vs Reading W', 45, 62847, 62848, '2023-03-09 21:32:07', '2023-03-12 11:45:00', 2, 0, '2023-03-10 05:32:07', '2023-03-12 18:45:01'),
(18576280, 1, 'Brighton W vs Manchester City W', 45, 132716, 59584, '2023-03-09 21:32:07', '2023-03-12 07:00:00', 2, 0, '2023-03-10 05:32:07', '2023-03-12 14:00:02'),
(18576281, 1, 'Chelsea W vs Manchester United W', 45, 59583, 228655, '2023-03-09 21:32:07', '2023-03-12 05:30:00', 2, 0, '2023-03-10 05:32:07', '2023-03-12 12:30:01'),
(18576282, 1, 'Leicester W vs Everton W', 45, 228634, 132784, '2023-03-09 21:32:07', '2023-03-12 08:00:00', 2, 0, '2023-03-10 05:32:07', '2023-03-12 15:00:01'),
(18576283, 1, 'Liverpool W vs Tottenham W', 45, 132874, 132699, '2023-03-09 21:32:07', '2023-03-12 07:00:00', 2, 0, '2023-03-10 05:32:07', '2023-03-12 14:00:02'),
(18576284, 1, 'West Ham W vs Aston Villa W', 45, 228102, 132710, '2023-03-09 21:32:07', '2023-03-12 08:00:00', 2, 0, '2023-03-10 05:32:07', '2023-03-12 15:00:01'),
(18576285, 1, 'Aston Villa W vs Leicester W', 45, 132710, 228634, '2023-03-23 21:32:05', '2023-03-26 06:00:00', 2, 0, '2023-03-24 04:32:05', '2023-03-26 13:00:02'),
(18576286, 1, 'Everton W vs Liverpool W', 45, 132784, 132874, '2023-03-21 21:32:03', '2023-03-24 12:30:00', 2, 0, '2023-03-22 04:32:03', '2023-03-24 19:30:02'),
(18576287, 1, 'Manchester City W vs Chelsea W', 45, 59584, 59583, '2023-03-23 21:32:05', '2023-03-26 04:40:00', 2, 0, '2023-03-24 04:32:05', '2023-03-26 11:40:02'),
(18576289, 1, 'Reading W vs Brighton W', 45, 62848, 132716, '2023-03-23 21:32:05', '2023-03-26 06:00:00', 2, 0, '2023-03-24 04:32:05', '2023-03-26 13:00:02'),
(18593287, 1, 'Marumo Gallants FC vs Royal AM', 806, 143574, 16126, '2023-04-02 21:32:12', '2023-04-05 10:30:00', 2, 0, '2023-04-03 04:32:12', '2023-04-05 17:30:02'),
(18593290, 1, 'Mamelodi Sundowns vs Cape Town City', 806, 6755, 2856, '2023-04-01 21:32:04', '2023-04-04 10:30:00', 2, 0, '2023-04-02 04:32:04', '2023-04-04 17:30:02'),
(18593303, 1, 'Golden Arrows vs Mamelodi Sundowns', 806, 1555, 6755, '2023-04-09 21:32:05', '2023-04-12 10:30:00', 2, 0, '2023-04-10 04:32:05', '2023-04-12 17:30:01'),
(18593306, 1, 'Marumo Gallants FC vs Chippa United', 806, 143574, 13547, '2023-04-09 21:32:05', '2023-04-12 10:30:00', 2, 0, '2023-04-10 04:32:05', '2023-04-12 17:30:01'),
(18593312, 1, 'Marumo Gallants FC vs SuperSport United', 806, 143574, 767, '2023-04-15 21:32:05', '2023-04-18 10:30:00', 2, 0, '2023-04-16 04:32:05', '2023-04-18 17:30:02'),
(18594352, 1, 'Pisa vs Venezia', 387, 1072, 267, '2023-02-14 21:32:13', '2023-02-17 11:30:00', 2, 0, '2023-02-15 05:32:13', '2023-02-17 19:30:01'),
(18594359, 1, 'Pisa vs Perugia', 387, 1072, 731, '2023-02-21 21:32:13', '2023-02-24 11:30:00', 2, 0, '2023-02-22 05:32:13', '2023-02-24 19:30:02'),
(18594364, 1, 'Bari 1908 vs Venezia', 387, 445, 267, '2023-02-26 21:32:10', '2023-03-01 11:30:00', 2, 0, '2023-02-27 05:32:10', '2023-03-01 19:30:01'),
(18594365, 1, 'Benevento vs Südtirol', 387, 563, 176, '2023-02-26 21:32:11', '2023-03-01 11:30:00', 2, 0, '2023-02-27 05:32:11', '2023-03-01 19:30:01'),
(18594366, 1, 'Cagliari vs Genoa', 387, 585, 102, '2023-02-26 21:32:12', '2023-03-01 11:30:00', 2, 0, '2023-02-27 05:32:12', '2023-03-01 19:30:01'),
(18594367, 1, 'Cittadella vs Brescia', 387, 8485, 10729, '2023-02-26 21:32:12', '2023-03-01 11:30:00', 2, 0, '2023-02-27 05:32:12', '2023-03-01 19:30:01'),
(18594369, 1, 'Modena vs Ascoli', 387, 1000, 1006, '2023-02-26 21:32:11', '2023-03-01 11:30:00', 2, 0, '2023-02-27 05:32:11', '2023-03-01 19:30:01'),
(18594372, 1, 'Perugia vs Como', 387, 731, 268, '2023-02-26 21:32:11', '2023-03-01 11:30:00', 2, 0, '2023-02-27 05:32:11', '2023-03-01 19:30:01'),
(18594373, 1, 'SPAL vs Frosinone', 387, 394, 4070, '2023-02-26 21:32:12', '2023-03-01 11:30:00', 2, 0, '2023-02-27 05:32:12', '2023-03-01 19:30:01'),
(18594378, 1, 'Genoa vs Cosenza', 387, 102, 10775, '2023-03-03 21:32:10', '2023-03-06 11:30:00', 2, 0, '2023-03-04 05:32:10', '2023-03-06 19:30:01'),
(18594392, 1, 'Perugia vs Reggina', 387, 731, 8271, '2023-04-02 21:32:12', '2023-04-05 11:15:00', 2, 0, '2023-04-03 04:32:12', '2023-04-05 18:15:01'),
(18594414, 1, 'Benevento vs SPAL', 387, 563, 394, '2023-04-07 21:32:05', '2023-04-10 03:30:00', 2, 0, '2023-04-08 04:32:05', '2023-04-10 10:30:02'),
(18594415, 1, 'Brescia vs Ternana', 387, 10729, 7055, '2023-04-07 21:32:12', '2023-04-10 06:00:00', 2, 0, '2023-04-08 04:32:12', '2023-04-10 13:00:02'),
(18594416, 1, 'Cittadella vs Parma', 387, 8485, 398, '2023-04-07 21:32:09', '2023-04-10 06:00:00', 2, 0, '2023-04-08 04:32:09', '2023-04-10 13:00:02'),
(18594417, 1, 'Como vs Genoa', 387, 268, 102, '2023-04-07 21:32:09', '2023-04-10 06:00:00', 2, 0, '2023-04-08 04:32:09', '2023-04-10 13:00:02'),
(18594418, 1, 'Frosinone vs Ascoli', 387, 4070, 1006, '2023-04-07 21:32:09', '2023-04-10 06:00:00', 2, 0, '2023-04-08 04:32:09', '2023-04-10 13:00:02'),
(18594420, 1, 'Perugia vs Modena', 387, 731, 1000, '2023-04-07 21:32:10', '2023-04-10 06:00:00', 2, 0, '2023-04-08 04:32:10', '2023-04-10 13:00:02'),
(18594422, 1, 'Reggina vs Venezia', 387, 8271, 267, '2023-04-07 21:32:12', '2023-04-10 06:00:00', 2, 0, '2023-04-08 04:32:12', '2023-04-10 13:00:02'),
(18594423, 1, 'Südtirol vs Bari 1908', 387, 176, 445, '2023-04-07 21:32:11', '2023-04-10 06:00:00', 2, 0, '2023-04-08 04:32:11', '2023-04-10 13:00:02'),
(18594435, 1, 'Como vs Ascoli', 387, 268, 1006, '2023-04-19 21:32:13', '2023-04-22 05:00:00', 2, 0, '2023-04-20 04:32:13', '2023-04-22 12:00:02'),
(18614520, 1, 'Atromitos vs AEK Athens', 325, 9849, 781, '2023-03-05 21:32:04', '2023-03-08 07:30:00', 2, 0, '2023-03-06 05:32:04', '2023-03-08 15:30:02'),
(18614535, 1, 'Atromitos vs Levadiakos', 325, 9849, 990, '2023-02-17 21:32:08', '2023-02-20 08:00:00', 2, 0, '2023-02-18 05:32:08', '2023-02-20 16:00:02'),
(18614536, 1, 'OFI vs Aris', 325, 118, 9848, '2023-02-17 21:32:09', '2023-02-20 09:30:00', 2, 0, '2023-02-18 05:32:09', '2023-02-20 17:30:02'),
(18614543, 1, 'Volos NFC vs Lamia', 325, 134582, 3093, '2023-02-21 21:32:12', '2023-02-24 10:00:00', 2, 0, '2023-02-22 05:32:12', '2023-02-24 18:00:02'),
(18614551, 1, 'Panathinaikos vs Panaitolikos', 325, 57, 213, '2023-03-03 21:32:08', '2023-03-06 09:30:00', 2, 0, '2023-03-04 05:32:08', '2023-03-06 17:30:01'),
(18623586, 1, 'Melbourne City vs Melbourne Victory', 1356, 315, 958, '2023-04-02 21:32:08', '2023-04-05 02:00:00', 2, 0, '2023-04-03 04:32:08', '2023-04-05 09:00:01'),
(18623625, 1, 'Melbourne Victory vs Wellington Phoenix', 1356, 958, 1868, '2023-02-02 22:11:27', '2023-02-03 00:45:00', 2, 0, '2023-02-03 06:11:27', '2023-02-03 18:12:01'),
(18623631, 1, 'Brisbane Roar vs Central Coast Mariners', 1356, 1238, 410, '2023-02-07 21:32:07', '2023-02-10 00:45:00', 2, 0, '2023-02-08 05:32:07', '2023-02-10 08:45:01'),
(18623667, 1, 'Western Sydney Wanderers vs Adelaide United', 1356, 1264, 2967, '2023-03-28 21:32:04', '2023-03-31 01:45:00', 2, 0, '2023-03-29 04:32:04', '2023-03-31 08:45:01'),
(18623668, 1, 'Wellington Phoenix vs Melbourne Victory', 1356, 1868, 958, '2023-03-29 21:32:06', '2023-03-31 19:00:00', 2, 0, '2023-03-30 04:32:06', '2023-04-01 02:00:01'),
(18623669, 1, 'Central Coast Mariners vs Brisbane Roar', 1356, 410, 1238, '2023-03-29 21:32:08', '2023-03-31 23:00:00', 2, 0, '2023-03-30 04:32:08', '2023-04-01 06:00:02'),
(18623670, 1, 'Sydney vs Western United', 1356, 253, 238265, '2023-03-29 21:32:11', '2023-04-01 01:45:00', 2, 0, '2023-03-30 04:32:11', '2023-04-01 08:45:02'),
(18623672, 1, 'Melbourne City vs Newcastle Jets', 1356, 315, 557, '2023-03-30 21:32:09', '2023-04-01 22:00:00', 2, 0, '2023-03-31 04:32:09', '2023-04-02 05:00:02'),
(18623673, 1, 'Western United vs Central Coast Mariners', 1356, 238265, 410, '2023-04-04 21:32:06', '2023-04-06 22:00:00', 2, 0, '2023-04-05 04:32:06', '2023-04-07 05:00:01'),
(18623674, 1, 'Adelaide United vs Sydney', 1356, 2967, 253, '2023-04-04 21:32:06', '2023-04-07 00:00:00', 2, 0, '2023-04-05 04:32:06', '2023-04-07 07:00:02'),
(18623675, 1, 'Brisbane Roar vs Newcastle Jets', 1356, 1238, 557, '2023-04-05 21:32:06', '2023-04-08 00:00:00', 2, 0, '2023-04-06 04:32:06', '2023-04-08 07:00:02'),
(18623676, 1, 'Macarthur vs Western Sydney Wanderers', 1356, 252006, 1264, '2023-04-05 21:32:07', '2023-04-08 02:45:00', 2, 0, '2023-04-06 04:32:07', '2023-04-08 09:45:01'),
(18623677, 1, 'Melbourne Victory vs Perth Glory', 1356, 958, 300, '2023-04-06 21:32:11', '2023-04-08 22:00:00', 2, 0, '2023-04-07 04:32:11', '2023-04-09 05:00:02'),
(18623678, 1, 'Melbourne City vs Wellington Phoenix', 1356, 315, 1868, '2023-04-07 21:32:04', '2023-04-09 23:00:00', 2, 0, '2023-04-08 04:32:04', '2023-04-10 06:00:02'),
(18623679, 1, 'Newcastle Jets vs Macarthur', 1356, 557, 252006, '2023-04-11 21:32:05', '2023-04-14 02:45:00', 2, 0, '2023-04-12 04:32:05', '2023-04-14 09:45:02'),
(18623680, 1, 'Central Coast Mariners vs Melbourne City', 1356, 410, 315, '2023-04-12 21:32:08', '2023-04-15 00:00:00', 2, 0, '2023-04-13 04:32:08', '2023-04-15 07:00:02'),
(18623681, 1, 'Western Sydney Wanderers vs Melbourne Victory', 1356, 1264, 958, '2023-04-12 21:32:10', '2023-04-15 02:45:00', 2, 0, '2023-04-13 04:32:10', '2023-04-15 09:45:01'),
(18623682, 1, 'Wellington Phoenix vs Brisbane Roar', 1356, 1868, 1238, '2023-04-13 21:32:09', '2023-04-15 20:00:00', 2, 0, '2023-04-14 04:32:09', '2023-04-16 03:00:02'),
(18623683, 1, 'Sydney vs Perth Glory', 1356, 253, 300, '2023-04-13 21:32:10', '2023-04-15 22:00:00', 2, 0, '2023-04-14 04:32:10', '2023-04-16 05:00:01'),
(18623684, 1, 'Adelaide United vs Western United', 1356, 2967, 238265, '2023-04-13 21:32:11', '2023-04-16 00:00:00', 2, 0, '2023-04-14 04:32:11', '2023-04-16 07:00:02'),
(18623685, 1, 'Western Sydney Wanderers vs Wellington Phoenix', 1356, 1264, 1868, '2023-04-18 21:32:06', '2023-04-21 02:45:00', 2, 0, '2023-04-19 04:32:06', '2023-04-21 09:45:02'),
(18623686, 1, 'Newcastle Jets vs Central Coast Mariners', 1356, 557, 410, '2023-04-19 21:32:06', '2023-04-22 00:00:00', 2, 0, '2023-04-20 04:32:06', '2023-04-22 07:00:02'),
(18623687, 1, 'Western United vs Melbourne City', 1356, 238265, 315, '2023-04-19 21:32:08', '2023-04-22 02:45:00', 2, 0, '2023-04-20 04:32:08', '2023-04-22 09:45:02'),
(18658417, 1, 'Oleksandria vs Metalist 1925 Kharkiv', 609, 3668, 109276, '2023-02-24 21:32:13', '2023-02-27 03:00:00', 2, 0, '2023-02-25 05:32:13', '2023-02-27 11:00:02'),
(18658423, 1, 'Lviv vs Shakhtar Donetsk', 609, 13986, 621, '2023-04-09 21:32:05', '2023-04-12 04:00:00', 2, 0, '2023-04-10 04:32:05', '2023-04-12 11:00:01'),
(18658449, 1, 'Inhulets vs Rukh Vynnyky', 609, 5563, 6629, '2023-04-16 21:32:08', '2023-04-19 03:00:00', 2, 0, '2023-04-17 04:32:08', '2023-04-19 10:00:02'),
(18658521, 1, 'Minai vs Inhulets', 609, 226703, 5563, '2023-03-29 21:32:11', '2023-04-01 02:00:00', 2, 0, '2023-03-30 04:32:11', '2023-04-01 09:00:02'),
(18658526, 1, 'Lviv vs Dynamo Kyiv', 609, 13986, 556, '2023-03-30 21:32:10', '2023-04-02 03:00:00', 2, 0, '2023-03-31 04:32:10', '2023-04-02 10:00:02'),
(18658530, 1, 'Oleksandria vs Chornomorets', 609, 3668, 6061, '2023-04-06 21:32:15', '2023-04-09 03:00:00', 2, 0, '2023-04-07 04:32:15', '2023-04-09 10:00:02'),
(18658531, 1, 'Vorskla vs Inhulets', 609, 11117, 5563, '2023-04-04 21:32:07', '2023-04-07 05:00:00', 2, 0, '2023-04-05 04:32:07', '2023-04-07 12:00:01'),
(18658532, 1, 'Dnipro-1 vs Lviv', 609, 109275, 13986, '2023-04-06 21:32:16', '2023-04-09 03:00:00', 2, 0, '2023-04-07 04:32:16', '2023-04-09 10:00:02'),
(18658533, 1, 'Kryvbas Kryvyi Rih vs Zorya', 609, 6403, 6255, '2023-04-05 21:32:08', '2023-04-08 03:00:00', 2, 0, '2023-04-06 04:32:08', '2023-04-08 10:00:02'),
(18658534, 1, 'Dynamo Kyiv vs Minai', 609, 556, 226703, '2023-04-05 21:32:07', '2023-04-08 03:00:00', 2, 0, '2023-04-06 04:32:07', '2023-04-08 10:00:03'),
(18658535, 1, 'Shakhtar Donetsk vs Metal Kharkiv', 609, 621, 249462, '2023-04-05 21:32:09', '2023-04-08 04:00:00', 2, 0, '2023-04-06 04:32:09', '2023-04-08 11:00:01'),
(18658536, 1, 'Inhulets vs Kolos Kovalivka', 609, 5563, 6637, '2023-04-11 21:32:05', '2023-04-14 04:00:00', 2, 0, '2023-04-12 04:32:05', '2023-04-14 11:00:02'),
(18658538, 1, 'Minai vs Kryvbas Kryvyi Rih', 609, 226703, 6403, '2023-04-11 21:32:05', '2023-04-14 03:00:00', 2, 0, '2023-04-12 04:32:05', '2023-04-14 10:00:02'),
(18658540, 1, 'Metal Kharkiv vs Veres', 609, 249462, 5562, '2023-04-12 21:32:11', '2023-04-15 03:00:00', 2, 0, '2023-04-13 04:32:11', '2023-04-15 10:00:02'),
(18658542, 1, 'Rukh Vynnyky vs Dynamo Kyiv', 609, 6629, 556, '2023-04-11 21:32:05', '2023-04-14 05:00:00', 2, 0, '2023-04-12 04:32:05', '2023-04-14 12:00:02'),
(18658548, 1, 'Vorskla vs Metal Kharkiv', 609, 11117, 249462, '2023-04-19 21:32:09', '2023-04-22 03:00:00', 2, 0, '2023-04-20 04:32:09', '2023-04-22 10:00:02'),
(18658550, 1, 'Kolos Kovalivka vs Zorya', 609, 6637, 6255, '2023-04-18 21:32:07', '2023-04-21 05:00:00', 2, 0, '2023-04-19 04:32:07', '2023-04-21 12:00:02'),
(18676586, 1, 'Goa vs Chennaiyin', 1007, 435, 7271, '2023-02-14 12:56:31', '2023-02-16 06:00:00', 2, 0, '2023-02-14 20:56:31', '2023-02-16 14:00:01'),
(18676591, 1, 'Bengaluru vs Goa', 1007, 492, 435, '2023-02-20 21:32:09', '2023-02-23 06:00:00', 2, 0, '2023-02-21 05:32:09', '2023-02-23 14:00:02'),
(18676593, 1, 'Odisha FC vs Jamshedpur', 1007, 2358, 134418, '2023-02-19 21:32:04', '2023-02-22 06:00:00', 2, 0, '2023-02-20 05:32:04', '2023-02-22 14:00:02'),
(18682591, 1, 'Sydney W vs Perth Glory W', 1583, 231024, 231022, '2023-03-26 21:32:03', '2023-03-29 01:00:00', 2, 0, '2023-03-27 04:32:03', '2023-03-29 08:00:02'),
(18682635, 1, 'Brisbane Roar W vs Perth Glory W', 1583, 231017, 231022, '2023-03-29 21:32:06', '2023-03-31 21:00:00', 2, 0, '2023-03-30 04:32:06', '2023-04-01 04:00:02'),
(18682636, 1, 'Western United W vs Western Sydney Wanderers W', 1583, 265221, 231016, '2023-03-29 21:32:06', '2023-03-31 21:00:00', 2, 0, '2023-03-30 04:32:06', '2023-04-01 04:00:02'),
(18682637, 1, 'Sydney W vs Newcastle Jets W', 1583, 231024, 231021, '2023-03-29 21:32:10', '2023-03-31 23:05:00', 2, 0, '2023-03-30 04:32:10', '2023-04-01 06:05:01'),
(18682638, 1, 'Melbourne City W vs Canberra United W', 1583, 231020, 231018, '2023-03-30 21:32:10', '2023-04-02 00:40:00', 2, 0, '2023-03-31 04:32:10', '2023-04-02 07:40:02'),
(18712350, 1, 'Italy vs England', 1325, 18658, 18645, '2023-03-20 21:32:03', '2023-03-23 12:45:00', 2, 0, '2023-03-21 04:32:03', '2023-03-23 19:45:01'),
(18712351, 1, 'North Macedonia vs Malta', 1325, 18689, 18691, '2023-03-20 21:32:03', '2023-03-23 12:45:00', 2, 0, '2023-03-21 04:32:03', '2023-03-23 19:45:01'),
(18712888, 1, 'Netherlands vs Gibraltar', 1325, 18694, 27487, '2023-03-24 21:32:07', '2023-03-27 11:45:00', 2, 0, '2023-03-25 04:32:07', '2023-03-27 18:45:02'),
(18712889, 1, 'Republic of Ireland vs France', 1325, 18654, 18647, '2023-03-24 21:32:07', '2023-03-27 11:45:00', 2, 0, '2023-03-25 04:32:07', '2023-03-27 18:45:02'),
(18712928, 1, 'Poland vs Albania', 1325, 18699, 18641, '2023-03-24 21:32:05', '2023-03-27 11:45:00', 2, 0, '2023-03-25 04:32:05', '2023-03-27 18:45:02'),
(18712929, 1, 'Moldova vs Czech Republic', 1325, 18778, 18718, '2023-03-24 21:32:06', '2023-03-27 11:45:00', 2, 0, '2023-03-25 04:32:06', '2023-03-27 18:45:02'),
(18712948, 1, 'Sweden vs Azerbaijan', 1325, 18564, 18623, '2023-03-24 21:32:07', '2023-03-27 11:45:00', 2, 0, '2023-03-25 04:32:07', '2023-03-27 18:45:02'),
(18712949, 1, 'Austria vs Estonia', 1325, 18643, 18697, '2023-03-24 21:32:05', '2023-03-27 11:45:00', 2, 0, '2023-03-25 04:32:05', '2023-03-27 18:45:02'),
(18712968, 1, 'Hungary vs Bulgaria', 1325, 18732, 18690, '2023-03-24 21:32:06', '2023-03-27 11:45:00', 2, 0, '2023-03-25 04:32:06', '2023-03-27 18:45:02'),
(18712969, 1, 'Montenegro vs Serbia', 1325, 18836, 18873, '2023-03-24 21:32:06', '2023-03-27 11:45:00', 2, 0, '2023-03-25 04:32:06', '2023-03-27 18:45:02'),
(18712986, 1, 'Kazakhstan vs Slovenia', 1325, 18603, 18630, '2023-03-20 21:32:03', '2023-03-23 08:00:00', 2, 0, '2023-03-21 04:32:03', '2023-03-23 15:00:02'),
(18712987, 1, 'Denmark vs Finland', 1325, 18583, 18570, '2023-03-20 21:32:03', '2023-03-23 12:45:00', 2, 0, '2023-03-21 04:32:03', '2023-03-23 19:45:01'),
(18712988, 1, 'San Marino vs Northern Ireland', 1325, 18872, 18696, '2023-03-20 21:32:03', '2023-03-23 12:45:00', 2, 0, '2023-03-21 04:32:03', '2023-03-23 19:45:01'),
(18713046, 1, 'Portugal vs Liechtenstein', 1325, 18701, 18870, '2023-03-20 21:32:03', '2023-03-23 12:45:00', 2, 0, '2023-03-21 04:32:03', '2023-03-23 19:45:01'),
(18713047, 1, 'Slovakia vs Luxembourg', 1325, 18648, 18779, '2023-03-20 21:32:03', '2023-03-23 12:45:00', 2, 0, '2023-03-21 04:32:03', '2023-03-23 19:45:01'),
(18713048, 1, 'Bosnia and Herzegovina vs Iceland', 1325, 18625, 18635, '2023-03-20 21:32:03', '2023-03-23 12:45:00', 2, 0, '2023-03-21 04:32:03', '2023-03-23 19:45:01'),
(18716008, 1, 'Pyramids FC vs ENPPI', 830, 16496, 4270, '2023-02-14 12:56:31', '2023-02-16 09:00:00', 2, 0, '2023-02-14 20:56:31', '2023-02-16 17:00:02'),
(18716009, 1, 'Future FC vs Haras El Hodood', 830, 250630, 16448, '2023-02-14 12:56:31', '2023-02-16 07:00:00', 2, 0, '2023-02-14 20:56:31', '2023-02-16 15:00:01'),
(18716012, 1, 'Al Masry vs Pyramids FC', 830, 3964, 16496, '2023-02-19 21:32:04', '2023-02-22 09:00:00', 2, 0, '2023-02-20 05:32:04', '2023-02-22 17:00:02'),
(18716013, 1, 'Al Mokawloon vs Future FC', 830, 623, 250630, '2023-02-19 21:32:04', '2023-02-22 07:00:00', 2, 0, '2023-02-20 05:32:04', '2023-02-22 15:00:02'),
(18716032, 1, 'Ismaily vs Pharco', 830, 15201, 36396, '2023-03-05 21:32:06', '2023-03-08 07:00:00', 2, 0, '2023-03-06 05:32:06', '2023-03-08 15:00:01'),
(18716037, 1, 'Ceramica Cleopatra vs Al Mokawloon', 830, 250629, 623, '2023-03-27 21:32:04', '2023-03-30 11:15:00', 2, 0, '2023-03-28 04:32:04', '2023-03-30 18:15:01'),
(18716042, 1, 'Pharco vs Aswan', 830, 36396, 15711, '2023-03-12 21:32:13', '2023-03-15 08:00:00', 2, 0, '2023-03-13 04:32:13', '2023-03-15 15:00:02'),
(18716043, 1, 'ENPPI vs National Bank of Egypt', 830, 4270, 250628, '2023-03-27 21:32:04', '2023-03-30 11:15:00', 2, 0, '2023-03-28 04:32:04', '2023-03-30 18:15:01'),
(18716044, 1, 'Ghazl El Mehalla vs Al Ittihad', 830, 16443, 7784, '2023-03-13 21:32:09', '2023-03-16 08:00:00', 2, 0, '2023-03-14 04:32:09', '2023-03-16 15:00:02'),
(18716045, 1, 'Smouha vs Ismaily', 830, 9479, 15201, '2023-03-27 21:32:04', '2023-03-30 11:15:00', 2, 0, '2023-03-28 04:32:04', '2023-03-30 18:15:01'),
(18716052, 1, 'Zamalek vs El Geish', 830, 6740, 1624, '2023-04-01 21:32:09', '2023-04-04 12:00:00', 2, 0, '2023-04-02 04:32:09', '2023-04-04 19:00:02'),
(18716054, 1, 'Al Ittihad vs Future FC', 830, 7784, 250630, '2023-04-03 21:32:07', '2023-04-06 12:15:00', 2, 0, '2023-04-04 04:32:07', '2023-04-06 19:15:01'),
(18716064, 1, 'El Daklyeh vs Ceramica Cleopatra', 830, 7007, 250629, '2023-04-09 21:32:06', '2023-04-12 12:15:00', 2, 0, '2023-04-10 04:32:06', '2023-04-12 19:15:02'),
(18716067, 1, 'Ghazl El Mehalla vs Future FC', 830, 16443, 250630, '2023-04-09 21:32:06', '2023-04-12 12:15:00', 2, 0, '2023-04-10 04:32:06', '2023-04-12 19:15:02'),
(18716079, 1, 'Al Masry vs Ismaily', 830, 3964, 15201, '2023-04-17 21:32:13', '2023-04-20 12:15:00', 2, 0, '2023-04-18 04:32:13', '2023-04-20 19:15:02'),
(18716081, 1, 'Ceramica Cleopatra vs Al Ittihad', 830, 250629, 7784, '2023-04-17 21:32:13', '2023-04-20 12:15:00', 2, 0, '2023-04-18 04:32:13', '2023-04-20 19:15:02'),
(18716085, 1, 'Al Ittihad vs Pyramids FC', 830, 7784, 16496, '2023-05-02 21:32:10', '2023-05-05 07:00:00', 2, 0, '2023-05-03 04:32:10', '2023-08-16 18:55:01'),
(18722575, 1, 'Vélez Sarsfield vs Barracas Central', 636, 9904, 8228, '2023-08-17 16:13:25', '2023-08-20 00:00:00', 2, 0, '2023-08-17 16:13:25', '2023-08-20 00:00:02'),
(18722576, 1, 'Argentinos Juniors vs River Plate', 636, 3393, 10002, '2023-08-19 01:44:17', '2023-08-21 00:00:00', 2, 0, '2023-08-19 01:44:17', '2023-08-21 00:00:01'),
(18722583, 1, 'Boca Juniors vs Platense', 636, 587, 9896, '2023-08-17 16:13:15', '2023-08-19 00:00:00', 2, 0, '2023-08-17 16:13:15', '2023-08-19 00:00:02'),
(18722584, 1, 'Defensa y Justicia vs Godoy Cruz', 636, 9561, 10987, '2023-09-10 15:37:11', '2023-09-11 23:00:00', 1, 0, '2023-09-10 15:37:11', '2023-09-10 15:37:11'),
(18722590, 1, 'Colón vs Gimnasia La Plata', 636, 3930, 470, '2023-08-25 08:06:07', '2023-08-26 00:30:00', 2, 0, '2023-08-25 08:06:07', '2023-08-26 00:30:02'),
(18722592, 1, 'Banfield vs Rosario Central', 636, 887, 3365, '2023-08-27 11:04:34', '2023-08-28 23:00:00', 2, 0, '2023-08-27 11:04:34', '2023-08-28 23:00:02'),
(18722593, 1, 'Atlético Tucumán vs Instituto', 636, 10675, 9941, '2023-08-27 11:05:04', '2023-08-29 00:30:00', 2, 0, '2023-08-27 11:05:04', '2023-08-29 00:30:01'),
(18722595, 1, 'River Plate vs Barracas Central', 636, 10002, 8228, '2023-08-27 11:04:28', '2023-08-28 00:00:00', 2, 0, '2023-08-27 11:04:28', '2023-08-28 00:00:01'),
(18722596, 1, 'Tigre vs Racing Club', 636, 9884, 3608, '2023-08-27 11:04:07', '2023-08-27 00:30:00', 2, 0, '2023-08-27 11:04:07', '2023-08-27 14:05:01'),
(18722612, 1, 'Central Cordoba SdE vs Platense', 636, 14212, 9896, '2023-08-31 17:56:16', '2023-09-02 00:00:00', 2, 0, '2023-08-31 17:56:16', '2023-09-02 00:00:01'),
(18722777, 1, 'Barracas Central vs Godoy Cruz', 636, 8228, 10987, '2023-01-30 14:32:54', '2023-01-30 12:00:00', 2, 0, '2023-01-30 22:32:54', '2023-01-31 10:33:02'),
(18722779, 1, 'Banfield vs Unión Santa Fe', 636, 887, 7228, '2023-01-30 14:32:55', '2023-01-30 15:00:00', 2, 0, '2023-01-30 22:32:55', '2023-01-31 10:33:02'),
(18722781, 1, 'Vélez Sarsfield vs Gimnasia La Plata', 636, 9904, 470, '2023-01-30 14:32:55', '2023-01-30 15:00:00', 2, 0, '2023-01-30 22:32:55', '2023-01-31 10:33:02'),
(18722784, 1, 'Boca Juniors vs Atlético Tucumán', 636, 587, 10675, '2023-01-30 14:32:54', '2023-01-29 16:30:00', 2, 0, '2023-01-30 22:32:54', '2023-01-31 10:33:02'),
(18722786, 1, 'Atlético Tucumán vs Talleres Córdoba', 636, 10675, 9999, '2023-02-03 21:32:10', '2023-02-05 16:30:00', 2, 0, '2023-02-04 05:32:10', '2023-02-06 00:30:01'),
(18722788, 1, 'Newell\'s Old Boys vs Vélez Sarsfield', 636, 32, 9904, '2023-02-02 22:11:25', '2023-02-03 15:00:00', 2, 0, '2023-02-03 06:11:25', '2023-02-03 23:00:01'),
(18722789, 1, 'Gimnasia La Plata vs Defensa y Justicia', 636, 470, 9561, '2023-02-03 21:32:11', '2023-02-06 13:00:00', 2, 0, '2023-02-04 05:32:11', '2023-02-06 21:00:01'),
(18722790, 1, 'Huracán vs Banfield', 636, 3139, 887, '2023-02-04 21:32:03', '2023-02-06 16:30:00', 2, 0, '2023-02-05 05:32:03', '2023-02-07 00:30:02'),
(18722791, 1, 'Unión Santa Fe vs Instituto', 636, 7228, 9941, '2023-02-03 21:32:09', '2023-02-05 16:30:00', 2, 0, '2023-02-04 05:32:09', '2023-02-06 00:30:01'),
(18722796, 1, 'Tigre vs Rosario Central', 636, 9884, 3365, '2023-02-02 22:11:25', '2023-02-03 15:00:00', 2, 0, '2023-02-03 06:11:25', '2023-02-03 23:00:01'),
(18722801, 1, 'Racing Club vs Tigre', 636, 3608, 9884, '2023-02-10 21:32:07', '2023-02-12 16:30:00', 2, 0, '2023-02-11 05:32:07', '2023-02-15 04:41:02'),
(18722803, 1, 'Estudiantes vs Lanús', 636, 9335, 9878, '2023-02-10 21:32:08', '2023-02-13 15:00:00', 2, 0, '2023-02-11 05:32:08', '2023-02-15 04:41:02'),
(18722806, 1, 'Barracas Central vs Unión Santa Fe', 636, 8228, 7228, '2023-02-10 21:32:08', '2023-02-13 12:00:00', 2, 0, '2023-02-11 05:32:08', '2023-02-15 04:41:02'),
(18722807, 1, 'Instituto vs Huracán', 636, 9941, 3139, '2023-02-10 21:32:07', '2023-02-12 16:30:00', 2, 0, '2023-02-11 05:32:07', '2023-02-15 04:41:02'),
(18722813, 1, 'Talleres Córdoba vs Central Cordoba SdE', 636, 9999, 14212, '2023-02-17 21:32:14', '2023-02-19 16:30:00', 2, 0, '2023-02-18 05:32:14', '2023-02-20 00:30:02'),
(18722816, 1, 'Independiente vs Defensa y Justicia', 636, 10840, 9561, '2023-02-17 21:32:14', '2023-02-19 16:30:00', 2, 0, '2023-02-18 05:32:14', '2023-02-20 00:30:02'),
(18722821, 1, 'Sarmiento vs San Lorenzo', 636, 9931, 520, '2023-02-17 21:32:15', '2023-02-20 14:15:00', 2, 0, '2023-02-18 05:32:15', '2023-02-20 22:15:02'),
(18722830, 1, 'Racing Club vs Lanús', 636, 3608, 9878, '2023-02-24 21:32:15', '2023-02-27 14:15:00', 2, 0, '2023-02-25 05:32:15', '2023-02-27 22:15:02'),
(18722835, 1, 'Barracas Central vs Gimnasia La Plata', 636, 8228, 470, '2023-02-24 21:32:14', '2023-02-27 12:00:00', 2, 0, '2023-02-25 05:32:14', '2023-02-27 20:00:02'),
(18722836, 1, 'Instituto vs Newell\'s Old Boys', 636, 9941, 32, '2023-02-24 21:32:13', '2023-02-26 16:30:00', 2, 0, '2023-02-25 05:32:13', '2023-02-27 00:30:02'),
(18722837, 1, 'Banfield vs Independiente', 636, 887, 10840, '2023-02-24 21:32:14', '2023-02-26 16:30:00', 2, 0, '2023-02-25 05:32:14', '2023-02-27 00:30:02'),
(18722860, 1, 'Rosario Central vs Unión Santa Fe', 636, 3365, 7228, '2023-03-10 21:32:10', '2023-03-12 17:30:00', 2, 0, '2023-03-11 05:32:10', '2023-03-13 00:30:01'),
(18722866, 1, 'Banfield vs Boca Juniors', 636, 887, 587, '2023-03-10 21:32:10', '2023-03-12 17:30:00', 2, 0, '2023-03-11 05:32:10', '2023-03-13 00:30:01'),
(18722869, 1, 'Vélez Sarsfield vs Central Cordoba SdE', 636, 9904, 14212, '2023-03-19 21:32:03', '2023-03-21 17:00:00', 2, 0, '2023-03-20 04:32:03', '2023-03-22 00:00:02'),
(18722871, 1, 'Talleres Córdoba vs Banfield', 636, 9999, 887, '2023-03-17 21:32:05', '2023-03-19 17:30:00', 2, 0, '2023-03-18 04:32:05', '2023-03-20 00:30:01'),
(18722875, 1, 'Newell\'s Old Boys vs San Lorenzo', 636, 32, 520, '2023-03-17 21:32:06', '2023-03-20 14:30:00', 2, 0, '2023-03-18 04:32:06', '2023-03-20 21:30:01'),
(18722877, 1, 'Huracán vs Rosario Central', 636, 3139, 3365, '2023-03-18 21:32:05', '2023-03-20 17:00:00', 2, 0, '2023-03-19 04:32:05', '2023-03-21 00:00:02'),
(18722879, 1, 'Sarmiento vs River Plate', 636, 9931, 10002, '2023-03-17 21:32:05', '2023-03-19 17:30:00', 2, 0, '2023-03-18 04:32:05', '2023-03-20 00:30:01'),
(18722881, 1, 'Lanús vs Argentinos Juniors', 636, 9878, 3393, '2023-03-18 21:32:05', '2023-03-20 17:00:00', 2, 0, '2023-03-19 04:32:05', '2023-03-21 00:00:02'),
(18722883, 1, 'Central Cordoba SdE vs Arsenal de Sarandi', 636, 14212, 5855, '2023-04-01 21:32:04', '2023-04-03 17:30:00', 2, 0, '2023-04-02 04:32:04', '2023-04-04 00:30:01'),
(18722884, 1, 'Tigre vs Lanús', 636, 9884, 9878, '2023-03-30 21:32:06', '2023-04-01 17:30:00', 2, 0, '2023-03-31 04:32:06', '2023-04-02 00:30:01'),
(18722885, 1, 'Argentinos Juniors vs Godoy Cruz', 636, 3393, 10987, '2023-03-28 21:32:04', '2023-03-30 17:30:00', 2, 0, '2023-03-29 04:32:04', '2023-03-31 00:30:01'),
(18722887, 1, 'River Plate vs Unión Santa Fe', 636, 10002, 7228, '2023-03-29 21:32:05', '2023-03-31 17:30:00', 2, 0, '2023-03-30 04:32:05', '2023-04-01 00:30:02'),
(18722888, 1, 'Racing Club vs Huracán', 636, 3608, 3139, '2023-03-30 21:32:07', '2023-04-01 17:30:00', 2, 0, '2023-03-31 04:32:07', '2023-04-02 00:30:01'),
(18722895, 1, 'Banfield vs Platense', 636, 887, 9896, '2023-03-31 21:32:05', '2023-04-02 17:30:00', 2, 0, '2023-04-01 04:32:05', '2023-04-03 00:30:01'),
(18722896, 1, 'Defensa y Justicia vs Vélez Sarsfield', 636, 9561, 9904, '2023-03-27 21:32:04', '2023-03-30 16:00:00', 2, 0, '2023-03-28 04:32:04', '2023-03-30 23:00:02'),
(18722898, 1, 'Vélez Sarsfield vs Banfield', 636, 9904, 887, '2023-04-05 21:32:05', '2023-04-07 17:30:00', 2, 0, '2023-04-06 04:32:05', '2023-04-08 00:30:02'),
(18722900, 1, 'Talleres Córdoba vs Barracas Central', 636, 9999, 8228, '2023-04-05 21:32:04', '2023-04-07 17:30:00', 2, 0, '2023-04-06 04:32:04', '2023-04-08 00:30:02'),
(18722901, 1, 'Boca Juniors vs Colón', 636, 587, 3930, '2023-04-07 21:32:04', '2023-04-09 17:30:00', 2, 0, '2023-04-08 04:32:04', '2023-04-10 00:30:01'),
(18722911, 1, 'Central Cordoba SdE vs Lanús', 636, 14212, 9878, '2023-04-09 21:32:04', '2023-04-11 17:30:00', 2, 0, '2023-04-10 04:32:04', '2023-04-12 00:30:02'),
(18722912, 1, 'Arsenal de Sarandi vs Godoy Cruz', 636, 5855, 10987, '2023-04-10 21:32:14', '2023-04-13 10:00:00', 2, 0, '2023-04-11 04:32:14', '2023-04-13 17:00:02'),
(18722913, 1, 'Tigre vs Sarmiento', 636, 9884, 9931, '2023-04-11 21:32:04', '2023-04-13 17:30:00', 2, 0, '2023-04-12 04:32:04', '2023-04-14 00:30:01'),
(18722914, 1, 'Argentinos Juniors vs Unión Santa Fe', 636, 3393, 7228, '2023-04-08 21:32:05', '2023-04-11 15:00:00', 2, 0, '2023-04-09 04:32:05', '2023-04-11 22:00:02'),
(18722918, 1, 'Rosario Central vs Independiente', 636, 3365, 10840, '2023-04-10 21:32:11', '2023-04-12 17:30:00', 2, 0, '2023-04-11 04:32:11', '2023-04-13 00:30:01'),
(18722919, 1, 'Estudiantes vs Atlético Tucumán', 636, 9335, 10675, '2023-04-10 21:32:10', '2023-04-12 17:30:00', 2, 0, '2023-04-11 04:32:10', '2023-04-13 00:30:01'),
(18722920, 1, 'San Lorenzo vs Boca Juniors', 636, 520, 587, '2023-04-09 21:32:06', '2023-04-12 12:30:00', 2, 0, '2023-04-10 04:32:06', '2023-04-12 19:30:01'),
(18722922, 1, 'Barracas Central vs Platense', 636, 8228, 9896, '2023-04-08 21:32:04', '2023-04-11 10:00:00', 2, 0, '2023-04-09 04:32:04', '2023-04-11 17:00:01'),
(18722923, 1, 'Instituto vs Vélez Sarsfield', 636, 9941, 9904, '2023-04-09 21:32:04', '2023-04-11 17:30:00', 2, 0, '2023-04-10 04:32:04', '2023-04-12 00:30:02'),
(18722924, 1, 'Banfield vs Defensa y Justicia', 636, 887, 9561, '2023-04-09 21:32:03', '2023-04-11 17:30:00', 2, 0, '2023-04-10 04:32:03', '2023-04-12 00:30:02'),
(18722929, 1, 'Talleres Córdoba vs San Lorenzo', 636, 9999, 520, '2023-04-14 21:32:04', '2023-04-16 17:30:00', 2, 0, '2023-04-15 04:32:04', '2023-04-17 00:30:01'),
(18722931, 1, 'Atlético Tucumán vs Rosario Central', 636, 10675, 3365, '2023-04-15 21:32:04', '2023-04-17 17:30:00', 2, 0, '2023-04-16 04:32:04', '2023-04-18 00:30:01'),
(18722934, 1, 'Gimnasia La Plata vs Belgrano', 636, 470, 6829, '2023-04-13 21:32:07', '2023-04-15 17:30:00', 2, 0, '2023-04-14 04:32:07', '2023-04-16 00:30:01'),
(18722935, 1, 'Huracán vs Argentinos Juniors', 636, 3139, 3393, '2023-04-13 21:32:07', '2023-04-15 17:30:00', 2, 0, '2023-04-14 04:32:07', '2023-04-16 00:30:01'),
(18722938, 1, 'Godoy Cruz vs Lanús', 636, 10987, 9878, '2023-04-15 21:32:04', '2023-04-17 17:30:00', 2, 0, '2023-04-16 04:32:04', '2023-04-18 00:30:01'),
(18723723, 1, 'Liverpool vs Real Madrid', 2, 8, 3468, '2023-02-18 21:32:04', '2023-02-21 12:00:00', 2, 0, '2023-02-19 05:32:04', '2023-02-21 20:00:02'),
(18723724, 1, 'Real Madrid vs Liverpool', 2, 3468, 8, '2023-03-12 21:32:08', '2023-03-15 13:00:00', 2, 0, '2023-03-13 04:32:08', '2023-03-15 20:00:02'),
(18723725, 1, 'Club Brugge vs Benfica', 2, 340, 605, '2023-02-14 12:56:11', '2023-02-15 12:00:00', 2, 0, '2023-02-14 20:56:11', '2023-02-15 20:00:02'),
(18723726, 1, 'Benfica vs Club Brugge', 2, 605, 340, '2023-03-04 21:32:04', '2023-03-07 12:00:00', 2, 0, '2023-03-05 05:32:04', '2023-03-07 20:00:01'),
(18723727, 1, 'RB Leipzig vs Manchester City', 2, 277, 9, '2023-02-19 21:32:03', '2023-02-22 12:00:00', 2, 0, '2023-02-20 05:32:03', '2023-02-22 20:00:24'),
(18723728, 1, 'Manchester City vs RB Leipzig', 2, 9, 277, '2023-03-11 21:32:04', '2023-03-14 13:00:00', 2, 0, '2023-03-12 05:32:04', '2023-03-14 20:00:01'),
(18723729, 1, 'Milan vs Tottenham Hotspur', 2, 113, 6, '2023-02-14 12:55:46', '2023-02-14 12:00:00', 2, 0, '2023-02-14 20:55:46', '2023-02-15 04:41:02'),
(18723730, 1, 'Tottenham Hotspur vs Milan', 2, 6, 113, '2023-03-05 21:32:03', '2023-03-08 12:00:00', 2, 0, '2023-03-06 05:32:03', '2023-03-08 20:00:02'),
(18723731, 1, 'Eintracht Frankfurt vs Napoli', 2, 366, 597, '2023-02-18 21:32:05', '2023-02-21 12:00:00', 2, 0, '2023-02-19 05:32:05', '2023-02-21 20:00:02'),
(18723732, 1, 'Napoli vs Eintracht Frankfurt', 2, 597, 366, '2023-03-12 21:32:08', '2023-03-15 13:00:00', 2, 0, '2023-03-13 04:32:08', '2023-03-15 20:00:02'),
(18723733, 1, 'Inter vs Porto', 2, 2930, 652, '2023-02-19 21:32:03', '2023-02-22 12:00:00', 2, 0, '2023-02-20 05:32:03', '2023-02-22 20:00:24'),
(18723734, 1, 'Porto vs Inter', 2, 652, 2930, '2023-03-11 21:32:04', '2023-03-14 13:00:00', 2, 0, '2023-03-12 05:32:04', '2023-03-14 20:00:01'),
(18723735, 1, 'Borussia Dortmund vs Chelsea', 2, 68, 18, '2023-02-14 12:56:12', '2023-02-15 12:00:00', 2, 0, '2023-02-14 20:56:12', '2023-02-15 20:00:02'),
(18723736, 1, 'Chelsea vs Borussia Dortmund', 2, 18, 68, '2023-03-04 21:32:04', '2023-03-07 12:00:00', 2, 0, '2023-03-05 05:32:04', '2023-03-07 20:00:01'),
(18723737, 1, 'Paris Saint Germain vs FC Bayern München', 2, 591, 503, '2023-02-14 12:55:47', '2023-02-14 12:00:00', 2, 0, '2023-02-14 20:55:47', '2023-02-15 04:41:02'),
(18723738, 1, 'FC Bayern München vs Paris Saint Germain', 2, 503, 591, '2023-03-05 21:32:03', '2023-03-08 12:00:00', 2, 0, '2023-03-06 05:32:03', '2023-03-08 20:00:02'),
(18723739, 1, 'FC Barcelona vs Manchester United', 5, 83, 14, '2023-02-14 12:56:26', '2023-02-16 09:45:00', 2, 0, '2023-02-14 20:56:26', '2023-02-16 17:45:01'),
(18723740, 1, 'Manchester United vs FC Barcelona', 5, 14, 83, '2023-02-20 21:32:07', '2023-02-23 12:00:00', 2, 0, '2023-02-21 05:32:07', '2023-02-23 20:00:02'),
(18723741, 1, 'Juventus vs Nantes', 5, 625, 59, '2023-02-14 12:56:29', '2023-02-16 12:00:00', 2, 0, '2023-02-14 20:56:29', '2023-02-16 20:00:01'),
(18723742, 1, 'Nantes vs Juventus', 5, 59, 625, '2023-02-20 21:32:03', '2023-02-23 09:45:00', 2, 0, '2023-02-21 05:32:03', '2023-02-23 17:45:02'),
(18723743, 1, 'Sporting CP vs Midtjylland', 5, 58, 939, '2023-02-14 12:56:28', '2023-02-16 12:00:00', 2, 0, '2023-02-14 20:56:28', '2023-02-16 20:00:01'),
(18723744, 1, 'Midtjylland vs Sporting CP', 5, 939, 58, '2023-02-20 21:32:04', '2023-02-23 09:45:00', 2, 0, '2023-02-21 05:32:04', '2023-02-23 17:45:02'),
(18723745, 1, 'Shakhtar Donetsk vs Rennes', 5, 621, 598, '2023-02-14 12:56:26', '2023-02-16 09:45:00', 2, 0, '2023-02-14 20:56:26', '2023-02-16 17:45:01'),
(18723746, 1, 'Rennes vs Shakhtar Donetsk', 5, 598, 621, '2023-02-20 21:32:06', '2023-02-23 12:00:00', 2, 0, '2023-02-21 05:32:06', '2023-02-23 20:00:02'),
(18723747, 1, 'Ajax vs FC Union Berlin', 5, 629, 1079, '2023-02-14 12:56:28', '2023-02-16 09:45:00', 2, 0, '2023-02-14 20:56:28', '2023-02-16 17:45:01'),
(18723748, 1, 'FC Union Berlin vs Ajax', 5, 1079, 629, '2023-02-20 21:32:06', '2023-02-23 12:00:00', 2, 0, '2023-02-21 05:32:06', '2023-02-23 20:00:02'),
(18723749, 1, 'Bayer 04 Leverkusen vs Monaco', 5, 3321, 6789, '2023-02-14 12:56:30', '2023-02-16 12:00:00', 2, 0, '2023-02-14 20:56:30', '2023-02-16 20:00:01'),
(18723750, 1, 'Monaco vs Bayer 04 Leverkusen', 5, 6789, 3321, '2023-02-20 21:32:04', '2023-02-23 09:45:00', 2, 0, '2023-02-21 05:32:04', '2023-02-23 17:45:02'),
(18723751, 1, 'Sevilla vs PSV', 5, 676, 682, '2023-02-14 12:56:30', '2023-02-16 12:00:00', 2, 0, '2023-02-14 20:56:30', '2023-02-16 20:00:01'),
(18723752, 1, 'PSV vs Sevilla', 5, 682, 676, '2023-02-20 21:32:05', '2023-02-23 09:45:00', 2, 0, '2023-02-21 05:32:05', '2023-02-23 17:45:02'),
(18723753, 1, 'Salzburg vs Roma', 5, 49, 37, '2023-02-14 12:56:27', '2023-02-16 09:45:00', 2, 0, '2023-02-14 20:56:27', '2023-02-16 17:45:01'),
(18723754, 1, 'Roma vs Salzburg', 5, 37, 49, '2023-02-20 21:32:08', '2023-02-23 12:00:00', 2, 0, '2023-02-21 05:32:08', '2023-02-23 20:00:02'),
(18723899, 1, 'Qarabağ vs Gent', 2286, 5317, 2402, '2023-02-14 12:56:32', '2023-02-16 09:45:00', 2, 0, '2023-02-14 20:56:32', '2023-02-16 17:45:01'),
(18723901, 1, 'Trabzonspor vs Basel', 2286, 688, 468, '2023-02-14 12:56:33', '2023-02-16 09:45:00', 2, 0, '2023-02-14 20:56:33', '2023-02-16 17:45:01'),
(18723904, 1, 'CFR Cluj vs Lazio', 2286, 3599, 43, '2023-02-20 21:32:10', '2023-02-23 09:45:00', 2, 0, '2023-02-21 05:32:10', '2023-02-23 17:45:02'),
(18723907, 1, 'Sporting Braga vs Fiorentina', 2286, 884, 109, '2023-02-14 12:56:32', '2023-02-16 09:45:00', 2, 0, '2023-02-14 20:56:32', '2023-02-16 17:45:01'),
(18723910, 1, 'Dnipro-1 vs AEK Larnaca', 2286, 109275, 726, '2023-02-20 21:32:10', '2023-02-23 09:45:00', 2, 0, '2023-02-21 05:32:10', '2023-02-23 17:45:02'),
(18726506, 1, 'Al Adalh vs Al Tai', 944, 10677, 10660, '2023-02-14 12:56:31', '2023-02-16 07:00:00', 2, 0, '2023-02-14 20:56:31', '2023-02-16 15:00:01'),
(18726507, 1, 'Al Ittifaq vs Al Ittihad', 944, 10010, 476, '2023-02-14 12:56:31', '2023-02-16 09:30:00', 2, 0, '2023-02-14 20:56:31', '2023-02-16 17:30:02'),
(18726511, 1, 'Al Feiha vs Al Hilal', 944, 17724, 7011, '2023-04-01 21:32:09', '2023-04-04 12:00:00', 2, 0, '2023-04-02 04:32:09', '2023-04-04 19:00:02'),
(18726514, 1, 'Al Taawon vs Al Feiha', 944, 2392, 17724, '2023-02-20 21:32:09', '2023-02-23 05:00:00', 2, 0, '2023-02-21 05:32:09', '2023-02-23 13:00:02'),
(18726515, 1, 'Al Ittihad vs Al Raed', 944, 476, 363, '2023-02-20 21:32:09', '2023-02-23 09:30:00', 2, 0, '2023-02-21 05:32:09', '2023-02-23 17:30:01'),
(18726523, 1, 'Al Fateh vs Al Tai', 944, 5891, 10660, '2023-02-27 21:32:04', '2023-03-02 05:00:00', 2, 0, '2023-02-28 05:32:04', '2023-03-02 13:00:02'),
(18726524, 1, 'Al Feiha vs Abha', 944, 17724, 5618, '2023-02-27 21:32:05', '2023-03-02 05:00:00', 2, 0, '2023-02-28 05:32:05', '2023-03-02 13:00:02'),
(18726529, 1, 'Al Wahda vs Al Hilal', 944, 2513, 7011, '2023-02-27 21:32:05', '2023-03-02 09:30:00', 2, 0, '2023-02-28 05:32:05', '2023-03-02 17:30:01'),
(18726533, 1, 'Al Batin vs Al Khaleej', 944, 10264, 12216, '2023-03-06 21:32:08', '2023-03-09 05:00:00', 2, 0, '2023-03-07 05:32:08', '2023-03-09 13:00:01'),
(18726535, 1, 'Al Ittihad vs Al Nassr', 944, 476, 2506, '2023-03-06 21:32:08', '2023-03-09 09:30:00', 2, 0, '2023-03-07 05:32:08', '2023-03-09 17:30:01'),
(18726536, 1, 'Al Ittifaq vs Al Wahda', 944, 10010, 2513, '2023-03-06 21:32:08', '2023-03-09 05:00:00', 2, 0, '2023-03-07 05:32:08', '2023-03-09 13:00:01'),
(18726537, 1, 'Al Shabab vs Al Feiha', 944, 16184, 17724, '2023-03-06 21:32:08', '2023-03-09 09:30:00', 2, 0, '2023-03-07 05:32:08', '2023-03-09 17:30:01'),
(18726547, 1, 'Al Batin vs Al Wahda', 944, 10264, 2513, '2023-04-02 21:32:13', '2023-04-05 12:00:00', 2, 0, '2023-04-03 04:32:13', '2023-04-05 19:00:02'),
(18726548, 1, 'Al Adalh vs Al Nassr', 944, 10677, 2506, '2023-04-01 21:32:10', '2023-04-04 12:00:00', 2, 0, '2023-04-02 04:32:10', '2023-04-04 19:00:02'),
(18726549, 1, 'Al Fateh vs Al Khaleej', 944, 5891, 12216, '2023-04-03 21:32:07', '2023-04-06 12:00:00', 2, 0, '2023-04-04 04:32:07', '2023-04-06 19:00:02'),
(18726551, 1, 'Al Ittihad vs Dhamk', 944, 476, 17712, '2023-04-01 21:32:10', '2023-04-04 12:00:00', 2, 0, '2023-04-02 04:32:10', '2023-04-04 19:00:02'),
(18726554, 1, 'Al Khaleej vs Al Shabab', 944, 12216, 16184, '2023-04-08 21:32:04', '2023-04-11 12:00:00', 2, 0, '2023-04-09 04:32:04', '2023-04-11 19:00:01'),
(18727451, 1, 'Nacional vs Sporting Braga', 468, 7035, 884, '2023-04-09 21:32:05', '2023-04-12 11:30:00', 2, 0, '2023-04-10 04:32:05', '2023-04-12 18:30:01'),
(18727873, 1, 'Atlas vs Toluca', 743, 680, 967, '2023-01-30 21:32:04', '2023-02-01 18:05:00', 2, 0, '2023-01-31 05:32:04', '2023-02-02 02:05:02'),
(18728954, 1, 'Querétaro vs Cruz Azul', 743, 538, 2626, '2023-03-27 21:32:03', '2023-03-29 20:05:00', 2, 0, '2023-03-28 04:32:03', '2023-03-30 03:05:01'),
(18728959, 1, 'Pachuca vs Necaxa', 743, 10036, 3951, '2023-01-30 14:32:57', '2023-01-29 17:00:00', 2, 0, '2023-01-30 22:32:57', '2023-01-31 10:33:02'),
(18728960, 1, 'Atlético San Luis vs Puebla', 743, 15522, 3849, '2023-02-02 22:11:26', '2023-02-02 19:00:00', 2, 0, '2023-02-03 06:11:26', '2023-02-03 18:12:01'),
(18728968, 1, 'Monterrey vs Toluca', 743, 2662, 967, '2023-02-03 21:32:13', '2023-02-05 17:10:00', 2, 0, '2023-02-04 05:32:13', '2023-02-06 01:10:02'),
(18728969, 1, 'Querétaro vs León', 743, 538, 10836, '2023-02-07 21:32:07', '2023-02-09 17:05:00', 2, 0, '2023-02-08 05:32:07', '2023-02-10 01:05:01'),
(18728970, 1, 'Atlas vs Monterrey', 743, 680, 2662, '2023-02-07 21:32:07', '2023-02-09 19:05:00', 2, 0, '2023-02-08 05:32:07', '2023-02-10 03:05:01'),
(18728978, 1, 'León vs Puebla', 743, 10836, 3849, '2023-02-14 12:56:18', '2023-02-14 17:05:00', 2, 0, '2023-02-14 20:56:18', '2023-02-15 04:41:02'),
(18728979, 1, 'Tigres UANL vs Juárez', 743, 609, 6335, '2023-02-14 12:56:18', '2023-02-14 17:05:00', 2, 0, '2023-02-14 20:56:18', '2023-02-15 04:41:02'),
(18728980, 1, 'Atlético San Luis vs América', 743, 15522, 2687, '2023-02-14 12:56:18', '2023-02-14 19:05:00', 2, 0, '2023-02-14 20:56:18', '2023-02-15 04:41:02'),
(18728981, 1, 'Monterrey vs Querétaro', 743, 2662, 538, '2023-02-14 12:56:31', '2023-02-15 17:05:00', 2, 0, '2023-02-14 20:56:31', '2023-02-16 01:05:01'),
(18728982, 1, 'Guadalajara vs Tijuana', 743, 427, 11023, '2023-02-14 12:56:31', '2023-02-15 17:05:00', 2, 0, '2023-02-14 20:56:31', '2023-02-16 01:05:01'),
(18728983, 1, 'Necaxa vs Pumas UNAM', 743, 3951, 2989, '2023-02-14 12:56:31', '2023-02-15 19:05:00', 2, 0, '2023-02-14 20:56:31', '2023-02-16 03:05:01'),
(18728985, 1, 'Cruz Azul vs Atlas', 743, 2626, 680, '2023-02-20 21:32:09', '2023-02-22 18:05:00', 2, 0, '2023-02-21 05:32:09', '2023-02-23 02:05:01'),
(18728994, 1, 'América vs Tijuana', 743, 2687, 11023, '2023-02-17 21:32:16', '2023-02-19 17:05:00', 2, 0, '2023-02-18 05:32:16', '2023-02-20 01:05:01'),
(18728995, 1, 'Pachuca vs Toluca', 743, 10036, 967, '2023-02-17 21:32:16', '2023-02-19 19:05:00', 2, 0, '2023-02-18 05:32:16', '2023-02-20 03:05:01'),
(18729002, 1, 'Santos Laguna vs Puebla', 743, 2844, 3849, '2023-02-24 21:32:15', '2023-02-26 17:05:00', 2, 0, '2023-02-25 05:32:15', '2023-02-27 01:05:01'),
(18729003, 1, 'Tijuana vs Pachuca', 743, 11023, 10036, '2023-02-24 21:32:15', '2023-02-26 19:05:00', 2, 0, '2023-02-25 05:32:15', '2023-02-27 03:05:02'),
(18729020, 1, 'Pachuca vs Monterrey', 743, 10036, 2662, '2023-03-10 21:32:10', '2023-03-12 18:05:00', 2, 0, '2023-03-11 05:32:10', '2023-03-13 01:05:01'),
(18729021, 1, 'Santos Laguna vs Tijuana', 743, 2844, 11023, '2023-03-10 21:32:10', '2023-03-12 18:05:00', 2, 0, '2023-03-11 05:32:10', '2023-03-13 01:05:01'),
(18729030, 1, 'Querétaro vs Juárez', 743, 538, 6335, '2023-03-17 21:32:06', '2023-03-19 18:05:00', 2, 0, '2023-03-18 04:32:06', '2023-03-20 01:05:02'),
(18729031, 1, 'León vs Santos Laguna', 743, 10836, 2844, '2023-03-17 21:32:06', '2023-03-19 20:05:00', 2, 0, '2023-03-18 04:32:06', '2023-03-20 03:05:02'),
(18729032, 1, 'Necaxa vs Santos Laguna', 743, 3951, 2844, '2023-03-29 21:32:06', '2023-03-31 18:05:00', 2, 0, '2023-03-30 04:32:06', '2023-04-01 01:05:01'),
(18729033, 1, 'Juárez vs Puebla', 743, 6335, 3849, '2023-03-29 21:32:06', '2023-03-31 20:00:00', 2, 0, '2023-03-30 04:32:06', '2023-04-01 03:00:02'),
(18729035, 1, 'América vs León', 743, 2687, 10836, '2023-03-30 21:32:07', '2023-04-01 18:05:00', 2, 0, '2023-03-31 04:32:07', '2023-04-02 01:05:01'),
(18729036, 1, 'Monterrey vs Tijuana', 743, 2662, 11023, '2023-03-30 21:32:07', '2023-04-01 18:15:00', 2, 0, '2023-03-31 04:32:07', '2023-04-02 01:15:02'),
(18729037, 1, 'Atlas vs Guadalajara', 743, 680, 427, '2023-03-30 21:32:09', '2023-04-01 20:10:00', 2, 0, '2023-03-31 04:32:09', '2023-04-02 03:10:02'),
(18729040, 1, 'Querétaro vs Pumas UNAM', 743, 538, 2989, '2023-03-31 21:32:05', '2023-04-02 18:05:00', 2, 0, '2023-04-01 04:32:05', '2023-04-03 01:05:01'),
(18729041, 1, 'Puebla vs Toluca', 743, 3849, 967, '2023-04-05 21:32:05', '2023-04-07 18:05:00', 2, 0, '2023-04-06 04:32:05', '2023-04-08 01:05:02'),
(18729042, 1, 'Tijuana vs Querétaro', 743, 11023, 538, '2023-04-05 21:32:05', '2023-04-07 20:05:00', 2, 0, '2023-04-06 04:32:05', '2023-04-08 03:05:02'),
(18729043, 1, 'León vs Cruz Azul', 743, 10836, 2626, '2023-04-06 21:32:08', '2023-04-08 18:05:00', 2, 0, '2023-04-07 04:32:08', '2023-04-09 01:05:01'),
(18729045, 1, 'Tigres UANL vs Mazatlán', 743, 609, 247689, '2023-04-06 21:32:08', '2023-04-08 18:05:00', 2, 0, '2023-04-07 04:32:08', '2023-04-09 01:05:01'),
(18729046, 1, 'América vs Monterrey', 743, 2687, 2662, '2023-04-06 21:32:10', '2023-04-08 20:10:00', 2, 0, '2023-04-07 04:32:10', '2023-04-09 03:10:01'),
(18729048, 1, 'Santos Laguna vs Pachuca', 743, 2844, 10036, '2023-04-07 21:32:04', '2023-04-09 17:05:00', 2, 0, '2023-04-08 04:32:04', '2023-04-10 00:05:01'),
(18729049, 1, 'Juárez vs Atlas', 743, 6335, 680, '2023-04-07 21:32:04', '2023-04-09 19:10:00', 2, 0, '2023-04-08 04:32:04', '2023-04-10 02:10:02'),
(18729050, 1, 'Atlético San Luis vs Juárez', 743, 15522, 6335, '2023-04-11 21:32:05', '2023-04-13 20:05:00', 2, 0, '2023-04-12 04:32:05', '2023-04-14 03:05:02'),
(18729051, 1, 'Necaxa vs Puebla', 743, 3951, 3849, '2023-04-12 21:32:05', '2023-04-14 18:05:00', 2, 0, '2023-04-13 04:32:05', '2023-04-15 01:05:02'),
(18729052, 1, 'Mazatlán vs Tijuana', 743, 247689, 11023, '2023-04-12 21:32:05', '2023-04-14 20:05:00', 2, 0, '2023-04-13 04:32:05', '2023-04-15 03:05:02'),
(18729054, 1, 'León vs Guadalajara', 743, 10836, 427, '2023-04-13 21:32:08', '2023-04-15 18:05:00', 2, 0, '2023-04-14 04:32:08', '2023-04-16 01:05:02'),
(18729055, 1, 'Cruz Azul vs América', 743, 2626, 2687, '2023-04-13 21:32:10', '2023-04-15 20:10:00', 2, 0, '2023-04-14 04:32:10', '2023-04-16 03:10:02'),
(18729058, 1, 'Monterrey vs Santos Laguna', 743, 2662, 2844, '2023-04-14 21:32:04', '2023-04-16 18:10:00', 2, 0, '2023-04-15 04:32:04', '2023-04-17 01:10:02'),
(18729059, 1, 'Tigres UANL vs Puebla', 743, 609, 3849, '2023-04-18 21:32:06', '2023-04-20 19:05:00', 2, 0, '2023-04-19 04:32:06', '2023-04-21 02:05:01'),
(18729060, 1, 'Necaxa vs Atlas', 743, 3951, 680, '2023-04-19 21:32:06', '2023-04-21 18:05:00', 2, 0, '2023-04-20 04:32:06', '2023-04-22 01:05:01'),
(18729061, 1, 'Mazatlán vs Monterrey', 743, 247689, 2662, '2023-04-19 21:32:06', '2023-04-21 18:00:00', 2, 0, '2023-04-20 04:32:06', '2023-04-22 01:00:02'),
(18729062, 1, 'Tijuana vs León', 743, 11023, 10836, '2023-04-19 21:32:06', '2023-04-21 20:15:00', 2, 0, '2023-04-20 04:32:06', '2023-04-22 03:15:01'),
(18735307, 1, 'Landskrona vs Olympic', 2451, 551, 236396, '2023-03-05 21:32:08', '2023-03-08 09:00:00', 2, 0, '2023-03-06 05:32:08', '2023-03-08 17:00:02'),
(18736364, 1, 'Vålerenga vs Raufoss', 2451, 502, 10507, '2023-02-19 21:32:04', '2023-02-22 05:00:00', 2, 0, '2023-02-20 05:32:04', '2023-02-22 13:00:02'),
(18736617, 1, 'Fakel U19 vs UOR №5 U20', 498, 261859, 250123, '2023-05-02 21:32:10', '2023-05-05 05:00:00', 2, 0, '2023-05-03 04:32:10', '2023-08-16 18:55:01'),
(18736620, 1, 'Kuban U19 vs Orenburg U19', 498, 261860, 261861, '2023-03-06 21:32:08', '2023-03-09 01:00:00', 2, 0, '2023-03-07 05:32:08', '2023-03-09 09:00:02'),
(18736858, 1, 'Strogino U20 vs Chertanovo U20', 498, 250124, 250119, '2023-04-04 21:32:06', '2023-04-07 03:00:00', 2, 0, '2023-04-05 04:32:06', '2023-04-07 10:00:01'),
(18736859, 1, 'CSKA Moscow U19 vs Dinamo Moskva U19', 498, 11337, 250394, '2023-04-04 21:32:06', '2023-04-07 02:30:00', 2, 0, '2023-04-05 04:32:06', '2023-04-07 09:30:01'),
(18736860, 1, 'Ural U19 vs Rostov U19', 498, 250400, 12874, '2023-04-04 21:32:06', '2023-04-07 01:00:00', 2, 0, '2023-04-05 04:32:06', '2023-04-07 08:00:01'),
(18736861, 1, 'Zenit U19 vs Lokomotiv Moskva U19', 498, 238499, 229211, '2023-04-04 21:32:08', '2023-04-07 06:00:00', 2, 0, '2023-04-05 04:32:08', '2023-04-07 13:00:02'),
(18736863, 1, 'Krasnodar U19 vs Strogino U20', 498, 133490, 250124, '2023-04-11 21:32:05', '2023-04-14 06:00:00', 2, 0, '2023-04-12 04:32:05', '2023-04-14 13:00:01'),
(18736864, 1, 'Chertanovo U20 vs CSKA Moscow U19', 498, 250119, 11337, '2023-04-11 21:32:05', '2023-04-14 03:00:00', 2, 0, '2023-04-12 04:32:05', '2023-04-14 10:00:02'),
(18736865, 1, 'Dinamo Moskva U19 vs Ural U19', 498, 250394, 250400, '2023-04-11 21:32:05', '2023-04-14 02:00:00', 2, 0, '2023-04-12 04:32:05', '2023-04-14 09:00:02'),
(18736866, 1, 'Rostov U19 vs Zenit U19', 498, 12874, 238499, '2023-04-11 21:32:05', '2023-04-14 04:00:00', 2, 0, '2023-04-12 04:32:05', '2023-04-14 11:00:02'),
(18736869, 1, 'Ural U19 vs Lokomotiv Moskva U19', 498, 250400, 229211, '2023-04-18 21:32:06', '2023-04-21 01:00:00', 2, 0, '2023-04-19 04:32:06', '2023-04-21 08:00:02');
